1:00:19.341824733 [333m   20[00m 0x7f0730001790 [37mDEBUG  [00m [00mKurentoWebSocketEventHandler WebSocketEventHandler.cpp:56:sendEvent:[00m Sending event: {"jsonrpc":"2.0","method":"onEvent","params":{"value":{"data":{"candidate":{"__module__":"kurento","__type__":"IceCandidate","candidate":"candidate:2 2 TCP 1015021822 172.20.0.12 9 typ host tcptype active","sdpMLineIndex":1,"sdpMid":"1"},"source":"414d1210-815b-48c0-8bac-7fdce4b56c59_kurento.MediaPipeline/90421c79-7575-4c86-943d-ee094ba28b85_kurento.WebRtcEndpoint","tags":[],"timestamp":"1578465088","timestampMillis":"1578465088146","type":"OnIceCandidate"},"object":"414d1210-815b-48c0-8bac-7fdce4b56c59_kurento.MediaPipeline/90421c79-7575-4c86-943d-ee094ba28b85_kurento.WebRtcEndpoint","type":"OnIceCandidate"}}}, sessionId: da41a6c5-2e2c-4d6d-9200-4185ef577b6b
1:00:19.341925166 [333m   20[00m 0x7f0730001790 [37mDEBUG  [00m [00mKurentoWebSocketEventHandler WebSocketEventHandler.cpp:56:sendEvent:[00m Sending event: {"jsonrpc":"2.0","method":"onEvent","params":{"value":{"data":{"candidate":{"__module__":"kurento","__type__":"IceCandidate","candidate":"candidate:2 2 TCP 1015021822 172.20.0.12 9 typ host tcptype active","sdpMLineIndex":2,"sdpMid":"2"},"source":"414d1210-815b-48c0-8bac-7fdce4b56c59_kurento.MediaPipeline/90421c79-7575-4c86-943d-ee094ba28b85_kurento.WebRtcEndpoint","tags":[],"timestamp":"1578465088","timestampMillis":"1578465088146","type":"OnIceCandidate"},"object":"414d1210-815b-48c0-8bac-7fdce4b56c59_kurento.MediaPipeline/90421c79-7575-4c86-943d-ee094ba28b85_kurento.WebRtcEndpoint","type":"OnIceCandidate"}}}, sessionId: da41a6c5-2e2c-4d6d-9200-4185ef577b6b
1:00:19.342025179 [333m   20[00m 0x7f0730001790 [37mDEBUG  [00m [00mKurentoWebSocketEventHandler WebSocketEventHandler.cpp:56:sendEvent:[00m Sending event: {"jsonrpc":"2.0","method":"onEvent","params":{"value":{"data":{"candidate":{"__module__":"kurento","__type__":"IceCandidate","candidate":"candidate:3 2 TCP 1010827518 172.20.0.12 10293 typ host tcptype passive","sdpMLineIndex":0,"sdpMid":"0"},"source":"414d1210-815b-48c0-8bac-7fdce4b56c59_kurento.MediaPipeline/90421c79-7575-4c86-943d-ee094ba28b85_kurento.WebRtcEndpoint","tags":[],"timestamp":"1578465088","timestampMillis":"1578465088146","type":"OnIceCandidate"},"object":"414d1210-815b-48c0-8bac-7fdce4b56c59_kurento.MediaPipeline/90421c79-7575-4c86-943d-ee094ba28b85_kurento.WebRtcEndpoint","type":"OnIceCandidate"}}}, sessionId: da41a6c5-2e2c-4d6d-9200-4185ef577b6b
1:00:19.342060672 [333m   20[00m 0x7f0758001e90 [37mDEBUG  [00m [00mKurentoWebSocketTransport WebSocketTransport.cpp:462:processMessage:[00m Response: {"id":175,"jsonrpc":"2.0","result":{"sessionId":"da41a6c5-2e2c-4d6d-9200-4185ef577b6b","value":null}}
1:00:19.342307404 [333m   20[00m 0x7f0730001790 [37mDEBUG  [00m [00mKurentoWebSocketEventHandler WebSocketEventHandler.cpp:56:sendEvent:[00m Sending event: {"jsonrpc":"2.0","method":"onEvent","params":{"value":{"data":{"candidate":{"__module__":"kurento","__type__":"IceCandidate","candidate":"candidate:3 2 TCP 1010827518 172.20.0.12 10293 typ host tcptype passive","sdpMLineIndex":1,"sdpMid":"1"},"source":"414d1210-815b-48c0-8bac-7fdce4b56c59_kurento.MediaPipeline/90421c79-7575-4c86-943d-ee094ba28b85_kurento.WebRtcEndpoint","tags":[],"timestamp":"1578465088","timestampMillis":"1578465088146","type":"OnIceCandidate"},"object":"414d1210-815b-48c0-8bac-7fdce4b56c59_kurento.MediaPipeline/90421c79-7575-4c86-943d-ee094ba28b85_kurento.WebRtcEndpoint","type":"OnIceCandidate"}}}, sessionId: da41a6c5-2e2c-4d6d-9200-4185ef577b6b
1:00:19.342454715 [333m   20[00m 0x7f0758001e90 [37mDEBUG  [00m [00mKurentoWebSocketTransport WebSocketTransport.cpp:460:processMessage:[00m Message: {"jsonrpc":"2.0","method":"invoke","params":{"object":"414d1210-815b-48c0-8bac-7fdce4b56c59_kurento.MediaPipeline/90421c79-7575-4c86-943d-ee094ba28b85_kurento.WebRtcEndpoint","operation":"addIceCandidate","operationParams":{"candidate":{"candidate":"candidate:0 1 UDP 2122252543 192.168.1.117 51640 typ host","sdpMid":"2","sdpMLineIndex":2,"__module__":"kurento","__type__":"IceCandidate"}},"sessionId":"da41a6c5-2e2c-4d6d-9200-4185ef577b6b"},"id":176}
1:00:19.342494449 [333m   20[00m 0x7f0730001790 [37mDEBUG  [00m [00mKurentoWebSocketEventHandler WebSocketEventHandler.cpp:56:sendEvent:[00m Sending event: {"jsonrpc":"2.0","method":"onEvent","params":{"value":{"data":{"candidate":{"__module__":"kurento","__type__":"IceCandidate","candidate":"candidate:3 2 TCP 1010827518 172.20.0.12 10293 typ host tcptype passive","sdpMLineIndex":2,"sdpMid":"2"},"source":"414d1210-815b-48c0-8bac-7fdce4b56c59_kurento.MediaPipeline/90421c79-7575-4c86-943d-ee094ba28b85_kurento.WebRtcEndpoint","tags":[],"timestamp":"1578465088","timestampMillis":"1578465088146","type":"OnIceCandidate"},"object":"414d1210-815b-48c0-8bac-7fdce4b56c59_kurento.MediaPipeline/90421c79-7575-4c86-943d-ee094ba28b85_kurento.WebRtcEndpoint","type":"OnIceCandidate"}}}, sessionId: da41a6c5-2e2c-4d6d-9200-4185ef577b6b
1:00:19.342825812 [333m   20[00m 0x7f0758001e90 [37mDEBUG  [00m [00mKurentoWebSocketTransport WebSocketTransport.cpp:462:processMessage:[00m Response: {"id":176,"jsonrpc":"2.0","result":{"sessionId":"da41a6c5-2e2c-4d6d-9200-4185ef577b6b","value":null}}
1:00:19.342860532 [333m   20[00m 0x7f0758001e90 [37mDEBUG  [00m [00mKurentoWebSocketTransport WebSocketTransport.cpp:460:processMessage:[00m Message: {"jsonrpc":"2.0","method":"invoke","params":{"object":"414d1210-815b-48c0-8bac-7fdce4b56c59_kurento.MediaPipeline/90421c79-7575-4c86-943d-ee094ba28b85_kurento.WebRtcEndpoint","operation":"addIceCandidate","operationParams":{"candidate":{"candidate":"candidate:2 1 TCP 2105524479 192.168.1.117 9 typ host tcptype active","sdpMid":"2","sdpMLineIndex":2,"__module__":"kurento","__type__":"IceCandidate"}},"sessionId":"da41a6c5-2e2c-4d6d-9200-4185ef577b6b"},"id":177}
1:00:19.343129800 [333m   20[00m 0x7f0758001e90 [37mDEBUG  [00m [00mKurentoWebSocketTransport WebSocketTransport.cpp:462:processMessage:[00m Response: {"id":177,"jsonrpc":"2.0","result":{"sessionId":"da41a6c5-2e2c-4d6d-9200-4185ef577b6b","value":null}}
1:00:19.343159787 [333m   20[00m 0x7f0758001e90 [37mDEBUG  [00m [00mKurentoWebSocketTransport WebSocketTransport.cpp:460:processMessage:[00m Message: {"jsonrpc":"2.0","method":"invoke","params":{"object":"414d1210-815b-48c0-8bac-7fdce4b56c59_kurento.MediaPipeline/d2593d83-51b6-433d-9b5f-0d93b00835ed_datachannelexample.KmsSendData","operation":"connect","operationParams":{"sink":"414d1210-815b-48c0-8bac-7fdce4b56c59_kurento.MediaPipeline/90421c79-7575-4c86-943d-ee094ba28b85_kurento.WebRtcEndpoint"},"sessionId":"da41a6c5-2e2c-4d6d-9200-4185ef577b6b"},"id":178}
1:00:19.343257011 [333m   20[00m 0x7f0758001e90 [37mDEBUG  [00m [00mKurentoMediaElementImpl MediaElementImpl.cpp:902:connect:[00m Connecting 414d1210-815b-48c0-8bac-7fdce4b56c59_kurento.MediaPipeline/d2593d83-51b6-433d-9b5f-0d93b00835ed_datachannelexample.KmsSendData -> 414d1210-815b-48c0-8bac-7fdce4b56c59_kurento.MediaPipeline/90421c79-7575-4c86-943d-ee094ba28b85_kurento.WebRtcEndpoint params AUDIO default default
1:00:19.343395569 [333m   20[00m 0x7f0758001e90 [37mDEBUG  [00m [00mKurentoMediaElementImpl MediaElementImpl.cpp:902:connect:[00m Connecting 414d1210-815b-48c0-8bac-7fdce4b56c59_kurento.MediaPipeline/d2593d83-51b6-433d-9b5f-0d93b00835ed_datachannelexample.KmsSendData -> 414d1210-815b-48c0-8bac-7fdce4b56c59_kurento.MediaPipeline/90421c79-7575-4c86-943d-ee094ba28b85_kurento.WebRtcEndpoint params VIDEO default default
1:00:19.343483532 [333m   20[00m 0x7f0758001e90 [37mDEBUG  [00m [00mKurentoMediaElementImpl MediaElementImpl.cpp:902:connect:[00m Connecting 414d1210-815b-48c0-8bac-7fdce4b56c59_kurento.MediaPipeline/d2593d83-51b6-433d-9b5f-0d93b00835ed_datachannelexample.KmsSendData -> 414d1210-815b-48c0-8bac-7fdce4b56c59_kurento.MediaPipeline/90421c79-7575-4c86-943d-ee094ba28b85_kurento.WebRtcEndpoint params DATA default default
1:00:19.343622777 [333m   20[00m 0x7f0758001e90 [37mDEBUG  [00m [00mKurentoWebSocketTransport WebSocketTransport.cpp:462:processMessage:[00m Response: {"id":178,"jsonrpc":"2.0","result":{"sessionId":"da41a6c5-2e2c-4d6d-9200-4185ef577b6b","value":null}}
1:00:19.343648487 [333m   20[00m 0x7f0758001e90 [37mDEBUG  [00m [00mKurentoWebSocketTransport WebSocketTransport.cpp:460:processMessage:[00m Message: {"jsonrpc":"2.0","method":"invoke","params":{"object":"414d1210-815b-48c0-8bac-7fdce4b56c59_kurento.MediaPipeline/90421c79-7575-4c86-943d-ee094ba28b85_kurento.WebRtcEndpoint","operation":"addIceCandidate","operationParams":{"candidate":{"candidate":"candidate:0 1 UDP 2122252543 192.168.1.117 51641 typ host","sdpMid":"0","sdpMLineIndex":0,"__module__":"kurento","__type__":"IceCandidate"}},"sessionId":"da41a6c5-2e2c-4d6d-9200-4185ef577b6b"},"id":179}
1:00:19.343923546 [333m   20[00m 0x7f0758001e90 [37mDEBUG  [00m [00mKurentoWebSocketTransport WebSocketTransport.cpp:462:processMessage:[00m Response: {"id":179,"jsonrpc":"2.0","result":{"sessionId":"da41a6c5-2e2c-4d6d-9200-4185ef577b6b","value":null}}
1:00:19.343989113 [333m   20[00m 0x7f0758001e90 [37mDEBUG  [00m [00mKurentoWebSocketTransport WebSocketTransport.cpp:460:processMessage:[00m Message: {"jsonrpc":"2.0","method":"invoke","params":{"object":"414d1210-815b-48c0-8bac-7fdce4b56c59_kurento.MediaPipeline/90421c79-7575-4c86-943d-ee094ba28b85_kurento.WebRtcEndpoint","operation":"addIceCandidate","operationParams":{"candidate":{"candidate":"candidate:2 1 TCP 2105524479 192.168.1.117 9 typ host tcptype active","sdpMid":"0","sdpMLineIndex":0,"__module__":"kurento","__type__":"IceCandidate"}},"sessionId":"da41a6c5-2e2c-4d6d-9200-4185ef577b6b"},"id":180}
1:00:19.344460859 [333m   20[00m 0x7f0758001e90 [37mDEBUG  [00m [00mKurentoWebSocketTransport WebSocketTransport.cpp:462:processMessage:[00m Response: {"id":180,"jsonrpc":"2.0","result":{"sessionId":"da41a6c5-2e2c-4d6d-9200-4185ef577b6b","value":null}}
1:00:19.345369107 [333m   20[00m 0x7f0754001b50 [37mDEBUG  [00m [00mKurentoWebSocketTransport WebSocketTransport.cpp:460:processMessage:[00m Message: {"jsonrpc":"2.0","method":"invoke","params":{"object":"414d1210-815b-48c0-8bac-7fdce4b56c59_kurento.MediaPipeline/90421c79-7575-4c86-943d-ee094ba28b85_kurento.WebRtcEndpoint","operation":"addIceCandidate","operationParams":{"candidate":{"candidate":"candidate:0 2 UDP 2122252542 192.168.1.117 51642 typ host","sdpMid":"0","sdpMLineIndex":0,"__module__":"kurento","__type__":"IceCandidate"}},"sessionId":"da41a6c5-2e2c-4d6d-9200-4185ef577b6b"},"id":181}
1:00:19.345894981 [333m   20[00m 0x7f0754001b50 [37mDEBUG  [00m [00mKurentoWebSocketTransport WebSocketTransport.cpp:462:processMessage:[00m Response: {"id":181,"jsonrpc":"2.0","result":{"sessionId":"da41a6c5-2e2c-4d6d-9200-4185ef577b6b","value":null}}
1:00:19.347395078 [333m   20[00m 0x7f0790001810 [37mDEBUG  [00m [00mKurentoWebSocketTransport WebSocketTransport.cpp:460:processMessage:[00m Message: {"jsonrpc":"2.0","method":"invoke","params":{"object":"414d1210-815b-48c0-8bac-7fdce4b56c59_kurento.MediaPipeline/90421c79-7575-4c86-943d-ee094ba28b85_kurento.WebRtcEndpoint","operation":"addIceCandidate","operationParams":{"candidate":{"candidate":"candidate:2 2 TCP 2105524478 192.168.1.117 9 typ host tcptype active","sdpMid":"0","sdpMLineIndex":0,"__module__":"kurento","__type__":"IceCandidate"}},"sessionId":"da41a6c5-2e2c-4d6d-9200-4185ef577b6b"},"id":182}
1:00:19.348060396 [333m   20[00m 0x7f0790001810 [37mDEBUG  [00m [00mKurentoWebSocketTransport WebSocketTransport.cpp:462:processMessage:[00m Response: {"id":182,"jsonrpc":"2.0","result":{"sessionId":"da41a6c5-2e2c-4d6d-9200-4185ef577b6b","value":null}}
1:00:19.350762479 [333m   20[00m 0x7f074c001790 [37mDEBUG  [00m [00mKurentoWebSocketTransport WebSocketTransport.cpp:460:processMessage:[00m Message: {"jsonrpc":"2.0","method":"invoke","params":{"object":"414d1210-815b-48c0-8bac-7fdce4b56c59_kurento.MediaPipeline/90421c79-7575-4c86-943d-ee094ba28b85_kurento.WebRtcEndpoint","operation":"addIceCandidate","operationParams":{"candidate":{"candidate":"candidate:0 1 UDP 2122252543 192.168.1.117 51643 typ host","sdpMid":"1","sdpMLineIndex":1,"__module__":"kurento","__type__":"IceCandidate"}},"sessionId":"da41a6c5-2e2c-4d6d-9200-4185ef577b6b"},"id":183}
1:00:19.351191460 [333m   20[00m 0x7f074c001790 [37mDEBUG  [00m [00mKurentoWebSocketTransport WebSocketTransport.cpp:462:processMessage:[00m Response: {"id":183,"jsonrpc":"2.0","result":{"sessionId":"da41a6c5-2e2c-4d6d-9200-4185ef577b6b","value":null}}
1:00:19.351895023 [333m   20[00m 0x7f07a4001840 [37mDEBUG  [00m [00mKurentoWebSocketTransport WebSocketTransport.cpp:460:processMessage:[00m Message: {"jsonrpc":"2.0","method":"invoke","params":{"object":"414d1210-815b-48c0-8bac-7fdce4b56c59_kurento.MediaPipeline/90421c79-7575-4c86-943d-ee094ba28b85_kurento.WebRtcEndpoint","operation":"addIceCandidate","operationParams":{"candidate":{"candidate":"candidate:2 1 TCP 2105524479 192.168.1.117 9 typ host tcptype active","sdpMid":"1","sdpMLineIndex":1,"__module__":"kurento","__type__":"IceCandidate"}},"sessionId":"da41a6c5-2e2c-4d6d-9200-4185ef577b6b"},"id":184}
1:00:19.352281078 [333m   20[00m 0x7f07a4001840 [37mDEBUG  [00m [00mKurentoWebSocketTransport WebSocketTransport.cpp:462:processMessage:[00m Response: {"id":184,"jsonrpc":"2.0","result":{"sessionId":"da41a6c5-2e2c-4d6d-9200-4185ef577b6b","value":null}}
1:00:19.352739985 [333m   20[00m 0x7f0784001c60 [37mDEBUG  [00m [00mKurentoWebSocketTransport WebSocketTransport.cpp:460:processMessage:[00m Message: {"jsonrpc":"2.0","method":"invoke","params":{"object":"414d1210-815b-48c0-8bac-7fdce4b56c59_kurento.MediaPipeline/90421c79-7575-4c86-943d-ee094ba28b85_kurento.WebRtcEndpoint","operation":"addIceCandidate","operationParams":{"candidate":{"candidate":"candidate:0 2 UDP 2122252542 192.168.1.117 51644 typ host","sdpMid":"1","sdpMLineIndex":1,"__module__":"kurento","__type__":"IceCandidate"}},"sessionId":"da41a6c5-2e2c-4d6d-9200-4185ef577b6b"},"id":185}
1:00:19.353153426 [333m   20[00m 0x7f0784001c60 [37mDEBUG  [00m [00mKurentoWebSocketTransport WebSocketTransport.cpp:462:processMessage:[00m Response: {"id":185,"jsonrpc":"2.0","result":{"sessionId":"da41a6c5-2e2c-4d6d-9200-4185ef577b6b","value":null}}
1:00:19.353996327 [333m   20[00m 0x7f07980072f0 [37mDEBUG  [00m [00mKurentoWebSocketTransport WebSocketTransport.cpp:460:processMessage:[00m Message: {"jsonrpc":"2.0","method":"invoke","params":{"object":"414d1210-815b-48c0-8bac-7fdce4b56c59_kurento.MediaPipeline/90421c79-7575-4c86-943d-ee094ba28b85_kurento.WebRtcEndpoint","operation":"addIceCandidate","operationParams":{"candidate":{"candidate":"candidate:2 2 TCP 2105524478 192.168.1.117 9 typ host tcptype active","sdpMid":"1","sdpMLineIndex":1,"__module__":"kurento","__type__":"IceCandidate"}},"sessionId":"da41a6c5-2e2c-4d6d-9200-4185ef577b6b"},"id":186}
1:00:19.354471357 [333m   20[00m 0x7f07980072f0 [37mDEBUG  [00m [00mKurentoWebSocketTransport WebSocketTransport.cpp:462:processMessage:[00m Response: {"id":186,"jsonrpc":"2.0","result":{"sessionId":"da41a6c5-2e2c-4d6d-9200-4185ef577b6b","value":null}}
1:00:19.372424346 [333m   20[00m 0x7f0730001790 [37mDEBUG  [00m [00mKurentoWebSocketEventHandler WebSocketEventHandler.cpp:56:sendEvent:[00m Sending event: {"jsonrpc":"2.0","method":"onEvent","params":{"value":{"data":{"candidate":{"__module__":"kurento","__type__":"IceCandidate","candidate":"candidate:4 1 UDP 1677722111 203.151.20.94 10337 typ srflx raddr 172.20.0.12 rport 10337","sdpMLineIndex":0,"sdpMid":"0"},"source":"414d1210-815b-48c0-8bac-7fdce4b56c59_kurento.MediaPipeline/90421c79-7575-4c86-943d-ee094ba28b85_kurento.WebRtcEndpoint","tags":[],"timestamp":"1578465088","timestampMillis":"1578465088176","type":"OnIceCandidate"},"object":"414d1210-815b-48c0-8bac-7fdce4b56c59_kurento.MediaPipeline/90421c79-7575-4c86-943d-ee094ba28b85_kurento.WebRtcEndpoint","type":"OnIceCandidate"}}}, sessionId: da41a6c5-2e2c-4d6d-9200-4185ef577b6b
1:00:19.372584216 [333m   20[00m 0x7f0730001790 [37mDEBUG  [00m [00mKurentoWebSocketEventHandler WebSocketEventHandler.cpp:56:sendEvent:[00m Sending event: {"jsonrpc":"2.0","method":"onEvent","params":{"value":{"data":{"candidate":{"__module__":"kurento","__type__":"IceCandidate","candidate":"candidate:4 1 UDP 1677722111 203.151.20.94 10337 typ srflx raddr 172.20.0.12 rport 10337","sdpMLineIndex":1,"sdpMid":"1"},"source":"414d1210-815b-48c0-8bac-7fdce4b56c59_kurento.MediaPipeline/90421c79-7575-4c86-943d-ee094ba28b85_kurento.WebRtcEndpoint","tags":[],"timestamp":"1578465088","timestampMillis":"1578465088176","type":"OnIceCandidate"},"object":"414d1210-815b-48c0-8bac-7fdce4b56c59_kurento.MediaPipeline/90421c79-7575-4c86-943d-ee094ba28b85_kurento.WebRtcEndpoint","type":"OnIceCandidate"}}}, sessionId: da41a6c5-2e2c-4d6d-9200-4185ef577b6b
1:00:19.372698779 [333m   20[00m 0x7f0730001790 [37mDEBUG  [00m [00mKurentoWebSocketEventHandler WebSocketEventHandler.cpp:56:sendEvent:[00m Sending event: {"jsonrpc":"2.0","method":"onEvent","params":{"value":{"data":{"candidate":{"__module__":"kurento","__type__":"IceCandidate","candidate":"candidate:4 1 UDP 1677722111 203.151.20.94 10337 typ srflx raddr 172.20.0.12 rport 10337","sdpMLineIndex":2,"sdpMid":"2"},"source":"414d1210-815b-48c0-8bac-7fdce4b56c59_kurento.MediaPipeline/90421c79-7575-4c86-943d-ee094ba28b85_kurento.WebRtcEndpoint","tags":[],"timestamp":"1578465088","timestampMillis":"1578465088176","type":"OnIceCandidate"},"object":"414d1210-815b-48c0-8bac-7fdce4b56c59_kurento.MediaPipeline/90421c79-7575-4c86-943d-ee094ba28b85_kurento.WebRtcEndpoint","type":"OnIceCandidate"}}}, sessionId: da41a6c5-2e2c-4d6d-9200-4185ef577b6b
1:00:19.373000933 [333m   20[00m 0x7f0730001790 [37mDEBUG  [00m [00mKurentoWebSocketEventHandler WebSocketEventHandler.cpp:56:sendEvent:[00m Sending event: {"jsonrpc":"2.0","method":"onEvent","params":{"value":{"data":{"candidate":{"__module__":"kurento","__type__":"IceCandidate","candidate":"candidate:5 1 TCP 847249663 203.151.20.94 9 typ srflx raddr 172.20.0.12 rport 9 tcptype active","sdpMLineIndex":0,"sdpMid":"0"},"source":"414d1210-815b-48c0-8bac-7fdce4b56c59_kurento.MediaPipeline/90421c79-7575-4c86-943d-ee094ba28b85_kurento.WebRtcEndpoint","tags":[],"timestamp":"1578465088","timestampMillis":"1578465088177","type":"OnIceCandidate"},"object":"414d1210-815b-48c0-8bac-7fdce4b56c59_kurento.MediaPipeline/90421c79-7575-4c86-943d-ee094ba28b85_kurento.WebRtcEndpoint","type":"OnIceCandidate"}}}, sessionId: da41a6c5-2e2c-4d6d-9200-4185ef577b6b
1:00:19.373132848 [333m   20[00m 0x7f0730001790 [37mDEBUG  [00m [00mKurentoWebSocketEventHandler WebSocketEventHandler.cpp:56:sendEvent:[00m Sending event: {"jsonrpc":"2.0","method":"onEvent","params":{"value":{"data":{"candidate":{"__module__":"kurento","__type__":"IceCandidate","candidate":"candidate:5 1 TCP 847249663 203.151.20.94 9 typ srflx raddr 172.20.0.12 rport 9 tcptype active","sdpMLineIndex":1,"sdpMid":"1"},"source":"414d1210-815b-48c0-8bac-7fdce4b56c59_kurento.MediaPipeline/90421c79-7575-4c86-943d-ee094ba28b85_kurento.WebRtcEndpoint","tags":[],"timestamp":"1578465088","timestampMillis":"1578465088177","type":"OnIceCandidate"},"object":"414d1210-815b-48c0-8bac-7fdce4b56c59_kurento.MediaPipeline/90421c79-7575-4c86-943d-ee094ba28b85_kurento.WebRtcEndpoint","type":"OnIceCandidate"}}}, sessionId: da41a6c5-2e2c-4d6d-9200-4185ef577b6b
1:00:19.373457108 [333m   20[00m 0x7f0730001790 [37mDEBUG  [00m [00mKurentoWebSocketEventHandler WebSocketEventHandler.cpp:56:sendEvent:[00m Sending event: {"jsonrpc":"2.0","method":"onEvent","params":{"value":{"data":{"candidate":{"__module__":"kurento","__type__":"IceCandidate","candidate":"candidate:5 1 TCP 847249663 203.151.20.94 9 typ srflx raddr 172.20.0.12 rport 9 tcptype active","sdpMLineIndex":2,"sdpMid":"2"},"source":"414d1210-815b-48c0-8bac-7fdce4b56c59_kurento.MediaPipeline/90421c79-7575-4c86-943d-ee094ba28b85_kurento.WebRtcEndpoint","tags":[],"timestamp":"1578465088","timestampMillis":"1578465088177","type":"OnIceCandidate"},"object":"414d1210-815b-48c0-8bac-7fdce4b56c59_kurento.MediaPipeline/90421c79-7575-4c86-943d-ee094ba28b85_kurento.WebRtcEndpoint","type":"OnIceCandidate"}}}, sessionId: da41a6c5-2e2c-4d6d-9200-4185ef577b6b
1:00:19.373567830 [333m   20[00m 0x7f0730001790 [37mDEBUG  [00m [00mKurentoWebSocketEventHandler WebSocketEventHandler.cpp:56:sendEvent:[00m Sending event: {"jsonrpc":"2.0","method":"onEvent","params":{"value":{"data":{"candidate":{"__module__":"kurento","__type__":"IceCandidate","candidate":"candidate:6 1 TCP 843055359 203.151.20.94 10299 typ srflx raddr 172.20.0.12 rport 10299 tcptype passive","sdpMLineIndex":0,"sdpMid":"0"},"source":"414d1210-815b-48c0-8bac-7fdce4b56c59_kurento.MediaPipeline/90421c79-7575-4c86-943d-ee094ba28b85_kurento.WebRtcEndpoint","tags":[],"timestamp":"1578465088","timestampMillis":"1578465088178","type":"OnIceCandidate"},"object":"414d1210-815b-48c0-8bac-7fdce4b56c59_kurento.MediaPipeline/90421c79-7575-4c86-943d-ee094ba28b85_kurento.WebRtcEndpoint","type":"OnIceCandidate"}}}, sessionId: da41a6c5-2e2c-4d6d-9200-4185ef577b6b
1:00:19.373668623 [333m   20[00m 0x7f0730001790 [37mDEBUG  [00m [00mKurentoWebSocketEventHandler WebSocketEventHandler.cpp:56:sendEvent:[00m Sending event: {"jsonrpc":"2.0","method":"onEvent","params":{"value":{"data":{"candidate":{"__module__":"kurento","__type__":"IceCandidate","candidate":"candidate:6 1 TCP 843055359 203.151.20.94 10299 typ srflx raddr 172.20.0.12 rport 10299 tcptype passive","sdpMLineIndex":1,"sdpMid":"1"},"source":"414d1210-815b-48c0-8bac-7fdce4b56c59_kurento.MediaPipeline/90421c79-7575-4c86-943d-ee094ba28b85_kurento.WebRtcEndpoint","tags":[],"timestamp":"1578465088","timestampMillis":"1578465088178","type":"OnIceCandidate"},"object":"414d1210-815b-48c0-8bac-7fdce4b56c59_kurento.MediaPipeline/90421c79-7575-4c86-943d-ee094ba28b85_kurento.WebRtcEndpoint","type":"OnIceCandidate"}}}, sessionId: da41a6c5-2e2c-4d6d-9200-4185ef577b6b
1:00:19.373767746 [333m   20[00m 0x7f0730001790 [37mDEBUG  [00m [00mKurentoWebSocketEventHandler WebSocketEventHandler.cpp:56:sendEvent:[00m Sending event: {"jsonrpc":"2.0","method":"onEvent","params":{"value":{"data":{"candidate":{"__module__":"kurento","__type__":"IceCandidate","candidate":"candidate:6 1 TCP 843055359 203.151.20.94 10299 typ srflx raddr 172.20.0.12 rport 10299 tcptype passive","sdpMLineIndex":2,"sdpMid":"2"},"source":"414d1210-815b-48c0-8bac-7fdce4b56c59_kurento.MediaPipeline/90421c79-7575-4c86-943d-ee094ba28b85_kurento.WebRtcEndpoint","tags":[],"timestamp":"1578465088","timestampMillis":"1578465088178","type":"OnIceCandidate"},"object":"414d1210-815b-48c0-8bac-7fdce4b56c59_kurento.MediaPipeline/90421c79-7575-4c86-943d-ee094ba28b85_kurento.WebRtcEndpoint","type":"OnIceCandidate"}}}, sessionId: da41a6c5-2e2c-4d6d-9200-4185ef577b6b
1:00:19.404197739 [333m   20[00m 0x7f0794002180 [37mDEBUG  [00m [00mKurentoWebSocketTransport WebSocketTransport.cpp:460:processMessage:[00m Message: {"jsonrpc":"2.0","method":"invoke","params":{"object":"414d1210-815b-48c0-8bac-7fdce4b56c59_kurento.MediaPipeline/90421c79-7575-4c86-943d-ee094ba28b85_kurento.WebRtcEndpoint","operation":"addIceCandidate","operationParams":{"candidate":{"candidate":"candidate:1 1 UDP 1686052863 182.232.135.39 51641 typ srflx raddr 192.168.1.117 rport 51641","sdpMid":"0","sdpMLineIndex":0,"__module__":"kurento","__type__":"IceCandidate"}},"sessionId":"da41a6c5-2e2c-4d6d-9200-4185ef577b6b"},"id":187}
1:00:19.404801358 [333m   20[00m 0x7f0794002180 [37mDEBUG  [00m [00mKurentoWebSocketTransport WebSocketTransport.cpp:462:processMessage:[00m Response: {"id":187,"jsonrpc":"2.0","result":{"sessionId":"da41a6c5-2e2c-4d6d-9200-4185ef577b6b","value":null}}
1:00:19.423992731 [333m   20[00m 0x7f078c001b20 [37mDEBUG  [00m [00mKurentoWebSocketTransport WebSocketTransport.cpp:460:processMessage:[00m Message: {"jsonrpc":"2.0","method":"invoke","params":{"object":"414d1210-815b-48c0-8bac-7fdce4b56c59_kurento.MediaPipeline/90421c79-7575-4c86-943d-ee094ba28b85_kurento.WebRtcEndpoint","operation":"addIceCandidate","operationParams":{"candidate":{"candidate":"candidate:1 2 UDP 1686052862 182.232.135.39 51642 typ srflx raddr 192.168.1.117 rport 51642","sdpMid":"0","sdpMLineIndex":0,"__module__":"kurento","__type__":"IceCandidate"}},"sessionId":"da41a6c5-2e2c-4d6d-9200-4185ef577b6b"},"id":188}
1:00:19.424480345 [333m   20[00m 0x7f078c001b20 [37mDEBUG  [00m [00mKurentoWebSocketTransport WebSocketTransport.cpp:462:processMessage:[00m Response: {"id":188,"jsonrpc":"2.0","result":{"sessionId":"da41a6c5-2e2c-4d6d-9200-4185ef577b6b","value":null}}
1:00:19.425124421 [333m   20[00m 0x7f0780001cc0 [37mDEBUG  [00m [00mKurentoWebSocketTransport WebSocketTransport.cpp:460:processMessage:[00m Message: {"jsonrpc":"2.0","method":"invoke","params":{"object":"414d1210-815b-48c0-8bac-7fdce4b56c59_kurento.MediaPipeline/90421c79-7575-4c86-943d-ee094ba28b85_kurento.WebRtcEndpoint","operation":"addIceCandidate","operationParams":{"candidate":{"candidate":"","sdpMid":"0","sdpMLineIndex":0,"__module__":"kurento","__type__":"IceCandidate"}},"sessionId":"da41a6c5-2e2c-4d6d-9200-4185ef577b6b"},"id":189}
1:00:19.425778522 [333m   20[00m 0x7f0780001cc0 [37mDEBUG  [00m [00mKurentoWebSocketTransport WebSocketTransport.cpp:462:processMessage:[00m Response: {"error":{"code":40401,"data":{"type":"ICE_ADD_CANDIDATE_ERROR"},"message":"Error adding candidate"},"id":189,"jsonrpc":"2.0"}
1:00:19.495243595 [333m   20[00m 0x7f06e0002e30 [37mDEBUG  [00m [00mKurentoWebRtcEndpointImpl WebRtcEndpointImpl.cpp:292:newSelectedPairFull:<kmswebrtcendpoint7>[00m New candidate pair selected, local: 'candidate:4 1 UDP 1677722111 203.151.20.94 10337 typ srflx raddr 172.20.0.12 rport 10337', remote: 'candidate:1 1 UDP 1686052863 182.232.135.39 51641 typ srflx raddr 192.168.1.117 rport 51641', stream_id: '1', component_id: 1
1:00:20.411951850 [333m   20[00m 0x7f06980044f0 [37mDEBUG  [00m [00mKurentoMediaElementImpl MediaElementImpl.cpp:492:mediaFlowInStateChange:<kmswebrtcendpoint7>[00m MediaFlowInStateChange: FLOWING, pad: 'default', type: 'audio'
1:01:00.437941981 [333m   20[00m 0x7f0754001410 [36mINFO   [00m [00mKurentoWebSocketTransport WebSocketTransport.cpp:296:keepAliveSessions:[00m Keep alive da41a6c5-2e2c-4d6d-9200-4185ef577b6b
1:01:00.899780466 [333m   20[00m 0x7f0758001e90 [37mDEBUG  [00m [00mKurentoWebSocketTransport WebSocketTransport.cpp:460:processMessage:[00m Message: {"jsonrpc":"2.0","method":"ping","id":190}
1:01:00.899993535 [333m   20[00m 0x7f0758001e90 [36mINFO   [00m [00mKurentoServerMethods ServerMethods.cpp:814:ping:[00m WebSocket Ping/Pong with sessionId da41a6c5-2e2c-4d6d-9200-4185ef577b6b
1:01:00.900376618 [333m   20[00m 0x7f0758001e90 [37mDEBUG  [00m [00mKurentoWebSocketTransport WebSocketTransport.cpp:462:processMessage:[00m Response: {"id":190,"jsonrpc":"2.0","result":{"sessionId":"da41a6c5-2e2c-4d6d-9200-4185ef577b6b","value":"pong"}}
1:02:00.438184807 [333m   20[00m 0x7f0754001410 [36mINFO   [00m [00mKurentoWebSocketTransport WebSocketTransport.cpp:296:keepAliveSessions:[00m Keep alive da41a6c5-2e2c-4d6d-9200-4185ef577b6b
1:02:00.900916736 [333m   20[00m 0x7f0754001b50 [37mDEBUG  [00m [00mKurentoWebSocketTransport WebSocketTransport.cpp:460:processMessage:[00m Message: {"jsonrpc":"2.0","method":"ping","id":191}
1:02:00.901119947 [333m   20[00m 0x7f0754001b50 [36mINFO   [00m [00mKurentoServerMethods ServerMethods.cpp:814:ping:[00m WebSocket Ping/Pong with sessionId da41a6c5-2e2c-4d6d-9200-4185ef577b6b
1:02:00.901731199 [333m   20[00m 0x7f0754001b50 [37mDEBUG  [00m [00mKurentoWebSocketTransport WebSocketTransport.cpp:462:processMessage:[00m Response: {"id":191,"jsonrpc":"2.0","result":{"sessionId":"da41a6c5-2e2c-4d6d-9200-4185ef577b6b","value":"pong"}}
1:03:00.438434936 [333m   20[00m 0x7f0754001410 [36mINFO   [00m [00mKurentoWebSocketTransport WebSocketTransport.cpp:296:keepAliveSessions:[00m Keep alive da41a6c5-2e2c-4d6d-9200-4185ef577b6b
1:03:00.901098405 [333m   20[00m 0x7f0790001810 [37mDEBUG  [00m [00mKurentoWebSocketTransport WebSocketTransport.cpp:460:processMessage:[00m Message: {"jsonrpc":"2.0","method":"ping","id":192}
1:03:00.901349460 [333m   20[00m 0x7f0790001810 [36mINFO   [00m [00mKurentoServerMethods ServerMethods.cpp:814:ping:[00m WebSocket Ping/Pong with sessionId da41a6c5-2e2c-4d6d-9200-4185ef577b6b
1:03:00.901511429 [333m   20[00m 0x7f0790001810 [37mDEBUG  [00m [00mKurentoWebSocketTransport WebSocketTransport.cpp:462:processMessage:[00m Response: {"id":192,"jsonrpc":"2.0","result":{"sessionId":"da41a6c5-2e2c-4d6d-9200-4185ef577b6b","value":"pong"}}
1:04:00.427748986 [333m   20[00m 0x7f0788001c30 [37mDEBUG  [00m [00m     KurentoMediaSet MediaSet.cpp:123:doGarbageCollection:[00m Running garbage collector
1:04:00.439130532 [333m   20[00m 0x7f0754001410 [36mINFO   [00m [00mKurentoWebSocketTransport WebSocketTransport.cpp:296:keepAliveSessions:[00m Keep alive da41a6c5-2e2c-4d6d-9200-4185ef577b6b
1:04:00.902967831 [333m   20[00m 0x7f074c001790 [37mDEBUG  [00m [00mKurentoWebSocketTransport WebSocketTransport.cpp:460:processMessage:[00m Message: {"jsonrpc":"2.0","method":"ping","id":193}
1:04:00.903170841 [333m   20[00m 0x7f074c001790 [36mINFO   [00m [00mKurentoServerMethods ServerMethods.cpp:814:ping:[00m WebSocket Ping/Pong with sessionId da41a6c5-2e2c-4d6d-9200-4185ef577b6b
1:04:00.903342476 [333m   20[00m 0x7f074c001790 [37mDEBUG  [00m [00mKurentoWebSocketTransport WebSocketTransport.cpp:462:processMessage:[00m Response: {"id":193,"jsonrpc":"2.0","result":{"sessionId":"da41a6c5-2e2c-4d6d-9200-4185ef577b6b","value":"pong"}}
1:05:00.439336903 [333m   20[00m 0x7f0754001410 [36mINFO   [00m [00mKurentoWebSocketTransport WebSocketTransport.cpp:296:keepAliveSessions:[00m Keep alive da41a6c5-2e2c-4d6d-9200-4185ef577b6b
1:05:00.905047724 [333m   20[00m 0x7f07a4001840 [37mDEBUG  [00m [00mKurentoWebSocketTransport WebSocketTransport.cpp:460:processMessage:[00m Message: {"jsonrpc":"2.0","method":"ping","id":194}
1:05:00.905486427 [333m   20[00m 0x7f07a4001840 [36mINFO   [00m [00mKurentoServerMethods ServerMethods.cpp:814:ping:[00m WebSocket Ping/Pong with sessionId da41a6c5-2e2c-4d6d-9200-4185ef577b6b
1:05:00.905636348 [333m   20[00m 0x7f07a4001840 [37mDEBUG  [00m [00mKurentoWebSocketTransport WebSocketTransport.cpp:462:processMessage:[00m Response: {"id":194,"jsonrpc":"2.0","result":{"sessionId":"da41a6c5-2e2c-4d6d-9200-4185ef577b6b","value":"pong"}}
1:06:00.439538579 [333m   20[00m 0x7f0754001410 [36mINFO   [00m [00mKurentoWebSocketTransport WebSocketTransport.cpp:296:keepAliveSessions:[00m Keep alive da41a6c5-2e2c-4d6d-9200-4185ef577b6b
1:06:00.906011928 [333m   20[00m 0x7f0784001c60 [37mDEBUG  [00m [00mKurentoWebSocketTransport WebSocketTransport.cpp:460:processMessage:[00m Message: {"jsonrpc":"2.0","method":"ping","id":195}
1:06:00.906184509 [333m   20[00m 0x7f0784001c60 [36mINFO   [00m [00mKurentoServerMethods ServerMethods.cpp:814:ping:[00m WebSocket Ping/Pong with sessionId da41a6c5-2e2c-4d6d-9200-4185ef577b6b
1:06:00.906318658 [333m   20[00m 0x7f0784001c60 [37mDEBUG  [00m [00mKurentoWebSocketTransport WebSocketTransport.cpp:462:processMessage:[00m Response: {"id":195,"jsonrpc":"2.0","result":{"sessionId":"da41a6c5-2e2c-4d6d-9200-4185ef577b6b","value":"pong"}}
1:07:00.439698050 [333m   20[00m 0x7f0754001410 [36mINFO   [00m [00mKurentoWebSocketTransport WebSocketTransport.cpp:296:keepAliveSessions:[00m Keep alive da41a6c5-2e2c-4d6d-9200-4185ef577b6b
1:07:00.905933646 [333m   20[00m 0x7f07980072f0 [37mDEBUG  [00m [00mKurentoWebSocketTransport WebSocketTransport.cpp:460:processMessage:[00m Message: {"jsonrpc":"2.0","method":"ping","id":196}
1:07:00.906104242 [333m   20[00m 0x7f07980072f0 [36mINFO   [00m [00mKurentoServerMethods ServerMethods.cpp:814:ping:[00m WebSocket Ping/Pong with sessionId da41a6c5-2e2c-4d6d-9200-4185ef577b6b
1:07:00.906472637 [333m   20[00m 0x7f07980072f0 [37mDEBUG  [00m [00mKurentoWebSocketTransport WebSocketTransport.cpp:462:processMessage:[00m Response: {"id":196,"jsonrpc":"2.0","result":{"sessionId":"da41a6c5-2e2c-4d6d-9200-4185ef577b6b","value":"pong"}}
1:08:00.427950464 [333m   20[00m 0x7f0788001c30 [37mDEBUG  [00m [00m     KurentoMediaSet MediaSet.cpp:123:doGarbageCollection:[00m Running garbage collector
1:08:00.439892692 [333m   20[00m 0x7f0754001410 [36mINFO   [00m [00mKurentoWebSocketTransport WebSocketTransport.cpp:296:keepAliveSessions:[00m Keep alive da41a6c5-2e2c-4d6d-9200-4185ef577b6b
1:08:00.905994095 [333m   20[00m 0x7f0794002180 [37mDEBUG  [00m [00mKurentoWebSocketTransport WebSocketTransport.cpp:460:processMessage:[00m Message: {"jsonrpc":"2.0","method":"ping","id":197}
1:08:00.906229094 [333m   20[00m 0x7f0794002180 [36mINFO   [00m [00mKurentoServerMethods ServerMethods.cpp:814:ping:[00m WebSocket Ping/Pong with sessionId da41a6c5-2e2c-4d6d-9200-4185ef577b6b
1:08:00.906416013 [333m   20[00m 0x7f0794002180 [37mDEBUG  [00m [00mKurentoWebSocketTransport WebSocketTransport.cpp:462:processMessage:[00m Response: {"id":197,"jsonrpc":"2.0","result":{"sessionId":"da41a6c5-2e2c-4d6d-9200-4185ef577b6b","value":"pong"}}
1:09:00.440179978 [333m   20[00m 0x7f0754001410 [36mINFO   [00m [00mKurentoWebSocketTransport WebSocketTransport.cpp:296:keepAliveSessions:[00m Keep alive da41a6c5-2e2c-4d6d-9200-4185ef577b6b
1:09:00.907048719 [333m   20[00m 0x7f078c001b20 [37mDEBUG  [00m [00mKurentoWebSocketTransport WebSocketTransport.cpp:460:processMessage:[00m Message: {"jsonrpc":"2.0","method":"ping","id":198}
1:09:00.907238109 [333m   20[00m 0x7f078c001b20 [36mINFO   [00m [00mKurentoServerMethods ServerMethods.cpp:814:ping:[00m WebSocket Ping/Pong with sessionId da41a6c5-2e2c-4d6d-9200-4185ef577b6b
1:09:00.907378401 [333m   20[00m 0x7f078c001b20 [37mDEBUG  [00m [00mKurentoWebSocketTransport WebSocketTransport.cpp:462:processMessage:[00m Response: {"id":198,"jsonrpc":"2.0","result":{"sessionId":"da41a6c5-2e2c-4d6d-9200-4185ef577b6b","value":"pong"}}
1:09:28.924975223 [333m   20[00m 0x7f0780001cc0 [37mDEBUG  [00m [00mKurentoWebSocketTransport WebSocketTransport.cpp:460:processMessage:[00m Message: {"jsonrpc":"2.0","method":"create","params":{"type":"WebRtcEndpoint","constructorParams":{"mediaPipeline":"414d1210-815b-48c0-8bac-7fdce4b56c59_kurento.MediaPipeline","useDataChannels":true},"properties":{},"sessionId":"da41a6c5-2e2c-4d6d-9200-4185ef577b6b"},"id":199}
1:09:28.927269263 [333m   20[00m 0x7f0780001cc0 [36mINFO   [00m [00mKurentoWebRtcEndpointImpl WebRtcEndpointImpl.cpp:96:remove_not_supported_codecs_from_array:<kmswebrtcendpoint8>[00m Removing not supported codec 'AMR/8000'
1:09:28.927367914 [333m   20[00m 0x7f0780001cc0 [36mINFO   [00m [00mKurentoWebRtcEndpointImpl WebRtcEndpointImpl.cpp:465:WebRtcEndpointImpl:[00m Using STUN reflexive server IP: 74.125.200.127
1:09:28.927380452 [333m   20[00m 0x7f0780001cc0 [36mINFO   [00m [00mKurentoWebRtcEndpointImpl WebRtcEndpointImpl.cpp:466:WebRtcEndpointImpl:[00m Using STUN reflexive server Port: 19302
1:09:28.927445793 [333m   20[00m 0x7f0780001cc0 [36mINFO   [00m [00mKurentoWebRtcEndpointImpl WebRtcEndpointImpl.cpp:487:WebRtcEndpointImpl:[00m TURN server IP address not found in config; NAT traversal requires either STUN or TURN server
1:09:28.928029536 [333m   20[00m 0x7f0780001cc0 [37mDEBUG  [00m [00mKurentoWebSocketTransport WebSocketTransport.cpp:462:processMessage:[00m Response: {"id":199,"jsonrpc":"2.0","result":{"sessionId":"da41a6c5-2e2c-4d6d-9200-4185ef577b6b","value":"414d1210-815b-48c0-8bac-7fdce4b56c59_kurento.MediaPipeline/5856082e-c4b9-4d32-9a35-a489c5088345_kurento.WebRtcEndpoint"}}
1:09:28.930531954 [333m   20[00m 0x7f0758001e90 [37mDEBUG  [00m [00mKurentoWebSocketTransport WebSocketTransport.cpp:460:processMessage:[00m Message: {"jsonrpc":"2.0","method":"subscribe","params":{"object":"414d1210-815b-48c0-8bac-7fdce4b56c59_kurento.MediaPipeline/5856082e-c4b9-4d32-9a35-a489c5088345_kurento.WebRtcEndpoint","type":"OnIceCandidate","sessionId":"da41a6c5-2e2c-4d6d-9200-4185ef577b6b"},"id":200}
1:09:28.931132816 [333m   20[00m 0x7f0758001e90 [37mDEBUG  [00m [00mKurentoWebSocketTransport WebSocketTransport.cpp:462:processMessage:[00m Response: {"id":200,"jsonrpc":"2.0","result":{"sessionId":"da41a6c5-2e2c-4d6d-9200-4185ef577b6b","value":"abc2bc06-72db-4494-8eea-e23913282691"}}
1:09:28.931923871 [333m   20[00m 0x7f0754001b50 [37mDEBUG  [00m [00mKurentoWebSocketTransport WebSocketTransport.cpp:460:processMessage:[00m Message: {"jsonrpc":"2.0","method":"invoke","params":{"object":"414d1210-815b-48c0-8bac-7fdce4b56c59_kurento.MediaPipeline/5856082e-c4b9-4d32-9a35-a489c5088345_kurento.WebRtcEndpoint","operation":"processOffer","operationParams":{"offer":"v=0\r\no=mozilla...THIS_IS_SDPARTA-71.0 8731268110356825886 0 IN IP4 0.0.0.0\r\ns=-\r\nt=0 0\r\na=fingerprint:sha-256 D7:36:53:D7:28:2A:85:4B:58:9B:1E:2F:46:BB:F7:33:B1:1F:D1:1E:DA:1A:57:4B:17:2B:23:80:4B:4D:C4:4E\r\na=group:BUNDLE 0 1 2\r\na=ice-options:trickle\r\na=msid-semantic:WMS *\r\nm=video 9 UDP/TLS/RTP/SAVPF 120 121 126 97\r\nc=IN IP4 0.0.0.0\r\na=recvonly\r\na=extmap:3 urn:ietf:params:rtp-hdrext:sdes:mid\r\na=extmap:4 http://www.webrtc.org/experiments/rtp-hdrext/abs-send-time\r\na=extmap:5 urn:ietf:params:rtp-hdrext:toffset\r\na=extmap:6/recvonly http://www.webrtc.org/experiments/rtp-hdrext/playout-delay\r\na=fmtp:126 profile-level-id=42e01f;level-asymmetry-allowed=1;packetization-mode=1\r\na=fmtp:97 profile-level-id=42e01f;level-asymmetry-allowed=1\r\na=fmtp:120 max-fs=12288;max-fr=60\r\na=fmtp:121 max-fs=12288;max-fr=60\r\na=ice-pwd:cbf623a22e509e47e666c1c8ee52d14e\r\na=ice-ufrag:cfc88a5f\r\na=mid:0\r\na=rtcp-fb:120 nack\r\na=rtcp-fb:120 nack pli\r\na=rtcp-fb:120 ccm fir\r\na=rtcp-fb:120 goog-remb\r\na=rtcp-fb:121 nack\r\na=rtcp-fb:121 nack pli\r\na=rtcp-fb:121 ccm fir\r\na=rtcp-fb:121 goog-remb\r\na=rtcp-fb:126 nack\r\na=rtcp-fb:126 nack pli\r\na=rtcp-fb:126 ccm fir\r\na=rtcp-fb:126 goog-remb\r\na=rtcp-fb:97 nack\r\na=rtcp-fb:97 nack pli\r\na=rtcp-fb:97 ccm fir\r\na=rtcp-fb:97 goog-remb\r\na=rtcp-mux\r\na=rtpmap:120 VP8/90000\r\na=rtpmap:121 VP9/90000\r\na=rtpmap:126 H264/90000\r\na=rtpmap:97 H264/90000\r\na=setup:actpass\r\na=ssrc:1184204233 cname:{0cb747db-d5e3-4c3d-949a-b40c21e2aefc}\r\nm=audio 9 UDP/TLS/RTP/SAVPF 109 9 0 8 101\r\nc=IN IP4 0.0.0.0\r\na=recvonly\r\na=extmap:1 urn:ietf:params:rtp-hdrext:ssrc-audio-level\r\na=extmap:2/recvonly urn:ietf:params:rtp-hdrext:csrc-audio-level\r\na=extmap:3 urn:ietf:params:rtp-hdrext:sdes:mid\r\na=fmtp:109 maxplaybackrate=48000;stereo=1;useinbandfec=1\r\na=fmtp:101 0-15\r\na=ice-pwd:cbf623a22e509e47e666c1c8ee52d14e\r\na=ice-ufrag:cfc88a5f\r\na=mid:1\r\na=rtcp-mux\r\na=rtpmap:109 opus/48000/2\r\na=rtpmap:9 G722/8000/1\r\na=rtpmap:0 PCMU/8000\r\na=rtpmap:8 PCMA/8000\r\na=rtpmap:101 telephone-event/8000/1\r\na=setup:actpass\r\na=ssrc:4258720337 cname:{0cb747db-d5e3-4c3d-949a-b40c21e2aefc}\r\nm=application 9 UDP/DTLS/SCTP webrtc-datachannel\r\nc=IN IP4 0.0.0.0\r\na=sendrecv\r\na=ice-pwd:cbf623a22e509e47e666c1c8ee52d14e\r\na=ice-ufrag:cfc88a5f\r\na=mid:2\r\na=setup:actpass\r\na=sctp-port:5000\r\na=max-message-size:1073741823\r\n"},"sessionId":"da41a6c5-2e2c-4d6d-9200-4185ef577b6b"},"id":201}
1:09:28.942691746 [333m   20[00m 0x7f0754001b50 [37mDEBUG  [00m [00mKurentoWebSocketTransport WebSocketTransport.cpp:462:processMessage:[00m Response: {"id":201,"jsonrpc":"2.0","result":{"sessionId":"da41a6c5-2e2c-4d6d-9200-4185ef577b6b","value":"v=0\r\no=- 3787454437 3787454437 IN IP4 0.0.0.0\r\ns=Kurento Media Server\r\nc=IN IP4 0.0.0.0\r\nt=0 0\r\na=fingerprint:sha-256 D7:36:53:D7:28:2A:85:4B:58:9B:1E:2F:46:BB:F7:33:B1:1F:D1:1E:DA:1A:57:4B:17:2B:23:80:4B:4D:C4:4E\r\na=ice-options:trickle\r\na=msid-semantic:WMS *\r\na=group:BUNDLE 0 1 2\r\nm=video 1 UDP/TLS/RTP/SAVPF 120 126 97\r\na=extmap:4 http://www.webrtc.org/experiments/rtp-hdrext/abs-send-time\r\na=sendonly\r\na=mid:0\r\na=rtcp:9 IN IP4 0.0.0.0\r\na=rtpmap:120 VP8/90000\r\na=rtpmap:126 H264/90000\r\na=rtpmap:97 H264/90000\r\na=rtcp-fb:120 nack\r\na=rtcp-fb:120 nack pli\r\na=rtcp-fb:120 ccm fir\r\na=rtcp-fb:120 goog-remb\r\na=rtcp-fb:126 nack\r\na=rtcp-fb:126 nack pli\r\na=rtcp-fb:126 ccm fir\r\na=rtcp-fb:126 goog-remb\r\na=rtcp-fb:97 nack\r\na=rtcp-fb:97 nack pli\r\na=rtcp-fb:97 ccm fir\r\na=rtcp-fb:97 goog-remb\r\na=fmtp:126 profile-level-id=42e01f;level-asymmetry-allowed=1;packetization-mode=1\r\na=fmtp:97 profile-level-id=42e01f;level-asymmetry-allowed=1\r\na=fmtp:120 max-fs=12288;max-fr=60\r\na=rtcp-mux\r\na=setup:active\r\na=ssrc:2680934239 cname:user2036231967@host-c615ae70\r\na=ice-ufrag:jQ/4\r\na=ice-pwd:+h2xhlem2CljcnZ/W4oubo\r\na=fingerprint:sha-256 47:02:CB:D6:5B:B1:69:2C:FD:C8:2D:CE:BD:22:1A:10:63:48:77:0D:06:16:6A:EA:6D:A7:92:85:5E:97:C8:4A\r\nm=audio 1 UDP/TLS/RTP/SAVPF 109 0\r\na=sendonly\r\na=mid:1\r\na=rtcp:9 IN IP4 0.0.0.0\r\na=rtpmap:109 opus/48000/2\r\na=rtpmap:0 PCMU/8000\r\na=fmtp:109 maxplaybackrate=48000;stereo=1;useinbandfec=1\r\na=rtcp-mux\r\na=setup:active\r\na=ssrc:177384105 cname:user2036231967@host-c615ae70\r\na=ice-ufrag:jQ/4\r\na=ice-pwd:+h2xhlem2CljcnZ/W4oubo\r\na=fingerprint:sha-256 47:02:CB:D6:5B:B1:69:2C:FD:C8:2D:CE:BD:22:1A:10:63:48:77:0D:06:16:6A:EA:6D:A7:92:85:5E:97:C8:4A\r\nm=application 1 UDP/DTLS/SCTP webrtc-datachannel\r\na=mid:2\r\na=sctp-port:5000\r\na=setup:active\r\na=ice-ufrag:jQ/4\r\na=ice-pwd:+h2xhlem2CljcnZ/W4oubo\r\na=fingerprint:sha-256 47:02:CB:D6:5B:B1:69:2C:FD:C8:2D:CE:BD:22:1A:10:63:48:77:0D:06:16:6A:EA:6D:A7:92:85:5E:97:C8:4A\r\n"}}
1:09:28.953661581 [333m   20[00m 0x7f0790001810 [37mDEBUG  [00m [00mKurentoWebSocketTransport WebSocketTransport.cpp:460:processMessage:[00m Message: {"jsonrpc":"2.0","method":"invoke","params":{"object":"414d1210-815b-48c0-8bac-7fdce4b56c59_kurento.MediaPipeline/5856082e-c4b9-4d32-9a35-a489c5088345_kurento.WebRtcEndpoint","operation":"gatherCandidates","sessionId":"da41a6c5-2e2c-4d6d-9200-4185ef577b6b"},"id":202}
1:09:28.956360526 [333m   20[00m 0x7f0730001790 [37mDEBUG  [00m [00mKurentoWebSocketEventHandler WebSocketEventHandler.cpp:56:sendEvent:[00m Sending event: {"jsonrpc":"2.0","method":"onEvent","params":{"value":{"data":{"candidate":{"__module__":"kurento","__type__":"IceCandidate","candidate":"candidate:1 1 UDP 2013266431 172.20.0.12 10375 typ host","sdpMLineIndex":0,"sdpMid":"0"},"source":"414d1210-815b-48c0-8bac-7fdce4b56c59_kurento.MediaPipeline/5856082e-c4b9-4d32-9a35-a489c5088345_kurento.WebRtcEndpoint","tags":[],"timestamp":"1578465637","timestampMillis":"1578465637760","type":"OnIceCandidate"},"object":"414d1210-815b-48c0-8bac-7fdce4b56c59_kurento.MediaPipeline/5856082e-c4b9-4d32-9a35-a489c5088345_kurento.WebRtcEndpoint","type":"OnIceCandidate"}}}, sessionId: da41a6c5-2e2c-4d6d-9200-4185ef577b6b
1:09:28.956519698 [333m   20[00m 0x7f0730001790 [37mDEBUG  [00m [00mKurentoWebSocketEventHandler WebSocketEventHandler.cpp:56:sendEvent:[00m Sending event: {"jsonrpc":"2.0","method":"onEvent","params":{"value":{"data":{"candidate":{"__module__":"kurento","__type__":"IceCandidate","candidate":"candidate:1 1 UDP 2013266431 172.20.0.12 10375 typ host","sdpMLineIndex":1,"sdpMid":"1"},"source":"414d1210-815b-48c0-8bac-7fdce4b56c59_kurento.MediaPipeline/5856082e-c4b9-4d32-9a35-a489c5088345_kurento.WebRtcEndpoint","tags":[],"timestamp":"1578465637","timestampMillis":"1578465637760","type":"OnIceCandidate"},"object":"414d1210-815b-48c0-8bac-7fdce4b56c59_kurento.MediaPipeline/5856082e-c4b9-4d32-9a35-a489c5088345_kurento.WebRtcEndpoint","type":"OnIceCandidate"}}}, sessionId: da41a6c5-2e2c-4d6d-9200-4185ef577b6b
1:09:28.956637714 [333m   20[00m 0x7f0730001790 [37mDEBUG  [00m [00mKurentoWebSocketEventHandler WebSocketEventHandler.cpp:56:sendEvent:[00m Sending event: {"jsonrpc":"2.0","method":"onEvent","params":{"value":{"data":{"candidate":{"__module__":"kurento","__type__":"IceCandidate","candidate":"candidate:1 1 UDP 2013266431 172.20.0.12 10375 typ host","sdpMLineIndex":2,"sdpMid":"2"},"source":"414d1210-815b-48c0-8bac-7fdce4b56c59_kurento.MediaPipeline/5856082e-c4b9-4d32-9a35-a489c5088345_kurento.WebRtcEndpoint","tags":[],"timestamp":"1578465637","timestampMillis":"1578465637760","type":"OnIceCandidate"},"object":"414d1210-815b-48c0-8bac-7fdce4b56c59_kurento.MediaPipeline/5856082e-c4b9-4d32-9a35-a489c5088345_kurento.WebRtcEndpoint","type":"OnIceCandidate"}}}, sessionId: da41a6c5-2e2c-4d6d-9200-4185ef577b6b
1:09:28.956741162 [333m   20[00m 0x7f0730001790 [37mDEBUG  [00m [00mKurentoWebSocketEventHandler WebSocketEventHandler.cpp:56:sendEvent:[00m Sending event: {"jsonrpc":"2.0","method":"onEvent","params":{"value":{"data":{"candidate":{"__module__":"kurento","__type__":"IceCandidate","candidate":"candidate:2 1 TCP 1015021823 172.20.0.12 9 typ host tcptype active","sdpMLineIndex":0,"sdpMid":"0"},"source":"414d1210-815b-48c0-8bac-7fdce4b56c59_kurento.MediaPipeline/5856082e-c4b9-4d32-9a35-a489c5088345_kurento.WebRtcEndpoint","tags":[],"timestamp":"1578465637","timestampMillis":"1578465637761","type":"OnIceCandidate"},"object":"414d1210-815b-48c0-8bac-7fdce4b56c59_kurento.MediaPipeline/5856082e-c4b9-4d32-9a35-a489c5088345_kurento.WebRtcEndpoint","type":"OnIceCandidate"}}}, sessionId: da41a6c5-2e2c-4d6d-9200-4185ef577b6b
1:09:28.956844209 [333m   20[00m 0x7f0730001790 [37mDEBUG  [00m [00mKurentoWebSocketEventHandler WebSocketEventHandler.cpp:56:sendEvent:[00m Sending event: {"jsonrpc":"2.0","method":"onEvent","params":{"value":{"data":{"candidate":{"__module__":"kurento","__type__":"IceCandidate","candidate":"candidate:2 1 TCP 1015021823 172.20.0.12 9 typ host tcptype active","sdpMLineIndex":1,"sdpMid":"1"},"source":"414d1210-815b-48c0-8bac-7fdce4b56c59_kurento.MediaPipeline/5856082e-c4b9-4d32-9a35-a489c5088345_kurento.WebRtcEndpoint","tags":[],"timestamp":"1578465637","timestampMillis":"1578465637761","type":"OnIceCandidate"},"object":"414d1210-815b-48c0-8bac-7fdce4b56c59_kurento.MediaPipeline/5856082e-c4b9-4d32-9a35-a489c5088345_kurento.WebRtcEndpoint","type":"OnIceCandidate"}}}, sessionId: da41a6c5-2e2c-4d6d-9200-4185ef577b6b
1:09:28.957595206 [333m   20[00m 0x7f0730001790 [37mDEBUG  [00m [00mKurentoWebSocketEventHandler WebSocketEventHandler.cpp:56:sendEvent:[00m Sending event: {"jsonrpc":"2.0","method":"onEvent","params":{"value":{"data":{"candidate":{"__module__":"kurento","__type__":"IceCandidate","candidate":"candidate:2 1 TCP 1015021823 172.20.0.12 9 typ host tcptype active","sdpMLineIndex":2,"sdpMid":"2"},"source":"414d1210-815b-48c0-8bac-7fdce4b56c59_kurento.MediaPipeline/5856082e-c4b9-4d32-9a35-a489c5088345_kurento.WebRtcEndpoint","tags":[],"timestamp":"1578465637","timestampMillis":"1578465637761","type":"OnIceCandidate"},"object":"414d1210-815b-48c0-8bac-7fdce4b56c59_kurento.MediaPipeline/5856082e-c4b9-4d32-9a35-a489c5088345_kurento.WebRtcEndpoint","type":"OnIceCandidate"}}}, sessionId: da41a6c5-2e2c-4d6d-9200-4185ef577b6b
1:09:28.957709212 [333m   20[00m 0x7f0730001790 [37mDEBUG  [00m [00mKurentoWebSocketEventHandler WebSocketEventHandler.cpp:56:sendEvent:[00m Sending event: {"jsonrpc":"2.0","method":"onEvent","params":{"value":{"data":{"candidate":{"__module__":"kurento","__type__":"IceCandidate","candidate":"candidate:3 1 TCP 1010827519 172.20.0.12 10366 typ host tcptype passive","sdpMLineIndex":0,"sdpMid":"0"},"source":"414d1210-815b-48c0-8bac-7fdce4b56c59_kurento.MediaPipeline/5856082e-c4b9-4d32-9a35-a489c5088345_kurento.WebRtcEndpoint","tags":[],"timestamp":"1578465637","timestampMillis":"1578465637761","type":"OnIceCandidate"},"object":"414d1210-815b-48c0-8bac-7fdce4b56c59_kurento.MediaPipeline/5856082e-c4b9-4d32-9a35-a489c5088345_kurento.WebRtcEndpoint","type":"OnIceCandidate"}}}, sessionId: da41a6c5-2e2c-4d6d-9200-4185ef577b6b
1:09:28.957814674 [333m   20[00m 0x7f0730001790 [37mDEBUG  [00m [00mKurentoWebSocketEventHandler WebSocketEventHandler.cpp:56:sendEvent:[00m Sending event: {"jsonrpc":"2.0","method":"onEvent","params":{"value":{"data":{"candidate":{"__module__":"kurento","__type__":"IceCandidate","candidate":"candidate:3 1 TCP 1010827519 172.20.0.12 10366 typ host tcptype passive","sdpMLineIndex":1,"sdpMid":"1"},"source":"414d1210-815b-48c0-8bac-7fdce4b56c59_kurento.MediaPipeline/5856082e-c4b9-4d32-9a35-a489c5088345_kurento.WebRtcEndpoint","tags":[],"timestamp":"1578465637","timestampMillis":"1578465637761","type":"OnIceCandidate"},"object":"414d1210-815b-48c0-8bac-7fdce4b56c59_kurento.MediaPipeline/5856082e-c4b9-4d32-9a35-a489c5088345_kurento.WebRtcEndpoint","type":"OnIceCandidate"}}}, sessionId: da41a6c5-2e2c-4d6d-9200-4185ef577b6b
1:09:28.957909986 [333m   20[00m 0x7f0730001790 [37mDEBUG  [00m [00mKurentoWebSocketEventHandler WebSocketEventHandler.cpp:56:sendEvent:[00m Sending event: {"jsonrpc":"2.0","method":"onEvent","params":{"value":{"data":{"candidate":{"__module__":"kurento","__type__":"IceCandidate","candidate":"candidate:3 1 TCP 1010827519 172.20.0.12 10366 typ host tcptype passive","sdpMLineIndex":2,"sdpMid":"2"},"source":"414d1210-815b-48c0-8bac-7fdce4b56c59_kurento.MediaPipeline/5856082e-c4b9-4d32-9a35-a489c5088345_kurento.WebRtcEndpoint","tags":[],"timestamp":"1578465637","timestampMillis":"1578465637761","type":"OnIceCandidate"},"object":"414d1210-815b-48c0-8bac-7fdce4b56c59_kurento.MediaPipeline/5856082e-c4b9-4d32-9a35-a489c5088345_kurento.WebRtcEndpoint","type":"OnIceCandidate"}}}, sessionId: da41a6c5-2e2c-4d6d-9200-4185ef577b6b
