2:04:17.178776987 [332m   19[00m 0x7f38ec007300 [37mDEBUG  [00m [00mKurentoWebSocketTransport WebSocketTransport.cpp:460:processMessage:[00m Message: {"jsonrpc":"2.0","method":"invoke","params":{"object":"90a90aa8-5a75-416b-b2de-bbdea0273842_kurento.MediaPipeline/483420a9-2040-4efc-9bb8-ba644c13b6c3_kurento.WebRtcEndpoint","operation":"processOffer","operationParams":{"offer":"v=0\r\no=- 2535378507856139632 2 IN IP4 127.0.0.1\r\ns=-\r\nt=0 0\r\na=group:BUNDLE 0 1 2\r\na=msid-semantic: WMS\r\nm=video 9 UDP/TLS/RTP/SAVPF 96 97 98 99 100 101 102 122 127 121 125 107 108 109 124 120 123 119 114 115 116\r\nc=IN IP4 0.0.0.0\r\na=rtcp:9 IN IP4 0.0.0.0\r\na=ice-ufrag:TcAd\r\na=ice-pwd:/YJ/2Z2ljLBCf03nObsSkMfw\r\na=ice-options:trickle\r\na=fingerprint:sha-256 DA:96:99:58:04:3D:5C:B4:BE:79:DC:80:C6:73:8A:86:F6:A5:3B:46:2C:FA:44:93:6E:3C:8D:F3:24:12:A4:5B\r\na=setup:actpass\r\na=mid:0\r\na=extmap:14 urn:ietf:params:rtp-hdrext:toffset\r\na=extmap:2 http://www.webrtc.org/experiments/rtp-hdrext/abs-send-time\r\na=extmap:13 urn:3gpp:video-orientation\r\na=extmap:3 http://www.ietf.org/id/draft-holmer-rmcat-transport-wide-cc-extensions-01\r\na=extmap:12 http://www.webrtc.org/experiments/rtp-hdrext/playout-delay\r\na=extmap:11 http://www.webrtc.org/experiments/rtp-hdrext/video-content-type\r\na=extmap:7 http://www.webrtc.org/experiments/rtp-hdrext/video-timing\r\na=extmap:8 http://tools.ietf.org/html/draft-ietf-avtext-framemarking-07\r\na=extmap:9 http://www.webrtc.org/experiments/rtp-hdrext/color-space\r\na=extmap:4 urn:ietf:params:rtp-hdrext:sdes:mid\r\na=extmap:5 urn:ietf:params:rtp-hdrext:sdes:rtp-stream-id\r\na=extmap:6 urn:ietf:params:rtp-hdrext:sdes:repaired-rtp-stream-id\r\na=recvonly\r\na=rtcp-mux\r\na=rtcp-rsize\r\na=rtpmap:96 VP8/90000\r\na=rtcp-fb:96 goog-remb\r\na=rtcp-fb:96 transport-cc\r\na=rtcp-fb:96 ccm fir\r\na=rtcp-fb:96 nack\r\na=rtcp-fb:96 nack pli\r\na=rtpmap:97 rtx/90000\r\na=fmtp:97 apt=96\r\na=rtpmap:98 VP9/90000\r\na=rtcp-fb:98 goog-remb\r\na=rtcp-fb:98 transport-cc\r\na=rtcp-fb:98 ccm fir\r\na=rtcp-fb:98 nack\r\na=rtcp-fb:98 nack pli\r\na=fmtp:98 profile-id=0\r\na=rtpmap:99 rtx/90000\r\na=fmtp:99 apt=98\r\na=rtpmap:100 VP9/90000\r\na=rtcp-fb:100 goog-remb\r\na=rtcp-fb:100 transport-cc\r\na=rtcp-fb:100 ccm fir\r\na=rtcp-fb:100 nack\r\na=rtcp-fb:100 nack pli\r\na=fmtp:100 profile-id=2\r\na=rtpmap:101 rtx/90000\r\na=fmtp:101 apt=100\r\na=rtpmap:102 H264/90000\r\na=rtcp-fb:102 goog-remb\r\na=rtcp-fb:102 transport-cc\r\na=rtcp-fb:102 ccm fir\r\na=rtcp-fb:102 nack\r\na=rtcp-fb:102 nack pli\r\na=fmtp:102 level-asymmetry-allowed=1;packetization-mode=1;profile-level-id=42001f\r\na=rtpmap:122 rtx/90000\r\na=fmtp:122 apt=102\r\na=rtpmap:127 H264/90000\r\na=rtcp-fb:127 goog-remb\r\na=rtcp-fb:127 transport-cc\r\na=rtcp-fb:127 ccm fir\r\na=rtcp-fb:127 nack\r\na=rtcp-fb:127 nack pli\r\na=fmtp:127 level-asymmetry-allowed=1;packetization-mode=0;profile-level-id=42001f\r\na=rtpmap:121 rtx/90000\r\na=fmtp:121 apt=127\r\na=rtpmap:125 H264/90000\r\na=rtcp-fb:125 goog-remb\r\na=rtcp-fb:125 transport-cc\r\na=rtcp-fb:125 ccm fir\r\na=rtcp-fb:125 nack\r\na=rtcp-fb:125 nack pli\r\na=fmtp:125 level-asymmetry-allowed=1;packetization-mode=1;profile-level-id=42e01f\r\na=rtpmap:107 rtx/90000\r\na=fmtp:107 apt=125\r\na=rtpmap:108 H264/90000\r\na=rtcp-fb:108 goog-remb\r\na=rtcp-fb:108 transport-cc\r\na=rtcp-fb:108 ccm fir\r\na=rtcp-fb:108 nack\r\na=rtcp-fb:108 nack pli\r\na=fmtp:108 level-asymmetry-allowed=1;packetization-mode=0;profile-level-id=42e01f\r\na=rtpmap:109 rtx/90000\r\na=fmtp:109 apt=108\r\na=rtpmap:124 H264/90000\r\na=rtcp-fb:124 goog-remb\r\na=rtcp-fb:124 transport-cc\r\na=rtcp-fb:124 ccm fir\r\na=rtcp-fb:124 nack\r\na=rtcp-fb:124 nack pli\r\na=fmtp:124 level-asymmetry-allowed=1;packetization-mode=1;profile-level-id=4d0032\r\na=rtpmap:120 rtx/90000\r\na=fmtp:120 apt=124\r\na=rtpmap:123 H264/90000\r\na=rtcp-fb:123 goog-remb\r\na=rtcp-fb:123 transport-cc\r\na=rtcp-fb:123 ccm fir\r\na=rtcp-fb:123 nack\r\na=rtcp-fb:123 nack pli\r\na=fmtp:123 level-asymmetry-allowed=1;packetization-mode=1;profile-level-id=640032\r\na=rtpmap:119 rtx/90000\r\na=fmtp:119 apt=123\r\na=rtpmap:114 red/90000\r\na=rtpmap:115 rtx/90000\r\na=fmtp:115 apt=114\r\na=rtpmap:116 ulpfec/90000\r\nm=audio 9 UDP/TLS/RTP/SAVPF 111 103 104 9 0 8 106 105 13 110 112 113 126\r\nc=IN IP4 0.0.0.0\r\na=rtcp:9 IN IP4 0.0.0.0\r\na=ice-ufrag:TcAd\r\na=ice-pwd:/YJ/2Z2ljLBCf03nObsSkMfw\r\na=ice-options:trickle\r\na=fingerprint:sha-256 DA:96:99:58:04:3D:5C:B4:BE:79:DC:80:C6:73:8A:86:F6:A5:3B:46:2C:FA:44:93:6E:3C:8D:F3:24:12:A4:5B\r\na=setup:actpass\r\na=mid:1\r\na=extmap:1 urn:ietf:params:rtp-hdrext:ssrc-audio-level\r\na=extmap:2 http://www.webrtc.org/experiments/rtp-hdrext/abs-send-time\r\na=extmap:3 http://www.ietf.org/id/draft-holmer-rmcat-transport-wide-cc-extensions-01\r\na=extmap:4 urn:ietf:params:rtp-hdrext:sdes:mid\r\na=extmap:5 urn:ietf:params:rtp-hdrext:sdes:rtp-stream-id\r\na=extmap:6 urn:ietf:params:rtp-hdrext:sdes:repaired-rtp-stream-id\r\na=recvonly\r\na=rtcp-mux\r\na=rtpmap:111 opus/48000/2\r\na=rtcp-fb:111 transport-cc\r\na=fmtp:111 minptime=10;useinbandfec=1\r\na=rtpmap:103 ISAC/16000\r\na=rtpmap:104 ISAC/32000\r\na=rtpmap:9 G722/8000\r\na=rtpmap:0 PCMU/8000\r\na=rtpmap:8 PCMA/8000\r\na=rtpmap:106 CN/32000\r\na=rtpmap:105 CN/16000\r\na=rtpmap:13 CN/8000\r\na=rtpmap:110 telephone-event/48000\r\na=rtpmap:112 telephone-event/32000\r\na=rtpmap:113 telephone-event/16000\r\na=rtpmap:126 telephone-event/8000\r\nm=application 9 UDP/DTLS/SCTP webrtc-datachannel\r\nc=IN IP4 0.0.0.0\r\na=ice-ufrag:TcAd\r\na=ice-pwd:/YJ/2Z2ljLBCf03nObsSkMfw\r\na=ice-options:trickle\r\na=fingerprint:sha-256 DA:96:99:58:04:3D:5C:B4:BE:79:DC:80:C6:73:8A:86:F6:A5:3B:46:2C:FA:44:93:6E:3C:8D:F3:24:12:A4:5B\r\na=setup:actpass\r\na=mid:2\r\na=sctp-port:5000\r\na=max-message-size:262144\r\n"},"sessionId":"8b62d243-fa2d-476b-984a-8edb1be1af25"},"id":285}
2:04:17.189162966 [332m   19[00m 0x7f38ec007300 [37mDEBUG  [00m [00mKurentoWebSocketTransport WebSocketTransport.cpp:462:processMessage:[00m Response: {"id":285,"jsonrpc":"2.0","result":{"sessionId":"8b62d243-fa2d-476b-984a-8edb1be1af25","value":"v=0\r\no=- 3788580862 3788580862 IN IP4 0.0.0.0\r\ns=Kurento Media Server\r\nc=IN IP4 0.0.0.0\r\nt=0 0\r\na=msid-semantic: WMS\r\na=group:BUNDLE 0 1 2\r\nm=video 1 UDP/TLS/RTP/SAVPF 96 102 127 125 108 124 123\r\na=extmap:2 http://www.webrtc.org/experiments/rtp-hdrext/abs-send-time\r\na=sendonly\r\na=mid:0\r\na=rtcp:9 IN IP4 0.0.0.0\r\na=rtpmap:96 VP8/90000\r\na=rtpmap:102 H264/90000\r\na=rtpmap:127 H264/90000\r\na=rtpmap:125 H264/90000\r\na=rtpmap:108 H264/90000\r\na=rtpmap:124 H264/90000\r\na=rtpmap:123 H264/90000\r\na=rtcp-fb:96 goog-remb\r\na=rtcp-fb:96 ccm fir\r\na=rtcp-fb:96 nack\r\na=rtcp-fb:96 nack pli\r\na=rtcp-fb:102 goog-remb\r\na=rtcp-fb:102 ccm fir\r\na=rtcp-fb:102 nack\r\na=rtcp-fb:102 nack pli\r\na=rtcp-fb:127 goog-remb\r\na=rtcp-fb:127 ccm fir\r\na=rtcp-fb:127 nack\r\na=rtcp-fb:127 nack pli\r\na=rtcp-fb:125 goog-remb\r\na=rtcp-fb:125 ccm fir\r\na=rtcp-fb:125 nack\r\na=rtcp-fb:125 nack pli\r\na=rtcp-fb:108 goog-remb\r\na=rtcp-fb:108 ccm fir\r\na=rtcp-fb:108 nack\r\na=rtcp-fb:108 nack pli\r\na=rtcp-fb:124 goog-remb\r\na=rtcp-fb:124 ccm fir\r\na=rtcp-fb:124 nack\r\na=rtcp-fb:124 nack pli\r\na=rtcp-fb:123 goog-remb\r\na=rtcp-fb:123 ccm fir\r\na=rtcp-fb:123 nack\r\na=rtcp-fb:123 nack pli\r\na=setup:active\r\na=rtcp-mux\r\na=fmtp:102 level-asymmetry-allowed=1;packetization-mode=1;profile-level-id=42001f\r\na=fmtp:127 level-asymmetry-allowed=1;packetization-mode=0;profile-level-id=42001f\r\na=fmtp:125 level-asymmetry-allowed=1;packetization-mode=1;profile-level-id=42e01f\r\na=fmtp:108 level-asymmetry-allowed=1;packetization-mode=0;profile-level-id=42e01f\r\na=fmtp:124 level-asymmetry-allowed=1;packetization-mode=1;profile-level-id=4d0032\r\na=fmtp:123 level-asymmetry-allowed=1;packetization-mode=1;profile-level-id=640032\r\na=ssrc:3882889518 cname:user558418747@host-17fb6be6\r\na=ice-ufrag:31IW\r\na=ice-pwd:STtznotgv0RO2neJBTo1/i\r\na=fingerprint:sha-256 F2:29:F4:53:03:E1:5E:1A:5C:64:58:EF:E9:32:7B:83:28:F4:A3:46:D1:BB:0C:C7:37:64:69:14:23:E5:AC:B3\r\nm=audio 1 UDP/TLS/RTP/SAVPF 111 0\r\na=extmap:2 http://www.webrtc.org/experiments/rtp-hdrext/abs-send-time\r\na=sendonly\r\na=mid:1\r\na=rtcp:9 IN IP4 0.0.0.0\r\na=rtpmap:111 opus/48000/2\r\na=rtpmap:0 PCMU/8000\r\na=setup:active\r\na=rtcp-mux\r\na=fmtp:111 minptime=10;useinbandfec=1\r\na=ssrc:3391761788 cname:user558418747@host-17fb6be6\r\na=ice-ufrag:31IW\r\na=ice-pwd:STtznotgv0RO2neJBTo1/i\r\na=fingerprint:sha-256 F2:29:F4:53:03:E1:5E:1A:5C:64:58:EF:E9:32:7B:83:28:F4:A3:46:D1:BB:0C:C7:37:64:69:14:23:E5:AC:B3\r\nm=application 1 UDP/DTLS/SCTP webrtc-datachannel\r\na=mid:2\r\na=sctp-port:5000\r\na=setup:active\r\na=ice-ufrag:31IW\r\na=ice-pwd:STtznotgv0RO2neJBTo1/i\r\na=fingerprint:sha-256 F2:29:F4:53:03:E1:5E:1A:5C:64:58:EF:E9:32:7B:83:28:F4:A3:46:D1:BB:0C:C7:37:64:69:14:23:E5:AC:B3\r\n"}}
2:04:17.189296890 [332m   19[00m 0x7f3900001840 [37mDEBUG  [00m [00mKurentoWebSocketTransport WebSocketTransport.cpp:460:processMessage:[00m Message: {"jsonrpc":"2.0","method":"invoke","params":{"object":"90a90aa8-5a75-416b-b2de-bbdea0273842_kurento.MediaPipeline/483420a9-2040-4efc-9bb8-ba644c13b6c3_kurento.WebRtcEndpoint","operation":"addIceCandidate","operationParams":{"candidate":{"candidate":"candidate:617392483 1 udp 2113937151 31f98785-d825-4bbd-a105-51e0392378e8.local 53289 typ host generation 0 ufrag TcAd network-cost 999","sdpMid":"0","sdpMLineIndex":0,"__module__":"kurento","__type__":"IceCandidate"}},"sessionId":"8b62d243-fa2d-476b-984a-8edb1be1af25"},"id":286}
2:04:17.189840198 [332m   19[00m 0x7f3900001840 [37mDEBUG  [00m [00mKurentoWebSocketTransport WebSocketTransport.cpp:462:processMessage:[00m Response: {"error":{"code":40401,"data":{"type":"ICE_ADD_CANDIDATE_ERROR"},"message":"Error adding candidate"},"id":286,"jsonrpc":"2.0"}
2:04:17.189872003 [332m   19[00m 0x7f3900001840 [37mDEBUG  [00m [00mKurentoWebSocketTransport WebSocketTransport.cpp:460:processMessage:[00m Message: {"jsonrpc":"2.0","method":"invoke","params":{"object":"90a90aa8-5a75-416b-b2de-bbdea0273842_kurento.MediaPipeline/483420a9-2040-4efc-9bb8-ba644c13b6c3_kurento.WebRtcEndpoint","operation":"addIceCandidate","operationParams":{"candidate":{"candidate":"candidate:617392483 1 udp 2113937151 31f98785-d825-4bbd-a105-51e0392378e8.local 53291 typ host generation 0 ufrag TcAd network-cost 999","sdpMid":"1","sdpMLineIndex":1,"__module__":"kurento","__type__":"IceCandidate"}},"sessionId":"8b62d243-fa2d-476b-984a-8edb1be1af25"},"id":287}
2:04:17.190126111 [332m   19[00m 0x7f3900001840 [37mDEBUG  [00m [00mKurentoWebSocketTransport WebSocketTransport.cpp:462:processMessage:[00m Response: {"error":{"code":40401,"data":{"type":"ICE_ADD_CANDIDATE_ERROR"},"message":"Error adding candidate"},"id":287,"jsonrpc":"2.0"}
2:04:17.190149628 [332m   19[00m 0x7f3900001840 [37mDEBUG  [00m [00mKurentoWebSocketTransport WebSocketTransport.cpp:460:processMessage:[00m Message: {"jsonrpc":"2.0","method":"invoke","params":{"object":"90a90aa8-5a75-416b-b2de-bbdea0273842_kurento.MediaPipeline/483420a9-2040-4efc-9bb8-ba644c13b6c3_kurento.WebRtcEndpoint","operation":"addIceCandidate","operationParams":{"candidate":{"candidate":"candidate:617392483 1 udp 2113937151 31f98785-d825-4bbd-a105-51e0392378e8.local 53293 typ host generation 0 ufrag TcAd network-cost 999","sdpMid":"2","sdpMLineIndex":2,"__module__":"kurento","__type__":"IceCandidate"}},"sessionId":"8b62d243-fa2d-476b-984a-8edb1be1af25"},"id":288}
2:04:17.190588634 [332m   19[00m 0x7f3900001840 [37mDEBUG  [00m [00mKurentoWebSocketTransport WebSocketTransport.cpp:462:processMessage:[00m Response: {"error":{"code":40401,"data":{"type":"ICE_ADD_CANDIDATE_ERROR"},"message":"Error adding candidate"},"id":288,"jsonrpc":"2.0"}
2:04:17.191404890 [332m   19[00m 0x7f38e4002180 [37mDEBUG  [00m [00mKurentoWebSocketTransport WebSocketTransport.cpp:460:processMessage:[00m Message: {"jsonrpc":"2.0","method":"invoke","params":{"object":"90a90aa8-5a75-416b-b2de-bbdea0273842_kurento.MediaPipeline/483420a9-2040-4efc-9bb8-ba644c13b6c3_kurento.WebRtcEndpoint","operation":"gatherCandidates","sessionId":"8b62d243-fa2d-476b-984a-8edb1be1af25"},"id":289}
2:04:17.194087040 [332m   19[00m 0x7f3880001790 [37mDEBUG  [00m [00mKurentoWebSocketEventHandler WebSocketEventHandler.cpp:56:sendEvent:[00m Sending event: {"jsonrpc":"2.0","method":"onEvent","params":{"value":{"data":{"candidate":{"__module__":"kurento","__type__":"IceCandidate","candidate":"candidate:1 1 UDP 2013266431 172.20.0.11 10097 typ host","sdpMLineIndex":0,"sdpMid":"0"},"source":"90a90aa8-5a75-416b-b2de-bbdea0273842_kurento.MediaPipeline/483420a9-2040-4efc-9bb8-ba644c13b6c3_kurento.WebRtcEndpoint","tags":[],"timestamp":"1579592062","timestampMillis":"1579592062912","type":"OnIceCandidate"},"object":"90a90aa8-5a75-416b-b2de-bbdea0273842_kurento.MediaPipeline/483420a9-2040-4efc-9bb8-ba644c13b6c3_kurento.WebRtcEndpoint","type":"OnIceCandidate"}}}, sessionId: 8b62d243-fa2d-476b-984a-8edb1be1af25
2:04:17.194250615 [332m   19[00m 0x7f3880001790 [37mDEBUG  [00m [00mKurentoWebSocketEventHandler WebSocketEventHandler.cpp:56:sendEvent:[00m Sending event: {"jsonrpc":"2.0","method":"onEvent","params":{"value":{"data":{"candidate":{"__module__":"kurento","__type__":"IceCandidate","candidate":"candidate:1 1 UDP 2013266431 172.20.0.11 10097 typ host","sdpMLineIndex":1,"sdpMid":"1"},"source":"90a90aa8-5a75-416b-b2de-bbdea0273842_kurento.MediaPipeline/483420a9-2040-4efc-9bb8-ba644c13b6c3_kurento.WebRtcEndpoint","tags":[],"timestamp":"1579592062","timestampMillis":"1579592062912","type":"OnIceCandidate"},"object":"90a90aa8-5a75-416b-b2de-bbdea0273842_kurento.MediaPipeline/483420a9-2040-4efc-9bb8-ba644c13b6c3_kurento.WebRtcEndpoint","type":"OnIceCandidate"}}}, sessionId: 8b62d243-fa2d-476b-984a-8edb1be1af25
2:04:17.194376747 [332m   19[00m 0x7f3880001790 [37mDEBUG  [00m [00mKurentoWebSocketEventHandler WebSocketEventHandler.cpp:56:sendEvent:[00m Sending event: {"jsonrpc":"2.0","method":"onEvent","params":{"value":{"data":{"candidate":{"__module__":"kurento","__type__":"IceCandidate","candidate":"candidate:1 1 UDP 2013266431 172.20.0.11 10097 typ host","sdpMLineIndex":2,"sdpMid":"2"},"source":"90a90aa8-5a75-416b-b2de-bbdea0273842_kurento.MediaPipeline/483420a9-2040-4efc-9bb8-ba644c13b6c3_kurento.WebRtcEndpoint","tags":[],"timestamp":"1579592062","timestampMillis":"1579592062912","type":"OnIceCandidate"},"object":"90a90aa8-5a75-416b-b2de-bbdea0273842_kurento.MediaPipeline/483420a9-2040-4efc-9bb8-ba644c13b6c3_kurento.WebRtcEndpoint","type":"OnIceCandidate"}}}, sessionId: 8b62d243-fa2d-476b-984a-8edb1be1af25
2:04:17.194491726 [332m   19[00m 0x7f3880001790 [37mDEBUG  [00m [00mKurentoWebSocketEventHandler WebSocketEventHandler.cpp:56:sendEvent:[00m Sending event: {"jsonrpc":"2.0","method":"onEvent","params":{"value":{"data":{"candidate":{"__module__":"kurento","__type__":"IceCandidate","candidate":"candidate:2 1 TCP 1015021823 172.20.0.11 9 typ host tcptype active","sdpMLineIndex":0,"sdpMid":"0"},"source":"90a90aa8-5a75-416b-b2de-bbdea0273842_kurento.MediaPipeline/483420a9-2040-4efc-9bb8-ba644c13b6c3_kurento.WebRtcEndpoint","tags":[],"timestamp":"1579592062","timestampMillis":"1579592062912","type":"OnIceCandidate"},"object":"90a90aa8-5a75-416b-b2de-bbdea0273842_kurento.MediaPipeline/483420a9-2040-4efc-9bb8-ba644c13b6c3_kurento.WebRtcEndpoint","type":"OnIceCandidate"}}}, sessionId: 8b62d243-fa2d-476b-984a-8edb1be1af25
2:04:17.194598910 [332m   19[00m 0x7f3880001790 [37mDEBUG  [00m [00mKurentoWebSocketEventHandler WebSocketEventHandler.cpp:56:sendEvent:[00m Sending event: {"jsonrpc":"2.0","method":"onEvent","params":{"value":{"data":{"candidate":{"__module__":"kurento","__type__":"IceCandidate","candidate":"candidate:2 1 TCP 1015021823 172.20.0.11 9 typ host tcptype active","sdpMLineIndex":1,"sdpMid":"1"},"source":"90a90aa8-5a75-416b-b2de-bbdea0273842_kurento.MediaPipeline/483420a9-2040-4efc-9bb8-ba644c13b6c3_kurento.WebRtcEndpoint","tags":[],"timestamp":"1579592062","timestampMillis":"1579592062912","type":"OnIceCandidate"},"object":"90a90aa8-5a75-416b-b2de-bbdea0273842_kurento.MediaPipeline/483420a9-2040-4efc-9bb8-ba644c13b6c3_kurento.WebRtcEndpoint","type":"OnIceCandidate"}}}, sessionId: 8b62d243-fa2d-476b-984a-8edb1be1af25
2:04:17.194715004 [332m   19[00m 0x7f3880001790 [37mDEBUG  [00m [00mKurentoWebSocketEventHandler WebSocketEventHandler.cpp:56:sendEvent:[00m Sending event: {"jsonrpc":"2.0","method":"onEvent","params":{"value":{"data":{"candidate":{"__module__":"kurento","__type__":"IceCandidate","candidate":"candidate:2 1 TCP 1015021823 172.20.0.11 9 typ host tcptype active","sdpMLineIndex":2,"sdpMid":"2"},"source":"90a90aa8-5a75-416b-b2de-bbdea0273842_kurento.MediaPipeline/483420a9-2040-4efc-9bb8-ba644c13b6c3_kurento.WebRtcEndpoint","tags":[],"timestamp":"1579592062","timestampMillis":"1579592062912","type":"OnIceCandidate"},"object":"90a90aa8-5a75-416b-b2de-bbdea0273842_kurento.MediaPipeline/483420a9-2040-4efc-9bb8-ba644c13b6c3_kurento.WebRtcEndpoint","type":"OnIceCandidate"}}}, sessionId: 8b62d243-fa2d-476b-984a-8edb1be1af25
2:04:17.194822778 [332m   19[00m 0x7f3880001790 [37mDEBUG  [00m [00mKurentoWebSocketEventHandler WebSocketEventHandler.cpp:56:sendEvent:[00m Sending event: {"jsonrpc":"2.0","method":"onEvent","params":{"value":{"data":{"candidate":{"__module__":"kurento","__type__":"IceCandidate","candidate":"candidate:3 1 TCP 1010827519 172.20.0.11 10087 typ host tcptype passive","sdpMLineIndex":0,"sdpMid":"0"},"source":"90a90aa8-5a75-416b-b2de-bbdea0273842_kurento.MediaPipeline/483420a9-2040-4efc-9bb8-ba644c13b6c3_kurento.WebRtcEndpoint","tags":[],"timestamp":"1579592062","timestampMillis":"1579592062912","type":"OnIceCandidate"},"object":"90a90aa8-5a75-416b-b2de-bbdea0273842_kurento.MediaPipeline/483420a9-2040-4efc-9bb8-ba644c13b6c3_kurento.WebRtcEndpoint","type":"OnIceCandidate"}}}, sessionId: 8b62d243-fa2d-476b-984a-8edb1be1af25
2:04:17.194930175 [332m   19[00m 0x7f3880001790 [37mDEBUG  [00m [00mKurentoWebSocketEventHandler WebSocketEventHandler.cpp:56:sendEvent:[00m Sending event: {"jsonrpc":"2.0","method":"onEvent","params":{"value":{"data":{"candidate":{"__module__":"kurento","__type__":"IceCandidate","candidate":"candidate:3 1 TCP 1010827519 172.20.0.11 10087 typ host tcptype passive","sdpMLineIndex":1,"sdpMid":"1"},"source":"90a90aa8-5a75-416b-b2de-bbdea0273842_kurento.MediaPipeline/483420a9-2040-4efc-9bb8-ba644c13b6c3_kurento.WebRtcEndpoint","tags":[],"timestamp":"1579592062","timestampMillis":"1579592062912","type":"OnIceCandidate"},"object":"90a90aa8-5a75-416b-b2de-bbdea0273842_kurento.MediaPipeline/483420a9-2040-4efc-9bb8-ba644c13b6c3_kurento.WebRtcEndpoint","type":"OnIceCandidate"}}}, sessionId: 8b62d243-fa2d-476b-984a-8edb1be1af25
2:04:17.195038116 [332m   19[00m 0x7f3880001790 [37mDEBUG  [00m [00mKurentoWebSocketEventHandler WebSocketEventHandler.cpp:56:sendEvent:[00m Sending event: {"jsonrpc":"2.0","method":"onEvent","params":{"value":{"data":{"candidate":{"__module__":"kurento","__type__":"IceCandidate","candidate":"candidate:3 1 TCP 1010827519 172.20.0.11 10087 typ host tcptype passive","sdpMLineIndex":2,"sdpMid":"2"},"source":"90a90aa8-5a75-416b-b2de-bbdea0273842_kurento.MediaPipeline/483420a9-2040-4efc-9bb8-ba644c13b6c3_kurento.WebRtcEndpoint","tags":[],"timestamp":"1579592062","timestampMillis":"1579592062912","type":"OnIceCandidate"},"object":"90a90aa8-5a75-416b-b2de-bbdea0273842_kurento.MediaPipeline/483420a9-2040-4efc-9bb8-ba644c13b6c3_kurento.WebRtcEndpoint","type":"OnIceCandidate"}}}, sessionId: 8b62d243-fa2d-476b-984a-8edb1be1af25
2:04:17.195104306 [332m   19[00m 0x7f38e4002180 [37mDEBUG  [00m [00mKurentoWebSocketTransport WebSocketTransport.cpp:462:processMessage:[00m Response: {"id":289,"jsonrpc":"2.0","result":{"sessionId":"8b62d243-fa2d-476b-984a-8edb1be1af25","value":null}}
2:04:17.195144672 [332m   19[00m 0x7f3880001790 [37mDEBUG  [00m [00mKurentoWebSocketEventHandler WebSocketEventHandler.cpp:56:sendEvent:[00m Sending event: {"jsonrpc":"2.0","method":"onEvent","params":{"value":{"data":{"candidate":{"__module__":"kurento","__type__":"IceCandidate","candidate":"candidate:1 2 UDP 2013266430 172.20.0.11 10095 typ host","sdpMLineIndex":0,"sdpMid":"0"},"source":"90a90aa8-5a75-416b-b2de-bbdea0273842_kurento.MediaPipeline/483420a9-2040-4efc-9bb8-ba644c13b6c3_kurento.WebRtcEndpoint","tags":[],"timestamp":"1579592062","timestampMillis":"1579592062912","type":"OnIceCandidate"},"object":"90a90aa8-5a75-416b-b2de-bbdea0273842_kurento.MediaPipeline/483420a9-2040-4efc-9bb8-ba644c13b6c3_kurento.WebRtcEndpoint","type":"OnIceCandidate"}}}, sessionId: 8b62d243-fa2d-476b-984a-8edb1be1af25
2:04:17.195219235 [332m   19[00m 0x7f38e4002180 [37mDEBUG  [00m [00mKurentoWebSocketTransport WebSocketTransport.cpp:460:processMessage:[00m Message: {"jsonrpc":"2.0","method":"invoke","params":{"object":"90a90aa8-5a75-416b-b2de-bbdea0273842_kurento.MediaPipeline/96a2df76-e18c-45b0-b112-2edf551a9884_datachannelexample.KmsSendData","operation":"connect","operationParams":{"sink":"90a90aa8-5a75-416b-b2de-bbdea0273842_kurento.MediaPipeline/483420a9-2040-4efc-9bb8-ba644c13b6c3_kurento.WebRtcEndpoint"},"sessionId":"8b62d243-fa2d-476b-984a-8edb1be1af25"},"id":290}
2:04:17.195248652 [332m   19[00m 0x7f3880001790 [37mDEBUG  [00m [00mKurentoWebSocketEventHandler WebSocketEventHandler.cpp:56:sendEvent:[00m Sending event: {"jsonrpc":"2.0","method":"onEvent","params":{"value":{"data":{"candidate":{"__module__":"kurento","__type__":"IceCandidate","candidate":"candidate:1 2 UDP 2013266430 172.20.0.11 10095 typ host","sdpMLineIndex":1,"sdpMid":"1"},"source":"90a90aa8-5a75-416b-b2de-bbdea0273842_kurento.MediaPipeline/483420a9-2040-4efc-9bb8-ba644c13b6c3_kurento.WebRtcEndpoint","tags":[],"timestamp":"1579592062","timestampMillis":"1579592062912","type":"OnIceCandidate"},"object":"90a90aa8-5a75-416b-b2de-bbdea0273842_kurento.MediaPipeline/483420a9-2040-4efc-9bb8-ba644c13b6c3_kurento.WebRtcEndpoint","type":"OnIceCandidate"}}}, sessionId: 8b62d243-fa2d-476b-984a-8edb1be1af25
2:04:17.195320642 [332m   19[00m 0x7f38e4002180 [37mDEBUG  [00m [00mKurentoMediaElementImpl MediaElementImpl.cpp:902:connect:[00m Connecting 90a90aa8-5a75-416b-b2de-bbdea0273842_kurento.MediaPipeline/96a2df76-e18c-45b0-b112-2edf551a9884_datachannelexample.KmsSendData -> 90a90aa8-5a75-416b-b2de-bbdea0273842_kurento.MediaPipeline/483420a9-2040-4efc-9bb8-ba644c13b6c3_kurento.WebRtcEndpoint params AUDIO default default
2:04:17.195347366 [332m   19[00m 0x7f3880001790 [37mDEBUG  [00m [00mKurentoWebSocketEventHandler WebSocketEventHandler.cpp:56:sendEvent:[00m Sending event: {"jsonrpc":"2.0","method":"onEvent","params":{"value":{"data":{"candidate":{"__module__":"kurento","__type__":"IceCandidate","candidate":"candidate:1 2 UDP 2013266430 172.20.0.11 10095 typ host","sdpMLineIndex":2,"sdpMid":"2"},"source":"90a90aa8-5a75-416b-b2de-bbdea0273842_kurento.MediaPipeline/483420a9-2040-4efc-9bb8-ba644c13b6c3_kurento.WebRtcEndpoint","tags":[],"timestamp":"1579592062","timestampMillis":"1579592062912","type":"OnIceCandidate"},"object":"90a90aa8-5a75-416b-b2de-bbdea0273842_kurento.MediaPipeline/483420a9-2040-4efc-9bb8-ba644c13b6c3_kurento.WebRtcEndpoint","type":"OnIceCandidate"}}}, sessionId: 8b62d243-fa2d-476b-984a-8edb1be1af25
2:04:17.195441852 [332m   19[00m 0x7f3880001790 [37mDEBUG  [00m [00mKurentoWebSocketEventHandler WebSocketEventHandler.cpp:56:sendEvent:[00m Sending event: {"jsonrpc":"2.0","method":"onEvent","params":{"value":{"data":{"candidate":{"__module__":"kurento","__type__":"IceCandidate","candidate":"candidate:2 2 TCP 1015021822 172.20.0.11 9 typ host tcptype active","sdpMLineIndex":0,"sdpMid":"0"},"source":"90a90aa8-5a75-416b-b2de-bbdea0273842_kurento.MediaPipeline/483420a9-2040-4efc-9bb8-ba644c13b6c3_kurento.WebRtcEndpoint","tags":[],"timestamp":"1579592062","timestampMillis":"1579592062913","type":"OnIceCandidate"},"object":"90a90aa8-5a75-416b-b2de-bbdea0273842_kurento.MediaPipeline/483420a9-2040-4efc-9bb8-ba644c13b6c3_kurento.WebRtcEndpoint","type":"OnIceCandidate"}}}, sessionId: 8b62d243-fa2d-476b-984a-8edb1be1af25
2:04:17.195447802 [332m   19[00m 0x7f38e4002180 [37mDEBUG  [00m [00mKurentoMediaElementImpl MediaElementImpl.cpp:902:connect:[00m Connecting 90a90aa8-5a75-416b-b2de-bbdea0273842_kurento.MediaPipeline/96a2df76-e18c-45b0-b112-2edf551a9884_datachannelexample.KmsSendData -> 90a90aa8-5a75-416b-b2de-bbdea0273842_kurento.MediaPipeline/483420a9-2040-4efc-9bb8-ba644c13b6c3_kurento.WebRtcEndpoint params VIDEO default default
2:04:17.195540425 [332m   19[00m 0x7f38e4002180 [37mDEBUG  [00m [00mKurentoMediaElementImpl MediaElementImpl.cpp:902:connect:[00m Connecting 90a90aa8-5a75-416b-b2de-bbdea0273842_kurento.MediaPipeline/96a2df76-e18c-45b0-b112-2edf551a9884_datachannelexample.KmsSendData -> 90a90aa8-5a75-416b-b2de-bbdea0273842_kurento.MediaPipeline/483420a9-2040-4efc-9bb8-ba644c13b6c3_kurento.WebRtcEndpoint params DATA default default
2:04:17.195566562 [332m   19[00m 0x7f3880001790 [37mDEBUG  [00m [00mKurentoWebSocketEventHandler WebSocketEventHandler.cpp:56:sendEvent:[00m Sending event: {"jsonrpc":"2.0","method":"onEvent","params":{"value":{"data":{"candidate":{"__module__":"kurento","__type__":"IceCandidate","candidate":"candidate:2 2 TCP 1015021822 172.20.0.11 9 typ host tcptype active","sdpMLineIndex":1,"sdpMid":"1"},"source":"90a90aa8-5a75-416b-b2de-bbdea0273842_kurento.MediaPipeline/483420a9-2040-4efc-9bb8-ba644c13b6c3_kurento.WebRtcEndpoint","tags":[],"timestamp":"1579592062","timestampMillis":"1579592062913","type":"OnIceCandidate"},"object":"90a90aa8-5a75-416b-b2de-bbdea0273842_kurento.MediaPipeline/483420a9-2040-4efc-9bb8-ba644c13b6c3_kurento.WebRtcEndpoint","type":"OnIceCandidate"}}}, sessionId: 8b62d243-fa2d-476b-984a-8edb1be1af25
2:04:17.195663768 [332m   19[00m 0x7f3880001790 [37mDEBUG  [00m [00mKurentoWebSocketEventHandler WebSocketEventHandler.cpp:56:sendEvent:[00m Sending event: {"jsonrpc":"2.0","method":"onEvent","params":{"value":{"data":{"candidate":{"__module__":"kurento","__type__":"IceCandidate","candidate":"candidate:2 2 TCP 1015021822 172.20.0.11 9 typ host tcptype active","sdpMLineIndex":2,"sdpMid":"2"},"source":"90a90aa8-5a75-416b-b2de-bbdea0273842_kurento.MediaPipeline/483420a9-2040-4efc-9bb8-ba644c13b6c3_kurento.WebRtcEndpoint","tags":[],"timestamp":"1579592062","timestampMillis":"1579592062913","type":"OnIceCandidate"},"object":"90a90aa8-5a75-416b-b2de-bbdea0273842_kurento.MediaPipeline/483420a9-2040-4efc-9bb8-ba644c13b6c3_kurento.WebRtcEndpoint","type":"OnIceCandidate"}}}, sessionId: 8b62d243-fa2d-476b-984a-8edb1be1af25
2:04:17.195668830 [332m   19[00m 0x7f38e4002180 [37mDEBUG  [00m [00mKurentoWebSocketTransport WebSocketTransport.cpp:462:processMessage:[00m Response: {"id":290,"jsonrpc":"2.0","result":{"sessionId":"8b62d243-fa2d-476b-984a-8edb1be1af25","value":null}}
2:04:17.196430371 [332m   19[00m 0x7f3880001790 [37mDEBUG  [00m [00mKurentoWebSocketEventHandler WebSocketEventHandler.cpp:56:sendEvent:[00m Sending event: {"jsonrpc":"2.0","method":"onEvent","params":{"value":{"data":{"candidate":{"__module__":"kurento","__type__":"IceCandidate","candidate":"candidate:3 2 TCP 1010827518 172.20.0.11 10098 typ host tcptype passive","sdpMLineIndex":0,"sdpMid":"0"},"source":"90a90aa8-5a75-416b-b2de-bbdea0273842_kurento.MediaPipeline/483420a9-2040-4efc-9bb8-ba644c13b6c3_kurento.WebRtcEndpoint","tags":[],"timestamp":"1579592062","timestampMillis":"1579592062913","type":"OnIceCandidate"},"object":"90a90aa8-5a75-416b-b2de-bbdea0273842_kurento.MediaPipeline/483420a9-2040-4efc-9bb8-ba644c13b6c3_kurento.WebRtcEndpoint","type":"OnIceCandidate"}}}, sessionId: 8b62d243-fa2d-476b-984a-8edb1be1af25
2:04:17.196626294 [332m   19[00m 0x7f3880001790 [37mDEBUG  [00m [00mKurentoWebSocketEventHandler WebSocketEventHandler.cpp:56:sendEvent:[00m Sending event: {"jsonrpc":"2.0","method":"onEvent","params":{"value":{"data":{"candidate":{"__module__":"kurento","__type__":"IceCandidate","candidate":"candidate:3 2 TCP 1010827518 172.20.0.11 10098 typ host tcptype passive","sdpMLineIndex":1,"sdpMid":"1"},"source":"90a90aa8-5a75-416b-b2de-bbdea0273842_kurento.MediaPipeline/483420a9-2040-4efc-9bb8-ba644c13b6c3_kurento.WebRtcEndpoint","tags":[],"timestamp":"1579592062","timestampMillis":"1579592062913","type":"OnIceCandidate"},"object":"90a90aa8-5a75-416b-b2de-bbdea0273842_kurento.MediaPipeline/483420a9-2040-4efc-9bb8-ba644c13b6c3_kurento.WebRtcEndpoint","type":"OnIceCandidate"}}}, sessionId: 8b62d243-fa2d-476b-984a-8edb1be1af25
2:04:17.196755189 [332m   19[00m 0x7f3880001790 [37mDEBUG  [00m [00mKurentoWebSocketEventHandler WebSocketEventHandler.cpp:56:sendEvent:[00m Sending event: {"jsonrpc":"2.0","method":"onEvent","params":{"value":{"data":{"candidate":{"__module__":"kurento","__type__":"IceCandidate","candidate":"candidate:3 2 TCP 1010827518 172.20.0.11 10098 typ host tcptype passive","sdpMLineIndex":2,"sdpMid":"2"},"source":"90a90aa8-5a75-416b-b2de-bbdea0273842_kurento.MediaPipeline/483420a9-2040-4efc-9bb8-ba644c13b6c3_kurento.WebRtcEndpoint","tags":[],"timestamp":"1579592062","timestampMillis":"1579592062913","type":"OnIceCandidate"},"object":"90a90aa8-5a75-416b-b2de-bbdea0273842_kurento.MediaPipeline/483420a9-2040-4efc-9bb8-ba644c13b6c3_kurento.WebRtcEndpoint","type":"OnIceCandidate"}}}, sessionId: 8b62d243-fa2d-476b-984a-8edb1be1af25
2:04:17.222317063 [332m   19[00m 0x7f3880001790 [37mDEBUG  [00m [00mKurentoWebSocketEventHandler WebSocketEventHandler.cpp:56:sendEvent:[00m Sending event: {"jsonrpc":"2.0","method":"onEvent","params":{"value":{"data":{"candidate":{"__module__":"kurento","__type__":"IceCandidate","candidate":"candidate:4 1 UDP 1677722111 203.151.20.94 10097 typ srflx raddr 172.20.0.11 rport 10097","sdpMLineIndex":0,"sdpMid":"0"},"source":"90a90aa8-5a75-416b-b2de-bbdea0273842_kurento.MediaPipeline/483420a9-2040-4efc-9bb8-ba644c13b6c3_kurento.WebRtcEndpoint","tags":[],"timestamp":"1579592062","timestampMillis":"1579592062940","type":"OnIceCandidate"},"object":"90a90aa8-5a75-416b-b2de-bbdea0273842_kurento.MediaPipeline/483420a9-2040-4efc-9bb8-ba644c13b6c3_kurento.WebRtcEndpoint","type":"OnIceCandidate"}}}, sessionId: 8b62d243-fa2d-476b-984a-8edb1be1af25
2:04:17.222489420 [332m   19[00m 0x7f3880001790 [37mDEBUG  [00m [00mKurentoWebSocketEventHandler WebSocketEventHandler.cpp:56:sendEvent:[00m Sending event: {"jsonrpc":"2.0","method":"onEvent","params":{"value":{"data":{"candidate":{"__module__":"kurento","__type__":"IceCandidate","candidate":"candidate:4 1 UDP 1677722111 203.151.20.94 10097 typ srflx raddr 172.20.0.11 rport 10097","sdpMLineIndex":1,"sdpMid":"1"},"source":"90a90aa8-5a75-416b-b2de-bbdea0273842_kurento.MediaPipeline/483420a9-2040-4efc-9bb8-ba644c13b6c3_kurento.WebRtcEndpoint","tags":[],"timestamp":"1579592062","timestampMillis":"1579592062940","type":"OnIceCandidate"},"object":"90a90aa8-5a75-416b-b2de-bbdea0273842_kurento.MediaPipeline/483420a9-2040-4efc-9bb8-ba644c13b6c3_kurento.WebRtcEndpoint","type":"OnIceCandidate"}}}, sessionId: 8b62d243-fa2d-476b-984a-8edb1be1af25
2:04:17.222808648 [332m   19[00m 0x7f3880001790 [37mDEBUG  [00m [00mKurentoWebSocketEventHandler WebSocketEventHandler.cpp:56:sendEvent:[00m Sending event: {"jsonrpc":"2.0","method":"onEvent","params":{"value":{"data":{"candidate":{"__module__":"kurento","__type__":"IceCandidate","candidate":"candidate:4 1 UDP 1677722111 203.151.20.94 10097 typ srflx raddr 172.20.0.11 rport 10097","sdpMLineIndex":2,"sdpMid":"2"},"source":"90a90aa8-5a75-416b-b2de-bbdea0273842_kurento.MediaPipeline/483420a9-2040-4efc-9bb8-ba644c13b6c3_kurento.WebRtcEndpoint","tags":[],"timestamp":"1579592062","timestampMillis":"1579592062940","type":"OnIceCandidate"},"object":"90a90aa8-5a75-416b-b2de-bbdea0273842_kurento.MediaPipeline/483420a9-2040-4efc-9bb8-ba644c13b6c3_kurento.WebRtcEndpoint","type":"OnIceCandidate"}}}, sessionId: 8b62d243-fa2d-476b-984a-8edb1be1af25
2:04:17.222958658 [332m   19[00m 0x7f3880001790 [37mDEBUG  [00m [00mKurentoWebSocketEventHandler WebSocketEventHandler.cpp:56:sendEvent:[00m Sending event: {"jsonrpc":"2.0","method":"onEvent","params":{"value":{"data":{"candidate":{"__module__":"kurento","__type__":"IceCandidate","candidate":"candidate:5 1 TCP 847249663 203.151.20.94 9 typ srflx raddr 172.20.0.11 rport 9 tcptype active","sdpMLineIndex":0,"sdpMid":"0"},"source":"90a90aa8-5a75-416b-b2de-bbdea0273842_kurento.MediaPipeline/483420a9-2040-4efc-9bb8-ba644c13b6c3_kurento.WebRtcEndpoint","tags":[],"timestamp":"1579592062","timestampMillis":"1579592062940","type":"OnIceCandidate"},"object":"90a90aa8-5a75-416b-b2de-bbdea0273842_kurento.MediaPipeline/483420a9-2040-4efc-9bb8-ba644c13b6c3_kurento.WebRtcEndpoint","type":"OnIceCandidate"}}}, sessionId: 8b62d243-fa2d-476b-984a-8edb1be1af25
2:04:17.223077667 [332m   19[00m 0x7f3880001790 [37mDEBUG  [00m [00mKurentoWebSocketEventHandler WebSocketEventHandler.cpp:56:sendEvent:[00m Sending event: {"jsonrpc":"2.0","method":"onEvent","params":{"value":{"data":{"candidate":{"__module__":"kurento","__type__":"IceCandidate","candidate":"candidate:5 1 TCP 847249663 203.151.20.94 9 typ srflx raddr 172.20.0.11 rport 9 tcptype active","sdpMLineIndex":1,"sdpMid":"1"},"source":"90a90aa8-5a75-416b-b2de-bbdea0273842_kurento.MediaPipeline/483420a9-2040-4efc-9bb8-ba644c13b6c3_kurento.WebRtcEndpoint","tags":[],"timestamp":"1579592062","timestampMillis":"1579592062941","type":"OnIceCandidate"},"object":"90a90aa8-5a75-416b-b2de-bbdea0273842_kurento.MediaPipeline/483420a9-2040-4efc-9bb8-ba644c13b6c3_kurento.WebRtcEndpoint","type":"OnIceCandidate"}}}, sessionId: 8b62d243-fa2d-476b-984a-8edb1be1af25
2:04:17.223188360 [332m   19[00m 0x7f3880001790 [37mDEBUG  [00m [00mKurentoWebSocketEventHandler WebSocketEventHandler.cpp:56:sendEvent:[00m Sending event: {"jsonrpc":"2.0","method":"onEvent","params":{"value":{"data":{"candidate":{"__module__":"kurento","__type__":"IceCandidate","candidate":"candidate:5 1 TCP 847249663 203.151.20.94 9 typ srflx raddr 172.20.0.11 rport 9 tcptype active","sdpMLineIndex":2,"sdpMid":"2"},"source":"90a90aa8-5a75-416b-b2de-bbdea0273842_kurento.MediaPipeline/483420a9-2040-4efc-9bb8-ba644c13b6c3_kurento.WebRtcEndpoint","tags":[],"timestamp":"1579592062","timestampMillis":"1579592062941","type":"OnIceCandidate"},"object":"90a90aa8-5a75-416b-b2de-bbdea0273842_kurento.MediaPipeline/483420a9-2040-4efc-9bb8-ba644c13b6c3_kurento.WebRtcEndpoint","type":"OnIceCandidate"}}}, sessionId: 8b62d243-fa2d-476b-984a-8edb1be1af25
2:04:17.223292057 [332m   19[00m 0x7f3880001790 [37mDEBUG  [00m [00mKurentoWebSocketEventHandler WebSocketEventHandler.cpp:56:sendEvent:[00m Sending event: {"jsonrpc":"2.0","method":"onEvent","params":{"value":{"data":{"candidate":{"__module__":"kurento","__type__":"IceCandidate","candidate":"candidate:6 1 TCP 843055359 203.151.20.94 10087 typ srflx raddr 172.20.0.11 rport 10087 tcptype passive","sdpMLineIndex":0,"sdpMid":"0"},"source":"90a90aa8-5a75-416b-b2de-bbdea0273842_kurento.MediaPipeline/483420a9-2040-4efc-9bb8-ba644c13b6c3_kurento.WebRtcEndpoint","tags":[],"timestamp":"1579592062","timestampMillis":"1579592062941","type":"OnIceCandidate"},"object":"90a90aa8-5a75-416b-b2de-bbdea0273842_kurento.MediaPipeline/483420a9-2040-4efc-9bb8-ba644c13b6c3_kurento.WebRtcEndpoint","type":"OnIceCandidate"}}}, sessionId: 8b62d243-fa2d-476b-984a-8edb1be1af25
2:04:17.223396295 [332m   19[00m 0x7f3880001790 [37mDEBUG  [00m [00mKurentoWebSocketEventHandler WebSocketEventHandler.cpp:56:sendEvent:[00m Sending event: {"jsonrpc":"2.0","method":"onEvent","params":{"value":{"data":{"candidate":{"__module__":"kurento","__type__":"IceCandidate","candidate":"candidate:6 1 TCP 843055359 203.151.20.94 10087 typ srflx raddr 172.20.0.11 rport 10087 tcptype passive","sdpMLineIndex":1,"sdpMid":"1"},"source":"90a90aa8-5a75-416b-b2de-bbdea0273842_kurento.MediaPipeline/483420a9-2040-4efc-9bb8-ba644c13b6c3_kurento.WebRtcEndpoint","tags":[],"timestamp":"1579592062","timestampMillis":"1579592062941","type":"OnIceCandidate"},"object":"90a90aa8-5a75-416b-b2de-bbdea0273842_kurento.MediaPipeline/483420a9-2040-4efc-9bb8-ba644c13b6c3_kurento.WebRtcEndpoint","type":"OnIceCandidate"}}}, sessionId: 8b62d243-fa2d-476b-984a-8edb1be1af25
2:04:17.223494788 [332m   19[00m 0x7f3880001790 [37mDEBUG  [00m [00mKurentoWebSocketEventHandler WebSocketEventHandler.cpp:56:sendEvent:[00m Sending event: {"jsonrpc":"2.0","method":"onEvent","params":{"value":{"data":{"candidate":{"__module__":"kurento","__type__":"IceCandidate","candidate":"candidate:6 1 TCP 843055359 203.151.20.94 10087 typ srflx raddr 172.20.0.11 rport 10087 tcptype passive","sdpMLineIndex":2,"sdpMid":"2"},"source":"90a90aa8-5a75-416b-b2de-bbdea0273842_kurento.MediaPipeline/483420a9-2040-4efc-9bb8-ba644c13b6c3_kurento.WebRtcEndpoint","tags":[],"timestamp":"1579592062","timestampMillis":"1579592062941","type":"OnIceCandidate"},"object":"90a90aa8-5a75-416b-b2de-bbdea0273842_kurento.MediaPipeline/483420a9-2040-4efc-9bb8-ba644c13b6c3_kurento.WebRtcEndpoint","type":"OnIceCandidate"}}}, sessionId: 8b62d243-fa2d-476b-984a-8edb1be1af25
2:04:17.395346715 [332m   19[00m 0x7f38dc001b20 [37mDEBUG  [00m [00mKurentoWebSocketTransport WebSocketTransport.cpp:460:processMessage:[00m Message: {"jsonrpc":"2.0","method":"invoke","params":{"object":"90a90aa8-5a75-416b-b2de-bbdea0273842_kurento.MediaPipeline/483420a9-2040-4efc-9bb8-ba644c13b6c3_kurento.WebRtcEndpoint","operation":"addIceCandidate","operationParams":{"candidate":{"candidate":"candidate:842163049 1 udp 1677729535 182.232.42.95 53289 typ srflx raddr 0.0.0.0 rport 0 generation 0 ufrag TcAd network-cost 999","sdpMid":"0","sdpMLineIndex":0,"__module__":"kurento","__type__":"IceCandidate"}},"sessionId":"8b62d243-fa2d-476b-984a-8edb1be1af25"},"id":291}
2:04:17.396143601 [332m   19[00m 0x7f38dc001b20 [37mDEBUG  [00m [00mKurentoWebSocketTransport WebSocketTransport.cpp:462:processMessage:[00m Response: {"id":291,"jsonrpc":"2.0","result":{"sessionId":"8b62d243-fa2d-476b-984a-8edb1be1af25","value":null}}
2:04:17.489161287 [332m   19[00m 0x7f38ac02d280 [37mDEBUG  [00m [00mKurentoWebRtcEndpointImpl WebRtcEndpointImpl.cpp:292:newSelectedPairFull:<kmswebrtcendpoint9>[00m New candidate pair selected, local: 'candidate:4 1 UDP 1677722111 203.151.20.94 10097 typ srflx raddr 172.20.0.11 rport 10097', remote: 'candidate:842163049 1 UDP 1677729535 182.232.42.95 53289 typ srflx', stream_id: '1', component_id: 1
2:04:22.103928755 [332m   19[00m 0x7f38d4001c60 [37mDEBUG  [00m [00mKurentoWebSocketTransport WebSocketTransport.cpp:460:processMessage:[00m Message: {"jsonrpc":"2.0","method":"release","params":{"object":"90a90aa8-5a75-416b-b2de-bbdea0273842_kurento.MediaPipeline/483420a9-2040-4efc-9bb8-ba644c13b6c3_kurento.WebRtcEndpoint","sessionId":"8b62d243-fa2d-476b-984a-8edb1be1af25"},"id":292}
2:04:22.104205084 [332m   19[00m 0x7f38d4001c60 [37mDEBUG  [00m [00mKurentoWebSocketTransport WebSocketTransport.cpp:462:processMessage:[00m Response: {"id":292,"jsonrpc":"2.0","result":{"sessionId":"8b62d243-fa2d-476b-984a-8edb1be1af25"}}
2:04:22.104201800 [332m   19[00m 0x7f390c0018c0 [37mDEBUG  [00m [00mKurentoMediaElementImpl MediaElementImpl.cpp:1028:disconnect:[00m Disconnecting 90a90aa8-5a75-416b-b2de-bbdea0273842_kurento.MediaPipeline/96a2df76-e18c-45b0-b112-2edf551a9884_datachannelexample.KmsSendData - 90a90aa8-5a75-416b-b2de-bbdea0273842_kurento.MediaPipeline/483420a9-2040-4efc-9bb8-ba644c13b6c3_kurento.WebRtcEndpoint params AUDIO default default
2:04:22.104472856 [332m   19[00m 0x7f390c0018c0 [37mDEBUG  [00m [00mKurentoMediaElementImpl MediaElementImpl.cpp:1028:disconnect:[00m Disconnecting 90a90aa8-5a75-416b-b2de-bbdea0273842_kurento.MediaPipeline/96a2df76-e18c-45b0-b112-2edf551a9884_datachannelexample.KmsSendData - 90a90aa8-5a75-416b-b2de-bbdea0273842_kurento.MediaPipeline/483420a9-2040-4efc-9bb8-ba644c13b6c3_kurento.WebRtcEndpoint params DATA default default
2:04:22.104578194 [332m   19[00m 0x7f390c0018c0 [37mDEBUG  [00m [00mKurentoMediaElementImpl MediaElementImpl.cpp:1028:disconnect:[00m Disconnecting 90a90aa8-5a75-416b-b2de-bbdea0273842_kurento.MediaPipeline/96a2df76-e18c-45b0-b112-2edf551a9884_datachannelexample.KmsSendData - 90a90aa8-5a75-416b-b2de-bbdea0273842_kurento.MediaPipeline/483420a9-2040-4efc-9bb8-ba644c13b6c3_kurento.WebRtcEndpoint params VIDEO default default
2:04:22.104702991 [332m   19[00m 0x7f390c0018c0 [37mDEBUG  [00m [00m     KurentoMediaSet MediaSet.cpp:470:async_delete:[00m Destroying WebRtcEndpoint -> 90a90aa8-5a75-416b-b2de-bbdea0273842_kurento.MediaPipeline/483420a9-2040-4efc-9bb8-ba644c13b6c3_kurento.WebRtcEndpoint
2:04:22.105668604 [332m   19[00m 0x7f38e0001cc0 [37mDEBUG  [00m [00mKurentoWebSocketTransport WebSocketTransport.cpp:460:processMessage:[00m Message: {"jsonrpc":"2.0","method":"unsubscribe","params":{"object":"90a90aa8-5a75-416b-b2de-bbdea0273842_kurento.MediaPipeline/483420a9-2040-4efc-9bb8-ba644c13b6c3_kurento.WebRtcEndpoint","subscription":"96f76087-6f4a-4151-b87c-a39c174cf56b","sessionId":"8b62d243-fa2d-476b-984a-8edb1be1af25"},"id":293}
2:04:22.105868782 [332m   19[00m 0x7f38e0001cc0 [37mDEBUG  [00m [00mKurentoWebSocketTransport WebSocketTransport.cpp:462:processMessage:[00m Response: {"id":293,"jsonrpc":"2.0","result":{"sessionId":"8b62d243-fa2d-476b-984a-8edb1be1af25"}}
2:05:00.460682538 [332m   19[00m 0x7f38a8001400 [36mINFO   [00m [00mKurentoWebSocketTransport WebSocketTransport.cpp:296:keepAliveSessions:[00m Keep alive 8b62d243-fa2d-476b-984a-8edb1be1af25
2:05:01.037369984 [332m   19[00m 0x7f38ac001ea0 [37mDEBUG  [00m [00mKurentoWebSocketTransport WebSocketTransport.cpp:460:processMessage:[00m Message: {"jsonrpc":"2.0","method":"ping","id":294}
2:05:01.037531600 [332m   19[00m 0x7f38ac001ea0 [36mINFO   [00m [00mKurentoServerMethods ServerMethods.cpp:814:ping:[00m WebSocket Ping/Pong with sessionId 8b62d243-fa2d-476b-984a-8edb1be1af25
2:05:01.037662501 [332m   19[00m 0x7f38ac001ea0 [37mDEBUG  [00m [00mKurentoWebSocketTransport WebSocketTransport.cpp:462:processMessage:[00m Response: {"id":294,"jsonrpc":"2.0","result":{"sessionId":"8b62d243-fa2d-476b-984a-8edb1be1af25","value":"pong"}}
2:06:00.460872044 [332m   19[00m 0x7f38a8001400 [36mINFO   [00m [00mKurentoWebSocketTransport WebSocketTransport.cpp:296:keepAliveSessions:[00m Keep alive 8b62d243-fa2d-476b-984a-8edb1be1af25
2:06:01.038947933 [332m   19[00m 0x7f38f0001810 [37mDEBUG  [00m [00mKurentoWebSocketTransport WebSocketTransport.cpp:460:processMessage:[00m Message: {"jsonrpc":"2.0","method":"ping","id":295}
2:06:01.039106787 [332m   19[00m 0x7f38f0001810 [36mINFO   [00m [00mKurentoServerMethods ServerMethods.cpp:814:ping:[00m WebSocket Ping/Pong with sessionId 8b62d243-fa2d-476b-984a-8edb1be1af25
2:06:01.039237023 [332m   19[00m 0x7f38f0001810 [37mDEBUG  [00m [00mKurentoWebSocketTransport WebSocketTransport.cpp:462:processMessage:[00m Response: {"id":295,"jsonrpc":"2.0","result":{"sessionId":"8b62d243-fa2d-476b-984a-8edb1be1af25","value":"pong"}}
2:07:00.461046484 [332m   19[00m 0x7f38a8001400 [36mINFO   [00m [00mKurentoWebSocketTransport WebSocketTransport.cpp:296:keepAliveSessions:[00m Keep alive 8b62d243-fa2d-476b-984a-8edb1be1af25
2:07:01.047136944 [332m   19[00m 0x7f38ec007300 [37mDEBUG  [00m [00mKurentoWebSocketTransport WebSocketTransport.cpp:460:processMessage:[00m Message: {"jsonrpc":"2.0","method":"ping","id":296}
2:07:01.047327233 [332m   19[00m 0x7f38ec007300 [36mINFO   [00m [00mKurentoServerMethods ServerMethods.cpp:814:ping:[00m WebSocket Ping/Pong with sessionId 8b62d243-fa2d-476b-984a-8edb1be1af25
2:07:01.047457560 [332m   19[00m 0x7f38ec007300 [37mDEBUG  [00m [00mKurentoWebSocketTransport WebSocketTransport.cpp:462:processMessage:[00m Response: {"id":296,"jsonrpc":"2.0","result":{"sessionId":"8b62d243-fa2d-476b-984a-8edb1be1af25","value":"pong"}}
2:08:00.430551281 [332m   19[00m 0x7f38e8001c40 [37mDEBUG  [00m [00m     KurentoMediaSet MediaSet.cpp:123:doGarbageCollection:[00m Running garbage collector
2:08:00.461234739 [332m   19[00m 0x7f38a8001400 [36mINFO   [00m [00mKurentoWebSocketTransport WebSocketTransport.cpp:296:keepAliveSessions:[00m Keep alive 8b62d243-fa2d-476b-984a-8edb1be1af25
2:08:01.054925541 [332m   19[00m 0x7f38e4002180 [37mDEBUG  [00m [00mKurentoWebSocketTransport WebSocketTransport.cpp:460:processMessage:[00m Message: {"jsonrpc":"2.0","method":"ping","id":297}
2:08:01.055088432 [332m   19[00m 0x7f38e4002180 [36mINFO   [00m [00mKurentoServerMethods ServerMethods.cpp:814:ping:[00m WebSocket Ping/Pong with sessionId 8b62d243-fa2d-476b-984a-8edb1be1af25
2:08:01.055212895 [332m   19[00m 0x7f38e4002180 [37mDEBUG  [00m [00mKurentoWebSocketTransport WebSocketTransport.cpp:462:processMessage:[00m Response: {"id":297,"jsonrpc":"2.0","result":{"sessionId":"8b62d243-fa2d-476b-984a-8edb1be1af25","value":"pong"}}
2:09:00.461409885 [332m   19[00m 0x7f38a8001400 [36mINFO   [00m [00mKurentoWebSocketTransport WebSocketTransport.cpp:296:keepAliveSessions:[00m Keep alive 8b62d243-fa2d-476b-984a-8edb1be1af25
2:09:01.061074032 [332m   19[00m 0x7f3900001840 [37mDEBUG  [00m [00mKurentoWebSocketTransport WebSocketTransport.cpp:460:processMessage:[00m Message: {"jsonrpc":"2.0","method":"ping","id":298}
2:09:01.061236162 [332m   19[00m 0x7f3900001840 [36mINFO   [00m [00mKurentoServerMethods ServerMethods.cpp:814:ping:[00m WebSocket Ping/Pong with sessionId 8b62d243-fa2d-476b-984a-8edb1be1af25
2:09:01.061363002 [332m   19[00m 0x7f3900001840 [37mDEBUG  [00m [00mKurentoWebSocketTransport WebSocketTransport.cpp:462:processMessage:[00m Response: {"id":298,"jsonrpc":"2.0","result":{"sessionId":"8b62d243-fa2d-476b-984a-8edb1be1af25","value":"pong"}}
2:10:00.461597416 [332m   19[00m 0x7f38a8001400 [36mINFO   [00m [00mKurentoWebSocketTransport WebSocketTransport.cpp:296:keepAliveSessions:[00m Keep alive 8b62d243-fa2d-476b-984a-8edb1be1af25
2:10:01.069512699 [332m   19[00m 0x7f38a0001780 [37mDEBUG  [00m [00mKurentoWebSocketTransport WebSocketTransport.cpp:460:processMessage:[00m Message: {"jsonrpc":"2.0","method":"ping","id":299}
2:10:01.069926372 [332m   19[00m 0x7f38a0001780 [36mINFO   [00m [00mKurentoServerMethods ServerMethods.cpp:814:ping:[00m WebSocket Ping/Pong with sessionId 8b62d243-fa2d-476b-984a-8edb1be1af25
2:10:01.070061972 [332m   19[00m 0x7f38a0001780 [37mDEBUG  [00m [00mKurentoWebSocketTransport WebSocketTransport.cpp:462:processMessage:[00m Response: {"id":299,"jsonrpc":"2.0","result":{"sessionId":"8b62d243-fa2d-476b-984a-8edb1be1af25","value":"pong"}}
2:11:00.461775219 [332m   19[00m 0x7f38a8001400 [36mINFO   [00m [00mKurentoWebSocketTransport WebSocketTransport.cpp:296:keepAliveSessions:[00m Keep alive 8b62d243-fa2d-476b-984a-8edb1be1af25
2:11:01.069916907 [332m   19[00m 0x7f38a8001b60 [37mDEBUG  [00m [00mKurentoWebSocketTransport WebSocketTransport.cpp:460:processMessage:[00m Message: {"jsonrpc":"2.0","method":"ping","id":300}
2:11:01.070080145 [332m   19[00m 0x7f38a8001b60 [36mINFO   [00m [00mKurentoServerMethods ServerMethods.cpp:814:ping:[00m WebSocket Ping/Pong with sessionId 8b62d243-fa2d-476b-984a-8edb1be1af25
2:11:01.070211557 [332m   19[00m 0x7f38a8001b60 [37mDEBUG  [00m [00mKurentoWebSocketTransport WebSocketTransport.cpp:462:processMessage:[00m Response: {"id":300,"jsonrpc":"2.0","result":{"sessionId":"8b62d243-fa2d-476b-984a-8edb1be1af25","value":"pong"}}
2:12:00.430755228 [332m   19[00m 0x7f38e8001c40 [37mDEBUG  [00m [00m     KurentoMediaSet MediaSet.cpp:123:doGarbageCollection:[00m Running garbage collector
2:12:00.461954049 [332m   19[00m 0x7f38a8001400 [36mINFO   [00m [00mKurentoWebSocketTransport WebSocketTransport.cpp:296:keepAliveSessions:[00m Keep alive 8b62d243-fa2d-476b-984a-8edb1be1af25
2:12:01.078371796 [332m   19[00m 0x7f38dc001b20 [37mDEBUG  [00m [00mKurentoWebSocketTransport WebSocketTransport.cpp:460:processMessage:[00m Message: {"jsonrpc":"2.0","method":"ping","id":301}
2:12:01.078530298 [332m   19[00m 0x7f38dc001b20 [36mINFO   [00m [00mKurentoServerMethods ServerMethods.cpp:814:ping:[00m WebSocket Ping/Pong with sessionId 8b62d243-fa2d-476b-984a-8edb1be1af25
2:12:01.078653609 [332m   19[00m 0x7f38dc001b20 [37mDEBUG  [00m [00mKurentoWebSocketTransport WebSocketTransport.cpp:462:processMessage:[00m Response: {"id":301,"jsonrpc":"2.0","result":{"sessionId":"8b62d243-fa2d-476b-984a-8edb1be1af25","value":"pong"}}
2:13:00.462130756 [332m   19[00m 0x7f38a8001400 [36mINFO   [00m [00mKurentoWebSocketTransport WebSocketTransport.cpp:296:keepAliveSessions:[00m Keep alive 8b62d243-fa2d-476b-984a-8edb1be1af25
2:13:01.085789765 [332m   19[00m 0x7f38d4001c60 [37mDEBUG  [00m [00mKurentoWebSocketTransport WebSocketTransport.cpp:460:processMessage:[00m Message: {"jsonrpc":"2.0","method":"ping","id":302}
2:13:01.085942750 [332m   19[00m 0x7f38d4001c60 [36mINFO   [00m [00mKurentoServerMethods ServerMethods.cpp:814:ping:[00m WebSocket Ping/Pong with sessionId 8b62d243-fa2d-476b-984a-8edb1be1af25
2:13:01.086062989 [332m   19[00m 0x7f38d4001c60 [37mDEBUG  [00m [00mKurentoWebSocketTransport WebSocketTransport.cpp:462:processMessage:[00m Response: {"id":302,"jsonrpc":"2.0","result":{"sessionId":"8b62d243-fa2d-476b-984a-8edb1be1af25","value":"pong"}}
2:14:00.462314422 [332m   19[00m 0x7f38a8001400 [36mINFO   [00m [00mKurentoWebSocketTransport WebSocketTransport.cpp:296:keepAliveSessions:[00m Keep alive 8b62d243-fa2d-476b-984a-8edb1be1af25
2:14:01.091037309 [332m   19[00m 0x7f38e0001cc0 [37mDEBUG  [00m [00mKurentoWebSocketTransport WebSocketTransport.cpp:460:processMessage:[00m Message: {"jsonrpc":"2.0","method":"ping","id":303}
