8:18:58.186208112 [332m   19[00m 0x7f3880001790 [37mDEBUG  [00m [00mKurentoWebSocketEventHandler WebSocketEventHandler.cpp:56:sendEvent:[00m Sending event: {"jsonrpc":"2.0","method":"onEvent","params":{"value":{"data":{"candidate":{"__module__":"kurento","__type__":"IceCandidate","candidate":"candidate:2 2 TCP 1015021822 172.20.0.11 9 typ host tcptype active","sdpMLineIndex":2,"sdpMid":"2"},"source":"90a90aa8-5a75-416b-b2de-bbdea0273842_kurento.MediaPipeline/cc728f25-1ed2-427a-ad52-e270a47b1f55_kurento.WebRtcEndpoint","tags":[],"timestamp":"1579614543","timestampMillis":"1579614543903","type":"OnIceCandidate"},"object":"90a90aa8-5a75-416b-b2de-bbdea0273842_kurento.MediaPipeline/cc728f25-1ed2-427a-ad52-e270a47b1f55_kurento.WebRtcEndpoint","type":"OnIceCandidate"}}}, sessionId: 8b62d243-fa2d-476b-984a-8edb1be1af25
8:18:58.186302020 [332m   19[00m 0x7f3880001790 [37mDEBUG  [00m [00mKurentoWebSocketEventHandler WebSocketEventHandler.cpp:56:sendEvent:[00m Sending event: {"jsonrpc":"2.0","method":"onEvent","params":{"value":{"data":{"candidate":{"__module__":"kurento","__type__":"IceCandidate","candidate":"candidate:3 2 TCP 1010827518 172.20.0.11 10089 typ host tcptype passive","sdpMLineIndex":0,"sdpMid":"0"},"source":"90a90aa8-5a75-416b-b2de-bbdea0273842_kurento.MediaPipeline/cc728f25-1ed2-427a-ad52-e270a47b1f55_kurento.WebRtcEndpoint","tags":[],"timestamp":"1579614543","timestampMillis":"1579614543904","type":"OnIceCandidate"},"object":"90a90aa8-5a75-416b-b2de-bbdea0273842_kurento.MediaPipeline/cc728f25-1ed2-427a-ad52-e270a47b1f55_kurento.WebRtcEndpoint","type":"OnIceCandidate"}}}, sessionId: 8b62d243-fa2d-476b-984a-8edb1be1af25
8:18:58.186319040 [332m   19[00m 0x7f3900001840 [37mDEBUG  [00m [00mKurentoMediaElementImpl MediaElementImpl.cpp:902:connect:[00m Connecting 90a90aa8-5a75-416b-b2de-bbdea0273842_kurento.MediaPipeline/96a2df76-e18c-45b0-b112-2edf551a9884_datachannelexample.KmsSendData -> 90a90aa8-5a75-416b-b2de-bbdea0273842_kurento.MediaPipeline/cc728f25-1ed2-427a-ad52-e270a47b1f55_kurento.WebRtcEndpoint params AUDIO default default
8:18:58.186394026 [332m   19[00m 0x7f3880001790 [37mDEBUG  [00m [00mKurentoWebSocketEventHandler WebSocketEventHandler.cpp:56:sendEvent:[00m Sending event: {"jsonrpc":"2.0","method":"onEvent","params":{"value":{"data":{"candidate":{"__module__":"kurento","__type__":"IceCandidate","candidate":"candidate:3 2 TCP 1010827518 172.20.0.11 10089 typ host tcptype passive","sdpMLineIndex":1,"sdpMid":"1"},"source":"90a90aa8-5a75-416b-b2de-bbdea0273842_kurento.MediaPipeline/cc728f25-1ed2-427a-ad52-e270a47b1f55_kurento.WebRtcEndpoint","tags":[],"timestamp":"1579614543","timestampMillis":"1579614543904","type":"OnIceCandidate"},"object":"90a90aa8-5a75-416b-b2de-bbdea0273842_kurento.MediaPipeline/cc728f25-1ed2-427a-ad52-e270a47b1f55_kurento.WebRtcEndpoint","type":"OnIceCandidate"}}}, sessionId: 8b62d243-fa2d-476b-984a-8edb1be1af25
8:18:58.186489066 [332m   19[00m 0x7f3880001790 [37mDEBUG  [00m [00mKurentoWebSocketEventHandler WebSocketEventHandler.cpp:56:sendEvent:[00m Sending event: {"jsonrpc":"2.0","method":"onEvent","params":{"value":{"data":{"candidate":{"__module__":"kurento","__type__":"IceCandidate","candidate":"candidate:3 2 TCP 1010827518 172.20.0.11 10089 typ host tcptype passive","sdpMLineIndex":2,"sdpMid":"2"},"source":"90a90aa8-5a75-416b-b2de-bbdea0273842_kurento.MediaPipeline/cc728f25-1ed2-427a-ad52-e270a47b1f55_kurento.WebRtcEndpoint","tags":[],"timestamp":"1579614543","timestampMillis":"1579614543904","type":"OnIceCandidate"},"object":"90a90aa8-5a75-416b-b2de-bbdea0273842_kurento.MediaPipeline/cc728f25-1ed2-427a-ad52-e270a47b1f55_kurento.WebRtcEndpoint","type":"OnIceCandidate"}}}, sessionId: 8b62d243-fa2d-476b-984a-8edb1be1af25
8:18:58.186490939 [332m   19[00m 0x7f3900001840 [37mDEBUG  [00m [00mKurentoMediaElementImpl MediaElementImpl.cpp:902:connect:[00m Connecting 90a90aa8-5a75-416b-b2de-bbdea0273842_kurento.MediaPipeline/96a2df76-e18c-45b0-b112-2edf551a9884_datachannelexample.KmsSendData -> 90a90aa8-5a75-416b-b2de-bbdea0273842_kurento.MediaPipeline/cc728f25-1ed2-427a-ad52-e270a47b1f55_kurento.WebRtcEndpoint params VIDEO default default
8:18:58.186619001 [332m   19[00m 0x7f3900001840 [37mDEBUG  [00m [00mKurentoMediaElementImpl MediaElementImpl.cpp:902:connect:[00m Connecting 90a90aa8-5a75-416b-b2de-bbdea0273842_kurento.MediaPipeline/96a2df76-e18c-45b0-b112-2edf551a9884_datachannelexample.KmsSendData -> 90a90aa8-5a75-416b-b2de-bbdea0273842_kurento.MediaPipeline/cc728f25-1ed2-427a-ad52-e270a47b1f55_kurento.WebRtcEndpoint params DATA default default
8:18:58.186778795 [332m   19[00m 0x7f3900001840 [37mDEBUG  [00m [00mKurentoWebSocketTransport WebSocketTransport.cpp:462:processMessage:[00m Response: {"id":694,"jsonrpc":"2.0","result":{"sessionId":"8b62d243-fa2d-476b-984a-8edb1be1af25","value":null}}
8:18:58.186809363 [332m   19[00m 0x7f3900001840 [37mDEBUG  [00m [00mKurentoWebSocketTransport WebSocketTransport.cpp:460:processMessage:[00m Message: {"jsonrpc":"2.0","method":"invoke","params":{"object":"90a90aa8-5a75-416b-b2de-bbdea0273842_kurento.MediaPipeline/cc728f25-1ed2-427a-ad52-e270a47b1f55_kurento.WebRtcEndpoint","operation":"addIceCandidate","operationParams":{"candidate":{"candidate":"candidate:1587533115 1 udp 2113937151 10.46.47.37 41759 typ host generation 0 ufrag Et5I network-cost 999","sdpMid":"0","sdpMLineIndex":0,"__module__":"kurento","__type__":"IceCandidate"}},"sessionId":"8b62d243-fa2d-476b-984a-8edb1be1af25"},"id":695}
8:18:58.187706197 [332m   19[00m 0x7f3900001840 [37mDEBUG  [00m [00mKurentoWebSocketTransport WebSocketTransport.cpp:462:processMessage:[00m Response: {"id":695,"jsonrpc":"2.0","result":{"sessionId":"8b62d243-fa2d-476b-984a-8edb1be1af25","value":null}}
8:18:58.187742914 [332m   19[00m 0x7f3900001840 [37mDEBUG  [00m [00mKurentoWebSocketTransport WebSocketTransport.cpp:460:processMessage:[00m Message: {"jsonrpc":"2.0","method":"invoke","params":{"object":"90a90aa8-5a75-416b-b2de-bbdea0273842_kurento.MediaPipeline/cc728f25-1ed2-427a-ad52-e270a47b1f55_kurento.WebRtcEndpoint","operation":"addIceCandidate","operationParams":{"candidate":{"candidate":"candidate:402942300 1 udp 2113939711 2001:44c8:4302:c186:af5d:90b8:f8c3:e8a8 38207 typ host generation 0 ufrag Et5I network-cost 999","sdpMid":"0","sdpMLineIndex":0,"__module__":"kurento","__type__":"IceCandidate"}},"sessionId":"8b62d243-fa2d-476b-984a-8edb1be1af25"},"id":696}
8:18:58.188531113 [332m   19[00m 0x7f3900001840 [37mDEBUG  [00m [00mKurentoWebSocketTransport WebSocketTransport.cpp:462:processMessage:[00m Response: {"id":696,"jsonrpc":"2.0","result":{"sessionId":"8b62d243-fa2d-476b-984a-8edb1be1af25","value":null}}
8:18:58.188630510 [332m   19[00m 0x7f3900001840 [37mDEBUG  [00m [00mKurentoWebSocketTransport WebSocketTransport.cpp:460:processMessage:[00m Message: {"jsonrpc":"2.0","method":"invoke","params":{"object":"90a90aa8-5a75-416b-b2de-bbdea0273842_kurento.MediaPipeline/cc728f25-1ed2-427a-ad52-e270a47b1f55_kurento.WebRtcEndpoint","operation":"addIceCandidate","operationParams":{"candidate":{"candidate":"candidate:1587533115 1 udp 2113937151 10.46.47.37 39149 typ host generation 0 ufrag Et5I network-cost 999","sdpMid":"1","sdpMLineIndex":1,"__module__":"kurento","__type__":"IceCandidate"}},"sessionId":"8b62d243-fa2d-476b-984a-8edb1be1af25"},"id":697}
8:18:58.188981514 [332m   19[00m 0x7f3900001840 [37mDEBUG  [00m [00mKurentoWebSocketTransport WebSocketTransport.cpp:462:processMessage:[00m Response: {"id":697,"jsonrpc":"2.0","result":{"sessionId":"8b62d243-fa2d-476b-984a-8edb1be1af25","value":null}}
8:18:58.189019904 [332m   19[00m 0x7f3900001840 [37mDEBUG  [00m [00mKurentoWebSocketTransport WebSocketTransport.cpp:460:processMessage:[00m Message: {"jsonrpc":"2.0","method":"invoke","params":{"object":"90a90aa8-5a75-416b-b2de-bbdea0273842_kurento.MediaPipeline/cc728f25-1ed2-427a-ad52-e270a47b1f55_kurento.WebRtcEndpoint","operation":"addIceCandidate","operationParams":{"candidate":{"candidate":"candidate:402942300 1 udp 2113939711 2001:44c8:4302:c186:af5d:90b8:f8c3:e8a8 49160 typ host generation 0 ufrag Et5I network-cost 999","sdpMid":"1","sdpMLineIndex":1,"__module__":"kurento","__type__":"IceCandidate"}},"sessionId":"8b62d243-fa2d-476b-984a-8edb1be1af25"},"id":698}
8:18:58.189328955 [332m   19[00m 0x7f3900001840 [37mDEBUG  [00m [00mKurentoWebSocketTransport WebSocketTransport.cpp:462:processMessage:[00m Response: {"id":698,"jsonrpc":"2.0","result":{"sessionId":"8b62d243-fa2d-476b-984a-8edb1be1af25","value":null}}
8:18:58.189447331 [332m   19[00m 0x7f3900001840 [37mDEBUG  [00m [00mKurentoWebSocketTransport WebSocketTransport.cpp:460:processMessage:[00m Message: {"jsonrpc":"2.0","method":"invoke","params":{"object":"90a90aa8-5a75-416b-b2de-bbdea0273842_kurento.MediaPipeline/cc728f25-1ed2-427a-ad52-e270a47b1f55_kurento.WebRtcEndpoint","operation":"addIceCandidate","operationParams":{"candidate":{"candidate":"candidate:1587533115 1 udp 2113937151 10.46.47.37 45016 typ host generation 0 ufrag Et5I network-cost 999","sdpMid":"2","sdpMLineIndex":2,"__module__":"kurento","__type__":"IceCandidate"}},"sessionId":"8b62d243-fa2d-476b-984a-8edb1be1af25"},"id":699}
8:18:58.189784367 [332m   19[00m 0x7f3900001840 [37mDEBUG  [00m [00mKurentoWebSocketTransport WebSocketTransport.cpp:462:processMessage:[00m Response: {"id":699,"jsonrpc":"2.0","result":{"sessionId":"8b62d243-fa2d-476b-984a-8edb1be1af25","value":null}}
8:18:58.190433450 [332m   19[00m 0x7f38a8001b60 [37mDEBUG  [00m [00mKurentoWebSocketTransport WebSocketTransport.cpp:460:processMessage:[00m Message: {"jsonrpc":"2.0","method":"invoke","params":{"object":"90a90aa8-5a75-416b-b2de-bbdea0273842_kurento.MediaPipeline/cc728f25-1ed2-427a-ad52-e270a47b1f55_kurento.WebRtcEndpoint","operation":"addIceCandidate","operationParams":{"candidate":{"candidate":"candidate:402942300 1 udp 2113939711 2001:44c8:4302:c186:af5d:90b8:f8c3:e8a8 48241 typ host generation 0 ufrag Et5I network-cost 999","sdpMid":"2","sdpMLineIndex":2,"__module__":"kurento","__type__":"IceCandidate"}},"sessionId":"8b62d243-fa2d-476b-984a-8edb1be1af25"},"id":700}
8:18:58.191334246 [332m   19[00m 0x7f38a8001b60 [37mDEBUG  [00m [00mKurentoWebSocketTransport WebSocketTransport.cpp:462:processMessage:[00m Response: {"id":700,"jsonrpc":"2.0","result":{"sessionId":"8b62d243-fa2d-476b-984a-8edb1be1af25","value":null}}
8:18:58.211072418 [332m   19[00m 0x7f3880001790 [37mDEBUG  [00m [00mKurentoWebSocketEventHandler WebSocketEventHandler.cpp:56:sendEvent:[00m Sending event: {"jsonrpc":"2.0","method":"onEvent","params":{"value":{"data":{"candidate":{"__module__":"kurento","__type__":"IceCandidate","candidate":"candidate:4 1 UDP 1677722111 203.151.20.94 10081 typ srflx raddr 172.20.0.11 rport 10081","sdpMLineIndex":0,"sdpMid":"0"},"source":"90a90aa8-5a75-416b-b2de-bbdea0273842_kurento.MediaPipeline/cc728f25-1ed2-427a-ad52-e270a47b1f55_kurento.WebRtcEndpoint","tags":[],"timestamp":"1579614543","timestampMillis":"1579614543929","type":"OnIceCandidate"},"object":"90a90aa8-5a75-416b-b2de-bbdea0273842_kurento.MediaPipeline/cc728f25-1ed2-427a-ad52-e270a47b1f55_kurento.WebRtcEndpoint","type":"OnIceCandidate"}}}, sessionId: 8b62d243-fa2d-476b-984a-8edb1be1af25
8:18:58.211224230 [332m   19[00m 0x7f3880001790 [37mDEBUG  [00m [00mKurentoWebSocketEventHandler WebSocketEventHandler.cpp:56:sendEvent:[00m Sending event: {"jsonrpc":"2.0","method":"onEvent","params":{"value":{"data":{"candidate":{"__module__":"kurento","__type__":"IceCandidate","candidate":"candidate:4 1 UDP 1677722111 203.151.20.94 10081 typ srflx raddr 172.20.0.11 rport 10081","sdpMLineIndex":1,"sdpMid":"1"},"source":"90a90aa8-5a75-416b-b2de-bbdea0273842_kurento.MediaPipeline/cc728f25-1ed2-427a-ad52-e270a47b1f55_kurento.WebRtcEndpoint","tags":[],"timestamp":"1579614543","timestampMillis":"1579614543929","type":"OnIceCandidate"},"object":"90a90aa8-5a75-416b-b2de-bbdea0273842_kurento.MediaPipeline/cc728f25-1ed2-427a-ad52-e270a47b1f55_kurento.WebRtcEndpoint","type":"OnIceCandidate"}}}, sessionId: 8b62d243-fa2d-476b-984a-8edb1be1af25
8:18:58.211345089 [332m   19[00m 0x7f3880001790 [37mDEBUG  [00m [00mKurentoWebSocketEventHandler WebSocketEventHandler.cpp:56:sendEvent:[00m Sending event: {"jsonrpc":"2.0","method":"onEvent","params":{"value":{"data":{"candidate":{"__module__":"kurento","__type__":"IceCandidate","candidate":"candidate:4 1 UDP 1677722111 203.151.20.94 10081 typ srflx raddr 172.20.0.11 rport 10081","sdpMLineIndex":2,"sdpMid":"2"},"source":"90a90aa8-5a75-416b-b2de-bbdea0273842_kurento.MediaPipeline/cc728f25-1ed2-427a-ad52-e270a47b1f55_kurento.WebRtcEndpoint","tags":[],"timestamp":"1579614543","timestampMillis":"1579614543929","type":"OnIceCandidate"},"object":"90a90aa8-5a75-416b-b2de-bbdea0273842_kurento.MediaPipeline/cc728f25-1ed2-427a-ad52-e270a47b1f55_kurento.WebRtcEndpoint","type":"OnIceCandidate"}}}, sessionId: 8b62d243-fa2d-476b-984a-8edb1be1af25
8:18:58.211461103 [332m   19[00m 0x7f3880001790 [37mDEBUG  [00m [00mKurentoWebSocketEventHandler WebSocketEventHandler.cpp:56:sendEvent:[00m Sending event: {"jsonrpc":"2.0","method":"onEvent","params":{"value":{"data":{"candidate":{"__module__":"kurento","__type__":"IceCandidate","candidate":"candidate:5 1 TCP 847249663 203.151.20.94 9 typ srflx raddr 172.20.0.11 rport 9 tcptype active","sdpMLineIndex":0,"sdpMid":"0"},"source":"90a90aa8-5a75-416b-b2de-bbdea0273842_kurento.MediaPipeline/cc728f25-1ed2-427a-ad52-e270a47b1f55_kurento.WebRtcEndpoint","tags":[],"timestamp":"1579614543","timestampMillis":"1579614543929","type":"OnIceCandidate"},"object":"90a90aa8-5a75-416b-b2de-bbdea0273842_kurento.MediaPipeline/cc728f25-1ed2-427a-ad52-e270a47b1f55_kurento.WebRtcEndpoint","type":"OnIceCandidate"}}}, sessionId: 8b62d243-fa2d-476b-984a-8edb1be1af25
8:18:58.211597346 [332m   19[00m 0x7f3880001790 [37mDEBUG  [00m [00mKurentoWebSocketEventHandler WebSocketEventHandler.cpp:56:sendEvent:[00m Sending event: {"jsonrpc":"2.0","method":"onEvent","params":{"value":{"data":{"candidate":{"__module__":"kurento","__type__":"IceCandidate","candidate":"candidate:5 1 TCP 847249663 203.151.20.94 9 typ srflx raddr 172.20.0.11 rport 9 tcptype active","sdpMLineIndex":1,"sdpMid":"1"},"source":"90a90aa8-5a75-416b-b2de-bbdea0273842_kurento.MediaPipeline/cc728f25-1ed2-427a-ad52-e270a47b1f55_kurento.WebRtcEndpoint","tags":[],"timestamp":"1579614543","timestampMillis":"1579614543929","type":"OnIceCandidate"},"object":"90a90aa8-5a75-416b-b2de-bbdea0273842_kurento.MediaPipeline/cc728f25-1ed2-427a-ad52-e270a47b1f55_kurento.WebRtcEndpoint","type":"OnIceCandidate"}}}, sessionId: 8b62d243-fa2d-476b-984a-8edb1be1af25
8:18:58.211712121 [332m   19[00m 0x7f3880001790 [37mDEBUG  [00m [00mKurentoWebSocketEventHandler WebSocketEventHandler.cpp:56:sendEvent:[00m Sending event: {"jsonrpc":"2.0","method":"onEvent","params":{"value":{"data":{"candidate":{"__module__":"kurento","__type__":"IceCandidate","candidate":"candidate:5 1 TCP 847249663 203.151.20.94 9 typ srflx raddr 172.20.0.11 rport 9 tcptype active","sdpMLineIndex":2,"sdpMid":"2"},"source":"90a90aa8-5a75-416b-b2de-bbdea0273842_kurento.MediaPipeline/cc728f25-1ed2-427a-ad52-e270a47b1f55_kurento.WebRtcEndpoint","tags":[],"timestamp":"1579614543","timestampMillis":"1579614543929","type":"OnIceCandidate"},"object":"90a90aa8-5a75-416b-b2de-bbdea0273842_kurento.MediaPipeline/cc728f25-1ed2-427a-ad52-e270a47b1f55_kurento.WebRtcEndpoint","type":"OnIceCandidate"}}}, sessionId: 8b62d243-fa2d-476b-984a-8edb1be1af25
8:18:58.211839004 [332m   19[00m 0x7f3880001790 [37mDEBUG  [00m [00mKurentoWebSocketEventHandler WebSocketEventHandler.cpp:56:sendEvent:[00m Sending event: {"jsonrpc":"2.0","method":"onEvent","params":{"value":{"data":{"candidate":{"__module__":"kurento","__type__":"IceCandidate","candidate":"candidate:6 1 TCP 843055359 203.151.20.94 10079 typ srflx raddr 172.20.0.11 rport 10079 tcptype passive","sdpMLineIndex":0,"sdpMid":"0"},"source":"90a90aa8-5a75-416b-b2de-bbdea0273842_kurento.MediaPipeline/cc728f25-1ed2-427a-ad52-e270a47b1f55_kurento.WebRtcEndpoint","tags":[],"timestamp":"1579614543","timestampMillis":"1579614543929","type":"OnIceCandidate"},"object":"90a90aa8-5a75-416b-b2de-bbdea0273842_kurento.MediaPipeline/cc728f25-1ed2-427a-ad52-e270a47b1f55_kurento.WebRtcEndpoint","type":"OnIceCandidate"}}}, sessionId: 8b62d243-fa2d-476b-984a-8edb1be1af25
8:18:58.211976931 [332m   19[00m 0x7f3880001790 [37mDEBUG  [00m [00mKurentoWebSocketEventHandler WebSocketEventHandler.cpp:56:sendEvent:[00m Sending event: {"jsonrpc":"2.0","method":"onEvent","params":{"value":{"data":{"candidate":{"__module__":"kurento","__type__":"IceCandidate","candidate":"candidate:6 1 TCP 843055359 203.151.20.94 10079 typ srflx raddr 172.20.0.11 rport 10079 tcptype passive","sdpMLineIndex":1,"sdpMid":"1"},"source":"90a90aa8-5a75-416b-b2de-bbdea0273842_kurento.MediaPipeline/cc728f25-1ed2-427a-ad52-e270a47b1f55_kurento.WebRtcEndpoint","tags":[],"timestamp":"1579614543","timestampMillis":"1579614543929","type":"OnIceCandidate"},"object":"90a90aa8-5a75-416b-b2de-bbdea0273842_kurento.MediaPipeline/cc728f25-1ed2-427a-ad52-e270a47b1f55_kurento.WebRtcEndpoint","type":"OnIceCandidate"}}}, sessionId: 8b62d243-fa2d-476b-984a-8edb1be1af25
8:18:58.212100769 [332m   19[00m 0x7f3880001790 [37mDEBUG  [00m [00mKurentoWebSocketEventHandler WebSocketEventHandler.cpp:56:sendEvent:[00m Sending event: {"jsonrpc":"2.0","method":"onEvent","params":{"value":{"data":{"candidate":{"__module__":"kurento","__type__":"IceCandidate","candidate":"candidate:6 1 TCP 843055359 203.151.20.94 10079 typ srflx raddr 172.20.0.11 rport 10079 tcptype passive","sdpMLineIndex":2,"sdpMid":"2"},"source":"90a90aa8-5a75-416b-b2de-bbdea0273842_kurento.MediaPipeline/cc728f25-1ed2-427a-ad52-e270a47b1f55_kurento.WebRtcEndpoint","tags":[],"timestamp":"1579614543","timestampMillis":"1579614543929","type":"OnIceCandidate"},"object":"90a90aa8-5a75-416b-b2de-bbdea0273842_kurento.MediaPipeline/cc728f25-1ed2-427a-ad52-e270a47b1f55_kurento.WebRtcEndpoint","type":"OnIceCandidate"}}}, sessionId: 8b62d243-fa2d-476b-984a-8edb1be1af25
8:18:58.395208446 [332m   19[00m 0x7f38e0001cc0 [37mDEBUG  [00m [00mKurentoWebSocketTransport WebSocketTransport.cpp:460:processMessage:[00m Message: {"jsonrpc":"2.0","method":"invoke","params":{"object":"90a90aa8-5a75-416b-b2de-bbdea0273842_kurento.MediaPipeline/cc728f25-1ed2-427a-ad52-e270a47b1f55_kurento.WebRtcEndpoint","operation":"addIceCandidate","operationParams":{"candidate":{"candidate":"candidate:842163049 1 udp 1677729535 49.230.69.183 41759 typ srflx raddr 10.46.47.37 rport 41759 generation 0 ufrag Et5I network-cost 999","sdpMid":"0","sdpMLineIndex":0,"__module__":"kurento","__type__":"IceCandidate"}},"sessionId":"8b62d243-fa2d-476b-984a-8edb1be1af25"},"id":701}
8:18:58.395774198 [332m   19[00m 0x7f38e0001cc0 [37mDEBUG  [00m [00mKurentoWebSocketTransport WebSocketTransport.cpp:462:processMessage:[00m Response: {"id":701,"jsonrpc":"2.0","result":{"sessionId":"8b62d243-fa2d-476b-984a-8edb1be1af25","value":null}}
8:18:58.412839246 [332m   19[00m 0x7f373c002540 [37mDEBUG  [00m [00mKurentoWebRtcEndpointImpl WebRtcEndpointImpl.cpp:292:newSelectedPairFull:<kmswebrtcendpoint11>[00m New candidate pair selected, local: 'candidate:4 1 UDP 1677722111 203.151.20.94 10081 typ srflx raddr 172.20.0.11 rport 10081', remote: 'candidate:842163049 1 UDP 1677729535 49.230.69.183 41759 typ srflx raddr 10.46.47.37 rport 41759', stream_id: '1', component_id: 1
8:19:00.548989173 [332m   19[00m 0x7f38a8001400 [36mINFO   [00m [00mKurentoWebSocketTransport WebSocketTransport.cpp:296:keepAliveSessions:[00m Keep alive 8b62d243-fa2d-476b-984a-8edb1be1af25
8:19:02.935341831 [332m   19[00m 0x7f38dc001b20 [37mDEBUG  [00m [00mKurentoWebSocketTransport WebSocketTransport.cpp:460:processMessage:[00m Message: {"jsonrpc":"2.0","method":"ping","id":702}
8:19:02.935473182 [332m   19[00m 0x7f38dc001b20 [36mINFO   [00m [00mKurentoServerMethods ServerMethods.cpp:814:ping:[00m WebSocket Ping/Pong with sessionId 8b62d243-fa2d-476b-984a-8edb1be1af25
8:19:02.935583853 [332m   19[00m 0x7f38dc001b20 [37mDEBUG  [00m [00mKurentoWebSocketTransport WebSocketTransport.cpp:462:processMessage:[00m Response: {"id":702,"jsonrpc":"2.0","result":{"sessionId":"8b62d243-fa2d-476b-984a-8edb1be1af25","value":"pong"}}
8:20:00.451333426 [332m   19[00m 0x7f38e8001c40 [37mDEBUG  [00m [00m     KurentoMediaSet MediaSet.cpp:123:doGarbageCollection:[00m Running garbage collector
8:20:00.549168246 [332m   19[00m 0x7f38a8001400 [36mINFO   [00m [00mKurentoWebSocketTransport WebSocketTransport.cpp:296:keepAliveSessions:[00m Keep alive 8b62d243-fa2d-476b-984a-8edb1be1af25
8:20:02.940724456 [332m   19[00m 0x7f38d4001c60 [37mDEBUG  [00m [00mKurentoWebSocketTransport WebSocketTransport.cpp:460:processMessage:[00m Message: {"jsonrpc":"2.0","method":"ping","id":703}
8:20:02.940884474 [332m   19[00m 0x7f38d4001c60 [36mINFO   [00m [00mKurentoServerMethods ServerMethods.cpp:814:ping:[00m WebSocket Ping/Pong with sessionId 8b62d243-fa2d-476b-984a-8edb1be1af25
8:20:02.941022570 [332m   19[00m 0x7f38d4001c60 [37mDEBUG  [00m [00mKurentoWebSocketTransport WebSocketTransport.cpp:462:processMessage:[00m Response: {"id":703,"jsonrpc":"2.0","result":{"sessionId":"8b62d243-fa2d-476b-984a-8edb1be1af25","value":"pong"}}
8:21:00.549356086 [332m   19[00m 0x7f38a8001400 [36mINFO   [00m [00mKurentoWebSocketTransport WebSocketTransport.cpp:296:keepAliveSessions:[00m Keep alive 8b62d243-fa2d-476b-984a-8edb1be1af25
8:21:02.945869997 [332m   19[00m 0x7f38ac001ea0 [37mDEBUG  [00m [00mKurentoWebSocketTransport WebSocketTransport.cpp:460:processMessage:[00m Message: {"jsonrpc":"2.0","method":"ping","id":704}
8:21:02.946032651 [332m   19[00m 0x7f38ac001ea0 [36mINFO   [00m [00mKurentoServerMethods ServerMethods.cpp:814:ping:[00m WebSocket Ping/Pong with sessionId 8b62d243-fa2d-476b-984a-8edb1be1af25
8:21:02.946161726 [332m   19[00m 0x7f38ac001ea0 [37mDEBUG  [00m [00mKurentoWebSocketTransport WebSocketTransport.cpp:462:processMessage:[00m Response: {"id":704,"jsonrpc":"2.0","result":{"sessionId":"8b62d243-fa2d-476b-984a-8edb1be1af25","value":"pong"}}
8:22:00.549821341 [332m   19[00m 0x7f38a8001400 [36mINFO   [00m [00mKurentoWebSocketTransport WebSocketTransport.cpp:296:keepAliveSessions:[00m Keep alive 8b62d243-fa2d-476b-984a-8edb1be1af25
8:22:02.950676360 [332m   19[00m 0x7f38f0001810 [37mDEBUG  [00m [00mKurentoWebSocketTransport WebSocketTransport.cpp:460:processMessage:[00m Message: {"jsonrpc":"2.0","method":"ping","id":705}
8:22:02.950836522 [332m   19[00m 0x7f38f0001810 [36mINFO   [00m [00mKurentoServerMethods ServerMethods.cpp:814:ping:[00m WebSocket Ping/Pong with sessionId 8b62d243-fa2d-476b-984a-8edb1be1af25
8:22:02.950964759 [332m   19[00m 0x7f38f0001810 [37mDEBUG  [00m [00mKurentoWebSocketTransport WebSocketTransport.cpp:462:processMessage:[00m Response: {"id":705,"jsonrpc":"2.0","result":{"sessionId":"8b62d243-fa2d-476b-984a-8edb1be1af25","value":"pong"}}
8:23:00.550037036 [332m   19[00m 0x7f38a8001400 [36mINFO   [00m [00mKurentoWebSocketTransport WebSocketTransport.cpp:296:keepAliveSessions:[00m Keep alive 8b62d243-fa2d-476b-984a-8edb1be1af25
8:23:02.956123363 [332m   19[00m 0x7f38a0001780 [37mDEBUG  [00m [00mKurentoWebSocketTransport WebSocketTransport.cpp:460:processMessage:[00m Message: {"jsonrpc":"2.0","method":"ping","id":706}
8:23:02.956288804 [332m   19[00m 0x7f38a0001780 [36mINFO   [00m [00mKurentoServerMethods ServerMethods.cpp:814:ping:[00m WebSocket Ping/Pong with sessionId 8b62d243-fa2d-476b-984a-8edb1be1af25
8:23:02.956419331 [332m   19[00m 0x7f38a0001780 [37mDEBUG  [00m [00mKurentoWebSocketTransport WebSocketTransport.cpp:462:processMessage:[00m Response: {"id":706,"jsonrpc":"2.0","result":{"sessionId":"8b62d243-fa2d-476b-984a-8edb1be1af25","value":"pong"}}
8:24:00.451522401 [332m   19[00m 0x7f38e8001c40 [37mDEBUG  [00m [00m     KurentoMediaSet MediaSet.cpp:123:doGarbageCollection:[00m Running garbage collector
8:24:00.550242126 [332m   19[00m 0x7f38a8001400 [36mINFO   [00m [00mKurentoWebSocketTransport WebSocketTransport.cpp:296:keepAliveSessions:[00m Keep alive 8b62d243-fa2d-476b-984a-8edb1be1af25
8:24:02.960728092 [332m   19[00m 0x7f38ec007300 [37mDEBUG  [00m [00mKurentoWebSocketTransport WebSocketTransport.cpp:460:processMessage:[00m Message: {"jsonrpc":"2.0","method":"ping","id":707}
8:24:02.960889558 [332m   19[00m 0x7f38ec007300 [36mINFO   [00m [00mKurentoServerMethods ServerMethods.cpp:814:ping:[00m WebSocket Ping/Pong with sessionId 8b62d243-fa2d-476b-984a-8edb1be1af25
8:24:02.961018470 [332m   19[00m 0x7f38ec007300 [37mDEBUG  [00m [00mKurentoWebSocketTransport WebSocketTransport.cpp:462:processMessage:[00m Response: {"id":707,"jsonrpc":"2.0","result":{"sessionId":"8b62d243-fa2d-476b-984a-8edb1be1af25","value":"pong"}}
8:25:00.550420748 [332m   19[00m 0x7f38a8001400 [36mINFO   [00m [00mKurentoWebSocketTransport WebSocketTransport.cpp:296:keepAliveSessions:[00m Keep alive 8b62d243-fa2d-476b-984a-8edb1be1af25
8:25:02.965561784 [332m   19[00m 0x7f38e4002180 [37mDEBUG  [00m [00mKurentoWebSocketTransport WebSocketTransport.cpp:460:processMessage:[00m Message: {"jsonrpc":"2.0","method":"ping","id":708}
8:25:02.965726130 [332m   19[00m 0x7f38e4002180 [36mINFO   [00m [00mKurentoServerMethods ServerMethods.cpp:814:ping:[00m WebSocket Ping/Pong with sessionId 8b62d243-fa2d-476b-984a-8edb1be1af25
8:25:02.965856667 [332m   19[00m 0x7f38e4002180 [37mDEBUG  [00m [00mKurentoWebSocketTransport WebSocketTransport.cpp:462:processMessage:[00m Response: {"id":708,"jsonrpc":"2.0","result":{"sessionId":"8b62d243-fa2d-476b-984a-8edb1be1af25","value":"pong"}}
8:26:00.550904300 [332m   19[00m 0x7f38a8001400 [36mINFO   [00m [00mKurentoWebSocketTransport WebSocketTransport.cpp:296:keepAliveSessions:[00m Keep alive 8b62d243-fa2d-476b-984a-8edb1be1af25
8:26:02.970140824 [332m   19[00m 0x7f3900001840 [37mDEBUG  [00m [00mKurentoWebSocketTransport WebSocketTransport.cpp:460:processMessage:[00m Message: {"jsonrpc":"2.0","method":"ping","id":709}
8:26:02.970311171 [332m   19[00m 0x7f3900001840 [36mINFO   [00m [00mKurentoServerMethods ServerMethods.cpp:814:ping:[00m WebSocket Ping/Pong with sessionId 8b62d243-fa2d-476b-984a-8edb1be1af25
8:26:02.970436839 [332m   19[00m 0x7f3900001840 [37mDEBUG  [00m [00mKurentoWebSocketTransport WebSocketTransport.cpp:462:processMessage:[00m Response: {"id":709,"jsonrpc":"2.0","result":{"sessionId":"8b62d243-fa2d-476b-984a-8edb1be1af25","value":"pong"}}
8:26:49.366637416 [332m   19[00m 0x7f38a8001b60 [37mDEBUG  [00m [00mKurentoWebSocketTransport WebSocketTransport.cpp:460:processMessage:[00m Message: {"jsonrpc":"2.0","method":"release","params":{"object":"90a90aa8-5a75-416b-b2de-bbdea0273842_kurento.MediaPipeline/cc728f25-1ed2-427a-ad52-e270a47b1f55_kurento.WebRtcEndpoint","sessionId":"8b62d243-fa2d-476b-984a-8edb1be1af25"},"id":710}
8:26:49.367093022 [332m   19[00m 0x7f390c0018c0 [37mDEBUG  [00m [00mKurentoMediaElementImpl MediaElementImpl.cpp:1028:disconnect:[00m Disconnecting 90a90aa8-5a75-416b-b2de-bbdea0273842_kurento.MediaPipeline/96a2df76-e18c-45b0-b112-2edf551a9884_datachannelexample.KmsSendData - 90a90aa8-5a75-416b-b2de-bbdea0273842_kurento.MediaPipeline/cc728f25-1ed2-427a-ad52-e270a47b1f55_kurento.WebRtcEndpoint params AUDIO default default
8:26:49.367147643 [332m   19[00m 0x7f38a8001b60 [37mDEBUG  [00m [00mKurentoWebSocketTransport WebSocketTransport.cpp:462:processMessage:[00m Response: {"id":710,"jsonrpc":"2.0","result":{"sessionId":"8b62d243-fa2d-476b-984a-8edb1be1af25"}}
8:26:49.367785920 [332m   19[00m 0x7f390c0018c0 [37mDEBUG  [00m [00mKurentoMediaElementImpl MediaElementImpl.cpp:1028:disconnect:[00m Disconnecting 90a90aa8-5a75-416b-b2de-bbdea0273842_kurento.MediaPipeline/96a2df76-e18c-45b0-b112-2edf551a9884_datachannelexample.KmsSendData - 90a90aa8-5a75-416b-b2de-bbdea0273842_kurento.MediaPipeline/cc728f25-1ed2-427a-ad52-e270a47b1f55_kurento.WebRtcEndpoint params DATA default default
8:26:49.367942177 [332m   19[00m 0x7f390c0018c0 [37mDEBUG  [00m [00mKurentoMediaElementImpl MediaElementImpl.cpp:1028:disconnect:[00m Disconnecting 90a90aa8-5a75-416b-b2de-bbdea0273842_kurento.MediaPipeline/96a2df76-e18c-45b0-b112-2edf551a9884_datachannelexample.KmsSendData - 90a90aa8-5a75-416b-b2de-bbdea0273842_kurento.MediaPipeline/cc728f25-1ed2-427a-ad52-e270a47b1f55_kurento.WebRtcEndpoint params VIDEO default default
8:26:49.368078157 [332m   19[00m 0x7f390c0018c0 [37mDEBUG  [00m [00m     KurentoMediaSet MediaSet.cpp:470:async_delete:[00m Destroying WebRtcEndpoint -> 90a90aa8-5a75-416b-b2de-bbdea0273842_kurento.MediaPipeline/cc728f25-1ed2-427a-ad52-e270a47b1f55_kurento.WebRtcEndpoint
8:26:49.368728220 [332m   19[00m 0x7f38e0001cc0 [37mDEBUG  [00m [00mKurentoWebSocketTransport WebSocketTransport.cpp:460:processMessage:[00m Message: {"jsonrpc":"2.0","method":"unsubscribe","params":{"object":"90a90aa8-5a75-416b-b2de-bbdea0273842_kurento.MediaPipeline/cc728f25-1ed2-427a-ad52-e270a47b1f55_kurento.WebRtcEndpoint","subscription":"a927b471-bbea-4a14-806a-3dcea5a839d9","sessionId":"8b62d243-fa2d-476b-984a-8edb1be1af25"},"id":711}
8:26:49.368976379 [332m   19[00m 0x7f38e0001cc0 [37mDEBUG  [00m [00mKurentoWebSocketTransport WebSocketTransport.cpp:462:processMessage:[00m Response: {"id":711,"jsonrpc":"2.0","result":{"sessionId":"8b62d243-fa2d-476b-984a-8edb1be1af25"}}
8:27:00.551372225 [332m   19[00m 0x7f38a8001400 [36mINFO   [00m [00mKurentoWebSocketTransport WebSocketTransport.cpp:296:keepAliveSessions:[00m Keep alive 8b62d243-fa2d-476b-984a-8edb1be1af25
8:27:02.975553608 [332m   19[00m 0x7f38dc001b20 [37mDEBUG  [00m [00mKurentoWebSocketTransport WebSocketTransport.cpp:460:processMessage:[00m Message: {"jsonrpc":"2.0","method":"ping","id":712}
8:27:02.975719974 [332m   19[00m 0x7f38dc001b20 [36mINFO   [00m [00mKurentoServerMethods ServerMethods.cpp:814:ping:[00m WebSocket Ping/Pong with sessionId 8b62d243-fa2d-476b-984a-8edb1be1af25
8:27:02.975866923 [332m   19[00m 0x7f38dc001b20 [37mDEBUG  [00m [00mKurentoWebSocketTransport WebSocketTransport.cpp:462:processMessage:[00m Response: {"id":712,"jsonrpc":"2.0","result":{"sessionId":"8b62d243-fa2d-476b-984a-8edb1be1af25","value":"pong"}}
8:28:00.451706616 [332m   19[00m 0x7f38e8001c40 [37mDEBUG  [00m [00m     KurentoMediaSet MediaSet.cpp:123:doGarbageCollection:[00m Running garbage collector
8:28:00.551560614 [332m   19[00m 0x7f38a8001400 [36mINFO   [00m [00mKurentoWebSocketTransport WebSocketTransport.cpp:296:keepAliveSessions:[00m Keep alive 8b62d243-fa2d-476b-984a-8edb1be1af25
8:28:02.980173639 [332m   19[00m 0x7f38d4001c60 [37mDEBUG  [00m [00mKurentoWebSocketTransport WebSocketTransport.cpp:460:processMessage:[00m Message: {"jsonrpc":"2.0","method":"ping","id":713}
8:28:02.980336794 [332m   19[00m 0x7f38d4001c60 [36mINFO   [00m [00mKurentoServerMethods ServerMethods.cpp:814:ping:[00m WebSocket Ping/Pong with sessionId 8b62d243-fa2d-476b-984a-8edb1be1af25
8:28:02.980464828 [332m   19[00m 0x7f38d4001c60 [37mDEBUG  [00m [00mKurentoWebSocketTransport WebSocketTransport.cpp:462:processMessage:[00m Response: {"id":713,"jsonrpc":"2.0","result":{"sessionId":"8b62d243-fa2d-476b-984a-8edb1be1af25","value":"pong"}}
8:29:00.552019932 [332m   19[00m 0x7f38a8001400 [36mINFO   [00m [00mKurentoWebSocketTransport WebSocketTransport.cpp:296:keepAliveSessions:[00m Keep alive 8b62d243-fa2d-476b-984a-8edb1be1af25
8:29:02.984197145 [332m   19[00m 0x7f38ac001ea0 [37mDEBUG  [00m [00mKurentoWebSocketTransport WebSocketTransport.cpp:460:processMessage:[00m Message: {"jsonrpc":"2.0","method":"ping","id":714}
8:29:02.984359976 [332m   19[00m 0x7f38ac001ea0 [36mINFO   [00m [00mKurentoServerMethods ServerMethods.cpp:814:ping:[00m WebSocket Ping/Pong with sessionId 8b62d243-fa2d-476b-984a-8edb1be1af25
8:29:02.984489896 [332m   19[00m 0x7f38ac001ea0 [37mDEBUG  [00m [00mKurentoWebSocketTransport WebSocketTransport.cpp:462:processMessage:[00m Response: {"id":714,"jsonrpc":"2.0","result":{"sessionId":"8b62d243-fa2d-476b-984a-8edb1be1af25","value":"pong"}}
8:30:00.552483371 [332m   19[00m 0x7f38a8001400 [36mINFO   [00m [00mKurentoWebSocketTransport WebSocketTransport.cpp:296:keepAliveSessions:[00m Keep alive 8b62d243-fa2d-476b-984a-8edb1be1af25
8:30:02.989577732 [332m   19[00m 0x7f38f0001810 [37mDEBUG  [00m [00mKurentoWebSocketTransport WebSocketTransport.cpp:460:processMessage:[00m Message: {"jsonrpc":"2.0","method":"ping","id":715}
8:30:02.989743633 [332m   19[00m 0x7f38f0001810 [36mINFO   [00m [00mKurentoServerMethods ServerMethods.cpp:814:ping:[00m WebSocket Ping/Pong with sessionId 8b62d243-fa2d-476b-984a-8edb1be1af25
8:30:02.989876219 [332m   19[00m 0x7f38f0001810 [37mDEBUG  [00m [00mKurentoWebSocketTransport WebSocketTransport.cpp:462:processMessage:[00m Response: {"id":715,"jsonrpc":"2.0","result":{"sessionId":"8b62d243-fa2d-476b-984a-8edb1be1af25","value":"pong"}}
8:31:00.552677610 [332m   19[00m 0x7f38a8001400 [36mINFO   [00m [00mKurentoWebSocketTransport WebSocketTransport.cpp:296:keepAliveSessions:[00m Keep alive 8b62d243-fa2d-476b-984a-8edb1be1af25
8:31:02.994285142 [332m   19[00m 0x7f38a0001780 [37mDEBUG  [00m [00mKurentoWebSocketTransport WebSocketTransport.cpp:460:processMessage:[00m Message: {"jsonrpc":"2.0","method":"ping","id":716}
8:31:02.994482052 [332m   19[00m 0x7f38a0001780 [36mINFO   [00m [00mKurentoServerMethods ServerMethods.cpp:814:ping:[00m WebSocket Ping/Pong with sessionId 8b62d243-fa2d-476b-984a-8edb1be1af25
8:31:02.994614368 [332m   19[00m 0x7f38a0001780 [37mDEBUG  [00m [00mKurentoWebSocketTransport WebSocketTransport.cpp:462:processMessage:[00m Response: {"id":716,"jsonrpc":"2.0","result":{"sessionId":"8b62d243-fa2d-476b-984a-8edb1be1af25","value":"pong"}}
8:32:00.451880255 [332m   19[00m 0x7f38e8001c40 [37mDEBUG  [00m [00m     KurentoMediaSet MediaSet.cpp:123:doGarbageCollection:[00m Running garbage collector
8:32:00.553139069 [332m   19[00m 0x7f38a8001400 [36mINFO   [00m [00mKurentoWebSocketTransport WebSocketTransport.cpp:296:keepAliveSessions:[00m Keep alive 8b62d243-fa2d-476b-984a-8edb1be1af25
8:32:02.999185459 [332m   19[00m 0x7f38ec007300 [37mDEBUG  [00m [00mKurentoWebSocketTransport WebSocketTransport.cpp:460:processMessage:[00m Message: {"jsonrpc":"2.0","method":"ping","id":717}
8:32:02.999356109 [332m   19[00m 0x7f38ec007300 [36mINFO   [00m [00mKurentoServerMethods ServerMethods.cpp:814:ping:[00m WebSocket Ping/Pong with sessionId 8b62d243-fa2d-476b-984a-8edb1be1af25
8:32:02.999487360 [332m   19[00m 0x7f38ec007300 [37mDEBUG  [00m [00mKurentoWebSocketTransport WebSocketTransport.cpp:462:processMessage:[00m Response: {"id":717,"jsonrpc":"2.0","result":{"sessionId":"8b62d243-fa2d-476b-984a-8edb1be1af25","value":"pong"}}
8:33:00.553330127 [332m   19[00m 0x7f38a8001400 [36mINFO   [00m [00mKurentoWebSocketTransport WebSocketTransport.cpp:296:keepAliveSessions:[00m Keep alive 8b62d243-fa2d-476b-984a-8edb1be1af25
8:33:03.001855528 [332m   19[00m 0x7f38e4002180 [37mDEBUG  [00m [00mKurentoWebSocketTransport WebSocketTransport.cpp:460:processMessage:[00m Message: {"jsonrpc":"2.0","method":"ping","id":718}
8:33:03.002055098 [332m   19[00m 0x7f38e4002180 [36mINFO   [00m [00mKurentoServerMethods ServerMethods.cpp:814:ping:[00m WebSocket Ping/Pong with sessionId 8b62d243-fa2d-476b-984a-8edb1be1af25
8:33:03.002188151 [332m   19[00m 0x7f38e4002180 [37mDEBUG  [00m [00mKurentoWebSocketTransport WebSocketTransport.cpp:462:processMessage:[00m Response: {"id":718,"jsonrpc":"2.0","result":{"sessionId":"8b62d243-fa2d-476b-984a-8edb1be1af25","value":"pong"}}
8:34:00.553541173 [332m   19[00m 0x7f38a8001400 [36mINFO   [00m [00mKurentoWebSocketTransport WebSocketTransport.cpp:296:keepAliveSessions:[00m Keep alive 8b62d243-fa2d-476b-984a-8edb1be1af25
8:34:03.005102217 [332m   19[00m 0x7f3900001840 [37mDEBUG  [00m [00mKurentoWebSocketTransport WebSocketTransport.cpp:460:processMessage:[00m Message: {"jsonrpc":"2.0","method":"ping","id":719}
8:34:03.005264761 [332m   19[00m 0x7f3900001840 [36mINFO   [00m [00mKurentoServerMethods ServerMethods.cpp:814:ping:[00m WebSocket Ping/Pong with sessionId 8b62d243-fa2d-476b-984a-8edb1be1af25
8:34:03.005390460 [332m   19[00m 0x7f3900001840 [37mDEBUG  [00m [00mKurentoWebSocketTransport WebSocketTransport.cpp:462:processMessage:[00m Response: {"id":719,"jsonrpc":"2.0","result":{"sessionId":"8b62d243-fa2d-476b-984a-8edb1be1af25","value":"pong"}}
8:35:00.553741283 [332m   19[00m 0x7f38a8001400 [36mINFO   [00m [00mKurentoWebSocketTransport WebSocketTransport.cpp:296:keepAliveSessions:[00m Keep alive 8b62d243-fa2d-476b-984a-8edb1be1af25
8:35:03.010268078 [332m   19[00m 0x7f38a8001b60 [37mDEBUG  [00m [00mKurentoWebSocketTransport WebSocketTransport.cpp:460:processMessage:[00m Message: {"jsonrpc":"2.0","method":"ping","id":720}
8:35:03.010433028 [332m   19[00m 0x7f38a8001b60 [36mINFO   [00m [00mKurentoServerMethods ServerMethods.cpp:814:ping:[00m WebSocket Ping/Pong with sessionId 8b62d243-fa2d-476b-984a-8edb1be1af25
8:35:03.010562013 [332m   19[00m 0x7f38a8001b60 [37mDEBUG  [00m [00mKurentoWebSocketTransport WebSocketTransport.cpp:462:processMessage:[00m Response: {"id":720,"jsonrpc":"2.0","result":{"sessionId":"8b62d243-fa2d-476b-984a-8edb1be1af25","value":"pong"}}
8:36:00.452056372 [332m   19[00m 0x7f38e8001c40 [37mDEBUG  [00m [00m     KurentoMediaSet MediaSet.cpp:123:doGarbageCollection:[00m Running garbage collector
8:36:00.553939862 [332m   19[00m 0x7f38a8001400 [36mINFO   [00m [00mKurentoWebSocketTransport WebSocketTransport.cpp:296:keepAliveSessions:[00m Keep alive 8b62d243-fa2d-476b-984a-8edb1be1af25
8:36:03.014526801 [332m   19[00m 0x7f38e0001cc0 [37mDEBUG  [00m [00mKurentoWebSocketTransport WebSocketTransport.cpp:460:processMessage:[00m Message: {"jsonrpc":"2.0","method":"ping","id":721}
8:36:03.014695709 [332m   19[00m 0x7f38e0001cc0 [36mINFO   [00m [00mKurentoServerMethods ServerMethods.cpp:814:ping:[00m WebSocket Ping/Pong with sessionId 8b62d243-fa2d-476b-984a-8edb1be1af25
8:36:03.014824358 [332m   19[00m 0x7f38e0001cc0 [37mDEBUG  [00m [00mKurentoWebSocketTransport WebSocketTransport.cpp:462:processMessage:[00m Response: {"id":721,"jsonrpc":"2.0","result":{"sessionId":"8b62d243-fa2d-476b-984a-8edb1be1af25","value":"pong"}}
8:37:00.554119057 [332m   19[00m 0x7f38a8001400 [36mINFO   [00m [00mKurentoWebSocketTransport WebSocketTransport.cpp:296:keepAliveSessions:[00m Keep alive 8b62d243-fa2d-476b-984a-8edb1be1af25
8:37:03.018689452 [332m   19[00m 0x7f38dc001b20 [37mDEBUG  [00m [00mKurentoWebSocketTransport WebSocketTransport.cpp:460:processMessage:[00m Message: {"jsonrpc":"2.0","method":"ping","id":722}
8:37:03.018858847 [332m   19[00m 0x7f38dc001b20 [36mINFO   [00m [00mKurentoServerMethods ServerMethods.cpp:814:ping:[00m WebSocket Ping/Pong with sessionId 8b62d243-fa2d-476b-984a-8edb1be1af25
8:37:03.018989628 [332m   19[00m 0x7f38dc001b20 [37mDEBUG  [00m [00mKurentoWebSocketTransport WebSocketTransport.cpp:462:processMessage:[00m Response: {"id":722,"jsonrpc":"2.0","result":{"sessionId":"8b62d243-fa2d-476b-984a-8edb1be1af25","value":"pong"}}
8:38:00.554330370 [332m   19[00m 0x7f38a8001400 [36mINFO   [00m [00mKurentoWebSocketTransport WebSocketTransport.cpp:296:keepAliveSessions:[00m Keep alive 8b62d243-fa2d-476b-984a-8edb1be1af25
8:38:03.022954833 [332m   19[00m 0x7f38d4001c60 [37mDEBUG  [00m [00mKurentoWebSocketTransport WebSocketTransport.cpp:460:processMessage:[00m Message: {"jsonrpc":"2.0","method":"ping","id":723}
8:38:03.023122439 [332m   19[00m 0x7f38d4001c60 [36mINFO   [00m [00mKurentoServerMethods ServerMethods.cpp:814:ping:[00m WebSocket Ping/Pong with sessionId 8b62d243-fa2d-476b-984a-8edb1be1af25
8:38:03.023251601 [332m   19[00m 0x7f38d4001c60 [37mDEBUG  [00m [00mKurentoWebSocketTransport WebSocketTransport.cpp:462:processMessage:[00m Response: {"id":723,"jsonrpc":"2.0","result":{"sessionId":"8b62d243-fa2d-476b-984a-8edb1be1af25","value":"pong"}}
8:39:00.554523895 [332m   19[00m 0x7f38a8001400 [36mINFO   [00m [00mKurentoWebSocketTransport WebSocketTransport.cpp:296:keepAliveSessions:[00m Keep alive 8b62d243-fa2d-476b-984a-8edb1be1af25
8:39:03.027251823 [332m   19[00m 0x7f38ac001ea0 [37mDEBUG  [00m [00mKurentoWebSocketTransport WebSocketTransport.cpp:460:processMessage:[00m Message: {"jsonrpc":"2.0","method":"ping","id":724}
8:39:03.027416833 [332m   19[00m 0x7f38ac001ea0 [36mINFO   [00m [00mKurentoServerMethods ServerMethods.cpp:814:ping:[00m WebSocket Ping/Pong with sessionId 8b62d243-fa2d-476b-984a-8edb1be1af25
8:39:03.027548181 [332m   19[00m 0x7f38ac001ea0 [37mDEBUG  [00m [00mKurentoWebSocketTransport WebSocketTransport.cpp:462:processMessage:[00m Response: {"id":724,"jsonrpc":"2.0","result":{"sessionId":"8b62d243-fa2d-476b-984a-8edb1be1af25","value":"pong"}}
8:40:00.452240270 [332m   19[00m 0x7f38e8001c40 [37mDEBUG  [00m [00m     KurentoMediaSet MediaSet.cpp:123:doGarbageCollection:[00m Running garbage collector
8:40:00.554719525 [332m   19[00m 0x7f38a8001400 [36mINFO   [00m [00mKurentoWebSocketTransport WebSocketTransport.cpp:296:keepAliveSessions:[00m Keep alive 8b62d243-fa2d-476b-984a-8edb1be1af25
8:40:03.031979314 [332m   19[00m 0x7f38f0001810 [37mDEBUG  [00m [00mKurentoWebSocketTransport WebSocketTransport.cpp:460:processMessage:[00m Message: {"jsonrpc":"2.0","method":"ping","id":725}
8:40:03.032132170 [332m   19[00m 0x7f38f0001810 [36mINFO   [00m [00mKurentoServerMethods ServerMethods.cpp:814:ping:[00m WebSocket Ping/Pong with sessionId 8b62d243-fa2d-476b-984a-8edb1be1af25
8:40:03.032256240 [332m   19[00m 0x7f38f0001810 [37mDEBUG  [00m [00mKurentoWebSocketTransport WebSocketTransport.cpp:462:processMessage:[00m Response: {"id":725,"jsonrpc":"2.0","result":{"sessionId":"8b62d243-fa2d-476b-984a-8edb1be1af25","value":"pong"}}
8:41:00.554908476 [332m   19[00m 0x7f38a8001400 [36mINFO   [00m [00mKurentoWebSocketTransport WebSocketTransport.cpp:296:keepAliveSessions:[00m Keep alive 8b62d243-fa2d-476b-984a-8edb1be1af25
8:41:03.036339555 [332m   19[00m 0x7f38a0001780 [37mDEBUG  [00m [00mKurentoWebSocketTransport WebSocketTransport.cpp:460:processMessage:[00m Message: {"jsonrpc":"2.0","method":"ping","id":726}
8:41:03.036505453 [332m   19[00m 0x7f38a0001780 [36mINFO   [00m [00mKurentoServerMethods ServerMethods.cpp:814:ping:[00m WebSocket Ping/Pong with sessionId 8b62d243-fa2d-476b-984a-8edb1be1af25
8:41:03.036636888 [332m   19[00m 0x7f38a0001780 [37mDEBUG  [00m [00mKurentoWebSocketTransport WebSocketTransport.cpp:462:processMessage:[00m Response: {"id":726,"jsonrpc":"2.0","result":{"sessionId":"8b62d243-fa2d-476b-984a-8edb1be1af25","value":"pong"}}
8:42:00.555117104 [332m   19[00m 0x7f38a8001400 [36mINFO   [00m [00mKurentoWebSocketTransport WebSocketTransport.cpp:296:keepAliveSessions:[00m Keep alive 8b62d243-fa2d-476b-984a-8edb1be1af25
8:42:03.040856631 [332m   19[00m 0x7f38ec007300 [37mDEBUG  [00m [00mKurentoWebSocketTransport WebSocketTransport.cpp:460:processMessage:[00m Message: {"jsonrpc":"2.0","method":"ping","id":727}
8:42:03.041022892 [332m   19[00m 0x7f38ec007300 [36mINFO   [00m [00mKurentoServerMethods ServerMethods.cpp:814:ping:[00m WebSocket Ping/Pong with sessionId 8b62d243-fa2d-476b-984a-8edb1be1af25
8:42:03.041153490 [332m   19[00m 0x7f38ec007300 [37mDEBUG  [00m [00mKurentoWebSocketTransport WebSocketTransport.cpp:462:processMessage:[00m Response: {"id":727,"jsonrpc":"2.0","result":{"sessionId":"8b62d243-fa2d-476b-984a-8edb1be1af25","value":"pong"}}
8:43:00.555320392 [332m   19[00m 0x7f38a8001400 [36mINFO   [00m [00mKurentoWebSocketTransport WebSocketTransport.cpp:296:keepAliveSessions:[00m Keep alive 8b62d243-fa2d-476b-984a-8edb1be1af25
8:43:03.044290400 [332m   19[00m 0x7f38e4002180 [37mDEBUG  [00m [00mKurentoWebSocketTransport WebSocketTransport.cpp:460:processMessage:[00m Message: {"jsonrpc":"2.0","method":"ping","id":728}
8:43:03.044454423 [332m   19[00m 0x7f38e4002180 [36mINFO   [00m [00mKurentoServerMethods ServerMethods.cpp:814:ping:[00m WebSocket Ping/Pong with sessionId 8b62d243-fa2d-476b-984a-8edb1be1af25
8:43:03.044587016 [332m   19[00m 0x7f38e4002180 [37mDEBUG  [00m [00mKurentoWebSocketTransport WebSocketTransport.cpp:462:processMessage:[00m Response: {"id":728,"jsonrpc":"2.0","result":{"sessionId":"8b62d243-fa2d-476b-984a-8edb1be1af25","value":"pong"}}
8:44:00.452421835 [332m   19[00m 0x7f38e8001c40 [37mDEBUG  [00m [00m     KurentoMediaSet MediaSet.cpp:123:doGarbageCollection:[00m Running garbage collector
8:44:00.555517811 [332m   19[00m 0x7f38a8001400 [36mINFO   [00m [00mKurentoWebSocketTransport WebSocketTransport.cpp:296:keepAliveSessions:[00m Keep alive 8b62d243-fa2d-476b-984a-8edb1be1af25
8:44:03.047244545 [332m   19[00m 0x7f3900001840 [37mDEBUG  [00m [00mKurentoWebSocketTransport WebSocketTransport.cpp:460:processMessage:[00m Message: {"jsonrpc":"2.0","method":"ping","id":729}
8:44:03.047403085 [332m   19[00m 0x7f3900001840 [36mINFO   [00m [00mKurentoServerMethods ServerMethods.cpp:814:ping:[00m WebSocket Ping/Pong with sessionId 8b62d243-fa2d-476b-984a-8edb1be1af25
8:44:03.047531750 [332m   19[00m 0x7f3900001840 [37mDEBUG  [00m [00mKurentoWebSocketTransport WebSocketTransport.cpp:462:processMessage:[00m Response: {"id":729,"jsonrpc":"2.0","result":{"sessionId":"8b62d243-fa2d-476b-984a-8edb1be1af25","value":"pong"}}
8:45:00.555721337 [332m   19[00m 0x7f38a8001400 [36mINFO   [00m [00mKurentoWebSocketTransport WebSocketTransport.cpp:296:keepAliveSessions:[00m Keep alive 8b62d243-fa2d-476b-984a-8edb1be1af25
8:45:03.051719174 [332m   19[00m 0x7f38a8001b60 [37mDEBUG  [00m [00mKurentoWebSocketTransport WebSocketTransport.cpp:460:processMessage:[00m Message: {"jsonrpc":"2.0","method":"ping","id":730}
8:45:03.051932199 [332m   19[00m 0x7f38a8001b60 [36mINFO   [00m [00mKurentoServerMethods ServerMethods.cpp:814:ping:[00m WebSocket Ping/Pong with sessionId 8b62d243-fa2d-476b-984a-8edb1be1af25
8:45:03.052066074 [332m   19[00m 0x7f38a8001b60 [37mDEBUG  [00m [00mKurentoWebSocketTransport WebSocketTransport.cpp:462:processMessage:[00m Response: {"id":730,"jsonrpc":"2.0","result":{"sessionId":"8b62d243-fa2d-476b-984a-8edb1be1af25","value":"pong"}}
8:46:00.555957331 [332m   19[00m 0x7f38a8001400 [36mINFO   [00m [00mKurentoWebSocketTransport WebSocketTransport.cpp:296:keepAliveSessions:[00m Keep alive 8b62d243-fa2d-476b-984a-8edb1be1af25
8:46:03.055141771 [332m   19[00m 0x7f38e0001cc0 [37mDEBUG  [00m [00mKurentoWebSocketTransport WebSocketTransport.cpp:460:processMessage:[00m Message: {"jsonrpc":"2.0","method":"ping","id":731}
8:46:03.055298985 [332m   19[00m 0x7f38e0001cc0 [36mINFO   [00m [00mKurentoServerMethods ServerMethods.cpp:814:ping:[00m WebSocket Ping/Pong with sessionId 8b62d243-fa2d-476b-984a-8edb1be1af25
8:46:03.055424884 [332m   19[00m 0x7f38e0001cc0 [37mDEBUG  [00m [00mKurentoWebSocketTransport WebSocketTransport.cpp:462:processMessage:[00m Response: {"id":731,"jsonrpc":"2.0","result":{"sessionId":"8b62d243-fa2d-476b-984a-8edb1be1af25","value":"pong"}}
8:47:00.556162528 [332m   19[00m 0x7f38a8001400 [36mINFO   [00m [00mKurentoWebSocketTransport WebSocketTransport.cpp:296:keepAliveSessions:[00m Keep alive 8b62d243-fa2d-476b-984a-8edb1be1af25
8:47:03.059416287 [332m   19[00m 0x7f38dc001b20 [37mDEBUG  [00m [00mKurentoWebSocketTransport WebSocketTransport.cpp:460:processMessage:[00m Message: {"jsonrpc":"2.0","method":"ping","id":732}
8:47:03.059582168 [332m   19[00m 0x7f38dc001b20 [36mINFO   [00m [00mKurentoServerMethods ServerMethods.cpp:814:ping:[00m WebSocket Ping/Pong with sessionId 8b62d243-fa2d-476b-984a-8edb1be1af25
8:47:03.059713396 [332m   19[00m 0x7f38dc001b20 [37mDEBUG  [00m [00mKurentoWebSocketTransport WebSocketTransport.cpp:462:processMessage:[00m Response: {"id":732,"jsonrpc":"2.0","result":{"sessionId":"8b62d243-fa2d-476b-984a-8edb1be1af25","value":"pong"}}
8:48:00.452598382 [332m   19[00m 0x7f38e8001c40 [37mDEBUG  [00m [00m     KurentoMediaSet MediaSet.cpp:123:doGarbageCollection:[00m Running garbage collector
8:48:00.556355706 [332m   19[00m 0x7f38a8001400 [36mINFO   [00m [00mKurentoWebSocketTransport WebSocketTransport.cpp:296:keepAliveSessions:[00m Keep alive 8b62d243-fa2d-476b-984a-8edb1be1af25
8:48:03.063867279 [332m   19[00m 0x7f38d4001c60 [37mDEBUG  [00m [00mKurentoWebSocketTransport WebSocketTransport.cpp:460:processMessage:[00m Message: {"jsonrpc":"2.0","method":"ping","id":733}
8:48:03.064030541 [332m   19[00m 0x7f38d4001c60 [36mINFO   [00m [00mKurentoServerMethods ServerMethods.cpp:814:ping:[00m WebSocket Ping/Pong with sessionId 8b62d243-fa2d-476b-984a-8edb1be1af25
8:48:03.064157934 [332m   19[00m 0x7f38d4001c60 [37mDEBUG  [00m [00mKurentoWebSocketTransport WebSocketTransport.cpp:462:processMessage:[00m Response: {"id":733,"jsonrpc":"2.0","result":{"sessionId":"8b62d243-fa2d-476b-984a-8edb1be1af25","value":"pong"}}
8:49:00.556537147 [332m   19[00m 0x7f38a8001400 [36mINFO   [00m [00mKurentoWebSocketTransport WebSocketTransport.cpp:296:keepAliveSessions:[00m Keep alive 8b62d243-fa2d-476b-984a-8edb1be1af25
8:49:03.067317377 [332m   19[00m 0x7f38ac001ea0 [37mDEBUG  [00m [00mKurentoWebSocketTransport WebSocketTransport.cpp:460:processMessage:[00m Message: {"jsonrpc":"2.0","method":"ping","id":734}
