0:46:16.370402299 [332m   19[00m 0x7f38d4001c60 [37mDEBUG  [00m [00mKurentoMediaElementImpl MediaElementImpl.cpp:902:connect:[00m Connecting 90a90aa8-5a75-416b-b2de-bbdea0273842_kurento.MediaPipeline/96a2df76-e18c-45b0-b112-2edf551a9884_datachannelexample.KmsSendData -> 90a90aa8-5a75-416b-b2de-bbdea0273842_kurento.MediaPipeline/68eaaebf-f46f-4170-84e4-127eabb32567_kurento.WebRtcEndpoint params VIDEO default default
0:46:16.370475573 [332m   19[00m 0x7f38d4001c60 [37mDEBUG  [00m [00mKurentoMediaElementImpl MediaElementImpl.cpp:902:connect:[00m Connecting 90a90aa8-5a75-416b-b2de-bbdea0273842_kurento.MediaPipeline/96a2df76-e18c-45b0-b112-2edf551a9884_datachannelexample.KmsSendData -> 90a90aa8-5a75-416b-b2de-bbdea0273842_kurento.MediaPipeline/68eaaebf-f46f-4170-84e4-127eabb32567_kurento.WebRtcEndpoint params DATA default default
0:46:16.370591178 [332m   19[00m 0x7f38d4001c60 [37mDEBUG  [00m [00mKurentoWebSocketTransport WebSocketTransport.cpp:462:processMessage:[00m Response: {"id":151,"jsonrpc":"2.0","result":{"sessionId":"8b62d243-fa2d-476b-984a-8edb1be1af25","value":null}}
0:46:16.396485989 [332m   19[00m 0x7f3880001790 [37mDEBUG  [00m [00mKurentoWebSocketEventHandler WebSocketEventHandler.cpp:56:sendEvent:[00m Sending event: {"jsonrpc":"2.0","method":"onEvent","params":{"value":{"data":{"candidate":{"__module__":"kurento","__type__":"IceCandidate","candidate":"candidate:4 1 UDP 1677722111 203.151.20.94 10077 typ srflx raddr 172.20.0.11 rport 10077","sdpMLineIndex":0,"sdpMid":"0"},"source":"90a90aa8-5a75-416b-b2de-bbdea0273842_kurento.MediaPipeline/68eaaebf-f46f-4170-84e4-127eabb32567_kurento.WebRtcEndpoint","tags":[],"timestamp":"1579587382","timestampMillis":"1579587382113","type":"OnIceCandidate"},"object":"90a90aa8-5a75-416b-b2de-bbdea0273842_kurento.MediaPipeline/68eaaebf-f46f-4170-84e4-127eabb32567_kurento.WebRtcEndpoint","type":"OnIceCandidate"}}}, sessionId: 8b62d243-fa2d-476b-984a-8edb1be1af25
0:46:16.396681488 [332m   19[00m 0x7f3880001790 [37mDEBUG  [00m [00mKurentoWebSocketEventHandler WebSocketEventHandler.cpp:56:sendEvent:[00m Sending event: {"jsonrpc":"2.0","method":"onEvent","params":{"value":{"data":{"candidate":{"__module__":"kurento","__type__":"IceCandidate","candidate":"candidate:4 1 UDP 1677722111 203.151.20.94 10077 typ srflx raddr 172.20.0.11 rport 10077","sdpMLineIndex":1,"sdpMid":"1"},"source":"90a90aa8-5a75-416b-b2de-bbdea0273842_kurento.MediaPipeline/68eaaebf-f46f-4170-84e4-127eabb32567_kurento.WebRtcEndpoint","tags":[],"timestamp":"1579587382","timestampMillis":"1579587382113","type":"OnIceCandidate"},"object":"90a90aa8-5a75-416b-b2de-bbdea0273842_kurento.MediaPipeline/68eaaebf-f46f-4170-84e4-127eabb32567_kurento.WebRtcEndpoint","type":"OnIceCandidate"}}}, sessionId: 8b62d243-fa2d-476b-984a-8edb1be1af25
0:46:16.396816403 [332m   19[00m 0x7f3880001790 [37mDEBUG  [00m [00mKurentoWebSocketEventHandler WebSocketEventHandler.cpp:56:sendEvent:[00m Sending event: {"jsonrpc":"2.0","method":"onEvent","params":{"value":{"data":{"candidate":{"__module__":"kurento","__type__":"IceCandidate","candidate":"candidate:4 1 UDP 1677722111 203.151.20.94 10077 typ srflx raddr 172.20.0.11 rport 10077","sdpMLineIndex":2,"sdpMid":"2"},"source":"90a90aa8-5a75-416b-b2de-bbdea0273842_kurento.MediaPipeline/68eaaebf-f46f-4170-84e4-127eabb32567_kurento.WebRtcEndpoint","tags":[],"timestamp":"1579587382","timestampMillis":"1579587382113","type":"OnIceCandidate"},"object":"90a90aa8-5a75-416b-b2de-bbdea0273842_kurento.MediaPipeline/68eaaebf-f46f-4170-84e4-127eabb32567_kurento.WebRtcEndpoint","type":"OnIceCandidate"}}}, sessionId: 8b62d243-fa2d-476b-984a-8edb1be1af25
0:46:16.396939752 [332m   19[00m 0x7f3880001790 [37mDEBUG  [00m [00mKurentoWebSocketEventHandler WebSocketEventHandler.cpp:56:sendEvent:[00m Sending event: {"jsonrpc":"2.0","method":"onEvent","params":{"value":{"data":{"candidate":{"__module__":"kurento","__type__":"IceCandidate","candidate":"candidate:5 1 TCP 847249663 203.151.20.94 9 typ srflx raddr 172.20.0.11 rport 9 tcptype active","sdpMLineIndex":0,"sdpMid":"0"},"source":"90a90aa8-5a75-416b-b2de-bbdea0273842_kurento.MediaPipeline/68eaaebf-f46f-4170-84e4-127eabb32567_kurento.WebRtcEndpoint","tags":[],"timestamp":"1579587382","timestampMillis":"1579587382114","type":"OnIceCandidate"},"object":"90a90aa8-5a75-416b-b2de-bbdea0273842_kurento.MediaPipeline/68eaaebf-f46f-4170-84e4-127eabb32567_kurento.WebRtcEndpoint","type":"OnIceCandidate"}}}, sessionId: 8b62d243-fa2d-476b-984a-8edb1be1af25
0:46:16.397058886 [332m   19[00m 0x7f3880001790 [37mDEBUG  [00m [00mKurentoWebSocketEventHandler WebSocketEventHandler.cpp:56:sendEvent:[00m Sending event: {"jsonrpc":"2.0","method":"onEvent","params":{"value":{"data":{"candidate":{"__module__":"kurento","__type__":"IceCandidate","candidate":"candidate:5 1 TCP 847249663 203.151.20.94 9 typ srflx raddr 172.20.0.11 rport 9 tcptype active","sdpMLineIndex":1,"sdpMid":"1"},"source":"90a90aa8-5a75-416b-b2de-bbdea0273842_kurento.MediaPipeline/68eaaebf-f46f-4170-84e4-127eabb32567_kurento.WebRtcEndpoint","tags":[],"timestamp":"1579587382","timestampMillis":"1579587382114","type":"OnIceCandidate"},"object":"90a90aa8-5a75-416b-b2de-bbdea0273842_kurento.MediaPipeline/68eaaebf-f46f-4170-84e4-127eabb32567_kurento.WebRtcEndpoint","type":"OnIceCandidate"}}}, sessionId: 8b62d243-fa2d-476b-984a-8edb1be1af25
0:46:16.397205322 [332m   19[00m 0x7f3880001790 [37mDEBUG  [00m [00mKurentoWebSocketEventHandler WebSocketEventHandler.cpp:56:sendEvent:[00m Sending event: {"jsonrpc":"2.0","method":"onEvent","params":{"value":{"data":{"candidate":{"__module__":"kurento","__type__":"IceCandidate","candidate":"candidate:5 1 TCP 847249663 203.151.20.94 9 typ srflx raddr 172.20.0.11 rport 9 tcptype active","sdpMLineIndex":2,"sdpMid":"2"},"source":"90a90aa8-5a75-416b-b2de-bbdea0273842_kurento.MediaPipeline/68eaaebf-f46f-4170-84e4-127eabb32567_kurento.WebRtcEndpoint","tags":[],"timestamp":"1579587382","timestampMillis":"1579587382114","type":"OnIceCandidate"},"object":"90a90aa8-5a75-416b-b2de-bbdea0273842_kurento.MediaPipeline/68eaaebf-f46f-4170-84e4-127eabb32567_kurento.WebRtcEndpoint","type":"OnIceCandidate"}}}, sessionId: 8b62d243-fa2d-476b-984a-8edb1be1af25
0:46:16.397322347 [332m   19[00m 0x7f3880001790 [37mDEBUG  [00m [00mKurentoWebSocketEventHandler WebSocketEventHandler.cpp:56:sendEvent:[00m Sending event: {"jsonrpc":"2.0","method":"onEvent","params":{"value":{"data":{"candidate":{"__module__":"kurento","__type__":"IceCandidate","candidate":"candidate:6 1 TCP 843055359 203.151.20.94 10076 typ srflx raddr 172.20.0.11 rport 10076 tcptype passive","sdpMLineIndex":0,"sdpMid":"0"},"source":"90a90aa8-5a75-416b-b2de-bbdea0273842_kurento.MediaPipeline/68eaaebf-f46f-4170-84e4-127eabb32567_kurento.WebRtcEndpoint","tags":[],"timestamp":"1579587382","timestampMillis":"1579587382115","type":"OnIceCandidate"},"object":"90a90aa8-5a75-416b-b2de-bbdea0273842_kurento.MediaPipeline/68eaaebf-f46f-4170-84e4-127eabb32567_kurento.WebRtcEndpoint","type":"OnIceCandidate"}}}, sessionId: 8b62d243-fa2d-476b-984a-8edb1be1af25
0:46:16.397431733 [332m   19[00m 0x7f3880001790 [37mDEBUG  [00m [00mKurentoWebSocketEventHandler WebSocketEventHandler.cpp:56:sendEvent:[00m Sending event: {"jsonrpc":"2.0","method":"onEvent","params":{"value":{"data":{"candidate":{"__module__":"kurento","__type__":"IceCandidate","candidate":"candidate:6 1 TCP 843055359 203.151.20.94 10076 typ srflx raddr 172.20.0.11 rport 10076 tcptype passive","sdpMLineIndex":1,"sdpMid":"1"},"source":"90a90aa8-5a75-416b-b2de-bbdea0273842_kurento.MediaPipeline/68eaaebf-f46f-4170-84e4-127eabb32567_kurento.WebRtcEndpoint","tags":[],"timestamp":"1579587382","timestampMillis":"1579587382115","type":"OnIceCandidate"},"object":"90a90aa8-5a75-416b-b2de-bbdea0273842_kurento.MediaPipeline/68eaaebf-f46f-4170-84e4-127eabb32567_kurento.WebRtcEndpoint","type":"OnIceCandidate"}}}, sessionId: 8b62d243-fa2d-476b-984a-8edb1be1af25
0:46:16.397543622 [332m   19[00m 0x7f3880001790 [37mDEBUG  [00m [00mKurentoWebSocketEventHandler WebSocketEventHandler.cpp:56:sendEvent:[00m Sending event: {"jsonrpc":"2.0","method":"onEvent","params":{"value":{"data":{"candidate":{"__module__":"kurento","__type__":"IceCandidate","candidate":"candidate:6 1 TCP 843055359 203.151.20.94 10076 typ srflx raddr 172.20.0.11 rport 10076 tcptype passive","sdpMLineIndex":2,"sdpMid":"2"},"source":"90a90aa8-5a75-416b-b2de-bbdea0273842_kurento.MediaPipeline/68eaaebf-f46f-4170-84e4-127eabb32567_kurento.WebRtcEndpoint","tags":[],"timestamp":"1579587382","timestampMillis":"1579587382115","type":"OnIceCandidate"},"object":"90a90aa8-5a75-416b-b2de-bbdea0273842_kurento.MediaPipeline/68eaaebf-f46f-4170-84e4-127eabb32567_kurento.WebRtcEndpoint","type":"OnIceCandidate"}}}, sessionId: 8b62d243-fa2d-476b-984a-8edb1be1af25
0:46:16.562882682 [332m   19[00m 0x7f38a8001b60 [37mDEBUG  [00m [00mKurentoWebSocketTransport WebSocketTransport.cpp:460:processMessage:[00m Message: {"jsonrpc":"2.0","method":"invoke","params":{"object":"90a90aa8-5a75-416b-b2de-bbdea0273842_kurento.MediaPipeline/68eaaebf-f46f-4170-84e4-127eabb32567_kurento.WebRtcEndpoint","operation":"addIceCandidate","operationParams":{"candidate":{"candidate":"candidate:842163049 1 udp 1677729535 202.29.24.207 51034 typ srflx raddr 10.13.201.10 rport 51034 generation 0 ufrag LtzE network-cost 999","sdpMid":"0","sdpMLineIndex":0,"__module__":"kurento","__type__":"IceCandidate"}},"sessionId":"8b62d243-fa2d-476b-984a-8edb1be1af25"},"id":152}
0:46:16.563928953 [332m   19[00m 0x7f38a8001b60 [37mDEBUG  [00m [00mKurentoWebSocketTransport WebSocketTransport.cpp:462:processMessage:[00m Response: {"id":152,"jsonrpc":"2.0","result":{"sessionId":"8b62d243-fa2d-476b-984a-8edb1be1af25","value":null}}
0:46:16.629413797 [332m   19[00m 0x7f38d8006000 [37mDEBUG  [00m [00mKurentoWebRtcEndpointImpl WebRtcEndpointImpl.cpp:292:newSelectedPairFull:<kmswebrtcendpoint6>[00m New candidate pair selected, local: 'candidate:4 1 UDP 1677722111 203.151.20.94 10077 typ srflx raddr 172.20.0.11 rport 10077', remote: 'candidate:842163049 1 UDP 1677729535 202.29.24.207 51034 typ srflx raddr 10.13.201.10 rport 51034', stream_id: '1', component_id: 1
0:46:17.511695041 [332m   19[00m 0x7f37a0002680 [37mDEBUG  [00m [00mKurentoMediaElementImpl MediaElementImpl.cpp:492:mediaFlowInStateChange:<kmswebrtcendpoint6>[00m MediaFlowInStateChange: FLOWING, pad: 'default', type: 'audio'
0:47:00.435161226 [332m   19[00m 0x7f38a8001400 [36mINFO   [00m [00mKurentoWebSocketTransport WebSocketTransport.cpp:296:keepAliveSessions:[00m Keep alive 8b62d243-fa2d-476b-984a-8edb1be1af25
0:47:00.902348318 [332m   19[00m 0x7f38e0001cc0 [37mDEBUG  [00m [00mKurentoWebSocketTransport WebSocketTransport.cpp:460:processMessage:[00m Message: {"jsonrpc":"2.0","method":"ping","id":153}
0:47:00.902501309 [332m   19[00m 0x7f38e0001cc0 [36mINFO   [00m [00mKurentoServerMethods ServerMethods.cpp:814:ping:[00m WebSocket Ping/Pong with sessionId 8b62d243-fa2d-476b-984a-8edb1be1af25
0:47:00.902621662 [332m   19[00m 0x7f38e0001cc0 [37mDEBUG  [00m [00mKurentoWebSocketTransport WebSocketTransport.cpp:462:processMessage:[00m Response: {"id":153,"jsonrpc":"2.0","result":{"sessionId":"8b62d243-fa2d-476b-984a-8edb1be1af25","value":"pong"}}
0:47:58.096953424 [332m   19[00m 0x7f38f0001810 [37mDEBUG  [00m [00mKurentoWebSocketTransport WebSocketTransport.cpp:460:processMessage:[00m Message: {"jsonrpc":"2.0","method":"create","params":{"type":"WebRtcEndpoint","constructorParams":{"mediaPipeline":"90a90aa8-5a75-416b-b2de-bbdea0273842_kurento.MediaPipeline","useDataChannels":true},"properties":{},"sessionId":"8b62d243-fa2d-476b-984a-8edb1be1af25"},"id":154}
0:47:58.099356914 [332m   19[00m 0x7f38f0001810 [36mINFO   [00m [00mKurentoWebRtcEndpointImpl WebRtcEndpointImpl.cpp:96:remove_not_supported_codecs_from_array:<kmswebrtcendpoint7>[00m Removing not supported codec 'AMR/8000'
0:47:58.099454127 [332m   19[00m 0x7f38f0001810 [36mINFO   [00m [00mKurentoWebRtcEndpointImpl WebRtcEndpointImpl.cpp:465:WebRtcEndpointImpl:[00m Using STUN reflexive server IP: 74.125.200.127
0:47:58.099467085 [332m   19[00m 0x7f38f0001810 [36mINFO   [00m [00mKurentoWebRtcEndpointImpl WebRtcEndpointImpl.cpp:466:WebRtcEndpointImpl:[00m Using STUN reflexive server Port: 19302
0:47:58.099533208 [332m   19[00m 0x7f38f0001810 [36mINFO   [00m [00mKurentoWebRtcEndpointImpl WebRtcEndpointImpl.cpp:487:WebRtcEndpointImpl:[00m TURN server IP address not found in config; NAT traversal requires either STUN or TURN server
0:47:58.100159880 [332m   19[00m 0x7f38f0001810 [37mDEBUG  [00m [00mKurentoWebSocketTransport WebSocketTransport.cpp:462:processMessage:[00m Response: {"id":154,"jsonrpc":"2.0","result":{"sessionId":"8b62d243-fa2d-476b-984a-8edb1be1af25","value":"90a90aa8-5a75-416b-b2de-bbdea0273842_kurento.MediaPipeline/622a9ebb-c6f5-4a10-9827-58f990be838d_kurento.WebRtcEndpoint"}}
0:47:58.102358438 [332m   19[00m 0x7f38ec007300 [37mDEBUG  [00m [00mKurentoWebSocketTransport WebSocketTransport.cpp:460:processMessage:[00m Message: {"jsonrpc":"2.0","method":"subscribe","params":{"object":"90a90aa8-5a75-416b-b2de-bbdea0273842_kurento.MediaPipeline/622a9ebb-c6f5-4a10-9827-58f990be838d_kurento.WebRtcEndpoint","type":"OnIceCandidate","sessionId":"8b62d243-fa2d-476b-984a-8edb1be1af25"},"id":155}
0:47:58.102666910 [332m   19[00m 0x7f38ec007300 [37mDEBUG  [00m [00mKurentoWebSocketTransport WebSocketTransport.cpp:462:processMessage:[00m Response: {"id":155,"jsonrpc":"2.0","result":{"sessionId":"8b62d243-fa2d-476b-984a-8edb1be1af25","value":"23aec4e2-3e8a-42ca-85e6-f0b21e9fb868"}}
0:47:58.103243483 [332m   19[00m 0x7f38dc001b20 [37mDEBUG  [00m [00mKurentoWebSocketTransport WebSocketTransport.cpp:460:processMessage:[00m Message: {"jsonrpc":"2.0","method":"invoke","params":{"object":"90a90aa8-5a75-416b-b2de-bbdea0273842_kurento.MediaPipeline/622a9ebb-c6f5-4a10-9827-58f990be838d_kurento.WebRtcEndpoint","operation":"processOffer","operationParams":{"offer":"v=0\r\no=mozilla...THIS_IS_SDPARTA-72.0.1 657469445825661239 0 IN IP4 0.0.0.0\r\ns=-\r\nt=0 0\r\na=fingerprint:sha-256 EB:0D:13:23:AA:19:10:C7:3A:CA:C8:DF:B0:CD:09:ED:E0:CD:04:4F:CE:DA:E0:5C:93:58:12:54:66:41:53:11\r\na=group:BUNDLE 0 1 2\r\na=ice-options:trickle\r\na=msid-semantic:WMS *\r\nm=video 9 UDP/TLS/RTP/SAVPF 120 121 126 97\r\nc=IN IP4 0.0.0.0\r\na=recvonly\r\na=extmap:3 urn:ietf:params:rtp-hdrext:sdes:mid\r\na=extmap:4 http://www.webrtc.org/experiments/rtp-hdrext/abs-send-time\r\na=extmap:5 urn:ietf:params:rtp-hdrext:toffset\r\na=extmap:6/recvonly http://www.webrtc.org/experiments/rtp-hdrext/playout-delay\r\na=fmtp:126 profile-level-id=42e01f;level-asymmetry-allowed=1;packetization-mode=1\r\na=fmtp:97 profile-level-id=42e01f;level-asymmetry-allowed=1\r\na=fmtp:120 max-fs=12288;max-fr=60\r\na=fmtp:121 max-fs=12288;max-fr=60\r\na=ice-pwd:f6163abd665b6170fa8b85c568028e68\r\na=ice-ufrag:094ee707\r\na=mid:0\r\na=rtcp-fb:120 nack\r\na=rtcp-fb:120 nack pli\r\na=rtcp-fb:120 ccm fir\r\na=rtcp-fb:120 goog-remb\r\na=rtcp-fb:121 nack\r\na=rtcp-fb:121 nack pli\r\na=rtcp-fb:121 ccm fir\r\na=rtcp-fb:121 goog-remb\r\na=rtcp-fb:126 nack\r\na=rtcp-fb:126 nack pli\r\na=rtcp-fb:126 ccm fir\r\na=rtcp-fb:126 goog-remb\r\na=rtcp-fb:97 nack\r\na=rtcp-fb:97 nack pli\r\na=rtcp-fb:97 ccm fir\r\na=rtcp-fb:97 goog-remb\r\na=rtcp-mux\r\na=rtpmap:120 VP8/90000\r\na=rtpmap:121 VP9/90000\r\na=rtpmap:126 H264/90000\r\na=rtpmap:97 H264/90000\r\na=setup:actpass\r\na=ssrc:3243590467 cname:{58cf8a21-d2ed-4c49-ac7a-c5bde723815f}\r\nm=audio 9 UDP/TLS/RTP/SAVPF 109 9 0 8 101\r\nc=IN IP4 0.0.0.0\r\na=recvonly\r\na=extmap:1 urn:ietf:params:rtp-hdrext:ssrc-audio-level\r\na=extmap:2/recvonly urn:ietf:params:rtp-hdrext:csrc-audio-level\r\na=extmap:3 urn:ietf:params:rtp-hdrext:sdes:mid\r\na=fmtp:109 maxplaybackrate=48000;stereo=1;useinbandfec=1\r\na=fmtp:101 0-15\r\na=ice-pwd:f6163abd665b6170fa8b85c568028e68\r\na=ice-ufrag:094ee707\r\na=mid:1\r\na=rtcp-mux\r\na=rtpmap:109 opus/48000/2\r\na=rtpmap:9 G722/8000/1\r\na=rtpmap:0 PCMU/8000\r\na=rtpmap:8 PCMA/8000\r\na=rtpmap:101 telephone-event/8000/1\r\na=setup:actpass\r\na=ssrc:492561203 cname:{58cf8a21-d2ed-4c49-ac7a-c5bde723815f}\r\nm=application 9 UDP/DTLS/SCTP webrtc-datachannel\r\nc=IN IP4 0.0.0.0\r\na=sendrecv\r\na=ice-pwd:f6163abd665b6170fa8b85c568028e68\r\na=ice-ufrag:094ee707\r\na=mid:2\r\na=setup:actpass\r\na=sctp-port:5000\r\na=max-message-size:1073741823\r\n"},"sessionId":"8b62d243-fa2d-476b-984a-8edb1be1af25"},"id":156}
0:47:58.114405364 [332m   19[00m 0x7f38dc001b20 [37mDEBUG  [00m [00mKurentoWebSocketTransport WebSocketTransport.cpp:462:processMessage:[00m Response: {"id":156,"jsonrpc":"2.0","result":{"sessionId":"8b62d243-fa2d-476b-984a-8edb1be1af25","value":"v=0\r\no=- 3788576283 3788576283 IN IP4 0.0.0.0\r\ns=Kurento Media Server\r\nc=IN IP4 0.0.0.0\r\nt=0 0\r\na=fingerprint:sha-256 EB:0D:13:23:AA:19:10:C7:3A:CA:C8:DF:B0:CD:09:ED:E0:CD:04:4F:CE:DA:E0:5C:93:58:12:54:66:41:53:11\r\na=ice-options:trickle\r\na=msid-semantic:WMS *\r\na=group:BUNDLE 0 1 2\r\nm=video 1 UDP/TLS/RTP/SAVPF 120 126 97\r\na=extmap:4 http://www.webrtc.org/experiments/rtp-hdrext/abs-send-time\r\na=sendonly\r\na=mid:0\r\na=rtcp:9 IN IP4 0.0.0.0\r\na=rtpmap:120 VP8/90000\r\na=rtpmap:126 H264/90000\r\na=rtpmap:97 H264/90000\r\na=rtcp-fb:120 nack\r\na=rtcp-fb:120 nack pli\r\na=rtcp-fb:120 ccm fir\r\na=rtcp-fb:120 goog-remb\r\na=rtcp-fb:126 nack\r\na=rtcp-fb:126 nack pli\r\na=rtcp-fb:126 ccm fir\r\na=rtcp-fb:126 goog-remb\r\na=rtcp-fb:97 nack\r\na=rtcp-fb:97 nack pli\r\na=rtcp-fb:97 ccm fir\r\na=rtcp-fb:97 goog-remb\r\na=fmtp:126 profile-level-id=42e01f;level-asymmetry-allowed=1;packetization-mode=1\r\na=fmtp:97 profile-level-id=42e01f;level-asymmetry-allowed=1\r\na=fmtp:120 max-fs=12288;max-fr=60\r\na=rtcp-mux\r\na=setup:active\r\na=ssrc:1421178152 cname:user1782523858@host-5727d564\r\na=ice-ufrag:U3dW\r\na=ice-pwd:F/CfI7r2X0z5vKUYuVQhp3\r\na=fingerprint:sha-256 F2:29:F4:53:03:E1:5E:1A:5C:64:58:EF:E9:32:7B:83:28:F4:A3:46:D1:BB:0C:C7:37:64:69:14:23:E5:AC:B3\r\nm=audio 1 UDP/TLS/RTP/SAVPF 109 0\r\na=sendonly\r\na=mid:1\r\na=rtcp:9 IN IP4 0.0.0.0\r\na=rtpmap:109 opus/48000/2\r\na=rtpmap:0 PCMU/8000\r\na=fmtp:109 maxplaybackrate=48000;stereo=1;useinbandfec=1\r\na=rtcp-mux\r\na=setup:active\r\na=ssrc:1437150717 cname:user1782523858@host-5727d564\r\na=ice-ufrag:U3dW\r\na=ice-pwd:F/CfI7r2X0z5vKUYuVQhp3\r\na=fingerprint:sha-256 F2:29:F4:53:03:E1:5E:1A:5C:64:58:EF:E9:32:7B:83:28:F4:A3:46:D1:BB:0C:C7:37:64:69:14:23:E5:AC:B3\r\nm=application 1 UDP/DTLS/SCTP webrtc-datachannel\r\na=mid:2\r\na=sctp-port:5000\r\na=setup:active\r\na=ice-ufrag:U3dW\r\na=ice-pwd:F/CfI7r2X0z5vKUYuVQhp3\r\na=fingerprint:sha-256 F2:29:F4:53:03:E1:5E:1A:5C:64:58:EF:E9:32:7B:83:28:F4:A3:46:D1:BB:0C:C7:37:64:69:14:23:E5:AC:B3\r\n"}}
0:47:58.114905490 [332m   19[00m 0x7f3900001840 [37mDEBUG  [00m [00mKurentoWebSocketTransport WebSocketTransport.cpp:460:processMessage:[00m Message: {"jsonrpc":"2.0","method":"invoke","params":{"object":"90a90aa8-5a75-416b-b2de-bbdea0273842_kurento.MediaPipeline/622a9ebb-c6f5-4a10-9827-58f990be838d_kurento.WebRtcEndpoint","operation":"addIceCandidate","operationParams":{"candidate":{"candidate":"candidate:0 1 UDP 2122252543 192.168.1.101 57078 typ host","sdpMid":"2","sdpMLineIndex":2,"__module__":"kurento","__type__":"IceCandidate"}},"sessionId":"8b62d243-fa2d-476b-984a-8edb1be1af25"},"id":157}
0:47:58.115370432 [332m   19[00m 0x7f3900001840 [37mDEBUG  [00m [00mKurentoWebSocketTransport WebSocketTransport.cpp:462:processMessage:[00m Response: {"id":157,"jsonrpc":"2.0","result":{"sessionId":"8b62d243-fa2d-476b-984a-8edb1be1af25","value":null}}
0:47:58.115813768 [332m   19[00m 0x7f38e4002180 [37mDEBUG  [00m [00mKurentoWebSocketTransport WebSocketTransport.cpp:460:processMessage:[00m Message: {"jsonrpc":"2.0","method":"invoke","params":{"object":"90a90aa8-5a75-416b-b2de-bbdea0273842_kurento.MediaPipeline/622a9ebb-c6f5-4a10-9827-58f990be838d_kurento.WebRtcEndpoint","operation":"addIceCandidate","operationParams":{"candidate":{"candidate":"candidate:2 1 TCP 2105524479 192.168.1.101 9 typ host tcptype active","sdpMid":"2","sdpMLineIndex":2,"__module__":"kurento","__type__":"IceCandidate"}},"sessionId":"8b62d243-fa2d-476b-984a-8edb1be1af25"},"id":158}
0:47:58.116418961 [332m   19[00m 0x7f38e4002180 [37mDEBUG  [00m [00mKurentoWebSocketTransport WebSocketTransport.cpp:462:processMessage:[00m Response: {"id":158,"jsonrpc":"2.0","result":{"sessionId":"8b62d243-fa2d-476b-984a-8edb1be1af25","value":null}}
0:47:58.117318067 [332m   19[00m 0x7f38a0001780 [37mDEBUG  [00m [00mKurentoWebSocketTransport WebSocketTransport.cpp:460:processMessage:[00m Message: {"jsonrpc":"2.0","method":"invoke","params":{"object":"90a90aa8-5a75-416b-b2de-bbdea0273842_kurento.MediaPipeline/622a9ebb-c6f5-4a10-9827-58f990be838d_kurento.WebRtcEndpoint","operation":"addIceCandidate","operationParams":{"candidate":{"candidate":"candidate:0 1 UDP 2122252543 192.168.1.101 57079 typ host","sdpMid":"0","sdpMLineIndex":0,"__module__":"kurento","__type__":"IceCandidate"}},"sessionId":"8b62d243-fa2d-476b-984a-8edb1be1af25"},"id":159}
0:47:58.117722274 [332m   19[00m 0x7f38a0001780 [37mDEBUG  [00m [00mKurentoWebSocketTransport WebSocketTransport.cpp:462:processMessage:[00m Response: {"id":159,"jsonrpc":"2.0","result":{"sessionId":"8b62d243-fa2d-476b-984a-8edb1be1af25","value":null}}
0:47:58.118477144 [332m   19[00m 0x7f38ac001ea0 [37mDEBUG  [00m [00mKurentoWebSocketTransport WebSocketTransport.cpp:460:processMessage:[00m Message: {"jsonrpc":"2.0","method":"invoke","params":{"object":"90a90aa8-5a75-416b-b2de-bbdea0273842_kurento.MediaPipeline/622a9ebb-c6f5-4a10-9827-58f990be838d_kurento.WebRtcEndpoint","operation":"addIceCandidate","operationParams":{"candidate":{"candidate":"candidate:2 1 TCP 2105524479 192.168.1.101 9 typ host tcptype active","sdpMid":"0","sdpMLineIndex":0,"__module__":"kurento","__type__":"IceCandidate"}},"sessionId":"8b62d243-fa2d-476b-984a-8edb1be1af25"},"id":160}
0:47:58.119070926 [332m   19[00m 0x7f38ac001ea0 [37mDEBUG  [00m [00mKurentoWebSocketTransport WebSocketTransport.cpp:462:processMessage:[00m Response: {"id":160,"jsonrpc":"2.0","result":{"sessionId":"8b62d243-fa2d-476b-984a-8edb1be1af25","value":null}}
0:47:58.119653579 [332m   19[00m 0x7f38d4001c60 [37mDEBUG  [00m [00mKurentoWebSocketTransport WebSocketTransport.cpp:460:processMessage:[00m Message: {"jsonrpc":"2.0","method":"invoke","params":{"object":"90a90aa8-5a75-416b-b2de-bbdea0273842_kurento.MediaPipeline/622a9ebb-c6f5-4a10-9827-58f990be838d_kurento.WebRtcEndpoint","operation":"addIceCandidate","operationParams":{"candidate":{"candidate":"candidate:0 2 UDP 2122252542 192.168.1.101 60809 typ host","sdpMid":"0","sdpMLineIndex":0,"__module__":"kurento","__type__":"IceCandidate"}},"sessionId":"8b62d243-fa2d-476b-984a-8edb1be1af25"},"id":161}
0:47:58.120455932 [332m   19[00m 0x7f38d4001c60 [37mDEBUG  [00m [00mKurentoWebSocketTransport WebSocketTransport.cpp:462:processMessage:[00m Response: {"id":161,"jsonrpc":"2.0","result":{"sessionId":"8b62d243-fa2d-476b-984a-8edb1be1af25","value":null}}
0:47:58.121029153 [332m   19[00m 0x7f38a8001b60 [37mDEBUG  [00m [00mKurentoWebSocketTransport WebSocketTransport.cpp:460:processMessage:[00m Message: {"jsonrpc":"2.0","method":"invoke","params":{"object":"90a90aa8-5a75-416b-b2de-bbdea0273842_kurento.MediaPipeline/622a9ebb-c6f5-4a10-9827-58f990be838d_kurento.WebRtcEndpoint","operation":"addIceCandidate","operationParams":{"candidate":{"candidate":"candidate:2 2 TCP 2105524478 192.168.1.101 9 typ host tcptype active","sdpMid":"0","sdpMLineIndex":0,"__module__":"kurento","__type__":"IceCandidate"}},"sessionId":"8b62d243-fa2d-476b-984a-8edb1be1af25"},"id":162}
0:47:58.121541986 [332m   19[00m 0x7f38a8001b60 [37mDEBUG  [00m [00mKurentoWebSocketTransport WebSocketTransport.cpp:462:processMessage:[00m Response: {"id":162,"jsonrpc":"2.0","result":{"sessionId":"8b62d243-fa2d-476b-984a-8edb1be1af25","value":null}}
0:47:58.122001774 [332m   19[00m 0x7f38e0001cc0 [37mDEBUG  [00m [00mKurentoWebSocketTransport WebSocketTransport.cpp:460:processMessage:[00m Message: {"jsonrpc":"2.0","method":"invoke","params":{"object":"90a90aa8-5a75-416b-b2de-bbdea0273842_kurento.MediaPipeline/622a9ebb-c6f5-4a10-9827-58f990be838d_kurento.WebRtcEndpoint","operation":"addIceCandidate","operationParams":{"candidate":{"candidate":"candidate:0 1 UDP 2122252543 192.168.1.101 60810 typ host","sdpMid":"1","sdpMLineIndex":1,"__module__":"kurento","__type__":"IceCandidate"}},"sessionId":"8b62d243-fa2d-476b-984a-8edb1be1af25"},"id":163}
0:47:58.122331817 [332m   19[00m 0x7f38e0001cc0 [37mDEBUG  [00m [00mKurentoWebSocketTransport WebSocketTransport.cpp:462:processMessage:[00m Response: {"id":163,"jsonrpc":"2.0","result":{"sessionId":"8b62d243-fa2d-476b-984a-8edb1be1af25","value":null}}
0:47:58.123487091 [332m   19[00m 0x7f38f0001810 [37mDEBUG  [00m [00mKurentoWebSocketTransport WebSocketTransport.cpp:460:processMessage:[00m Message: {"jsonrpc":"2.0","method":"invoke","params":{"object":"90a90aa8-5a75-416b-b2de-bbdea0273842_kurento.MediaPipeline/622a9ebb-c6f5-4a10-9827-58f990be838d_kurento.WebRtcEndpoint","operation":"addIceCandidate","operationParams":{"candidate":{"candidate":"candidate:2 1 TCP 2105524479 192.168.1.101 9 typ host tcptype active","sdpMid":"1","sdpMLineIndex":1,"__module__":"kurento","__type__":"IceCandidate"}},"sessionId":"8b62d243-fa2d-476b-984a-8edb1be1af25"},"id":164}
0:47:58.123905071 [332m   19[00m 0x7f38f0001810 [37mDEBUG  [00m [00mKurentoWebSocketTransport WebSocketTransport.cpp:462:processMessage:[00m Response: {"id":164,"jsonrpc":"2.0","result":{"sessionId":"8b62d243-fa2d-476b-984a-8edb1be1af25","value":null}}
0:47:58.125810837 [332m   19[00m 0x7f38ec007300 [37mDEBUG  [00m [00mKurentoWebSocketTransport WebSocketTransport.cpp:460:processMessage:[00m Message: {"jsonrpc":"2.0","method":"invoke","params":{"object":"90a90aa8-5a75-416b-b2de-bbdea0273842_kurento.MediaPipeline/622a9ebb-c6f5-4a10-9827-58f990be838d_kurento.WebRtcEndpoint","operation":"addIceCandidate","operationParams":{"candidate":{"candidate":"candidate:0 2 UDP 2122252542 192.168.1.101 60811 typ host","sdpMid":"1","sdpMLineIndex":1,"__module__":"kurento","__type__":"IceCandidate"}},"sessionId":"8b62d243-fa2d-476b-984a-8edb1be1af25"},"id":165}
0:47:58.126381090 [332m   19[00m 0x7f38ec007300 [37mDEBUG  [00m [00mKurentoWebSocketTransport WebSocketTransport.cpp:462:processMessage:[00m Response: {"id":165,"jsonrpc":"2.0","result":{"sessionId":"8b62d243-fa2d-476b-984a-8edb1be1af25","value":null}}
0:47:58.126843473 [332m   19[00m 0x7f38dc001b20 [37mDEBUG  [00m [00mKurentoWebSocketTransport WebSocketTransport.cpp:460:processMessage:[00m Message: {"jsonrpc":"2.0","method":"invoke","params":{"object":"90a90aa8-5a75-416b-b2de-bbdea0273842_kurento.MediaPipeline/622a9ebb-c6f5-4a10-9827-58f990be838d_kurento.WebRtcEndpoint","operation":"addIceCandidate","operationParams":{"candidate":{"candidate":"candidate:2 2 TCP 2105524478 192.168.1.101 9 typ host tcptype active","sdpMid":"1","sdpMLineIndex":1,"__module__":"kurento","__type__":"IceCandidate"}},"sessionId":"8b62d243-fa2d-476b-984a-8edb1be1af25"},"id":166}
0:47:58.127184191 [332m   19[00m 0x7f38dc001b20 [37mDEBUG  [00m [00mKurentoWebSocketTransport WebSocketTransport.cpp:462:processMessage:[00m Response: {"id":166,"jsonrpc":"2.0","result":{"sessionId":"8b62d243-fa2d-476b-984a-8edb1be1af25","value":null}}
0:47:58.129528225 [332m   19[00m 0x7f3900001840 [37mDEBUG  [00m [00mKurentoWebSocketTransport WebSocketTransport.cpp:460:processMessage:[00m Message: {"jsonrpc":"2.0","method":"invoke","params":{"object":"90a90aa8-5a75-416b-b2de-bbdea0273842_kurento.MediaPipeline/622a9ebb-c6f5-4a10-9827-58f990be838d_kurento.WebRtcEndpoint","operation":"gatherCandidates","sessionId":"8b62d243-fa2d-476b-984a-8edb1be1af25"},"id":167}
0:47:58.132328514 [332m   19[00m 0x7f3880001790 [37mDEBUG  [00m [00mKurentoWebSocketEventHandler WebSocketEventHandler.cpp:56:sendEvent:[00m Sending event: {"jsonrpc":"2.0","method":"onEvent","params":{"value":{"data":{"candidate":{"__module__":"kurento","__type__":"IceCandidate","candidate":"candidate:3 1 UDP 2013266431 172.20.0.11 10102 typ host","sdpMLineIndex":0,"sdpMid":"0"},"source":"90a90aa8-5a75-416b-b2de-bbdea0273842_kurento.MediaPipeline/622a9ebb-c6f5-4a10-9827-58f990be838d_kurento.WebRtcEndpoint","tags":[],"timestamp":"1579587483","timestampMillis":"1579587483849","type":"OnIceCandidate"},"object":"90a90aa8-5a75-416b-b2de-bbdea0273842_kurento.MediaPipeline/622a9ebb-c6f5-4a10-9827-58f990be838d_kurento.WebRtcEndpoint","type":"OnIceCandidate"}}}, sessionId: 8b62d243-fa2d-476b-984a-8edb1be1af25
0:47:58.132483719 [332m   19[00m 0x7f3880001790 [37mDEBUG  [00m [00mKurentoWebSocketEventHandler WebSocketEventHandler.cpp:56:sendEvent:[00m Sending event: {"jsonrpc":"2.0","method":"onEvent","params":{"value":{"data":{"candidate":{"__module__":"kurento","__type__":"IceCandidate","candidate":"candidate:3 1 UDP 2013266431 172.20.0.11 10102 typ host","sdpMLineIndex":1,"sdpMid":"1"},"source":"90a90aa8-5a75-416b-b2de-bbdea0273842_kurento.MediaPipeline/622a9ebb-c6f5-4a10-9827-58f990be838d_kurento.WebRtcEndpoint","tags":[],"timestamp":"1579587483","timestampMillis":"1579587483850","type":"OnIceCandidate"},"object":"90a90aa8-5a75-416b-b2de-bbdea0273842_kurento.MediaPipeline/622a9ebb-c6f5-4a10-9827-58f990be838d_kurento.WebRtcEndpoint","type":"OnIceCandidate"}}}, sessionId: 8b62d243-fa2d-476b-984a-8edb1be1af25
0:47:58.132827799 [332m   19[00m 0x7f3880001790 [37mDEBUG  [00m [00mKurentoWebSocketEventHandler WebSocketEventHandler.cpp:56:sendEvent:[00m Sending event: {"jsonrpc":"2.0","method":"onEvent","params":{"value":{"data":{"candidate":{"__module__":"kurento","__type__":"IceCandidate","candidate":"candidate:3 1 UDP 2013266431 172.20.0.11 10102 typ host","sdpMLineIndex":2,"sdpMid":"2"},"source":"90a90aa8-5a75-416b-b2de-bbdea0273842_kurento.MediaPipeline/622a9ebb-c6f5-4a10-9827-58f990be838d_kurento.WebRtcEndpoint","tags":[],"timestamp":"1579587483","timestampMillis":"1579587483850","type":"OnIceCandidate"},"object":"90a90aa8-5a75-416b-b2de-bbdea0273842_kurento.MediaPipeline/622a9ebb-c6f5-4a10-9827-58f990be838d_kurento.WebRtcEndpoint","type":"OnIceCandidate"}}}, sessionId: 8b62d243-fa2d-476b-984a-8edb1be1af25
0:47:58.132944688 [332m   19[00m 0x7f3880001790 [37mDEBUG  [00m [00mKurentoWebSocketEventHandler WebSocketEventHandler.cpp:56:sendEvent:[00m Sending event: {"jsonrpc":"2.0","method":"onEvent","params":{"value":{"data":{"candidate":{"__module__":"kurento","__type__":"IceCandidate","candidate":"candidate:4 1 TCP 1015021823 172.20.0.11 9 typ host tcptype active","sdpMLineIndex":0,"sdpMid":"0"},"source":"90a90aa8-5a75-416b-b2de-bbdea0273842_kurento.MediaPipeline/622a9ebb-c6f5-4a10-9827-58f990be838d_kurento.WebRtcEndpoint","tags":[],"timestamp":"1579587483","timestampMillis":"1579587483850","type":"OnIceCandidate"},"object":"90a90aa8-5a75-416b-b2de-bbdea0273842_kurento.MediaPipeline/622a9ebb-c6f5-4a10-9827-58f990be838d_kurento.WebRtcEndpoint","type":"OnIceCandidate"}}}, sessionId: 8b62d243-fa2d-476b-984a-8edb1be1af25
0:47:58.133053013 [332m   19[00m 0x7f3880001790 [37mDEBUG  [00m [00mKurentoWebSocketEventHandler WebSocketEventHandler.cpp:56:sendEvent:[00m Sending event: {"jsonrpc":"2.0","method":"onEvent","params":{"value":{"data":{"candidate":{"__module__":"kurento","__type__":"IceCandidate","candidate":"candidate:4 1 TCP 1015021823 172.20.0.11 9 typ host tcptype active","sdpMLineIndex":1,"sdpMid":"1"},"source":"90a90aa8-5a75-416b-b2de-bbdea0273842_kurento.MediaPipeline/622a9ebb-c6f5-4a10-9827-58f990be838d_kurento.WebRtcEndpoint","tags":[],"timestamp":"1579587483","timestampMillis":"1579587483850","type":"OnIceCandidate"},"object":"90a90aa8-5a75-416b-b2de-bbdea0273842_kurento.MediaPipeline/622a9ebb-c6f5-4a10-9827-58f990be838d_kurento.WebRtcEndpoint","type":"OnIceCandidate"}}}, sessionId: 8b62d243-fa2d-476b-984a-8edb1be1af25
0:47:58.133155897 [332m   19[00m 0x7f3880001790 [37mDEBUG  [00m [00mKurentoWebSocketEventHandler WebSocketEventHandler.cpp:56:sendEvent:[00m Sending event: {"jsonrpc":"2.0","method":"onEvent","params":{"value":{"data":{"candidate":{"__module__":"kurento","__type__":"IceCandidate","candidate":"candidate:4 1 TCP 1015021823 172.20.0.11 9 typ host tcptype active","sdpMLineIndex":2,"sdpMid":"2"},"source":"90a90aa8-5a75-416b-b2de-bbdea0273842_kurento.MediaPipeline/622a9ebb-c6f5-4a10-9827-58f990be838d_kurento.WebRtcEndpoint","tags":[],"timestamp":"1579587483","timestampMillis":"1579587483850","type":"OnIceCandidate"},"object":"90a90aa8-5a75-416b-b2de-bbdea0273842_kurento.MediaPipeline/622a9ebb-c6f5-4a10-9827-58f990be838d_kurento.WebRtcEndpoint","type":"OnIceCandidate"}}}, sessionId: 8b62d243-fa2d-476b-984a-8edb1be1af25
0:47:58.133258761 [332m   19[00m 0x7f3880001790 [37mDEBUG  [00m [00mKurentoWebSocketEventHandler WebSocketEventHandler.cpp:56:sendEvent:[00m Sending event: {"jsonrpc":"2.0","method":"onEvent","params":{"value":{"data":{"candidate":{"__module__":"kurento","__type__":"IceCandidate","candidate":"candidate:5 1 TCP 1010827519 172.20.0.11 10088 typ host tcptype passive","sdpMLineIndex":0,"sdpMid":"0"},"source":"90a90aa8-5a75-416b-b2de-bbdea0273842_kurento.MediaPipeline/622a9ebb-c6f5-4a10-9827-58f990be838d_kurento.WebRtcEndpoint","tags":[],"timestamp":"1579587483","timestampMillis":"1579587483851","type":"OnIceCandidate"},"object":"90a90aa8-5a75-416b-b2de-bbdea0273842_kurento.MediaPipeline/622a9ebb-c6f5-4a10-9827-58f990be838d_kurento.WebRtcEndpoint","type":"OnIceCandidate"}}}, sessionId: 8b62d243-fa2d-476b-984a-8edb1be1af25
0:47:58.133357775 [332m   19[00m 0x7f3880001790 [37mDEBUG  [00m [00mKurentoWebSocketEventHandler WebSocketEventHandler.cpp:56:sendEvent:[00m Sending event: {"jsonrpc":"2.0","method":"onEvent","params":{"value":{"data":{"candidate":{"__module__":"kurento","__type__":"IceCandidate","candidate":"candidate:5 1 TCP 1010827519 172.20.0.11 10088 typ host tcptype passive","sdpMLineIndex":1,"sdpMid":"1"},"source":"90a90aa8-5a75-416b-b2de-bbdea0273842_kurento.MediaPipeline/622a9ebb-c6f5-4a10-9827-58f990be838d_kurento.WebRtcEndpoint","tags":[],"timestamp":"1579587483","timestampMillis":"1579587483851","type":"OnIceCandidate"},"object":"90a90aa8-5a75-416b-b2de-bbdea0273842_kurento.MediaPipeline/622a9ebb-c6f5-4a10-9827-58f990be838d_kurento.WebRtcEndpoint","type":"OnIceCandidate"}}}, sessionId: 8b62d243-fa2d-476b-984a-8edb1be1af25
0:47:58.133459584 [332m   19[00m 0x7f3880001790 [37mDEBUG  [00m [00mKurentoWebSocketEventHandler WebSocketEventHandler.cpp:56:sendEvent:[00m Sending event: {"jsonrpc":"2.0","method":"onEvent","params":{"value":{"data":{"candidate":{"__module__":"kurento","__type__":"IceCandidate","candidate":"candidate:5 1 TCP 1010827519 172.20.0.11 10088 typ host tcptype passive","sdpMLineIndex":2,"sdpMid":"2"},"source":"90a90aa8-5a75-416b-b2de-bbdea0273842_kurento.MediaPipeline/622a9ebb-c6f5-4a10-9827-58f990be838d_kurento.WebRtcEndpoint","tags":[],"timestamp":"1579587483","timestampMillis":"1579587483851","type":"OnIceCandidate"},"object":"90a90aa8-5a75-416b-b2de-bbdea0273842_kurento.MediaPipeline/622a9ebb-c6f5-4a10-9827-58f990be838d_kurento.WebRtcEndpoint","type":"OnIceCandidate"}}}, sessionId: 8b62d243-fa2d-476b-984a-8edb1be1af25
0:47:58.133560128 [332m   19[00m 0x7f3880001790 [37mDEBUG  [00m [00mKurentoWebSocketEventHandler WebSocketEventHandler.cpp:56:sendEvent:[00m Sending event: {"jsonrpc":"2.0","method":"onEvent","params":{"value":{"data":{"candidate":{"__module__":"kurento","__type__":"IceCandidate","candidate":"candidate:3 2 UDP 2013266430 172.20.0.11 10086 typ host","sdpMLineIndex":0,"sdpMid":"0"},"source":"90a90aa8-5a75-416b-b2de-bbdea0273842_kurento.MediaPipeline/622a9ebb-c6f5-4a10-9827-58f990be838d_kurento.WebRtcEndpoint","tags":[],"timestamp":"1579587483","timestampMillis":"1579587483851","type":"OnIceCandidate"},"object":"90a90aa8-5a75-416b-b2de-bbdea0273842_kurento.MediaPipeline/622a9ebb-c6f5-4a10-9827-58f990be838d_kurento.WebRtcEndpoint","type":"OnIceCandidate"}}}, sessionId: 8b62d243-fa2d-476b-984a-8edb1be1af25
0:47:58.133656866 [332m   19[00m 0x7f3880001790 [37mDEBUG  [00m [00mKurentoWebSocketEventHandler WebSocketEventHandler.cpp:56:sendEvent:[00m Sending event: {"jsonrpc":"2.0","method":"onEvent","params":{"value":{"data":{"candidate":{"__module__":"kurento","__type__":"IceCandidate","candidate":"candidate:3 2 UDP 2013266430 172.20.0.11 10086 typ host","sdpMLineIndex":1,"sdpMid":"1"},"source":"90a90aa8-5a75-416b-b2de-bbdea0273842_kurento.MediaPipeline/622a9ebb-c6f5-4a10-9827-58f990be838d_kurento.WebRtcEndpoint","tags":[],"timestamp":"1579587483","timestampMillis":"1579587483851","type":"OnIceCandidate"},"object":"90a90aa8-5a75-416b-b2de-bbdea0273842_kurento.MediaPipeline/622a9ebb-c6f5-4a10-9827-58f990be838d_kurento.WebRtcEndpoint","type":"OnIceCandidate"}}}, sessionId: 8b62d243-fa2d-476b-984a-8edb1be1af25
0:47:58.133756544 [332m   19[00m 0x7f3880001790 [37mDEBUG  [00m [00mKurentoWebSocketEventHandler WebSocketEventHandler.cpp:56:sendEvent:[00m Sending event: {"jsonrpc":"2.0","method":"onEvent","params":{"value":{"data":{"candidate":{"__module__":"kurento","__type__":"IceCandidate","candidate":"candidate:3 2 UDP 2013266430 172.20.0.11 10086 typ host","sdpMLineIndex":2,"sdpMid":"2"},"source":"90a90aa8-5a75-416b-b2de-bbdea0273842_kurento.MediaPipeline/622a9ebb-c6f5-4a10-9827-58f990be838d_kurento.WebRtcEndpoint","tags":[],"timestamp":"1579587483","timestampMillis":"1579587483851","type":"OnIceCandidate"},"object":"90a90aa8-5a75-416b-b2de-bbdea0273842_kurento.MediaPipeline/622a9ebb-c6f5-4a10-9827-58f990be838d_kurento.WebRtcEndpoint","type":"OnIceCandidate"}}}, sessionId: 8b62d243-fa2d-476b-984a-8edb1be1af25
0:47:58.133855981 [332m   19[00m 0x7f3880001790 [37mDEBUG  [00m [00mKurentoWebSocketEventHandler WebSocketEventHandler.cpp:56:sendEvent:[00m Sending event: {"jsonrpc":"2.0","method":"onEvent","params":{"value":{"data":{"candidate":{"__module__":"kurento","__type__":"IceCandidate","candidate":"candidate:4 2 TCP 1015021822 172.20.0.11 9 typ host tcptype active","sdpMLineIndex":0,"sdpMid":"0"},"source":"90a90aa8-5a75-416b-b2de-bbdea0273842_kurento.MediaPipeline/622a9ebb-c6f5-4a10-9827-58f990be838d_kurento.WebRtcEndpoint","tags":[],"timestamp":"1579587483","timestampMillis":"1579587483851","type":"OnIceCandidate"},"object":"90a90aa8-5a75-416b-b2de-bbdea0273842_kurento.MediaPipeline/622a9ebb-c6f5-4a10-9827-58f990be838d_kurento.WebRtcEndpoint","type":"OnIceCandidate"}}}, sessionId: 8b62d243-fa2d-476b-984a-8edb1be1af25
0:47:58.133955744 [332m   19[00m 0x7f3880001790 [37mDEBUG  [00m [00mKurentoWebSocketEventHandler WebSocketEventHandler.cpp:56:sendEvent:[00m Sending event: {"jsonrpc":"2.0","method":"onEvent","params":{"value":{"data":{"candidate":{"__module__":"kurento","__type__":"IceCandidate","candidate":"candidate:4 2 TCP 1015021822 172.20.0.11 9 typ host tcptype active","sdpMLineIndex":1,"sdpMid":"1"},"source":"90a90aa8-5a75-416b-b2de-bbdea0273842_kurento.MediaPipeline/622a9ebb-c6f5-4a10-9827-58f990be838d_kurento.WebRtcEndpoint","tags":[],"timestamp":"1579587483","timestampMillis":"1579587483851","type":"OnIceCandidate"},"object":"90a90aa8-5a75-416b-b2de-bbdea0273842_kurento.MediaPipeline/622a9ebb-c6f5-4a10-9827-58f990be838d_kurento.WebRtcEndpoint","type":"OnIceCandidate"}}}, sessionId: 8b62d243-fa2d-476b-984a-8edb1be1af25
0:47:58.134052716 [332m   19[00m 0x7f3880001790 [37mDEBUG  [00m [00mKurentoWebSocketEventHandler WebSocketEventHandler.cpp:56:sendEvent:[00m Sending event: {"jsonrpc":"2.0","method":"onEvent","params":{"value":{"data":{"candidate":{"__module__":"kurento","__type__":"IceCandidate","candidate":"candidate:4 2 TCP 1015021822 172.20.0.11 9 typ host tcptype active","sdpMLineIndex":2,"sdpMid":"2"},"source":"90a90aa8-5a75-416b-b2de-bbdea0273842_kurento.MediaPipeline/622a9ebb-c6f5-4a10-9827-58f990be838d_kurento.WebRtcEndpoint","tags":[],"timestamp":"1579587483","timestampMillis":"1579587483851","type":"OnIceCandidate"},"object":"90a90aa8-5a75-416b-b2de-bbdea0273842_kurento.MediaPipeline/622a9ebb-c6f5-4a10-9827-58f990be838d_kurento.WebRtcEndpoint","type":"OnIceCandidate"}}}, sessionId: 8b62d243-fa2d-476b-984a-8edb1be1af25
0:47:58.134141611 [332m   19[00m 0x7f3900001840 [37mDEBUG  [00m [00mKurentoWebSocketTransport WebSocketTransport.cpp:462:processMessage:[00m Response: {"id":167,"jsonrpc":"2.0","result":{"sessionId":"8b62d243-fa2d-476b-984a-8edb1be1af25","value":null}}
0:47:58.134151347 [332m   19[00m 0x7f3880001790 [37mDEBUG  [00m [00mKurentoWebSocketEventHandler WebSocketEventHandler.cpp:56:sendEvent:[00m Sending event: {"jsonrpc":"2.0","method":"onEvent","params":{"value":{"data":{"candidate":{"__module__":"kurento","__type__":"IceCandidate","candidate":"candidate:5 2 TCP 1010827518 172.20.0.11 10087 typ host tcptype passive","sdpMLineIndex":0,"sdpMid":"0"},"source":"90a90aa8-5a75-416b-b2de-bbdea0273842_kurento.MediaPipeline/622a9ebb-c6f5-4a10-9827-58f990be838d_kurento.WebRtcEndpoint","tags":[],"timestamp":"1579587483","timestampMillis":"1579587483852","type":"OnIceCandidate"},"object":"90a90aa8-5a75-416b-b2de-bbdea0273842_kurento.MediaPipeline/622a9ebb-c6f5-4a10-9827-58f990be838d_kurento.WebRtcEndpoint","type":"OnIceCandidate"}}}, sessionId: 8b62d243-fa2d-476b-984a-8edb1be1af25
0:47:58.134262901 [332m   19[00m 0x7f3880001790 [37mDEBUG  [00m [00mKurentoWebSocketEventHandler WebSocketEventHandler.cpp:56:sendEvent:[00m Sending event: {"jsonrpc":"2.0","method":"onEvent","params":{"value":{"data":{"candidate":{"__module__":"kurento","__type__":"IceCandidate","candidate":"candidate:5 2 TCP 1010827518 172.20.0.11 10087 typ host tcptype passive","sdpMLineIndex":1,"sdpMid":"1"},"source":"90a90aa8-5a75-416b-b2de-bbdea0273842_kurento.MediaPipeline/622a9ebb-c6f5-4a10-9827-58f990be838d_kurento.WebRtcEndpoint","tags":[],"timestamp":"1579587483","timestampMillis":"1579587483852","type":"OnIceCandidate"},"object":"90a90aa8-5a75-416b-b2de-bbdea0273842_kurento.MediaPipeline/622a9ebb-c6f5-4a10-9827-58f990be838d_kurento.WebRtcEndpoint","type":"OnIceCandidate"}}}, sessionId: 8b62d243-fa2d-476b-984a-8edb1be1af25
0:47:58.134302652 [332m   19[00m 0x7f3900001840 [37mDEBUG  [00m [00mKurentoWebSocketTransport WebSocketTransport.cpp:460:processMessage:[00m Message: {"jsonrpc":"2.0","method":"invoke","params":{"object":"90a90aa8-5a75-416b-b2de-bbdea0273842_kurento.MediaPipeline/96a2df76-e18c-45b0-b112-2edf551a9884_datachannelexample.KmsSendData","operation":"connect","operationParams":{"sink":"90a90aa8-5a75-416b-b2de-bbdea0273842_kurento.MediaPipeline/622a9ebb-c6f5-4a10-9827-58f990be838d_kurento.WebRtcEndpoint"},"sessionId":"8b62d243-fa2d-476b-984a-8edb1be1af25"},"id":168}
0:47:58.134362846 [332m   19[00m 0x7f3880001790 [37mDEBUG  [00m [00mKurentoWebSocketEventHandler WebSocketEventHandler.cpp:56:sendEvent:[00m Sending event: {"jsonrpc":"2.0","method":"onEvent","params":{"value":{"data":{"candidate":{"__module__":"kurento","__type__":"IceCandidate","candidate":"candidate:5 2 TCP 1010827518 172.20.0.11 10087 typ host tcptype passive","sdpMLineIndex":2,"sdpMid":"2"},"source":"90a90aa8-5a75-416b-b2de-bbdea0273842_kurento.MediaPipeline/622a9ebb-c6f5-4a10-9827-58f990be838d_kurento.WebRtcEndpoint","tags":[],"timestamp":"1579587483","timestampMillis":"1579587483852","type":"OnIceCandidate"},"object":"90a90aa8-5a75-416b-b2de-bbdea0273842_kurento.MediaPipeline/622a9ebb-c6f5-4a10-9827-58f990be838d_kurento.WebRtcEndpoint","type":"OnIceCandidate"}}}, sessionId: 8b62d243-fa2d-476b-984a-8edb1be1af25
0:47:58.134657416 [332m   19[00m 0x7f3900001840 [37mDEBUG  [00m [00mKurentoMediaElementImpl MediaElementImpl.cpp:902:connect:[00m Connecting 90a90aa8-5a75-416b-b2de-bbdea0273842_kurento.MediaPipeline/96a2df76-e18c-45b0-b112-2edf551a9884_datachannelexample.KmsSendData -> 90a90aa8-5a75-416b-b2de-bbdea0273842_kurento.MediaPipeline/622a9ebb-c6f5-4a10-9827-58f990be838d_kurento.WebRtcEndpoint params AUDIO default default
0:47:58.134822606 [332m   19[00m 0x7f3900001840 [37mDEBUG  [00m [00mKurentoMediaElementImpl MediaElementImpl.cpp:902:connect:[00m Connecting 90a90aa8-5a75-416b-b2de-bbdea0273842_kurento.MediaPipeline/96a2df76-e18c-45b0-b112-2edf551a9884_datachannelexample.KmsSendData -> 90a90aa8-5a75-416b-b2de-bbdea0273842_kurento.MediaPipeline/622a9ebb-c6f5-4a10-9827-58f990be838d_kurento.WebRtcEndpoint params VIDEO default default
0:47:58.134937536 [332m   19[00m 0x7f3900001840 [37mDEBUG  [00m [00mKurentoMediaElementImpl MediaElementImpl.cpp:902:connect:[00m Connecting 90a90aa8-5a75-416b-b2de-bbdea0273842_kurento.MediaPipeline/96a2df76-e18c-45b0-b112-2edf551a9884_datachannelexample.KmsSendData -> 90a90aa8-5a75-416b-b2de-bbdea0273842_kurento.MediaPipeline/622a9ebb-c6f5-4a10-9827-58f990be838d_kurento.WebRtcEndpoint params DATA default default
0:47:58.135093566 [332m   19[00m 0x7f3900001840 [37mDEBUG  [00m [00mKurentoWebSocketTransport WebSocketTransport.cpp:462:processMessage:[00m Response: {"id":168,"jsonrpc":"2.0","result":{"sessionId":"8b62d243-fa2d-476b-984a-8edb1be1af25","value":null}}
0:47:58.189886548 [332m   19[00m 0x7f3880001790 [37mDEBUG  [00m [00mKurentoWebSocketEventHandler WebSocketEventHandler.cpp:56:sendEvent:[00m Sending event: {"jsonrpc":"2.0","method":"onEvent","params":{"value":{"data":{"candidate":{"__module__":"kurento","__type__":"IceCandidate","candidate":"candidate:6 1 UDP 1677722111 203.151.20.94 10102 typ srflx raddr 172.20.0.11 rport 10102","sdpMLineIndex":0,"sdpMid":"0"},"source":"90a90aa8-5a75-416b-b2de-bbdea0273842_kurento.MediaPipeline/622a9ebb-c6f5-4a10-9827-58f990be838d_kurento.WebRtcEndpoint","tags":[],"timestamp":"1579587483","timestampMillis":"1579587483907","type":"OnIceCandidate"},"object":"90a90aa8-5a75-416b-b2de-bbdea0273842_kurento.MediaPipeline/622a9ebb-c6f5-4a10-9827-58f990be838d_kurento.WebRtcEndpoint","type":"OnIceCandidate"}}}, sessionId: 8b62d243-fa2d-476b-984a-8edb1be1af25
0:47:58.190056695 [332m   19[00m 0x7f3880001790 [37mDEBUG  [00m [00mKurentoWebSocketEventHandler WebSocketEventHandler.cpp:56:sendEvent:[00m Sending event: {"jsonrpc":"2.0","method":"onEvent","params":{"value":{"data":{"candidate":{"__module__":"kurento","__type__":"IceCandidate","candidate":"candidate:6 1 UDP 1677722111 203.151.20.94 10102 typ srflx raddr 172.20.0.11 rport 10102","sdpMLineIndex":1,"sdpMid":"1"},"source":"90a90aa8-5a75-416b-b2de-bbdea0273842_kurento.MediaPipeline/622a9ebb-c6f5-4a10-9827-58f990be838d_kurento.WebRtcEndpoint","tags":[],"timestamp":"1579587483","timestampMillis":"1579587483908","type":"OnIceCandidate"},"object":"90a90aa8-5a75-416b-b2de-bbdea0273842_kurento.MediaPipeline/622a9ebb-c6f5-4a10-9827-58f990be838d_kurento.WebRtcEndpoint","type":"OnIceCandidate"}}}, sessionId: 8b62d243-fa2d-476b-984a-8edb1be1af25
0:47:58.190169001 [332m   19[00m 0x7f3880001790 [37mDEBUG  [00m [00mKurentoWebSocketEventHandler WebSocketEventHandler.cpp:56:sendEvent:[00m Sending event: {"jsonrpc":"2.0","method":"onEvent","params":{"value":{"data":{"candidate":{"__module__":"kurento","__type__":"IceCandidate","candidate":"candidate:6 1 UDP 1677722111 203.151.20.94 10102 typ srflx raddr 172.20.0.11 rport 10102","sdpMLineIndex":2,"sdpMid":"2"},"source":"90a90aa8-5a75-416b-b2de-bbdea0273842_kurento.MediaPipeline/622a9ebb-c6f5-4a10-9827-58f990be838d_kurento.WebRtcEndpoint","tags":[],"timestamp":"1579587483","timestampMillis":"1579587483908","type":"OnIceCandidate"},"object":"90a90aa8-5a75-416b-b2de-bbdea0273842_kurento.MediaPipeline/622a9ebb-c6f5-4a10-9827-58f990be838d_kurento.WebRtcEndpoint","type":"OnIceCandidate"}}}, sessionId: 8b62d243-fa2d-476b-984a-8edb1be1af25
0:47:58.190284211 [332m   19[00m 0x7f3880001790 [37mDEBUG  [00m [00mKurentoWebSocketEventHandler WebSocketEventHandler.cpp:56:sendEvent:[00m Sending event: {"jsonrpc":"2.0","method":"onEvent","params":{"value":{"data":{"candidate":{"__module__":"kurento","__type__":"IceCandidate","candidate":"candidate:7 1 TCP 847249663 203.151.20.94 9 typ srflx raddr 172.20.0.11 rport 9 tcptype active","sdpMLineIndex":0,"sdpMid":"0"},"source":"90a90aa8-5a75-416b-b2de-bbdea0273842_kurento.MediaPipeline/622a9ebb-c6f5-4a10-9827-58f990be838d_kurento.WebRtcEndpoint","tags":[],"timestamp":"1579587483","timestampMillis":"1579587483908","type":"OnIceCandidate"},"object":"90a90aa8-5a75-416b-b2de-bbdea0273842_kurento.MediaPipeline/622a9ebb-c6f5-4a10-9827-58f990be838d_kurento.WebRtcEndpoint","type":"OnIceCandidate"}}}, sessionId: 8b62d243-fa2d-476b-984a-8edb1be1af25
0:47:58.190388826 [332m   19[00m 0x7f3880001790 [37mDEBUG  [00m [00mKurentoWebSocketEventHandler WebSocketEventHandler.cpp:56:sendEvent:[00m Sending event: {"jsonrpc":"2.0","method":"onEvent","params":{"value":{"data":{"candidate":{"__module__":"kurento","__type__":"IceCandidate","candidate":"candidate:7 1 TCP 847249663 203.151.20.94 9 typ srflx raddr 172.20.0.11 rport 9 tcptype active","sdpMLineIndex":1,"sdpMid":"1"},"source":"90a90aa8-5a75-416b-b2de-bbdea0273842_kurento.MediaPipeline/622a9ebb-c6f5-4a10-9827-58f990be838d_kurento.WebRtcEndpoint","tags":[],"timestamp":"1579587483","timestampMillis":"1579587483908","type":"OnIceCandidate"},"object":"90a90aa8-5a75-416b-b2de-bbdea0273842_kurento.MediaPipeline/622a9ebb-c6f5-4a10-9827-58f990be838d_kurento.WebRtcEndpoint","type":"OnIceCandidate"}}}, sessionId: 8b62d243-fa2d-476b-984a-8edb1be1af25
