1:36:00.938520356 [332m   19[00m 0x7f38dc001b20 [37mDEBUG  [00m [00mKurentoWebSocketTransport WebSocketTransport.cpp:462:processMessage:[00m Response: {"id":242,"jsonrpc":"2.0","result":{"sessionId":"8b62d243-fa2d-476b-984a-8edb1be1af25","value":"pong"}}
1:37:00.453120641 [332m   19[00m 0x7f38a8001400 [36mINFO   [00m [00mKurentoWebSocketTransport WebSocketTransport.cpp:296:keepAliveSessions:[00m Keep alive 8b62d243-fa2d-476b-984a-8edb1be1af25
1:37:00.940048727 [332m   19[00m 0x7f38a8001b60 [37mDEBUG  [00m [00mKurentoWebSocketTransport WebSocketTransport.cpp:460:processMessage:[00m Message: {"jsonrpc":"2.0","method":"ping","id":243}
1:37:00.940233720 [332m   19[00m 0x7f38a8001b60 [36mINFO   [00m [00mKurentoServerMethods ServerMethods.cpp:814:ping:[00m WebSocket Ping/Pong with sessionId 8b62d243-fa2d-476b-984a-8edb1be1af25
1:37:00.940382995 [332m   19[00m 0x7f38a8001b60 [37mDEBUG  [00m [00mKurentoWebSocketTransport WebSocketTransport.cpp:462:processMessage:[00m Response: {"id":243,"jsonrpc":"2.0","result":{"sessionId":"8b62d243-fa2d-476b-984a-8edb1be1af25","value":"pong"}}
1:38:00.453561017 [332m   19[00m 0x7f38a8001400 [36mINFO   [00m [00mKurentoWebSocketTransport WebSocketTransport.cpp:296:keepAliveSessions:[00m Keep alive 8b62d243-fa2d-476b-984a-8edb1be1af25
1:38:00.940206632 [332m   19[00m 0x7f38d4001c60 [37mDEBUG  [00m [00mKurentoWebSocketTransport WebSocketTransport.cpp:460:processMessage:[00m Message: {"jsonrpc":"2.0","method":"ping","id":244}
1:38:00.940400118 [332m   19[00m 0x7f38d4001c60 [36mINFO   [00m [00mKurentoServerMethods ServerMethods.cpp:814:ping:[00m WebSocket Ping/Pong with sessionId 8b62d243-fa2d-476b-984a-8edb1be1af25
1:38:00.940789326 [332m   19[00m 0x7f38d4001c60 [37mDEBUG  [00m [00mKurentoWebSocketTransport WebSocketTransport.cpp:462:processMessage:[00m Response: {"id":244,"jsonrpc":"2.0","result":{"sessionId":"8b62d243-fa2d-476b-984a-8edb1be1af25","value":"pong"}}
1:39:00.454043040 [332m   19[00m 0x7f38a8001400 [36mINFO   [00m [00mKurentoWebSocketTransport WebSocketTransport.cpp:296:keepAliveSessions:[00m Keep alive 8b62d243-fa2d-476b-984a-8edb1be1af25
1:39:00.940984706 [332m   19[00m 0x7f38ec007300 [37mDEBUG  [00m [00mKurentoWebSocketTransport WebSocketTransport.cpp:460:processMessage:[00m Message: {"jsonrpc":"2.0","method":"ping","id":245}
1:39:00.941169258 [332m   19[00m 0x7f38ec007300 [36mINFO   [00m [00mKurentoServerMethods ServerMethods.cpp:814:ping:[00m WebSocket Ping/Pong with sessionId 8b62d243-fa2d-476b-984a-8edb1be1af25
1:39:00.941334923 [332m   19[00m 0x7f38ec007300 [37mDEBUG  [00m [00mKurentoWebSocketTransport WebSocketTransport.cpp:462:processMessage:[00m Response: {"id":245,"jsonrpc":"2.0","result":{"sessionId":"8b62d243-fa2d-476b-984a-8edb1be1af25","value":"pong"}}
1:40:00.429009741 [332m   19[00m 0x7f38e8001c40 [37mDEBUG  [00m [00m     KurentoMediaSet MediaSet.cpp:123:doGarbageCollection:[00m Running garbage collector
1:40:00.454247073 [332m   19[00m 0x7f38a8001400 [36mINFO   [00m [00mKurentoWebSocketTransport WebSocketTransport.cpp:296:keepAliveSessions:[00m Keep alive 8b62d243-fa2d-476b-984a-8edb1be1af25
1:40:00.941954003 [332m   19[00m 0x7f38e4002180 [37mDEBUG  [00m [00mKurentoWebSocketTransport WebSocketTransport.cpp:460:processMessage:[00m Message: {"jsonrpc":"2.0","method":"ping","id":246}
1:40:00.942164417 [332m   19[00m 0x7f38e4002180 [36mINFO   [00m [00mKurentoServerMethods ServerMethods.cpp:814:ping:[00m WebSocket Ping/Pong with sessionId 8b62d243-fa2d-476b-984a-8edb1be1af25
1:40:00.942308263 [332m   19[00m 0x7f38e4002180 [37mDEBUG  [00m [00mKurentoWebSocketTransport WebSocketTransport.cpp:462:processMessage:[00m Response: {"id":246,"jsonrpc":"2.0","result":{"sessionId":"8b62d243-fa2d-476b-984a-8edb1be1af25","value":"pong"}}
1:41:00.454678482 [332m   19[00m 0x7f38a8001400 [36mINFO   [00m [00mKurentoWebSocketTransport WebSocketTransport.cpp:296:keepAliveSessions:[00m Keep alive 8b62d243-fa2d-476b-984a-8edb1be1af25
1:41:00.942657649 [332m   19[00m 0x7f38e0001cc0 [37mDEBUG  [00m [00mKurentoWebSocketTransport WebSocketTransport.cpp:460:processMessage:[00m Message: {"jsonrpc":"2.0","method":"ping","id":247}
1:41:00.942826903 [332m   19[00m 0x7f38e0001cc0 [36mINFO   [00m [00mKurentoServerMethods ServerMethods.cpp:814:ping:[00m WebSocket Ping/Pong with sessionId 8b62d243-fa2d-476b-984a-8edb1be1af25
1:41:00.942971121 [332m   19[00m 0x7f38e0001cc0 [37mDEBUG  [00m [00mKurentoWebSocketTransport WebSocketTransport.cpp:462:processMessage:[00m Response: {"id":247,"jsonrpc":"2.0","result":{"sessionId":"8b62d243-fa2d-476b-984a-8edb1be1af25","value":"pong"}}
1:42:00.454914756 [332m   19[00m 0x7f38a8001400 [36mINFO   [00m [00mKurentoWebSocketTransport WebSocketTransport.cpp:296:keepAliveSessions:[00m Keep alive 8b62d243-fa2d-476b-984a-8edb1be1af25
1:42:00.943257178 [332m   19[00m 0x7f38ac001ea0 [37mDEBUG  [00m [00mKurentoWebSocketTransport WebSocketTransport.cpp:460:processMessage:[00m Message: {"jsonrpc":"2.0","method":"ping","id":248}
1:42:00.943446563 [332m   19[00m 0x7f38ac001ea0 [36mINFO   [00m [00mKurentoServerMethods ServerMethods.cpp:814:ping:[00m WebSocket Ping/Pong with sessionId 8b62d243-fa2d-476b-984a-8edb1be1af25
1:42:00.943604739 [332m   19[00m 0x7f38ac001ea0 [37mDEBUG  [00m [00mKurentoWebSocketTransport WebSocketTransport.cpp:462:processMessage:[00m Response: {"id":248,"jsonrpc":"2.0","result":{"sessionId":"8b62d243-fa2d-476b-984a-8edb1be1af25","value":"pong"}}
1:43:00.455128478 [332m   19[00m 0x7f38a8001400 [36mINFO   [00m [00mKurentoWebSocketTransport WebSocketTransport.cpp:296:keepAliveSessions:[00m Keep alive 8b62d243-fa2d-476b-984a-8edb1be1af25
1:43:00.944262400 [332m   19[00m 0x7f38f0001810 [37mDEBUG  [00m [00mKurentoWebSocketTransport WebSocketTransport.cpp:460:processMessage:[00m Message: {"jsonrpc":"2.0","method":"ping","id":249}
1:43:00.944448029 [332m   19[00m 0x7f38f0001810 [36mINFO   [00m [00mKurentoServerMethods ServerMethods.cpp:814:ping:[00m WebSocket Ping/Pong with sessionId 8b62d243-fa2d-476b-984a-8edb1be1af25
1:43:00.944588459 [332m   19[00m 0x7f38f0001810 [37mDEBUG  [00m [00mKurentoWebSocketTransport WebSocketTransport.cpp:462:processMessage:[00m Response: {"id":249,"jsonrpc":"2.0","result":{"sessionId":"8b62d243-fa2d-476b-984a-8edb1be1af25","value":"pong"}}
1:44:00.429197785 [332m   19[00m 0x7f38e8001c40 [37mDEBUG  [00m [00m     KurentoMediaSet MediaSet.cpp:123:doGarbageCollection:[00m Running garbage collector
1:44:00.455549000 [332m   19[00m 0x7f38a8001400 [36mINFO   [00m [00mKurentoWebSocketTransport WebSocketTransport.cpp:296:keepAliveSessions:[00m Keep alive 8b62d243-fa2d-476b-984a-8edb1be1af25
1:44:00.945655838 [332m   19[00m 0x7f3900001840 [37mDEBUG  [00m [00mKurentoWebSocketTransport WebSocketTransport.cpp:460:processMessage:[00m Message: {"jsonrpc":"2.0","method":"ping","id":250}
1:44:00.945826418 [332m   19[00m 0x7f3900001840 [36mINFO   [00m [00mKurentoServerMethods ServerMethods.cpp:814:ping:[00m WebSocket Ping/Pong with sessionId 8b62d243-fa2d-476b-984a-8edb1be1af25
1:44:00.945961177 [332m   19[00m 0x7f3900001840 [37mDEBUG  [00m [00mKurentoWebSocketTransport WebSocketTransport.cpp:462:processMessage:[00m Response: {"id":250,"jsonrpc":"2.0","result":{"sessionId":"8b62d243-fa2d-476b-984a-8edb1be1af25","value":"pong"}}
1:45:00.456239065 [332m   19[00m 0x7f38a8001400 [36mINFO   [00m [00mKurentoWebSocketTransport WebSocketTransport.cpp:296:keepAliveSessions:[00m Keep alive 8b62d243-fa2d-476b-984a-8edb1be1af25
1:45:00.945601811 [332m   19[00m 0x7f38a0001780 [37mDEBUG  [00m [00mKurentoWebSocketTransport WebSocketTransport.cpp:460:processMessage:[00m Message: {"jsonrpc":"2.0","method":"ping","id":251}
1:45:00.945802269 [332m   19[00m 0x7f38a0001780 [36mINFO   [00m [00mKurentoServerMethods ServerMethods.cpp:814:ping:[00m WebSocket Ping/Pong with sessionId 8b62d243-fa2d-476b-984a-8edb1be1af25
1:45:00.945971354 [332m   19[00m 0x7f38a0001780 [37mDEBUG  [00m [00mKurentoWebSocketTransport WebSocketTransport.cpp:462:processMessage:[00m Response: {"id":251,"jsonrpc":"2.0","result":{"sessionId":"8b62d243-fa2d-476b-984a-8edb1be1af25","value":"pong"}}
1:46:00.456733993 [332m   19[00m 0x7f38a8001400 [36mINFO   [00m [00mKurentoWebSocketTransport WebSocketTransport.cpp:296:keepAliveSessions:[00m Keep alive 8b62d243-fa2d-476b-984a-8edb1be1af25
1:46:00.946439387 [332m   19[00m 0x7f38dc001b20 [37mDEBUG  [00m [00mKurentoWebSocketTransport WebSocketTransport.cpp:460:processMessage:[00m Message: {"jsonrpc":"2.0","method":"ping","id":252}
1:46:00.946638219 [332m   19[00m 0x7f38dc001b20 [36mINFO   [00m [00mKurentoServerMethods ServerMethods.cpp:814:ping:[00m WebSocket Ping/Pong with sessionId 8b62d243-fa2d-476b-984a-8edb1be1af25
1:46:00.946781344 [332m   19[00m 0x7f38dc001b20 [37mDEBUG  [00m [00mKurentoWebSocketTransport WebSocketTransport.cpp:462:processMessage:[00m Response: {"id":252,"jsonrpc":"2.0","result":{"sessionId":"8b62d243-fa2d-476b-984a-8edb1be1af25","value":"pong"}}
1:47:00.456937983 [332m   19[00m 0x7f38a8001400 [36mINFO   [00m [00mKurentoWebSocketTransport WebSocketTransport.cpp:296:keepAliveSessions:[00m Keep alive 8b62d243-fa2d-476b-984a-8edb1be1af25
1:47:00.947672361 [332m   19[00m 0x7f38a8001b60 [37mDEBUG  [00m [00mKurentoWebSocketTransport WebSocketTransport.cpp:460:processMessage:[00m Message: {"jsonrpc":"2.0","method":"ping","id":253}
1:47:00.948068069 [332m   19[00m 0x7f38a8001b60 [36mINFO   [00m [00mKurentoServerMethods ServerMethods.cpp:814:ping:[00m WebSocket Ping/Pong with sessionId 8b62d243-fa2d-476b-984a-8edb1be1af25
1:47:00.948220602 [332m   19[00m 0x7f38a8001b60 [37mDEBUG  [00m [00mKurentoWebSocketTransport WebSocketTransport.cpp:462:processMessage:[00m Response: {"id":253,"jsonrpc":"2.0","result":{"sessionId":"8b62d243-fa2d-476b-984a-8edb1be1af25","value":"pong"}}
1:48:00.429422043 [332m   19[00m 0x7f38e8001c40 [37mDEBUG  [00m [00m     KurentoMediaSet MediaSet.cpp:123:doGarbageCollection:[00m Running garbage collector
1:48:00.457131455 [332m   19[00m 0x7f38a8001400 [36mINFO   [00m [00mKurentoWebSocketTransport WebSocketTransport.cpp:296:keepAliveSessions:[00m Keep alive 8b62d243-fa2d-476b-984a-8edb1be1af25
1:48:00.948176082 [332m   19[00m 0x7f38d4001c60 [37mDEBUG  [00m [00mKurentoWebSocketTransport WebSocketTransport.cpp:460:processMessage:[00m Message: {"jsonrpc":"2.0","method":"ping","id":254}
1:48:00.948365435 [332m   19[00m 0x7f38d4001c60 [36mINFO   [00m [00mKurentoServerMethods ServerMethods.cpp:814:ping:[00m WebSocket Ping/Pong with sessionId 8b62d243-fa2d-476b-984a-8edb1be1af25
1:48:00.948505362 [332m   19[00m 0x7f38d4001c60 [37mDEBUG  [00m [00mKurentoWebSocketTransport WebSocketTransport.cpp:462:processMessage:[00m Response: {"id":254,"jsonrpc":"2.0","result":{"sessionId":"8b62d243-fa2d-476b-984a-8edb1be1af25","value":"pong"}}
1:49:00.457296001 [332m   19[00m 0x7f38a8001400 [36mINFO   [00m [00mKurentoWebSocketTransport WebSocketTransport.cpp:296:keepAliveSessions:[00m Keep alive 8b62d243-fa2d-476b-984a-8edb1be1af25
1:49:00.948379663 [332m   19[00m 0x7f38ec007300 [37mDEBUG  [00m [00mKurentoWebSocketTransport WebSocketTransport.cpp:460:processMessage:[00m Message: {"jsonrpc":"2.0","method":"ping","id":255}
1:49:00.948556279 [332m   19[00m 0x7f38ec007300 [36mINFO   [00m [00mKurentoServerMethods ServerMethods.cpp:814:ping:[00m WebSocket Ping/Pong with sessionId 8b62d243-fa2d-476b-984a-8edb1be1af25
1:49:00.948688591 [332m   19[00m 0x7f38ec007300 [37mDEBUG  [00m [00mKurentoWebSocketTransport WebSocketTransport.cpp:462:processMessage:[00m Response: {"id":255,"jsonrpc":"2.0","result":{"sessionId":"8b62d243-fa2d-476b-984a-8edb1be1af25","value":"pong"}}
1:50:00.457947803 [332m   19[00m 0x7f38a8001400 [36mINFO   [00m [00mKurentoWebSocketTransport WebSocketTransport.cpp:296:keepAliveSessions:[00m Keep alive 8b62d243-fa2d-476b-984a-8edb1be1af25
1:50:00.948711916 [332m   19[00m 0x7f38e4002180 [37mDEBUG  [00m [00mKurentoWebSocketTransport WebSocketTransport.cpp:460:processMessage:[00m Message: {"jsonrpc":"2.0","method":"ping","id":256}
1:50:00.948932155 [332m   19[00m 0x7f38e4002180 [36mINFO   [00m [00mKurentoServerMethods ServerMethods.cpp:814:ping:[00m WebSocket Ping/Pong with sessionId 8b62d243-fa2d-476b-984a-8edb1be1af25
1:50:00.949081938 [332m   19[00m 0x7f38e4002180 [37mDEBUG  [00m [00mKurentoWebSocketTransport WebSocketTransport.cpp:462:processMessage:[00m Response: {"id":256,"jsonrpc":"2.0","result":{"sessionId":"8b62d243-fa2d-476b-984a-8edb1be1af25","value":"pong"}}
1:51:00.458136596 [332m   19[00m 0x7f38a8001400 [36mINFO   [00m [00mKurentoWebSocketTransport WebSocketTransport.cpp:296:keepAliveSessions:[00m Keep alive 8b62d243-fa2d-476b-984a-8edb1be1af25
1:51:00.948296337 [332m   19[00m 0x7f38e0001cc0 [37mDEBUG  [00m [00mKurentoWebSocketTransport WebSocketTransport.cpp:460:processMessage:[00m Message: {"jsonrpc":"2.0","method":"ping","id":257}
1:51:00.948469857 [332m   19[00m 0x7f38e0001cc0 [36mINFO   [00m [00mKurentoServerMethods ServerMethods.cpp:814:ping:[00m WebSocket Ping/Pong with sessionId 8b62d243-fa2d-476b-984a-8edb1be1af25
1:51:00.948612174 [332m   19[00m 0x7f38e0001cc0 [37mDEBUG  [00m [00mKurentoWebSocketTransport WebSocketTransport.cpp:462:processMessage:[00m Response: {"id":257,"jsonrpc":"2.0","result":{"sessionId":"8b62d243-fa2d-476b-984a-8edb1be1af25","value":"pong"}}
1:51:39.771550402 [332m   19[00m 0x7f38d8006280 [37mDEBUG  [00m [00mKurentoMediaElementImpl MediaElementImpl.cpp:464:mediaFlowOutStateChange:<kmssenddata0>[00m MediaFlowOutStateChange: NOT FLOWING, pad: 'default', type: 'audio'
1:51:39.771631313 [332m   19[00m 0x7f38d8006280 [37mDEBUG  [00m [00mKurentoMediaElementImpl MediaElementImpl.cpp:496:mediaFlowInStateChange:<kmssenddata0>[00m MediaFlowInStateChange: NOT FLOWING, pad: 'default', type: 'audio'
1:51:39.771662792 [332m   19[00m 0x7f38d8006280 [37mDEBUG  [00m [00mKurentoMediaElementImpl MediaElementImpl.cpp:496:mediaFlowInStateChange:<kmsrecorderendpoint0>[00m MediaFlowInStateChange: NOT FLOWING, pad: 'default', type: 'audio'
1:51:39.771710850 [332m   19[00m 0x7f38d8006280 [37mDEBUG  [00m [00mKurentoMediaElementImpl MediaElementImpl.cpp:496:mediaFlowInStateChange:<kmswebrtcendpoint2>[00m MediaFlowInStateChange: NOT FLOWING, pad: 'default', type: 'audio'
1:51:39.771731774 [332m   19[00m 0x7f38d8006280 [37mDEBUG  [00m [00mKurentoMediaElementImpl MediaElementImpl.cpp:496:mediaFlowInStateChange:<kmswebrtcendpoint1>[00m MediaFlowInStateChange: NOT FLOWING, pad: 'default', type: 'audio'
1:51:39.771765150 [332m   19[00m 0x7f38d8006280 [37mDEBUG  [00m [00mKurentoMediaElementImpl MediaElementImpl.cpp:496:mediaFlowInStateChange:<kmswebrtcendpoint3>[00m MediaFlowInStateChange: NOT FLOWING, pad: 'default', type: 'audio'
1:51:39.771806172 [332m   19[00m 0x7f38d8006280 [37mDEBUG  [00m [00mKurentoMediaElementImpl MediaElementImpl.cpp:496:mediaFlowInStateChange:<kmswebrtcendpoint4>[00m MediaFlowInStateChange: NOT FLOWING, pad: 'default', type: 'audio'
1:51:39.772046721 [332m   19[00m 0x7f38d8006280 [37mDEBUG  [00m [00mKurentoMediaElementImpl MediaElementImpl.cpp:496:mediaFlowInStateChange:<kmswebrtcendpoint6>[00m MediaFlowInStateChange: NOT FLOWING, pad: 'default', type: 'audio'
1:51:39.772275684 [332m   19[00m 0x7f38d8006280 [37mDEBUG  [00m [00mKurentoMediaElementImpl MediaElementImpl.cpp:496:mediaFlowInStateChange:<kmswebrtcendpoint7>[00m MediaFlowInStateChange: NOT FLOWING, pad: 'default', type: 'audio'
1:51:40.254845922 [332m   19[00m 0x7f38d8006280 [37mDEBUG  [00m [00mKurentoMediaElementImpl MediaElementImpl.cpp:464:mediaFlowOutStateChange:<kmswebrtcendpoint0>[00m MediaFlowOutStateChange: NOT FLOWING, pad: 'default', type: 'audio'
1:51:40.254894658 [332m   19[00m 0x7f38d8006280 [37mDEBUG  [00m [00mKurentoMediaElementImpl MediaElementImpl.cpp:496:mediaFlowInStateChange:<kmswebrtcendpoint5>[00m MediaFlowInStateChange: NOT FLOWING, pad: 'default', type: 'audio'
1:51:43.607214440 [332m   19[00m 0x7f38ac001ea0 [37mDEBUG  [00m [00mKurentoWebSocketTransport WebSocketTransport.cpp:460:processMessage:[00m Message: {"jsonrpc":"2.0","method":"release","params":{"object":"90a90aa8-5a75-416b-b2de-bbdea0273842_kurento.MediaPipeline/5e6e14e0-4cd2-4d69-a43f-c12afc23ddb0_kurento.WebRtcEndpoint","sessionId":"8b62d243-fa2d-476b-984a-8edb1be1af25"},"id":258}
1:51:43.608500562 [332m   19[00m 0x7f38ac001ea0 [37mDEBUG  [00m [00mKurentoWebSocketTransport WebSocketTransport.cpp:462:processMessage:[00m Response: {"id":258,"jsonrpc":"2.0","result":{"sessionId":"8b62d243-fa2d-476b-984a-8edb1be1af25"}}
1:51:43.608310898 [332m   19[00m 0x7f3914001920 [37mDEBUG  [00m [00mKurentoMediaElementImpl MediaElementImpl.cpp:1028:disconnect:[00m Disconnecting 90a90aa8-5a75-416b-b2de-bbdea0273842_kurento.MediaPipeline/96a2df76-e18c-45b0-b112-2edf551a9884_datachannelexample.KmsSendData - 90a90aa8-5a75-416b-b2de-bbdea0273842_kurento.MediaPipeline/5e6e14e0-4cd2-4d69-a43f-c12afc23ddb0_kurento.WebRtcEndpoint params AUDIO default default
1:51:43.609093597 [332m   19[00m 0x7f3914001920 [37mDEBUG  [00m [00mKurentoMediaElementImpl MediaElementImpl.cpp:1028:disconnect:[00m Disconnecting 90a90aa8-5a75-416b-b2de-bbdea0273842_kurento.MediaPipeline/96a2df76-e18c-45b0-b112-2edf551a9884_datachannelexample.KmsSendData - 90a90aa8-5a75-416b-b2de-bbdea0273842_kurento.MediaPipeline/5e6e14e0-4cd2-4d69-a43f-c12afc23ddb0_kurento.WebRtcEndpoint params DATA default default
1:51:43.609181228 [332m   19[00m 0x7f3914001920 [37mDEBUG  [00m [00mKurentoMediaElementImpl MediaElementImpl.cpp:1028:disconnect:[00m Disconnecting 90a90aa8-5a75-416b-b2de-bbdea0273842_kurento.MediaPipeline/96a2df76-e18c-45b0-b112-2edf551a9884_datachannelexample.KmsSendData - 90a90aa8-5a75-416b-b2de-bbdea0273842_kurento.MediaPipeline/5e6e14e0-4cd2-4d69-a43f-c12afc23ddb0_kurento.WebRtcEndpoint params VIDEO default default
1:51:43.609339621 [332m   19[00m 0x7f3914001920 [37mDEBUG  [00m [00m     KurentoMediaSet MediaSet.cpp:470:async_delete:[00m Destroying WebRtcEndpoint -> 90a90aa8-5a75-416b-b2de-bbdea0273842_kurento.MediaPipeline/5e6e14e0-4cd2-4d69-a43f-c12afc23ddb0_kurento.WebRtcEndpoint
1:51:43.611184191 [332m   19[00m 0x7f38f0001810 [37mDEBUG  [00m [00mKurentoWebSocketTransport WebSocketTransport.cpp:460:processMessage:[00m Message: {"jsonrpc":"2.0","method":"unsubscribe","params":{"object":"90a90aa8-5a75-416b-b2de-bbdea0273842_kurento.MediaPipeline/5e6e14e0-4cd2-4d69-a43f-c12afc23ddb0_kurento.WebRtcEndpoint","subscription":"718131b3-25c4-43ca-8d54-6916f4786b26","sessionId":"8b62d243-fa2d-476b-984a-8edb1be1af25"},"id":259}
1:51:43.611412688 [332m   19[00m 0x7f38f0001810 [37mDEBUG  [00m [00mKurentoWebSocketTransport WebSocketTransport.cpp:462:processMessage:[00m Response: {"id":259,"jsonrpc":"2.0","result":{"sessionId":"8b62d243-fa2d-476b-984a-8edb1be1af25"}}
1:51:45.287935690 [332m   19[00m 0x7f3900001840 [37mDEBUG  [00m [00mKurentoWebSocketTransport WebSocketTransport.cpp:460:processMessage:[00m Message: {"jsonrpc":"2.0","method":"release","params":{"object":"90a90aa8-5a75-416b-b2de-bbdea0273842_kurento.MediaPipeline/c33e3e57-86ec-42b1-b00b-478fe5f51da2_kurento.WebRtcEndpoint","sessionId":"8b62d243-fa2d-476b-984a-8edb1be1af25"},"id":260}
1:51:45.288228027 [332m   19[00m 0x7f3900001840 [37mDEBUG  [00m [00mKurentoWebSocketTransport WebSocketTransport.cpp:462:processMessage:[00m Response: {"id":260,"jsonrpc":"2.0","result":{"sessionId":"8b62d243-fa2d-476b-984a-8edb1be1af25"}}
1:51:45.288250304 [332m   19[00m 0x7f391c001840 [37mDEBUG  [00m [00mKurentoMediaElementImpl MediaElementImpl.cpp:1028:disconnect:[00m Disconnecting 90a90aa8-5a75-416b-b2de-bbdea0273842_kurento.MediaPipeline/96a2df76-e18c-45b0-b112-2edf551a9884_datachannelexample.KmsSendData - 90a90aa8-5a75-416b-b2de-bbdea0273842_kurento.MediaPipeline/c33e3e57-86ec-42b1-b00b-478fe5f51da2_kurento.WebRtcEndpoint params AUDIO default default
1:51:45.288769617 [332m   19[00m 0x7f391c001840 [37mDEBUG  [00m [00mKurentoMediaElementImpl MediaElementImpl.cpp:1028:disconnect:[00m Disconnecting 90a90aa8-5a75-416b-b2de-bbdea0273842_kurento.MediaPipeline/96a2df76-e18c-45b0-b112-2edf551a9884_datachannelexample.KmsSendData - 90a90aa8-5a75-416b-b2de-bbdea0273842_kurento.MediaPipeline/c33e3e57-86ec-42b1-b00b-478fe5f51da2_kurento.WebRtcEndpoint params DATA default default
1:51:45.289051016 [332m   19[00m 0x7f391c001840 [37mDEBUG  [00m [00mKurentoMediaElementImpl MediaElementImpl.cpp:1028:disconnect:[00m Disconnecting 90a90aa8-5a75-416b-b2de-bbdea0273842_kurento.MediaPipeline/96a2df76-e18c-45b0-b112-2edf551a9884_datachannelexample.KmsSendData - 90a90aa8-5a75-416b-b2de-bbdea0273842_kurento.MediaPipeline/c33e3e57-86ec-42b1-b00b-478fe5f51da2_kurento.WebRtcEndpoint params VIDEO default default
1:51:45.289184908 [332m   19[00m 0x7f391c001840 [37mDEBUG  [00m [00m     KurentoMediaSet MediaSet.cpp:470:async_delete:[00m Destroying WebRtcEndpoint -> 90a90aa8-5a75-416b-b2de-bbdea0273842_kurento.MediaPipeline/c33e3e57-86ec-42b1-b00b-478fe5f51da2_kurento.WebRtcEndpoint
1:51:45.290080782 [332m   19[00m 0x7f38a0001780 [37mDEBUG  [00m [00mKurentoWebSocketTransport WebSocketTransport.cpp:460:processMessage:[00m Message: {"jsonrpc":"2.0","method":"unsubscribe","params":{"object":"90a90aa8-5a75-416b-b2de-bbdea0273842_kurento.MediaPipeline/c33e3e57-86ec-42b1-b00b-478fe5f51da2_kurento.WebRtcEndpoint","subscription":"87a55947-864c-4ab3-adaa-1830dde55abd","sessionId":"8b62d243-fa2d-476b-984a-8edb1be1af25"},"id":261}
1:51:45.290341046 [332m   19[00m 0x7f38a0001780 [37mDEBUG  [00m [00mKurentoWebSocketTransport WebSocketTransport.cpp:462:processMessage:[00m Response: {"id":261,"jsonrpc":"2.0","result":{"sessionId":"8b62d243-fa2d-476b-984a-8edb1be1af25"}}
1:51:49.930734479 [332m   19[00m 0x7f38dc001b20 [37mDEBUG  [00m [00mKurentoWebSocketTransport WebSocketTransport.cpp:460:processMessage:[00m Message: {"jsonrpc":"2.0","method":"release","params":{"object":"90a90aa8-5a75-416b-b2de-bbdea0273842_kurento.MediaPipeline/d0287a7b-ebb6-4edb-925e-2a764363f3e1_kurento.WebRtcEndpoint","sessionId":"8b62d243-fa2d-476b-984a-8edb1be1af25"},"id":262}
1:51:49.931057388 [332m   19[00m 0x7f38dc001b20 [37mDEBUG  [00m [00mKurentoWebSocketTransport WebSocketTransport.cpp:462:processMessage:[00m Response: {"id":262,"jsonrpc":"2.0","result":{"sessionId":"8b62d243-fa2d-476b-984a-8edb1be1af25"}}
1:51:49.931047229 [332m   19[00m 0x7f38fc001960 [37mDEBUG  [00m [00mKurentoMediaElementImpl MediaElementImpl.cpp:1028:disconnect:[00m Disconnecting 90a90aa8-5a75-416b-b2de-bbdea0273842_kurento.MediaPipeline/96a2df76-e18c-45b0-b112-2edf551a9884_datachannelexample.KmsSendData - 90a90aa8-5a75-416b-b2de-bbdea0273842_kurento.MediaPipeline/d0287a7b-ebb6-4edb-925e-2a764363f3e1_kurento.WebRtcEndpoint params AUDIO default default
1:51:49.931416106 [332m   19[00m 0x7f38fc001960 [37mDEBUG  [00m [00mKurentoMediaElementImpl MediaElementImpl.cpp:1028:disconnect:[00m Disconnecting 90a90aa8-5a75-416b-b2de-bbdea0273842_kurento.MediaPipeline/96a2df76-e18c-45b0-b112-2edf551a9884_datachannelexample.KmsSendData - 90a90aa8-5a75-416b-b2de-bbdea0273842_kurento.MediaPipeline/d0287a7b-ebb6-4edb-925e-2a764363f3e1_kurento.WebRtcEndpoint params DATA default default
1:51:49.931500924 [332m   19[00m 0x7f38fc001960 [37mDEBUG  [00m [00mKurentoMediaElementImpl MediaElementImpl.cpp:1028:disconnect:[00m Disconnecting 90a90aa8-5a75-416b-b2de-bbdea0273842_kurento.MediaPipeline/96a2df76-e18c-45b0-b112-2edf551a9884_datachannelexample.KmsSendData - 90a90aa8-5a75-416b-b2de-bbdea0273842_kurento.MediaPipeline/d0287a7b-ebb6-4edb-925e-2a764363f3e1_kurento.WebRtcEndpoint params VIDEO default default
1:51:49.931635973 [332m   19[00m 0x7f38fc001960 [37mDEBUG  [00m [00m     KurentoMediaSet MediaSet.cpp:470:async_delete:[00m Destroying WebRtcEndpoint -> 90a90aa8-5a75-416b-b2de-bbdea0273842_kurento.MediaPipeline/d0287a7b-ebb6-4edb-925e-2a764363f3e1_kurento.WebRtcEndpoint
1:51:49.932435037 [332m   19[00m 0x7f38a8001b60 [37mDEBUG  [00m [00mKurentoWebSocketTransport WebSocketTransport.cpp:460:processMessage:[00m Message: {"jsonrpc":"2.0","method":"unsubscribe","params":{"object":"90a90aa8-5a75-416b-b2de-bbdea0273842_kurento.MediaPipeline/d0287a7b-ebb6-4edb-925e-2a764363f3e1_kurento.WebRtcEndpoint","subscription":"c89e9828-d6c4-42fa-94f2-0e0f1594525e","sessionId":"8b62d243-fa2d-476b-984a-8edb1be1af25"},"id":263}
1:51:49.932932998 [332m   19[00m 0x7f38a8001b60 [37mDEBUG  [00m [00mKurentoWebSocketTransport WebSocketTransport.cpp:462:processMessage:[00m Response: {"id":263,"jsonrpc":"2.0","result":{"sessionId":"8b62d243-fa2d-476b-984a-8edb1be1af25"}}
1:51:52.992085838 [332m   19[00m 0x7f38d4001c60 [37mDEBUG  [00m [00mKurentoWebSocketTransport WebSocketTransport.cpp:460:processMessage:[00m Message: {"jsonrpc":"2.0","method":"release","params":{"object":"90a90aa8-5a75-416b-b2de-bbdea0273842_kurento.MediaPipeline/aa1eb216-9008-4339-9ca7-32886b570cee_kurento.WebRtcEndpoint","sessionId":"8b62d243-fa2d-476b-984a-8edb1be1af25"},"id":264}
1:51:52.992381153 [332m   19[00m 0x7f38d4001c60 [37mDEBUG  [00m [00mKurentoWebSocketTransport WebSocketTransport.cpp:462:processMessage:[00m Response: {"id":264,"jsonrpc":"2.0","result":{"sessionId":"8b62d243-fa2d-476b-984a-8edb1be1af25"}}
1:51:52.992363477 [332m   19[00m 0x7f390c0018c0 [37mDEBUG  [00m [00mKurentoMediaElementImpl MediaElementImpl.cpp:1028:disconnect:[00m Disconnecting 90a90aa8-5a75-416b-b2de-bbdea0273842_kurento.MediaPipeline/96a2df76-e18c-45b0-b112-2edf551a9884_datachannelexample.KmsSendData - 90a90aa8-5a75-416b-b2de-bbdea0273842_kurento.MediaPipeline/aa1eb216-9008-4339-9ca7-32886b570cee_kurento.WebRtcEndpoint params AUDIO default default
1:51:52.992876242 [332m   19[00m 0x7f390c0018c0 [37mDEBUG  [00m [00mKurentoMediaElementImpl MediaElementImpl.cpp:1028:disconnect:[00m Disconnecting 90a90aa8-5a75-416b-b2de-bbdea0273842_kurento.MediaPipeline/96a2df76-e18c-45b0-b112-2edf551a9884_datachannelexample.KmsSendData - 90a90aa8-5a75-416b-b2de-bbdea0273842_kurento.MediaPipeline/aa1eb216-9008-4339-9ca7-32886b570cee_kurento.WebRtcEndpoint params DATA default default
1:51:52.992968000 [332m   19[00m 0x7f390c0018c0 [37mDEBUG  [00m [00mKurentoMediaElementImpl MediaElementImpl.cpp:1028:disconnect:[00m Disconnecting 90a90aa8-5a75-416b-b2de-bbdea0273842_kurento.MediaPipeline/96a2df76-e18c-45b0-b112-2edf551a9884_datachannelexample.KmsSendData - 90a90aa8-5a75-416b-b2de-bbdea0273842_kurento.MediaPipeline/aa1eb216-9008-4339-9ca7-32886b570cee_kurento.WebRtcEndpoint params VIDEO default default
1:51:52.993097161 [332m   19[00m 0x7f390c0018c0 [37mDEBUG  [00m [00m     KurentoMediaSet MediaSet.cpp:470:async_delete:[00m Destroying WebRtcEndpoint -> 90a90aa8-5a75-416b-b2de-bbdea0273842_kurento.MediaPipeline/aa1eb216-9008-4339-9ca7-32886b570cee_kurento.WebRtcEndpoint
1:51:52.994928265 [332m   19[00m 0x7f38ec007300 [37mDEBUG  [00m [00mKurentoWebSocketTransport WebSocketTransport.cpp:460:processMessage:[00m Message: {"jsonrpc":"2.0","method":"unsubscribe","params":{"object":"90a90aa8-5a75-416b-b2de-bbdea0273842_kurento.MediaPipeline/aa1eb216-9008-4339-9ca7-32886b570cee_kurento.WebRtcEndpoint","subscription":"c1e90bc6-e958-4bb9-a8b8-42d8056a48dc","sessionId":"8b62d243-fa2d-476b-984a-8edb1be1af25"},"id":265}
1:51:52.995349728 [332m   19[00m 0x7f38ec007300 [37mDEBUG  [00m [00mKurentoWebSocketTransport WebSocketTransport.cpp:462:processMessage:[00m Response: {"id":265,"jsonrpc":"2.0","result":{"sessionId":"8b62d243-fa2d-476b-984a-8edb1be1af25"}}
1:52:00.429602347 [332m   19[00m 0x7f38e8001c40 [37mDEBUG  [00m [00m     KurentoMediaSet MediaSet.cpp:123:doGarbageCollection:[00m Running garbage collector
1:52:00.458306639 [332m   19[00m 0x7f38a8001400 [36mINFO   [00m [00mKurentoWebSocketTransport WebSocketTransport.cpp:296:keepAliveSessions:[00m Keep alive 8b62d243-fa2d-476b-984a-8edb1be1af25
1:52:00.956635609 [332m   19[00m 0x7f38e4002180 [37mDEBUG  [00m [00mKurentoWebSocketTransport WebSocketTransport.cpp:460:processMessage:[00m Message: {"jsonrpc":"2.0","method":"ping","id":266}
1:52:00.956807031 [332m   19[00m 0x7f38e4002180 [36mINFO   [00m [00mKurentoServerMethods ServerMethods.cpp:814:ping:[00m WebSocket Ping/Pong with sessionId 8b62d243-fa2d-476b-984a-8edb1be1af25
1:52:00.956916051 [332m   19[00m 0x7f38e4002180 [37mDEBUG  [00m [00mKurentoWebSocketTransport WebSocketTransport.cpp:462:processMessage:[00m Response: {"id":266,"jsonrpc":"2.0","result":{"sessionId":"8b62d243-fa2d-476b-984a-8edb1be1af25","value":"pong"}}
1:52:11.623650713 [332m   19[00m 0x7f38e0001cc0 [37mDEBUG  [00m [00mKurentoWebSocketTransport WebSocketTransport.cpp:460:processMessage:[00m Message: {"jsonrpc":"2.0","method":"release","params":{"object":"90a90aa8-5a75-416b-b2de-bbdea0273842_kurento.MediaPipeline/6705b08a-50ce-4e2d-853b-bc17fba21959_kurento.WebRtcEndpoint","sessionId":"8b62d243-fa2d-476b-984a-8edb1be1af25"},"id":267}
1:52:11.624230152 [332m   19[00m 0x7f38e0001cc0 [37mDEBUG  [00m [00mKurentoWebSocketTransport WebSocketTransport.cpp:462:processMessage:[00m Response: {"id":267,"jsonrpc":"2.0","result":{"sessionId":"8b62d243-fa2d-476b-984a-8edb1be1af25"}}
1:52:11.624243570 [332m   19[00m 0x7f3910001860 [37mDEBUG  [00m [00mKurentoMediaElementImpl MediaElementImpl.cpp:1028:disconnect:[00m Disconnecting 90a90aa8-5a75-416b-b2de-bbdea0273842_kurento.MediaPipeline/96a2df76-e18c-45b0-b112-2edf551a9884_datachannelexample.KmsSendData - 90a90aa8-5a75-416b-b2de-bbdea0273842_kurento.MediaPipeline/6705b08a-50ce-4e2d-853b-bc17fba21959_kurento.WebRtcEndpoint params AUDIO default default
1:52:11.624596233 [332m   19[00m 0x7f3910001860 [37mDEBUG  [00m [00mKurentoMediaElementImpl MediaElementImpl.cpp:1028:disconnect:[00m Disconnecting 90a90aa8-5a75-416b-b2de-bbdea0273842_kurento.MediaPipeline/96a2df76-e18c-45b0-b112-2edf551a9884_datachannelexample.KmsSendData - 90a90aa8-5a75-416b-b2de-bbdea0273842_kurento.MediaPipeline/6705b08a-50ce-4e2d-853b-bc17fba21959_kurento.WebRtcEndpoint params DATA default default
1:52:11.624670125 [332m   19[00m 0x7f3910001860 [37mDEBUG  [00m [00mKurentoMediaElementImpl MediaElementImpl.cpp:1028:disconnect:[00m Disconnecting 90a90aa8-5a75-416b-b2de-bbdea0273842_kurento.MediaPipeline/96a2df76-e18c-45b0-b112-2edf551a9884_datachannelexample.KmsSendData - 90a90aa8-5a75-416b-b2de-bbdea0273842_kurento.MediaPipeline/6705b08a-50ce-4e2d-853b-bc17fba21959_kurento.WebRtcEndpoint params VIDEO default default
1:52:11.624794245 [332m   19[00m 0x7f3910001860 [37mDEBUG  [00m [00m     KurentoMediaSet MediaSet.cpp:470:async_delete:[00m Destroying WebRtcEndpoint -> 90a90aa8-5a75-416b-b2de-bbdea0273842_kurento.MediaPipeline/6705b08a-50ce-4e2d-853b-bc17fba21959_kurento.WebRtcEndpoint
1:52:11.625886959 [332m   19[00m 0x7f38ac001ea0 [37mDEBUG  [00m [00mKurentoWebSocketTransport WebSocketTransport.cpp:460:processMessage:[00m Message: {"jsonrpc":"2.0","method":"unsubscribe","params":{"object":"90a90aa8-5a75-416b-b2de-bbdea0273842_kurento.MediaPipeline/6705b08a-50ce-4e2d-853b-bc17fba21959_kurento.WebRtcEndpoint","subscription":"6565bffb-b6b7-4b06-9ee7-9279915e0bef","sessionId":"8b62d243-fa2d-476b-984a-8edb1be1af25"},"id":268}
1:52:11.626106226 [332m   19[00m 0x7f38ac001ea0 [37mDEBUG  [00m [00mKurentoWebSocketTransport WebSocketTransport.cpp:462:processMessage:[00m Response: {"id":268,"jsonrpc":"2.0","result":{"sessionId":"8b62d243-fa2d-476b-984a-8edb1be1af25"}}
1:53:00.458473711 [332m   19[00m 0x7f38a8001400 [36mINFO   [00m [00mKurentoWebSocketTransport WebSocketTransport.cpp:296:keepAliveSessions:[00m Keep alive 8b62d243-fa2d-476b-984a-8edb1be1af25
1:53:00.965303698 [332m   19[00m 0x7f38f0001810 [37mDEBUG  [00m [00mKurentoWebSocketTransport WebSocketTransport.cpp:460:processMessage:[00m Message: {"jsonrpc":"2.0","method":"ping","id":269}
1:53:00.965493944 [332m   19[00m 0x7f38f0001810 [36mINFO   [00m [00mKurentoServerMethods ServerMethods.cpp:814:ping:[00m WebSocket Ping/Pong with sessionId 8b62d243-fa2d-476b-984a-8edb1be1af25
1:53:00.965646677 [332m   19[00m 0x7f38f0001810 [37mDEBUG  [00m [00mKurentoWebSocketTransport WebSocketTransport.cpp:462:processMessage:[00m Response: {"id":269,"jsonrpc":"2.0","result":{"sessionId":"8b62d243-fa2d-476b-984a-8edb1be1af25","value":"pong"}}
1:54:00.458662750 [332m   19[00m 0x7f38a8001400 [36mINFO   [00m [00mKurentoWebSocketTransport WebSocketTransport.cpp:296:keepAliveSessions:[00m Keep alive 8b62d243-fa2d-476b-984a-8edb1be1af25
1:54:00.972869979 [332m   19[00m 0x7f3900001840 [37mDEBUG  [00m [00mKurentoWebSocketTransport WebSocketTransport.cpp:460:processMessage:[00m Message: {"jsonrpc":"2.0","method":"ping","id":270}
1:54:00.973035249 [332m   19[00m 0x7f3900001840 [36mINFO   [00m [00mKurentoServerMethods ServerMethods.cpp:814:ping:[00m WebSocket Ping/Pong with sessionId 8b62d243-fa2d-476b-984a-8edb1be1af25
1:54:00.973331057 [332m   19[00m 0x7f3900001840 [37mDEBUG  [00m [00mKurentoWebSocketTransport WebSocketTransport.cpp:462:processMessage:[00m Response: {"id":270,"jsonrpc":"2.0","result":{"sessionId":"8b62d243-fa2d-476b-984a-8edb1be1af25","value":"pong"}}
1:55:00.458844085 [332m   19[00m 0x7f38a8001400 [36mINFO   [00m [00mKurentoWebSocketTransport WebSocketTransport.cpp:296:keepAliveSessions:[00m Keep alive 8b62d243-fa2d-476b-984a-8edb1be1af25
1:55:00.981641733 [332m   19[00m 0x7f38a0001780 [37mDEBUG  [00m [00mKurentoWebSocketTransport WebSocketTransport.cpp:460:processMessage:[00m Message: {"jsonrpc":"2.0","method":"ping","id":271}
1:55:00.981800453 [332m   19[00m 0x7f38a0001780 [36mINFO   [00m [00mKurentoServerMethods ServerMethods.cpp:814:ping:[00m WebSocket Ping/Pong with sessionId 8b62d243-fa2d-476b-984a-8edb1be1af25
1:55:00.982120240 [332m   19[00m 0x7f38a0001780 [37mDEBUG  [00m [00mKurentoWebSocketTransport WebSocketTransport.cpp:462:processMessage:[00m Response: {"id":271,"jsonrpc":"2.0","result":{"sessionId":"8b62d243-fa2d-476b-984a-8edb1be1af25","value":"pong"}}
1:55:18.285086537 [332m   19[00m 0x7f38dc001b20 [37mDEBUG  [00m [00mKurentoWebSocketTransport WebSocketTransport.cpp:460:processMessage:[00m Message: {"jsonrpc":"2.0","method":"release","params":{"object":"90a90aa8-5a75-416b-b2de-bbdea0273842_kurento.MediaPipeline/622a9ebb-c6f5-4a10-9827-58f990be838d_kurento.WebRtcEndpoint","sessionId":"8b62d243-fa2d-476b-984a-8edb1be1af25"},"id":272}
1:55:18.285638884 [332m   19[00m 0x7f38dc001b20 [37mDEBUG  [00m [00mKurentoWebSocketTransport WebSocketTransport.cpp:462:processMessage:[00m Response: {"id":272,"jsonrpc":"2.0","result":{"sessionId":"8b62d243-fa2d-476b-984a-8edb1be1af25"}}
1:55:18.285643443 [332m   19[00m 0x7f38fc001960 [37mDEBUG  [00m [00mKurentoMediaElementImpl MediaElementImpl.cpp:1028:disconnect:[00m Disconnecting 90a90aa8-5a75-416b-b2de-bbdea0273842_kurento.MediaPipeline/96a2df76-e18c-45b0-b112-2edf551a9884_datachannelexample.KmsSendData - 90a90aa8-5a75-416b-b2de-bbdea0273842_kurento.MediaPipeline/622a9ebb-c6f5-4a10-9827-58f990be838d_kurento.WebRtcEndpoint params AUDIO default default
1:55:18.285984802 [332m   19[00m 0x7f38fc001960 [37mDEBUG  [00m [00mKurentoMediaElementImpl MediaElementImpl.cpp:1028:disconnect:[00m Disconnecting 90a90aa8-5a75-416b-b2de-bbdea0273842_kurento.MediaPipeline/96a2df76-e18c-45b0-b112-2edf551a9884_datachannelexample.KmsSendData - 90a90aa8-5a75-416b-b2de-bbdea0273842_kurento.MediaPipeline/622a9ebb-c6f5-4a10-9827-58f990be838d_kurento.WebRtcEndpoint params DATA default default
1:55:18.286061304 [332m   19[00m 0x7f38fc001960 [37mDEBUG  [00m [00mKurentoMediaElementImpl MediaElementImpl.cpp:1028:disconnect:[00m Disconnecting 90a90aa8-5a75-416b-b2de-bbdea0273842_kurento.MediaPipeline/96a2df76-e18c-45b0-b112-2edf551a9884_datachannelexample.KmsSendData - 90a90aa8-5a75-416b-b2de-bbdea0273842_kurento.MediaPipeline/622a9ebb-c6f5-4a10-9827-58f990be838d_kurento.WebRtcEndpoint params VIDEO default default
1:55:18.286201767 [332m   19[00m 0x7f38fc001960 [37mDEBUG  [00m [00m     KurentoMediaSet MediaSet.cpp:470:async_delete:[00m Destroying WebRtcEndpoint -> 90a90aa8-5a75-416b-b2de-bbdea0273842_kurento.MediaPipeline/622a9ebb-c6f5-4a10-9827-58f990be838d_kurento.WebRtcEndpoint
1:55:18.287263867 [332m   19[00m 0x7f38a8001b60 [37mDEBUG  [00m [00mKurentoWebSocketTransport WebSocketTransport.cpp:460:processMessage:[00m Message: {"jsonrpc":"2.0","method":"unsubscribe","params":{"object":"90a90aa8-5a75-416b-b2de-bbdea0273842_kurento.MediaPipeline/622a9ebb-c6f5-4a10-9827-58f990be838d_kurento.WebRtcEndpoint","subscription":"23aec4e2-3e8a-42ca-85e6-f0b21e9fb868","sessionId":"8b62d243-fa2d-476b-984a-8edb1be1af25"},"id":273}
1:55:18.287464458 [332m   19[00m 0x7f38a8001b60 [37mDEBUG  [00m [00mKurentoWebSocketTransport WebSocketTransport.cpp:462:processMessage:[00m Response: {"id":273,"jsonrpc":"2.0","result":{"sessionId":"8b62d243-fa2d-476b-984a-8edb1be1af25"}}
1:56:00.429766658 [332m   19[00m 0x7f38e8001c40 [37mDEBUG  [00m [00m     KurentoMediaSet MediaSet.cpp:123:doGarbageCollection:[00m Running garbage collector
1:56:00.459022738 [332m   19[00m 0x7f38a8001400 [36mINFO   [00m [00mKurentoWebSocketTransport WebSocketTransport.cpp:296:keepAliveSessions:[00m Keep alive 8b62d243-fa2d-476b-984a-8edb1be1af25
1:56:00.983238984 [332m   19[00m 0x7f38d4001c60 [37mDEBUG  [00m [00mKurentoWebSocketTransport WebSocketTransport.cpp:460:processMessage:[00m Message: {"jsonrpc":"2.0","method":"ping","id":274}
1:56:00.983402929 [332m   19[00m 0x7f38d4001c60 [36mINFO   [00m [00mKurentoServerMethods ServerMethods.cpp:814:ping:[00m WebSocket Ping/Pong with sessionId 8b62d243-fa2d-476b-984a-8edb1be1af25
1:56:00.983527413 [332m   19[00m 0x7f38d4001c60 [37mDEBUG  [00m [00mKurentoWebSocketTransport WebSocketTransport.cpp:462:processMessage:[00m Response: {"id":274,"jsonrpc":"2.0","result":{"sessionId":"8b62d243-fa2d-476b-984a-8edb1be1af25","value":"pong"}}
1:57:00.459196951 [332m   19[00m 0x7f38a8001400 [36mINFO   [00m [00mKurentoWebSocketTransport WebSocketTransport.cpp:296:keepAliveSessions:[00m Keep alive 8b62d243-fa2d-476b-984a-8edb1be1af25
1:57:00.992090832 [332m   19[00m 0x7f38ec007300 [37mDEBUG  [00m [00mKurentoWebSocketTransport WebSocketTransport.cpp:460:processMessage:[00m Message: {"jsonrpc":"2.0","method":"ping","id":275}
1:57:00.992267789 [332m   19[00m 0x7f38ec007300 [36mINFO   [00m [00mKurentoServerMethods ServerMethods.cpp:814:ping:[00m WebSocket Ping/Pong with sessionId 8b62d243-fa2d-476b-984a-8edb1be1af25
1:57:00.992399327 [332m   19[00m 0x7f38ec007300 [37mDEBUG  [00m [00mKurentoWebSocketTransport WebSocketTransport.cpp:462:processMessage:[00m Response: {"id":275,"jsonrpc":"2.0","result":{"sessionId":"8b62d243-fa2d-476b-984a-8edb1be1af25","value":"pong"}}
1:58:00.459381035 [332m   19[00m 0x7f38a8001400 [36mINFO   [00m [00mKurentoWebSocketTransport WebSocketTransport.cpp:296:keepAliveSessions:[00m Keep alive 8b62d243-fa2d-476b-984a-8edb1be1af25
1:58:00.994586973 [332m   19[00m 0x7f38e4002180 [37mDEBUG  [00m [00mKurentoWebSocketTransport WebSocketTransport.cpp:460:processMessage:[00m Message: {"jsonrpc":"2.0","method":"ping","id":276}
1:58:00.995038787 [332m   19[00m 0x7f38e4002180 [36mINFO   [00m [00mKurentoServerMethods ServerMethods.cpp:814:ping:[00m WebSocket Ping/Pong with sessionId 8b62d243-fa2d-476b-984a-8edb1be1af25
1:58:00.995166244 [332m   19[00m 0x7f38e4002180 [37mDEBUG  [00m [00mKurentoWebSocketTransport WebSocketTransport.cpp:462:processMessage:[00m Response: {"id":276,"jsonrpc":"2.0","result":{"sessionId":"8b62d243-fa2d-476b-984a-8edb1be1af25","value":"pong"}}
1:59:00.459588278 [332m   19[00m 0x7f38a8001400 [36mINFO   [00m [00mKurentoWebSocketTransport WebSocketTransport.cpp:296:keepAliveSessions:[00m Keep alive 8b62d243-fa2d-476b-984a-8edb1be1af25
1:59:00.996541753 [332m   19[00m 0x7f38e0001cc0 [37mDEBUG  [00m [00mKurentoWebSocketTransport WebSocketTransport.cpp:460:processMessage:[00m Message: {"jsonrpc":"2.0","method":"ping","id":277}
1:59:00.996703600 [332m   19[00m 0x7f38e0001cc0 [36mINFO   [00m [00mKurentoServerMethods ServerMethods.cpp:814:ping:[00m WebSocket Ping/Pong with sessionId 8b62d243-fa2d-476b-984a-8edb1be1af25
1:59:00.996840594 [332m   19[00m 0x7f38e0001cc0 [37mDEBUG  [00m [00mKurentoWebSocketTransport WebSocketTransport.cpp:462:processMessage:[00m Response: {"id":277,"jsonrpc":"2.0","result":{"sessionId":"8b62d243-fa2d-476b-984a-8edb1be1af25","value":"pong"}}
2:00:00.429945507 [332m   19[00m 0x7f38e8001c40 [37mDEBUG  [00m [00m     KurentoMediaSet MediaSet.cpp:123:doGarbageCollection:[00m Running garbage collector
2:00:00.459763639 [332m   19[00m 0x7f38a8001400 [36mINFO   [00m [00mKurentoWebSocketTransport WebSocketTransport.cpp:296:keepAliveSessions:[00m Keep alive 8b62d243-fa2d-476b-984a-8edb1be1af25
2:00:01.004997056 [332m   19[00m 0x7f38ac001ea0 [37mDEBUG  [00m [00mKurentoWebSocketTransport WebSocketTransport.cpp:460:processMessage:[00m Message: {"jsonrpc":"2.0","method":"ping","id":278}
2:00:01.005349372 [332m   19[00m 0x7f38ac001ea0 [36mINFO   [00m [00mKurentoServerMethods ServerMethods.cpp:814:ping:[00m WebSocket Ping/Pong with sessionId 8b62d243-fa2d-476b-984a-8edb1be1af25
2:00:01.005620092 [332m   19[00m 0x7f38ac001ea0 [37mDEBUG  [00m [00mKurentoWebSocketTransport WebSocketTransport.cpp:462:processMessage:[00m Response: {"id":278,"jsonrpc":"2.0","result":{"sessionId":"8b62d243-fa2d-476b-984a-8edb1be1af25","value":"pong"}}
2:01:00.459954445 [332m   19[00m 0x7f38a8001400 [36mINFO   [00m [00mKurentoWebSocketTransport WebSocketTransport.cpp:296:keepAliveSessions:[00m Keep alive 8b62d243-fa2d-476b-984a-8edb1be1af25
2:01:01.007242722 [332m   19[00m 0x7f38f0001810 [37mDEBUG  [00m [00mKurentoWebSocketTransport WebSocketTransport.cpp:460:processMessage:[00m Message: {"jsonrpc":"2.0","method":"ping","id":279}
2:01:01.007408523 [332m   19[00m 0x7f38f0001810 [36mINFO   [00m [00mKurentoServerMethods ServerMethods.cpp:814:ping:[00m WebSocket Ping/Pong with sessionId 8b62d243-fa2d-476b-984a-8edb1be1af25
2:01:01.007538366 [332m   19[00m 0x7f38f0001810 [37mDEBUG  [00m [00mKurentoWebSocketTransport WebSocketTransport.cpp:462:processMessage:[00m Response: {"id":279,"jsonrpc":"2.0","result":{"sessionId":"8b62d243-fa2d-476b-984a-8edb1be1af25","value":"pong"}}
2:02:00.460157387 [332m   19[00m 0x7f38a8001400 [36mINFO   [00m [00mKurentoWebSocketTransport WebSocketTransport.cpp:296:keepAliveSessions:[00m Keep alive 8b62d243-fa2d-476b-984a-8edb1be1af25
2:02:01.015527918 [332m   19[00m 0x7f3900001840 [37mDEBUG  [00m [00mKurentoWebSocketTransport WebSocketTransport.cpp:460:processMessage:[00m Message: {"jsonrpc":"2.0","method":"ping","id":280}
2:02:01.015692831 [332m   19[00m 0x7f3900001840 [36mINFO   [00m [00mKurentoServerMethods ServerMethods.cpp:814:ping:[00m WebSocket Ping/Pong with sessionId 8b62d243-fa2d-476b-984a-8edb1be1af25
2:02:01.016109482 [332m   19[00m 0x7f3900001840 [37mDEBUG  [00m [00mKurentoWebSocketTransport WebSocketTransport.cpp:462:processMessage:[00m Response: {"id":280,"jsonrpc":"2.0","result":{"sessionId":"8b62d243-fa2d-476b-984a-8edb1be1af25","value":"pong"}}
2:03:00.460342359 [332m   19[00m 0x7f38a8001400 [36mINFO   [00m [00mKurentoWebSocketTransport WebSocketTransport.cpp:296:keepAliveSessions:[00m Keep alive 8b62d243-fa2d-476b-984a-8edb1be1af25
2:03:01.023261306 [332m   19[00m 0x7f38a0001780 [37mDEBUG  [00m [00mKurentoWebSocketTransport WebSocketTransport.cpp:460:processMessage:[00m Message: {"jsonrpc":"2.0","method":"ping","id":281}
2:03:01.023421074 [332m   19[00m 0x7f38a0001780 [36mINFO   [00m [00mKurentoServerMethods ServerMethods.cpp:814:ping:[00m WebSocket Ping/Pong with sessionId 8b62d243-fa2d-476b-984a-8edb1be1af25
2:03:01.023553349 [332m   19[00m 0x7f38a0001780 [37mDEBUG  [00m [00mKurentoWebSocketTransport WebSocketTransport.cpp:462:processMessage:[00m Response: {"id":281,"jsonrpc":"2.0","result":{"sessionId":"8b62d243-fa2d-476b-984a-8edb1be1af25","value":"pong"}}
2:04:00.430116932 [332m   19[00m 0x7f38e8001c40 [37mDEBUG  [00m [00m     KurentoMediaSet MediaSet.cpp:123:doGarbageCollection:[00m Running garbage collector
2:04:00.460511985 [332m   19[00m 0x7f38a8001400 [36mINFO   [00m [00mKurentoWebSocketTransport WebSocketTransport.cpp:296:keepAliveSessions:[00m Keep alive 8b62d243-fa2d-476b-984a-8edb1be1af25
2:04:01.030026351 [332m   19[00m 0x7f38dc001b20 [37mDEBUG  [00m [00mKurentoWebSocketTransport WebSocketTransport.cpp:460:processMessage:[00m Message: {"jsonrpc":"2.0","method":"ping","id":282}
2:04:01.030219911 [332m   19[00m 0x7f38dc001b20 [36mINFO   [00m [00mKurentoServerMethods ServerMethods.cpp:814:ping:[00m WebSocket Ping/Pong with sessionId 8b62d243-fa2d-476b-984a-8edb1be1af25
2:04:01.030366644 [332m   19[00m 0x7f38dc001b20 [37mDEBUG  [00m [00mKurentoWebSocketTransport WebSocketTransport.cpp:462:processMessage:[00m Response: {"id":282,"jsonrpc":"2.0","result":{"sessionId":"8b62d243-fa2d-476b-984a-8edb1be1af25","value":"pong"}}
2:04:17.170934394 [332m   19[00m 0x7f38a8001b60 [37mDEBUG  [00m [00mKurentoWebSocketTransport WebSocketTransport.cpp:460:processMessage:[00m Message: {"jsonrpc":"2.0","method":"create","params":{"type":"WebRtcEndpoint","constructorParams":{"mediaPipeline":"90a90aa8-5a75-416b-b2de-bbdea0273842_kurento.MediaPipeline","useDataChannels":true},"properties":{},"sessionId":"8b62d243-fa2d-476b-984a-8edb1be1af25"},"id":283}
2:04:17.173376870 [332m   19[00m 0x7f38a8001b60 [36mINFO   [00m [00mKurentoWebRtcEndpointImpl WebRtcEndpointImpl.cpp:96:remove_not_supported_codecs_from_array:<kmswebrtcendpoint9>[00m Removing not supported codec 'AMR/8000'
2:04:17.173483536 [332m   19[00m 0x7f38a8001b60 [36mINFO   [00m [00mKurentoWebRtcEndpointImpl WebRtcEndpointImpl.cpp:465:WebRtcEndpointImpl:[00m Using STUN reflexive server IP: 74.125.200.127
2:04:17.173499027 [332m   19[00m 0x7f38a8001b60 [36mINFO   [00m [00mKurentoWebRtcEndpointImpl WebRtcEndpointImpl.cpp:466:WebRtcEndpointImpl:[00m Using STUN reflexive server Port: 19302
2:04:17.173569762 [332m   19[00m 0x7f38a8001b60 [36mINFO   [00m [00mKurentoWebRtcEndpointImpl WebRtcEndpointImpl.cpp:487:WebRtcEndpointImpl:[00m TURN server IP address not found in config; NAT traversal requires either STUN or TURN server
2:04:17.174394873 [332m   19[00m 0x7f38a8001b60 [37mDEBUG  [00m [00mKurentoWebSocketTransport WebSocketTransport.cpp:462:processMessage:[00m Response: {"id":283,"jsonrpc":"2.0","result":{"sessionId":"8b62d243-fa2d-476b-984a-8edb1be1af25","value":"90a90aa8-5a75-416b-b2de-bbdea0273842_kurento.MediaPipeline/483420a9-2040-4efc-9bb8-ba644c13b6c3_kurento.WebRtcEndpoint"}}
2:04:17.178046547 [332m   19[00m 0x7f38d4001c60 [37mDEBUG  [00m [00mKurentoWebSocketTransport WebSocketTransport.cpp:460:processMessage:[00m Message: {"jsonrpc":"2.0","method":"subscribe","params":{"object":"90a90aa8-5a75-416b-b2de-bbdea0273842_kurento.MediaPipeline/483420a9-2040-4efc-9bb8-ba644c13b6c3_kurento.WebRtcEndpoint","type":"OnIceCandidate","sessionId":"8b62d243-fa2d-476b-984a-8edb1be1af25"},"id":284}
2:04:17.178360746 [332m   19[00m 0x7f38d4001c60 [37mDEBUG  [00m [00mKurentoWebSocketTransport WebSocketTransport.cpp:462:processMessage:[00m Response: {"id":284,"jsonrpc":"2.0","result":{"sessionId":"8b62d243-fa2d-476b-984a-8edb1be1af25","value":"96f76087-6f4a-4151-b87c-a39c174cf56b"}}
