0:39:59.990740795 [332m   25[00m 0x7f42b0001b50 [37mDEBUG  [00m [00mKurentoWebSocketTransport WebSocketTransport.cpp:460:processMessage:[00m Message: {"jsonrpc":"2.0","method":"invoke","params":{"object":"65ec8725-e46d-4235-aff2-deeb2f1883a6_kurento.MediaPipeline/94d42f8b-5865-4de4-9411-1e98ecb5b13c_kurento.WebRtcEndpoint","operation":"addIceCandidate","operationParams":{"candidate":{"candidate":"candidate:2 1 UDP 2122187007 abdb76ce-2f93-4a8d-87e6-1741530e1054.local 58175 typ host","sdpMid":"0","sdpMLineIndex":0,"__module__":"kurento","__type__":"IceCandidate"}},"sessionId":"07445ae2-4579-46a2-9800-486e42148f33"},"id":224}
0:39:59.990999540 [332m   25[00m 0x7f42b0001b50 [37mDEBUG  [00m [00mKurentoWebSocketTransport WebSocketTransport.cpp:462:processMessage:[00m Response: {"error":{"code":40401,"data":{"type":"ICE_ADD_CANDIDATE_ERROR"},"message":"Error adding candidate"},"id":224,"jsonrpc":"2.0"}
0:39:59.991028211 [332m   25[00m 0x7f42b0001b50 [37mDEBUG  [00m [00mKurentoWebSocketTransport WebSocketTransport.cpp:460:processMessage:[00m Message: {"jsonrpc":"2.0","method":"invoke","params":{"object":"65ec8725-e46d-4235-aff2-deeb2f1883a6_kurento.MediaPipeline/94d42f8b-5865-4de4-9411-1e98ecb5b13c_kurento.WebRtcEndpoint","operation":"addIceCandidate","operationParams":{"candidate":{"candidate":"candidate:4 1 TCP 2105524479 be3347bf-f0cc-4973-99ab-a242c167c26f.local 9 typ host tcptype active","sdpMid":"0","sdpMLineIndex":0,"__module__":"kurento","__type__":"IceCandidate"}},"sessionId":"07445ae2-4579-46a2-9800-486e42148f33"},"id":225}
0:39:59.991505630 [332m   25[00m 0x7f42b0001b50 [37mDEBUG  [00m [00mKurentoWebSocketTransport WebSocketTransport.cpp:462:processMessage:[00m Response: {"error":{"code":40401,"data":{"type":"ICE_ADD_CANDIDATE_ERROR"},"message":"Error adding candidate"},"id":225,"jsonrpc":"2.0"}
0:39:59.991612551 [332m   25[00m 0x7f42b0001b50 [37mDEBUG  [00m [00mKurentoWebSocketTransport WebSocketTransport.cpp:460:processMessage:[00m Message: {"jsonrpc":"2.0","method":"invoke","params":{"object":"65ec8725-e46d-4235-aff2-deeb2f1883a6_kurento.MediaPipeline/94d42f8b-5865-4de4-9411-1e98ecb5b13c_kurento.WebRtcEndpoint","operation":"addIceCandidate","operationParams":{"candidate":{"candidate":"candidate:5 1 TCP 2105458943 abdb76ce-2f93-4a8d-87e6-1741530e1054.local 9 typ host tcptype active","sdpMid":"0","sdpMLineIndex":0,"__module__":"kurento","__type__":"IceCandidate"}},"sessionId":"07445ae2-4579-46a2-9800-486e42148f33"},"id":226}
0:39:59.991883012 [332m   25[00m 0x7f42b0001b50 [37mDEBUG  [00m [00mKurentoWebSocketTransport WebSocketTransport.cpp:462:processMessage:[00m Response: {"error":{"code":40401,"data":{"type":"ICE_ADD_CANDIDATE_ERROR"},"message":"Error adding candidate"},"id":226,"jsonrpc":"2.0"}
0:39:59.992771329 [332m   25[00m 0x7f42a8001790 [37mDEBUG  [00m [00mKurentoWebSocketTransport WebSocketTransport.cpp:460:processMessage:[00m Message: {"jsonrpc":"2.0","method":"invoke","params":{"object":"65ec8725-e46d-4235-aff2-deeb2f1883a6_kurento.MediaPipeline/94d42f8b-5865-4de4-9411-1e98ecb5b13c_kurento.WebRtcEndpoint","operation":"addIceCandidate","operationParams":{"candidate":{"candidate":"candidate:0 2 UDP 2122252542 be3347bf-f0cc-4973-99ab-a242c167c26f.local 58177 typ host","sdpMid":"0","sdpMLineIndex":0,"__module__":"kurento","__type__":"IceCandidate"}},"sessionId":"07445ae2-4579-46a2-9800-486e42148f33"},"id":227}
0:39:59.994199930 [332m   25[00m 0x7f42a8001790 [37mDEBUG  [00m [00mKurentoWebSocketTransport WebSocketTransport.cpp:462:processMessage:[00m Response: {"error":{"code":40401,"data":{"type":"ICE_ADD_CANDIDATE_ERROR"},"message":"Error adding candidate"},"id":227,"jsonrpc":"2.0"}
0:39:59.995128831 [332m   25[00m 0x7f42f0001c90 [37mDEBUG  [00m [00mKurentoWebSocketTransport WebSocketTransport.cpp:460:processMessage:[00m Message: {"jsonrpc":"2.0","method":"invoke","params":{"object":"65ec8725-e46d-4235-aff2-deeb2f1883a6_kurento.MediaPipeline/94d42f8b-5865-4de4-9411-1e98ecb5b13c_kurento.WebRtcEndpoint","operation":"addIceCandidate","operationParams":{"candidate":{"candidate":"candidate:4 2 TCP 2105524478 be3347bf-f0cc-4973-99ab-a242c167c26f.local 9 typ host tcptype active","sdpMid":"0","sdpMLineIndex":0,"__module__":"kurento","__type__":"IceCandidate"}},"sessionId":"07445ae2-4579-46a2-9800-486e42148f33"},"id":228}
0:39:59.995928888 [332m   25[00m 0x7f42f0001c90 [37mDEBUG  [00m [00mKurentoWebSocketTransport WebSocketTransport.cpp:462:processMessage:[00m Response: {"error":{"code":40401,"data":{"type":"ICE_ADD_CANDIDATE_ERROR"},"message":"Error adding candidate"},"id":228,"jsonrpc":"2.0"}
0:39:59.996256715 [332m   25[00m 0x7f4304001840 [37mDEBUG  [00m [00mKurentoWebSocketTransport WebSocketTransport.cpp:460:processMessage:[00m Message: {"jsonrpc":"2.0","method":"invoke","params":{"object":"65ec8725-e46d-4235-aff2-deeb2f1883a6_kurento.MediaPipeline/94d42f8b-5865-4de4-9411-1e98ecb5b13c_kurento.WebRtcEndpoint","operation":"addIceCandidate","operationParams":{"candidate":{"candidate":"candidate:5 2 TCP 2105458942 abdb76ce-2f93-4a8d-87e6-1741530e1054.local 9 typ host tcptype active","sdpMid":"0","sdpMLineIndex":0,"__module__":"kurento","__type__":"IceCandidate"}},"sessionId":"07445ae2-4579-46a2-9800-486e42148f33"},"id":229}
0:39:59.996783042 [332m   25[00m 0x7f4304001840 [37mDEBUG  [00m [00mKurentoWebSocketTransport WebSocketTransport.cpp:462:processMessage:[00m Response: {"error":{"code":40401,"data":{"type":"ICE_ADD_CANDIDATE_ERROR"},"message":"Error adding candidate"},"id":229,"jsonrpc":"2.0"}
0:39:59.997407635 [332m   25[00m 0x7f42e4001c60 [37mDEBUG  [00m [00mKurentoWebSocketTransport WebSocketTransport.cpp:460:processMessage:[00m Message: {"jsonrpc":"2.0","method":"invoke","params":{"object":"65ec8725-e46d-4235-aff2-deeb2f1883a6_kurento.MediaPipeline/94d42f8b-5865-4de4-9411-1e98ecb5b13c_kurento.WebRtcEndpoint","operation":"addIceCandidate","operationParams":{"candidate":{"candidate":"candidate:0 1 UDP 2122252543 be3347bf-f0cc-4973-99ab-a242c167c26f.local 61971 typ host","sdpMid":"1","sdpMLineIndex":1,"__module__":"kurento","__type__":"IceCandidate"}},"sessionId":"07445ae2-4579-46a2-9800-486e42148f33"},"id":230}
0:39:59.998080271 [332m   25[00m 0x7f42e4001c60 [37mDEBUG  [00m [00mKurentoWebSocketTransport WebSocketTransport.cpp:462:processMessage:[00m Response: {"error":{"code":40401,"data":{"type":"ICE_ADD_CANDIDATE_ERROR"},"message":"Error adding candidate"},"id":230,"jsonrpc":"2.0"}
0:39:59.998314243 [332m   25[00m 0x7f42f80072f0 [37mDEBUG  [00m [00mKurentoWebSocketTransport WebSocketTransport.cpp:460:processMessage:[00m Message: {"jsonrpc":"2.0","method":"invoke","params":{"object":"65ec8725-e46d-4235-aff2-deeb2f1883a6_kurento.MediaPipeline/94d42f8b-5865-4de4-9411-1e98ecb5b13c_kurento.WebRtcEndpoint","operation":"addIceCandidate","operationParams":{"candidate":{"candidate":"candidate:4 1 TCP 2105524479 be3347bf-f0cc-4973-99ab-a242c167c26f.local 9 typ host tcptype active","sdpMid":"1","sdpMLineIndex":1,"__module__":"kurento","__type__":"IceCandidate"}},"sessionId":"07445ae2-4579-46a2-9800-486e42148f33"},"id":231}
0:39:59.998662363 [332m   25[00m 0x7f42f80072f0 [37mDEBUG  [00m [00mKurentoWebSocketTransport WebSocketTransport.cpp:462:processMessage:[00m Response: {"error":{"code":40401,"data":{"type":"ICE_ADD_CANDIDATE_ERROR"},"message":"Error adding candidate"},"id":231,"jsonrpc":"2.0"}
0:39:59.999959091 [332m   25[00m 0x7f42dc001810 [37mDEBUG  [00m [00mKurentoWebSocketTransport WebSocketTransport.cpp:460:processMessage:[00m Message: {"jsonrpc":"2.0","method":"invoke","params":{"object":"65ec8725-e46d-4235-aff2-deeb2f1883a6_kurento.MediaPipeline/94d42f8b-5865-4de4-9411-1e98ecb5b13c_kurento.WebRtcEndpoint","operation":"addIceCandidate","operationParams":{"candidate":{"candidate":"candidate:5 1 TCP 2105458943 abdb76ce-2f93-4a8d-87e6-1741530e1054.local 9 typ host tcptype active","sdpMid":"1","sdpMLineIndex":1,"__module__":"kurento","__type__":"IceCandidate"}},"sessionId":"07445ae2-4579-46a2-9800-486e42148f33"},"id":232}
0:40:00.000366448 [332m   25[00m 0x7f42dc001810 [37mDEBUG  [00m [00mKurentoWebSocketTransport WebSocketTransport.cpp:462:processMessage:[00m Response: {"error":{"code":40401,"data":{"type":"ICE_ADD_CANDIDATE_ERROR"},"message":"Error adding candidate"},"id":232,"jsonrpc":"2.0"}
0:40:00.000672094 [332m   25[00m 0x7f42e0001cc0 [37mDEBUG  [00m [00mKurentoWebSocketTransport WebSocketTransport.cpp:460:processMessage:[00m Message: {"jsonrpc":"2.0","method":"invoke","params":{"object":"65ec8725-e46d-4235-aff2-deeb2f1883a6_kurento.MediaPipeline/94d42f8b-5865-4de4-9411-1e98ecb5b13c_kurento.WebRtcEndpoint","operation":"addIceCandidate","operationParams":{"candidate":{"candidate":"candidate:0 2 UDP 2122252542 be3347bf-f0cc-4973-99ab-a242c167c26f.local 61972 typ host","sdpMid":"1","sdpMLineIndex":1,"__module__":"kurento","__type__":"IceCandidate"}},"sessionId":"07445ae2-4579-46a2-9800-486e42148f33"},"id":233}
0:40:00.001285227 [332m   25[00m 0x7f42e0001cc0 [37mDEBUG  [00m [00mKurentoWebSocketTransport WebSocketTransport.cpp:462:processMessage:[00m Response: {"error":{"code":40401,"data":{"type":"ICE_ADD_CANDIDATE_ERROR"},"message":"Error adding candidate"},"id":233,"jsonrpc":"2.0"}
0:40:00.001400677 [332m   25[00m 0x7f42e0001cc0 [37mDEBUG  [00m [00mKurentoWebSocketTransport WebSocketTransport.cpp:460:processMessage:[00m Message: {"jsonrpc":"2.0","method":"invoke","params":{"object":"65ec8725-e46d-4235-aff2-deeb2f1883a6_kurento.MediaPipeline/94d42f8b-5865-4de4-9411-1e98ecb5b13c_kurento.WebRtcEndpoint","operation":"addIceCandidate","operationParams":{"candidate":{"candidate":"candidate:4 2 TCP 2105524478 be3347bf-f0cc-4973-99ab-a242c167c26f.local 9 typ host tcptype active","sdpMid":"1","sdpMLineIndex":1,"__module__":"kurento","__type__":"IceCandidate"}},"sessionId":"07445ae2-4579-46a2-9800-486e42148f33"},"id":234}
0:40:00.002414371 [332m   25[00m 0x7f42e0001cc0 [37mDEBUG  [00m [00mKurentoWebSocketTransport WebSocketTransport.cpp:462:processMessage:[00m Response: {"error":{"code":40401,"data":{"type":"ICE_ADD_CANDIDATE_ERROR"},"message":"Error adding candidate"},"id":234,"jsonrpc":"2.0"}
0:40:00.002619360 [332m   25[00m 0x7f42ec001b20 [37mDEBUG  [00m [00mKurentoWebSocketTransport WebSocketTransport.cpp:460:processMessage:[00m Message: {"jsonrpc":"2.0","method":"invoke","params":{"object":"65ec8725-e46d-4235-aff2-deeb2f1883a6_kurento.MediaPipeline/94d42f8b-5865-4de4-9411-1e98ecb5b13c_kurento.WebRtcEndpoint","operation":"addIceCandidate","operationParams":{"candidate":{"candidate":"candidate:5 2 TCP 2105458942 abdb76ce-2f93-4a8d-87e6-1741530e1054.local 9 typ host tcptype active","sdpMid":"1","sdpMLineIndex":1,"__module__":"kurento","__type__":"IceCandidate"}},"sessionId":"07445ae2-4579-46a2-9800-486e42148f33"},"id":235}
0:40:00.003216659 [332m   25[00m 0x7f42ec001b20 [37mDEBUG  [00m [00mKurentoWebSocketTransport WebSocketTransport.cpp:462:processMessage:[00m Response: {"error":{"code":40401,"data":{"type":"ICE_ADD_CANDIDATE_ERROR"},"message":"Error adding candidate"},"id":235,"jsonrpc":"2.0"}
0:40:00.008733915 [332m   25[00m 0x7f4304001840 [37mDEBUG  [00m [00mKurentoWebSocketTransport WebSocketTransport.cpp:460:processMessage:[00m Message: {"jsonrpc":"2.0","method":"invoke","params":{"object":"65ec8725-e46d-4235-aff2-deeb2f1883a6_kurento.MediaPipeline/94d42f8b-5865-4de4-9411-1e98ecb5b13c_kurento.WebRtcEndpoint","operation":"gatherCandidates","sessionId":"07445ae2-4579-46a2-9800-486e42148f33"},"id":236}
0:40:00.011192416 [332m   25[00m 0x7f42e80990c0 [37mDEBUG  [00m [00mKurentoWebSocketEventHandler WebSocketEventHandler.cpp:56:sendEvent:[00m Sending event: {"jsonrpc":"2.0","method":"onEvent","params":{"value":{"data":{"candidate":{"__module__":"kurento","__type__":"IceCandidate","candidate":"candidate:1 1 UDP 2013266431 172.20.0.3 10082 typ host","sdpMLineIndex":0,"sdpMid":"0"},"source":"65ec8725-e46d-4235-aff2-deeb2f1883a6_kurento.MediaPipeline/94d42f8b-5865-4de4-9411-1e98ecb5b13c_kurento.WebRtcEndpoint","tags":[],"timestamp":"1591072905","timestampMillis":"1591072905627","type":"OnIceCandidate"},"object":"65ec8725-e46d-4235-aff2-deeb2f1883a6_kurento.MediaPipeline/94d42f8b-5865-4de4-9411-1e98ecb5b13c_kurento.WebRtcEndpoint","type":"OnIceCandidate"}}}, sessionId: 07445ae2-4579-46a2-9800-486e42148f33
0:40:00.011341456 [332m   25[00m 0x7f42e80990c0 [37mDEBUG  [00m [00mKurentoWebSocketEventHandler WebSocketEventHandler.cpp:56:sendEvent:[00m Sending event: {"jsonrpc":"2.0","method":"onEvent","params":{"value":{"data":{"candidate":{"__module__":"kurento","__type__":"IceCandidate","candidate":"candidate:1 1 UDP 2013266431 172.20.0.3 10082 typ host","sdpMLineIndex":1,"sdpMid":"1"},"source":"65ec8725-e46d-4235-aff2-deeb2f1883a6_kurento.MediaPipeline/94d42f8b-5865-4de4-9411-1e98ecb5b13c_kurento.WebRtcEndpoint","tags":[],"timestamp":"1591072905","timestampMillis":"1591072905627","type":"OnIceCandidate"},"object":"65ec8725-e46d-4235-aff2-deeb2f1883a6_kurento.MediaPipeline/94d42f8b-5865-4de4-9411-1e98ecb5b13c_kurento.WebRtcEndpoint","type":"OnIceCandidate"}}}, sessionId: 07445ae2-4579-46a2-9800-486e42148f33
0:40:00.011451788 [332m   25[00m 0x7f42e80990c0 [37mDEBUG  [00m [00mKurentoWebSocketEventHandler WebSocketEventHandler.cpp:56:sendEvent:[00m Sending event: {"jsonrpc":"2.0","method":"onEvent","params":{"value":{"data":{"candidate":{"__module__":"kurento","__type__":"IceCandidate","candidate":"candidate:2 1 TCP 1015021823 172.20.0.3 9 typ host tcptype active","sdpMLineIndex":0,"sdpMid":"0"},"source":"65ec8725-e46d-4235-aff2-deeb2f1883a6_kurento.MediaPipeline/94d42f8b-5865-4de4-9411-1e98ecb5b13c_kurento.WebRtcEndpoint","tags":[],"timestamp":"1591072905","timestampMillis":"1591072905627","type":"OnIceCandidate"},"object":"65ec8725-e46d-4235-aff2-deeb2f1883a6_kurento.MediaPipeline/94d42f8b-5865-4de4-9411-1e98ecb5b13c_kurento.WebRtcEndpoint","type":"OnIceCandidate"}}}, sessionId: 07445ae2-4579-46a2-9800-486e42148f33
0:40:00.011552832 [332m   25[00m 0x7f42e80990c0 [37mDEBUG  [00m [00mKurentoWebSocketEventHandler WebSocketEventHandler.cpp:56:sendEvent:[00m Sending event: {"jsonrpc":"2.0","method":"onEvent","params":{"value":{"data":{"candidate":{"__module__":"kurento","__type__":"IceCandidate","candidate":"candidate:2 1 TCP 1015021823 172.20.0.3 9 typ host tcptype active","sdpMLineIndex":1,"sdpMid":"1"},"source":"65ec8725-e46d-4235-aff2-deeb2f1883a6_kurento.MediaPipeline/94d42f8b-5865-4de4-9411-1e98ecb5b13c_kurento.WebRtcEndpoint","tags":[],"timestamp":"1591072905","timestampMillis":"1591072905627","type":"OnIceCandidate"},"object":"65ec8725-e46d-4235-aff2-deeb2f1883a6_kurento.MediaPipeline/94d42f8b-5865-4de4-9411-1e98ecb5b13c_kurento.WebRtcEndpoint","type":"OnIceCandidate"}}}, sessionId: 07445ae2-4579-46a2-9800-486e42148f33
0:40:00.011647524 [332m   25[00m 0x7f42e80990c0 [37mDEBUG  [00m [00mKurentoWebSocketEventHandler WebSocketEventHandler.cpp:56:sendEvent:[00m Sending event: {"jsonrpc":"2.0","method":"onEvent","params":{"value":{"data":{"candidate":{"__module__":"kurento","__type__":"IceCandidate","candidate":"candidate:3 1 TCP 1010827519 172.20.0.3 10017 typ host tcptype passive","sdpMLineIndex":0,"sdpMid":"0"},"source":"65ec8725-e46d-4235-aff2-deeb2f1883a6_kurento.MediaPipeline/94d42f8b-5865-4de4-9411-1e98ecb5b13c_kurento.WebRtcEndpoint","tags":[],"timestamp":"1591072905","timestampMillis":"1591072905628","type":"OnIceCandidate"},"object":"65ec8725-e46d-4235-aff2-deeb2f1883a6_kurento.MediaPipeline/94d42f8b-5865-4de4-9411-1e98ecb5b13c_kurento.WebRtcEndpoint","type":"OnIceCandidate"}}}, sessionId: 07445ae2-4579-46a2-9800-486e42148f33
0:40:00.011740969 [332m   25[00m 0x7f42e80990c0 [37mDEBUG  [00m [00mKurentoWebSocketEventHandler WebSocketEventHandler.cpp:56:sendEvent:[00m Sending event: {"jsonrpc":"2.0","method":"onEvent","params":{"value":{"data":{"candidate":{"__module__":"kurento","__type__":"IceCandidate","candidate":"candidate:3 1 TCP 1010827519 172.20.0.3 10017 typ host tcptype passive","sdpMLineIndex":1,"sdpMid":"1"},"source":"65ec8725-e46d-4235-aff2-deeb2f1883a6_kurento.MediaPipeline/94d42f8b-5865-4de4-9411-1e98ecb5b13c_kurento.WebRtcEndpoint","tags":[],"timestamp":"1591072905","timestampMillis":"1591072905628","type":"OnIceCandidate"},"object":"65ec8725-e46d-4235-aff2-deeb2f1883a6_kurento.MediaPipeline/94d42f8b-5865-4de4-9411-1e98ecb5b13c_kurento.WebRtcEndpoint","type":"OnIceCandidate"}}}, sessionId: 07445ae2-4579-46a2-9800-486e42148f33
0:40:00.011832447 [332m   25[00m 0x7f42e80990c0 [37mDEBUG  [00m [00mKurentoWebSocketEventHandler WebSocketEventHandler.cpp:56:sendEvent:[00m Sending event: {"jsonrpc":"2.0","method":"onEvent","params":{"value":{"data":{"candidate":{"__module__":"kurento","__type__":"IceCandidate","candidate":"candidate:1 2 UDP 2013266430 172.20.0.3 10057 typ host","sdpMLineIndex":0,"sdpMid":"0"},"source":"65ec8725-e46d-4235-aff2-deeb2f1883a6_kurento.MediaPipeline/94d42f8b-5865-4de4-9411-1e98ecb5b13c_kurento.WebRtcEndpoint","tags":[],"timestamp":"1591072905","timestampMillis":"1591072905628","type":"OnIceCandidate"},"object":"65ec8725-e46d-4235-aff2-deeb2f1883a6_kurento.MediaPipeline/94d42f8b-5865-4de4-9411-1e98ecb5b13c_kurento.WebRtcEndpoint","type":"OnIceCandidate"}}}, sessionId: 07445ae2-4579-46a2-9800-486e42148f33
0:40:00.011926510 [332m   25[00m 0x7f42e80990c0 [37mDEBUG  [00m [00mKurentoWebSocketEventHandler WebSocketEventHandler.cpp:56:sendEvent:[00m Sending event: {"jsonrpc":"2.0","method":"onEvent","params":{"value":{"data":{"candidate":{"__module__":"kurento","__type__":"IceCandidate","candidate":"candidate:1 2 UDP 2013266430 172.20.0.3 10057 typ host","sdpMLineIndex":1,"sdpMid":"1"},"source":"65ec8725-e46d-4235-aff2-deeb2f1883a6_kurento.MediaPipeline/94d42f8b-5865-4de4-9411-1e98ecb5b13c_kurento.WebRtcEndpoint","tags":[],"timestamp":"1591072905","timestampMillis":"1591072905628","type":"OnIceCandidate"},"object":"65ec8725-e46d-4235-aff2-deeb2f1883a6_kurento.MediaPipeline/94d42f8b-5865-4de4-9411-1e98ecb5b13c_kurento.WebRtcEndpoint","type":"OnIceCandidate"}}}, sessionId: 07445ae2-4579-46a2-9800-486e42148f33
0:40:00.012086933 [332m   25[00m 0x7f42e80990c0 [37mDEBUG  [00m [00mKurentoWebSocketEventHandler WebSocketEventHandler.cpp:56:sendEvent:[00m Sending event: {"jsonrpc":"2.0","method":"onEvent","params":{"value":{"data":{"candidate":{"__module__":"kurento","__type__":"IceCandidate","candidate":"candidate:2 2 TCP 1015021822 172.20.0.3 9 typ host tcptype active","sdpMLineIndex":0,"sdpMid":"0"},"source":"65ec8725-e46d-4235-aff2-deeb2f1883a6_kurento.MediaPipeline/94d42f8b-5865-4de4-9411-1e98ecb5b13c_kurento.WebRtcEndpoint","tags":[],"timestamp":"1591072905","timestampMillis":"1591072905628","type":"OnIceCandidate"},"object":"65ec8725-e46d-4235-aff2-deeb2f1883a6_kurento.MediaPipeline/94d42f8b-5865-4de4-9411-1e98ecb5b13c_kurento.WebRtcEndpoint","type":"OnIceCandidate"}}}, sessionId: 07445ae2-4579-46a2-9800-486e42148f33
0:40:00.012180418 [332m   25[00m 0x7f42e80990c0 [37mDEBUG  [00m [00mKurentoWebSocketEventHandler WebSocketEventHandler.cpp:56:sendEvent:[00m Sending event: {"jsonrpc":"2.0","method":"onEvent","params":{"value":{"data":{"candidate":{"__module__":"kurento","__type__":"IceCandidate","candidate":"candidate:2 2 TCP 1015021822 172.20.0.3 9 typ host tcptype active","sdpMLineIndex":1,"sdpMid":"1"},"source":"65ec8725-e46d-4235-aff2-deeb2f1883a6_kurento.MediaPipeline/94d42f8b-5865-4de4-9411-1e98ecb5b13c_kurento.WebRtcEndpoint","tags":[],"timestamp":"1591072905","timestampMillis":"1591072905628","type":"OnIceCandidate"},"object":"65ec8725-e46d-4235-aff2-deeb2f1883a6_kurento.MediaPipeline/94d42f8b-5865-4de4-9411-1e98ecb5b13c_kurento.WebRtcEndpoint","type":"OnIceCandidate"}}}, sessionId: 07445ae2-4579-46a2-9800-486e42148f33
0:40:00.012320558 [332m   25[00m 0x7f42e80990c0 [37mDEBUG  [00m [00mKurentoWebSocketEventHandler WebSocketEventHandler.cpp:56:sendEvent:[00m Sending event: {"jsonrpc":"2.0","method":"onEvent","params":{"value":{"data":{"candidate":{"__module__":"kurento","__type__":"IceCandidate","candidate":"candidate:3 2 TCP 1010827518 172.20.0.3 10077 typ host tcptype passive","sdpMLineIndex":0,"sdpMid":"0"},"source":"65ec8725-e46d-4235-aff2-deeb2f1883a6_kurento.MediaPipeline/94d42f8b-5865-4de4-9411-1e98ecb5b13c_kurento.WebRtcEndpoint","tags":[],"timestamp":"1591072905","timestampMillis":"1591072905628","type":"OnIceCandidate"},"object":"65ec8725-e46d-4235-aff2-deeb2f1883a6_kurento.MediaPipeline/94d42f8b-5865-4de4-9411-1e98ecb5b13c_kurento.WebRtcEndpoint","type":"OnIceCandidate"}}}, sessionId: 07445ae2-4579-46a2-9800-486e42148f33
0:40:00.012412932 [332m   25[00m 0x7f4304001840 [37mDEBUG  [00m [00mKurentoWebSocketTransport WebSocketTransport.cpp:462:processMessage:[00m Response: {"id":236,"jsonrpc":"2.0","result":{"sessionId":"07445ae2-4579-46a2-9800-486e42148f33","value":null}}
0:40:00.012415167 [332m   25[00m 0x7f42e80990c0 [37mDEBUG  [00m [00mKurentoWebSocketEventHandler WebSocketEventHandler.cpp:56:sendEvent:[00m Sending event: {"jsonrpc":"2.0","method":"onEvent","params":{"value":{"data":{"candidate":{"__module__":"kurento","__type__":"IceCandidate","candidate":"candidate:3 2 TCP 1010827518 172.20.0.3 10077 typ host tcptype passive","sdpMLineIndex":1,"sdpMid":"1"},"source":"65ec8725-e46d-4235-aff2-deeb2f1883a6_kurento.MediaPipeline/94d42f8b-5865-4de4-9411-1e98ecb5b13c_kurento.WebRtcEndpoint","tags":[],"timestamp":"1591072905","timestampMillis":"1591072905628","type":"OnIceCandidate"},"object":"65ec8725-e46d-4235-aff2-deeb2f1883a6_kurento.MediaPipeline/94d42f8b-5865-4de4-9411-1e98ecb5b13c_kurento.WebRtcEndpoint","type":"OnIceCandidate"}}}, sessionId: 07445ae2-4579-46a2-9800-486e42148f33
0:40:00.012806473 [332m   25[00m 0x7f42f0001c90 [37mDEBUG  [00m [00mKurentoWebSocketTransport WebSocketTransport.cpp:460:processMessage:[00m Message: {"jsonrpc":"2.0","method":"invoke","params":{"object":"65ec8725-e46d-4235-aff2-deeb2f1883a6_kurento.MediaPipeline/53827330-02fb-442f-b6c4-ae29c9ce83ba_datachannelexample.KmsSendData","operation":"connect","operationParams":{"sink":"65ec8725-e46d-4235-aff2-deeb2f1883a6_kurento.MediaPipeline/94d42f8b-5865-4de4-9411-1e98ecb5b13c_kurento.WebRtcEndpoint"},"sessionId":"07445ae2-4579-46a2-9800-486e42148f33"},"id":237}
0:40:00.012944652 [332m   25[00m 0x7f42f0001c90 [37mDEBUG  [00m [00mKurentoMediaElementImpl MediaElementImpl.cpp:902:connect:[00m Connecting 65ec8725-e46d-4235-aff2-deeb2f1883a6_kurento.MediaPipeline/53827330-02fb-442f-b6c4-ae29c9ce83ba_datachannelexample.KmsSendData -> 65ec8725-e46d-4235-aff2-deeb2f1883a6_kurento.MediaPipeline/94d42f8b-5865-4de4-9411-1e98ecb5b13c_kurento.WebRtcEndpoint params AUDIO default default
0:40:00.013125821 [332m   25[00m 0x7f42f0001c90 [37mDEBUG  [00m [00mKurentoMediaElementImpl MediaElementImpl.cpp:902:connect:[00m Connecting 65ec8725-e46d-4235-aff2-deeb2f1883a6_kurento.MediaPipeline/53827330-02fb-442f-b6c4-ae29c9ce83ba_datachannelexample.KmsSendData -> 65ec8725-e46d-4235-aff2-deeb2f1883a6_kurento.MediaPipeline/94d42f8b-5865-4de4-9411-1e98ecb5b13c_kurento.WebRtcEndpoint params VIDEO default default
0:40:00.013218874 [332m   25[00m 0x7f42f0001c90 [37mDEBUG  [00m [00mKurentoMediaElementImpl MediaElementImpl.cpp:902:connect:[00m Connecting 65ec8725-e46d-4235-aff2-deeb2f1883a6_kurento.MediaPipeline/53827330-02fb-442f-b6c4-ae29c9ce83ba_datachannelexample.KmsSendData -> 65ec8725-e46d-4235-aff2-deeb2f1883a6_kurento.MediaPipeline/94d42f8b-5865-4de4-9411-1e98ecb5b13c_kurento.WebRtcEndpoint params DATA default default
0:40:00.013381867 [332m   25[00m 0x7f42f0001c90 [37mDEBUG  [00m [00mKurentoWebSocketTransport WebSocketTransport.cpp:462:processMessage:[00m Response: {"id":237,"jsonrpc":"2.0","result":{"sessionId":"07445ae2-4579-46a2-9800-486e42148f33","value":null}}
0:40:00.021462358 [332m   25[00m 0x7f42e4001c60 [37mDEBUG  [00m [00mKurentoWebSocketTransport WebSocketTransport.cpp:460:processMessage:[00m Message: {"jsonrpc":"2.0","method":"invoke","params":{"object":"65ec8725-e46d-4235-aff2-deeb2f1883a6_kurento.MediaPipeline/94d42f8b-5865-4de4-9411-1e98ecb5b13c_kurento.WebRtcEndpoint","operation":"addIceCandidate","operationParams":{"candidate":{"candidate":"candidate:1 1 UDP 1686052863 110.169.230.176 58176 typ srflx raddr 0.0.0.0 rport 0","sdpMid":"0","sdpMLineIndex":0,"__module__":"kurento","__type__":"IceCandidate"}},"sessionId":"07445ae2-4579-46a2-9800-486e42148f33"},"id":238}
0:40:00.022354883 [332m   25[00m 0x7f42e4001c60 [37mDEBUG  [00m [00mKurentoWebSocketTransport WebSocketTransport.cpp:462:processMessage:[00m Response: {"id":238,"jsonrpc":"2.0","result":{"sessionId":"07445ae2-4579-46a2-9800-486e42148f33","value":null}}
0:40:00.042906072 [332m   25[00m 0x7f42f4002180 [37mDEBUG  [00m [00mKurentoWebSocketTransport WebSocketTransport.cpp:460:processMessage:[00m Message: {"jsonrpc":"2.0","method":"invoke","params":{"object":"65ec8725-e46d-4235-aff2-deeb2f1883a6_kurento.MediaPipeline/94d42f8b-5865-4de4-9411-1e98ecb5b13c_kurento.WebRtcEndpoint","operation":"addIceCandidate","operationParams":{"candidate":{"candidate":"candidate:1 2 UDP 1686052862 110.169.230.176 58177 typ srflx raddr 0.0.0.0 rport 0","sdpMid":"0","sdpMLineIndex":0,"__module__":"kurento","__type__":"IceCandidate"}},"sessionId":"07445ae2-4579-46a2-9800-486e42148f33"},"id":239}
0:40:00.042996607 [332m   25[00m 0x7f42e80990c0 [37mDEBUG  [00m [00mKurentoWebSocketEventHandler WebSocketEventHandler.cpp:56:sendEvent:[00m Sending event: {"jsonrpc":"2.0","method":"onEvent","params":{"value":{"data":{"candidate":{"__module__":"kurento","__type__":"IceCandidate","candidate":"candidate:4 1 UDP 1677722111 203.151.20.94 10082 typ srflx raddr 172.20.0.3 rport 10082","sdpMLineIndex":0,"sdpMid":"0"},"source":"65ec8725-e46d-4235-aff2-deeb2f1883a6_kurento.MediaPipeline/94d42f8b-5865-4de4-9411-1e98ecb5b13c_kurento.WebRtcEndpoint","tags":[],"timestamp":"1591072905","timestampMillis":"1591072905658","type":"OnIceCandidate"},"object":"65ec8725-e46d-4235-aff2-deeb2f1883a6_kurento.MediaPipeline/94d42f8b-5865-4de4-9411-1e98ecb5b13c_kurento.WebRtcEndpoint","type":"OnIceCandidate"}}}, sessionId: 07445ae2-4579-46a2-9800-486e42148f33
0:40:00.043529774 [332m   25[00m 0x7f42e80990c0 [37mDEBUG  [00m [00mKurentoWebSocketEventHandler WebSocketEventHandler.cpp:56:sendEvent:[00m Sending event: {"jsonrpc":"2.0","method":"onEvent","params":{"value":{"data":{"candidate":{"__module__":"kurento","__type__":"IceCandidate","candidate":"candidate:4 1 UDP 1677722111 203.151.20.94 10082 typ srflx raddr 172.20.0.3 rport 10082","sdpMLineIndex":1,"sdpMid":"1"},"source":"65ec8725-e46d-4235-aff2-deeb2f1883a6_kurento.MediaPipeline/94d42f8b-5865-4de4-9411-1e98ecb5b13c_kurento.WebRtcEndpoint","tags":[],"timestamp":"1591072905","timestampMillis":"1591072905659","type":"OnIceCandidate"},"object":"65ec8725-e46d-4235-aff2-deeb2f1883a6_kurento.MediaPipeline/94d42f8b-5865-4de4-9411-1e98ecb5b13c_kurento.WebRtcEndpoint","type":"OnIceCandidate"}}}, sessionId: 07445ae2-4579-46a2-9800-486e42148f33
0:40:00.044208714 [332m   25[00m 0x7f42e80990c0 [37mDEBUG  [00m [00mKurentoWebSocketEventHandler WebSocketEventHandler.cpp:56:sendEvent:[00m Sending event: {"jsonrpc":"2.0","method":"onEvent","params":{"value":{"data":{"candidate":{"__module__":"kurento","__type__":"IceCandidate","candidate":"candidate:5 1 TCP 847249663 203.151.20.94 9 typ srflx raddr 172.20.0.3 rport 9 tcptype active","sdpMLineIndex":0,"sdpMid":"0"},"source":"65ec8725-e46d-4235-aff2-deeb2f1883a6_kurento.MediaPipeline/94d42f8b-5865-4de4-9411-1e98ecb5b13c_kurento.WebRtcEndpoint","tags":[],"timestamp":"1591072905","timestampMillis":"1591072905660","type":"OnIceCandidate"},"object":"65ec8725-e46d-4235-aff2-deeb2f1883a6_kurento.MediaPipeline/94d42f8b-5865-4de4-9411-1e98ecb5b13c_kurento.WebRtcEndpoint","type":"OnIceCandidate"}}}, sessionId: 07445ae2-4579-46a2-9800-486e42148f33
0:40:00.044237459 [332m   25[00m 0x7f42f4002180 [37mDEBUG  [00m [00mKurentoWebSocketTransport WebSocketTransport.cpp:462:processMessage:[00m Response: {"id":239,"jsonrpc":"2.0","result":{"sessionId":"07445ae2-4579-46a2-9800-486e42148f33","value":null}}
0:40:00.044517811 [332m   25[00m 0x7f42e80990c0 [37mDEBUG  [00m [00mKurentoWebSocketEventHandler WebSocketEventHandler.cpp:56:sendEvent:[00m Sending event: {"jsonrpc":"2.0","method":"onEvent","params":{"value":{"data":{"candidate":{"__module__":"kurento","__type__":"IceCandidate","candidate":"candidate:5 1 TCP 847249663 203.151.20.94 9 typ srflx raddr 172.20.0.3 rport 9 tcptype active","sdpMLineIndex":1,"sdpMid":"1"},"source":"65ec8725-e46d-4235-aff2-deeb2f1883a6_kurento.MediaPipeline/94d42f8b-5865-4de4-9411-1e98ecb5b13c_kurento.WebRtcEndpoint","tags":[],"timestamp":"1591072905","timestampMillis":"1591072905660","type":"OnIceCandidate"},"object":"65ec8725-e46d-4235-aff2-deeb2f1883a6_kurento.MediaPipeline/94d42f8b-5865-4de4-9411-1e98ecb5b13c_kurento.WebRtcEndpoint","type":"OnIceCandidate"}}}, sessionId: 07445ae2-4579-46a2-9800-486e42148f33
0:40:00.044783993 [332m   25[00m 0x7f42e80990c0 [37mDEBUG  [00m [00mKurentoWebSocketEventHandler WebSocketEventHandler.cpp:56:sendEvent:[00m Sending event: {"jsonrpc":"2.0","method":"onEvent","params":{"value":{"data":{"candidate":{"__module__":"kurento","__type__":"IceCandidate","candidate":"candidate:6 1 TCP 843055359 203.151.20.94 10017 typ srflx raddr 172.20.0.3 rport 10017 tcptype passive","sdpMLineIndex":0,"sdpMid":"0"},"source":"65ec8725-e46d-4235-aff2-deeb2f1883a6_kurento.MediaPipeline/94d42f8b-5865-4de4-9411-1e98ecb5b13c_kurento.WebRtcEndpoint","tags":[],"timestamp":"1591072905","timestampMillis":"1591072905661","type":"OnIceCandidate"},"object":"65ec8725-e46d-4235-aff2-deeb2f1883a6_kurento.MediaPipeline/94d42f8b-5865-4de4-9411-1e98ecb5b13c_kurento.WebRtcEndpoint","type":"OnIceCandidate"}}}, sessionId: 07445ae2-4579-46a2-9800-486e42148f33
0:40:00.045060707 [332m   25[00m 0x7f42b0001b50 [37mDEBUG  [00m [00mKurentoWebSocketTransport WebSocketTransport.cpp:460:processMessage:[00m Message: {"jsonrpc":"2.0","method":"invoke","params":{"object":"65ec8725-e46d-4235-aff2-deeb2f1883a6_kurento.MediaPipeline/94d42f8b-5865-4de4-9411-1e98ecb5b13c_kurento.WebRtcEndpoint","operation":"addIceCandidate","operationParams":{"candidate":{"candidate":"","sdpMid":"0","sdpMLineIndex":0,"__module__":"kurento","__type__":"IceCandidate"}},"sessionId":"07445ae2-4579-46a2-9800-486e42148f33"},"id":240}
0:40:00.045125452 [332m   25[00m 0x7f42e80990c0 [37mDEBUG  [00m [00mKurentoWebSocketEventHandler WebSocketEventHandler.cpp:56:sendEvent:[00m Sending event: {"jsonrpc":"2.0","method":"onEvent","params":{"value":{"data":{"candidate":{"__module__":"kurento","__type__":"IceCandidate","candidate":"candidate:6 1 TCP 843055359 203.151.20.94 10017 typ srflx raddr 172.20.0.3 rport 10017 tcptype passive","sdpMLineIndex":1,"sdpMid":"1"},"source":"65ec8725-e46d-4235-aff2-deeb2f1883a6_kurento.MediaPipeline/94d42f8b-5865-4de4-9411-1e98ecb5b13c_kurento.WebRtcEndpoint","tags":[],"timestamp":"1591072905","timestampMillis":"1591072905661","type":"OnIceCandidate"},"object":"65ec8725-e46d-4235-aff2-deeb2f1883a6_kurento.MediaPipeline/94d42f8b-5865-4de4-9411-1e98ecb5b13c_kurento.WebRtcEndpoint","type":"OnIceCandidate"}}}, sessionId: 07445ae2-4579-46a2-9800-486e42148f33
0:40:00.046096338 [332m   25[00m 0x7f42b0001b50 [37mDEBUG  [00m [00mKurentoWebSocketTransport WebSocketTransport.cpp:462:processMessage:[00m Response: {"error":{"code":40401,"data":{"type":"ICE_ADD_CANDIDATE_ERROR"},"message":"Error adding candidate"},"id":240,"jsonrpc":"2.0"}
0:40:00.069416632 [332m   25[00m 0x7f42f8078050 [37mDEBUG  [00m [00mKurentoWebRtcEndpointImpl WebRtcEndpointImpl.cpp:292:newSelectedPairFull:<kmswebrtcendpoint9>[00m New candidate pair selected, local: 'candidate:4 1 UDP 1677722111 203.151.20.94 10082 typ srflx raddr 172.20.0.3 rport 10082', remote: 'candidate:remote1 1 UDP 1853817087 110.169.230.176 1024 typ prflx', stream_id: '1', component_id: 1
0:40:00.437351479 [332m   25[00m 0x7f42e8001c30 [37mDEBUG  [00m [00m     KurentoMediaSet MediaSet.cpp:123:doGarbageCollection:[00m Running garbage collector
0:40:00.443505387 [332m   25[00m 0x7f42b0001410 [36mINFO   [00m [00mKurentoWebSocketTransport WebSocketTransport.cpp:296:keepAliveSessions:[00m Keep alive 07445ae2-4579-46a2-9800-486e42148f33
0:40:00.782598601 [332m   25[00m 0x7f42e4001c60 [37mDEBUG  [00m [00mKurentoWebSocketTransport WebSocketTransport.cpp:460:processMessage:[00m Message: {"jsonrpc":"2.0","method":"ping","id":241}
0:40:00.782726406 [332m   25[00m 0x7f42e4001c60 [36mINFO   [00m [00mKurentoServerMethods ServerMethods.cpp:814:ping:[00m WebSocket Ping/Pong with sessionId 07445ae2-4579-46a2-9800-486e42148f33
0:40:00.782826579 [332m   25[00m 0x7f42e4001c60 [37mDEBUG  [00m [00mKurentoWebSocketTransport WebSocketTransport.cpp:462:processMessage:[00m Response: {"id":241,"jsonrpc":"2.0","result":{"sessionId":"07445ae2-4579-46a2-9800-486e42148f33","value":"pong"}}
0:40:01.038378981 [332m   25[00m 0x7f4224002190 [37mDEBUG  [00m [00mKurentoMediaElementImpl MediaElementImpl.cpp:492:mediaFlowInStateChange:<kmswebrtcendpoint9>[00m MediaFlowInStateChange: FLOWING, pad: 'default', type: 'audio'
0:40:01.053185035 [332m   25[00m 0x7f42e4035ca0 [37mDEBUG  [00m [00mKurentoMediaElementImpl MediaElementImpl.cpp:492:mediaFlowInStateChange:<kmswebrtcendpoint9>[00m MediaFlowInStateChange: FLOWING, pad: 'default', type: 'video'
0:41:00.443928214 [332m   25[00m 0x7f42b0001410 [36mINFO   [00m [00mKurentoWebSocketTransport WebSocketTransport.cpp:296:keepAliveSessions:[00m Keep alive 07445ae2-4579-46a2-9800-486e42148f33
0:41:00.783291040 [332m   25[00m 0x7f4304001840 [37mDEBUG  [00m [00mKurentoWebSocketTransport WebSocketTransport.cpp:460:processMessage:[00m Message: {"jsonrpc":"2.0","method":"ping","id":242}
0:41:00.783497063 [332m   25[00m 0x7f4304001840 [36mINFO   [00m [00mKurentoServerMethods ServerMethods.cpp:814:ping:[00m WebSocket Ping/Pong with sessionId 07445ae2-4579-46a2-9800-486e42148f33
0:41:00.783667557 [332m   25[00m 0x7f4304001840 [37mDEBUG  [00m [00mKurentoWebSocketTransport WebSocketTransport.cpp:462:processMessage:[00m Response: {"id":242,"jsonrpc":"2.0","result":{"sessionId":"07445ae2-4579-46a2-9800-486e42148f33","value":"pong"}}
0:41:18.878050345 [332m   25[00m 0x7f42f4002180 [37mDEBUG  [00m [00mKurentoWebSocketTransport WebSocketTransport.cpp:460:processMessage:[00m Message: {"jsonrpc":"2.0","method":"create","params":{"type":"WebRtcEndpoint","constructorParams":{"mediaPipeline":"65ec8725-e46d-4235-aff2-deeb2f1883a6_kurento.MediaPipeline","useDataChannels":true},"properties":{},"sessionId":"07445ae2-4579-46a2-9800-486e42148f33"},"id":243}
0:41:18.879537532 [332m   25[00m 0x7f42f4002180 [36mINFO   [00m [00mKurentoWebRtcEndpointImpl WebRtcEndpointImpl.cpp:96:remove_not_supported_codecs_from_array:<kmswebrtcendpoint10>[00m Removing not supported codec 'AMR/8000'
0:41:18.879626465 [332m   25[00m 0x7f42f4002180 [36mINFO   [00m [00mKurentoWebRtcEndpointImpl WebRtcEndpointImpl.cpp:465:WebRtcEndpointImpl:[00m Using STUN reflexive server IP: 74.125.200.127
0:41:18.879638897 [332m   25[00m 0x7f42f4002180 [36mINFO   [00m [00mKurentoWebRtcEndpointImpl WebRtcEndpointImpl.cpp:466:WebRtcEndpointImpl:[00m Using STUN reflexive server Port: 19302
0:41:18.879700059 [332m   25[00m 0x7f42f4002180 [36mINFO   [00m [00mKurentoWebRtcEndpointImpl WebRtcEndpointImpl.cpp:487:WebRtcEndpointImpl:[00m TURN server IP address not found in config; NAT traversal requires either STUN or TURN server
0:41:18.880234203 [332m   25[00m 0x7f42f4002180 [37mDEBUG  [00m [00mKurentoWebSocketTransport WebSocketTransport.cpp:462:processMessage:[00m Response: {"id":243,"jsonrpc":"2.0","result":{"sessionId":"07445ae2-4579-46a2-9800-486e42148f33","value":"65ec8725-e46d-4235-aff2-deeb2f1883a6_kurento.MediaPipeline/d245438c-0376-499b-923c-2a9519bbb642_kurento.WebRtcEndpoint"}}
0:41:18.882832291 [332m   25[00m 0x7f42f0001c90 [37mDEBUG  [00m [00mKurentoWebSocketTransport WebSocketTransport.cpp:460:processMessage:[00m Message: {"jsonrpc":"2.0","method":"subscribe","params":{"object":"65ec8725-e46d-4235-aff2-deeb2f1883a6_kurento.MediaPipeline/d245438c-0376-499b-923c-2a9519bbb642_kurento.WebRtcEndpoint","type":"OnIceCandidate","sessionId":"07445ae2-4579-46a2-9800-486e42148f33"},"id":244}
0:41:18.883084994 [332m   25[00m 0x7f42f0001c90 [37mDEBUG  [00m [00mKurentoWebSocketTransport WebSocketTransport.cpp:462:processMessage:[00m Response: {"id":244,"jsonrpc":"2.0","result":{"sessionId":"07445ae2-4579-46a2-9800-486e42148f33","value":"6df37b86-3b35-4ba8-98f7-61302b4b54ed"}}
0:41:18.883587071 [332m   25[00m 0x7f42ec001b20 [37mDEBUG  [00m [00mKurentoWebSocketTransport WebSocketTransport.cpp:460:processMessage:[00m Message: {"jsonrpc":"2.0","method":"invoke","params":{"object":"65ec8725-e46d-4235-aff2-deeb2f1883a6_kurento.MediaPipeline/d245438c-0376-499b-923c-2a9519bbb642_kurento.WebRtcEndpoint","operation":"processOffer","operationParams":{"offer":"v=0\r\no=mozilla...THIS_IS_SDPARTA-76.0.1 703471205982785128 0 IN IP4 0.0.0.0\r\ns=-\r\nt=0 0\r\na=fingerprint:sha-256 64:2D:BA:B5:BE:85:A9:43:1F:1C:58:FE:C5:AA:19:D5:B5:41:D0:E4:B9:24:7D:1D:08:2F:14:42:FA:6D:C5:50\r\na=group:BUNDLE 0 1\r\na=ice-options:trickle\r\na=msid-semantic:WMS *\r\nm=video 9 UDP/TLS/RTP/SAVPF 120 121 126 97\r\nc=IN IP4 0.0.0.0\r\na=recvonly\r\na=extmap:3 urn:ietf:params:rtp-hdrext:sdes:mid\r\na=extmap:4 http://www.webrtc.org/experiments/rtp-hdrext/abs-send-time\r\na=extmap:5 urn:ietf:params:rtp-hdrext:toffset\r\na=extmap:6/recvonly http://www.webrtc.org/experiments/rtp-hdrext/playout-delay\r\na=fmtp:126 profile-level-id=42e01f;level-asymmetry-allowed=1;packetization-mode=1\r\na=fmtp:97 profile-level-id=42e01f;level-asymmetry-allowed=1\r\na=fmtp:120 max-fs=12288;max-fr=60\r\na=fmtp:121 max-fs=12288;max-fr=60\r\na=ice-pwd:1c97937c2ffc2fd686963c5eb9936735\r\na=ice-ufrag:5b67dad6\r\na=mid:0\r\na=rtcp-fb:120 nack\r\na=rtcp-fb:120 nack pli\r\na=rtcp-fb:120 ccm fir\r\na=rtcp-fb:120 goog-remb\r\na=rtcp-fb:121 nack\r\na=rtcp-fb:121 nack pli\r\na=rtcp-fb:121 ccm fir\r\na=rtcp-fb:121 goog-remb\r\na=rtcp-fb:126 nack\r\na=rtcp-fb:126 nack pli\r\na=rtcp-fb:126 ccm fir\r\na=rtcp-fb:126 goog-remb\r\na=rtcp-fb:97 nack\r\na=rtcp-fb:97 nack pli\r\na=rtcp-fb:97 ccm fir\r\na=rtcp-fb:97 goog-remb\r\na=rtcp-mux\r\na=rtpmap:120 VP8/90000\r\na=rtpmap:121 VP9/90000\r\na=rtpmap:126 H264/90000\r\na=rtpmap:97 H264/90000\r\na=setup:actpass\r\na=ssrc:966644915 cname:{3186f2b2-d7f2-4cd2-8f7e-7953293a29e9}\r\nm=audio 9 UDP/TLS/RTP/SAVPF 109 9 0 8 101\r\nc=IN IP4 0.0.0.0\r\na=recvonly\r\na=extmap:1 urn:ietf:params:rtp-hdrext:ssrc-audio-level\r\na=extmap:2/recvonly urn:ietf:params:rtp-hdrext:csrc-audio-level\r\na=extmap:3 urn:ietf:params:rtp-hdrext:sdes:mid\r\na=fmtp:109 maxplaybackrate=48000;stereo=1;useinbandfec=1\r\na=fmtp:101 0-15\r\na=ice-pwd:1c97937c2ffc2fd686963c5eb9936735\r\na=ice-ufrag:5b67dad6\r\na=mid:1\r\na=rtcp-mux\r\na=rtpmap:109 opus/48000/2\r\na=rtpmap:9 G722/8000/1\r\na=rtpmap:0 PCMU/8000\r\na=rtpmap:8 PCMA/8000\r\na=rtpmap:101 telephone-event/8000/1\r\na=setup:actpass\r\na=ssrc:4187200866 cname:{3186f2b2-d7f2-4cd2-8f7e-7953293a29e9}\r\n"},"sessionId":"07445ae2-4579-46a2-9800-486e42148f33"},"id":245}
0:41:18.894687508 [332m   25[00m 0x7f42ec001b20 [37mDEBUG  [00m [00mKurentoWebSocketTransport WebSocketTransport.cpp:462:processMessage:[00m Response: {"id":245,"jsonrpc":"2.0","result":{"sessionId":"07445ae2-4579-46a2-9800-486e42148f33","value":"v=0\r\no=- 3800061784 3800061784 IN IP4 0.0.0.0\r\ns=Kurento Media Server\r\nc=IN IP4 0.0.0.0\r\nt=0 0\r\na=fingerprint:sha-256 64:2D:BA:B5:BE:85:A9:43:1F:1C:58:FE:C5:AA:19:D5:B5:41:D0:E4:B9:24:7D:1D:08:2F:14:42:FA:6D:C5:50\r\na=ice-options:trickle\r\na=msid-semantic:WMS *\r\na=group:BUNDLE 0 1\r\nm=video 1 UDP/TLS/RTP/SAVPF 120 126 97\r\na=extmap:4 http://www.webrtc.org/experiments/rtp-hdrext/abs-send-time\r\na=sendonly\r\na=mid:0\r\na=rtcp:9 IN IP4 0.0.0.0\r\na=rtpmap:120 VP8/90000\r\na=rtpmap:126 H264/90000\r\na=rtpmap:97 H264/90000\r\na=rtcp-fb:120 nack\r\na=rtcp-fb:120 nack pli\r\na=rtcp-fb:120 ccm fir\r\na=rtcp-fb:120 goog-remb\r\na=rtcp-fb:126 nack\r\na=rtcp-fb:126 nack pli\r\na=rtcp-fb:126 ccm fir\r\na=rtcp-fb:126 goog-remb\r\na=rtcp-fb:97 nack\r\na=rtcp-fb:97 nack pli\r\na=rtcp-fb:97 ccm fir\r\na=rtcp-fb:97 goog-remb\r\na=fmtp:126 profile-level-id=42e01f;level-asymmetry-allowed=1;packetization-mode=1\r\na=fmtp:97 profile-level-id=42e01f;level-asymmetry-allowed=1\r\na=fmtp:120 max-fs=12288;max-fr=60\r\na=rtcp-mux\r\na=setup:active\r\na=ssrc:1038358530 cname:user2826557838@host-af3cd341\r\na=ice-ufrag:DFxX\r\na=ice-pwd:gDCR7nDIi8wtBfLqrdEiRl\r\na=fingerprint:sha-256 BC:7A:3E:D4:2B:8A:46:60:1E:4A:F1:A7:31:A4:C2:24:BD:98:69:DB:FE:87:89:AD:F6:5E:40:0F:28:F3:81:53\r\nm=audio 1 UDP/TLS/RTP/SAVPF 109 0\r\na=sendonly\r\na=mid:1\r\na=rtcp:9 IN IP4 0.0.0.0\r\na=rtpmap:109 opus/48000/2\r\na=rtpmap:0 PCMU/8000\r\na=fmtp:109 maxplaybackrate=48000;stereo=1;useinbandfec=1\r\na=rtcp-mux\r\na=setup:active\r\na=ssrc:1686036112 cname:user2826557838@host-af3cd341\r\na=ice-ufrag:DFxX\r\na=ice-pwd:gDCR7nDIi8wtBfLqrdEiRl\r\na=fingerprint:sha-256 BC:7A:3E:D4:2B:8A:46:60:1E:4A:F1:A7:31:A4:C2:24:BD:98:69:DB:FE:87:89:AD:F6:5E:40:0F:28:F3:81:53\r\n"}}
0:41:18.894845575 [332m   25[00m 0x7f42ec001b20 [37mDEBUG  [00m [00mKurentoWebSocketTransport WebSocketTransport.cpp:460:processMessage:[00m Message: {"jsonrpc":"2.0","method":"invoke","params":{"object":"65ec8725-e46d-4235-aff2-deeb2f1883a6_kurento.MediaPipeline/d245438c-0376-499b-923c-2a9519bbb642_kurento.WebRtcEndpoint","operation":"addIceCandidate","operationParams":{"candidate":{"candidate":"candidate:0 1 UDP 2122252543 543d6cd1-23e1-4d08-87fe-221461c7fe8d.local 63349 typ host","sdpMid":"0","sdpMLineIndex":0,"__module__":"kurento","__type__":"IceCandidate"}},"sessionId":"07445ae2-4579-46a2-9800-486e42148f33"},"id":246}
0:41:18.895243905 [332m   25[00m 0x7f42ec001b20 [37mDEBUG  [00m [00mKurentoWebSocketTransport WebSocketTransport.cpp:462:processMessage:[00m Response: {"error":{"code":40401,"data":{"type":"ICE_ADD_CANDIDATE_ERROR"},"message":"Error adding candidate"},"id":246,"jsonrpc":"2.0"}
0:41:18.895275897 [332m   25[00m 0x7f42ec001b20 [37mDEBUG  [00m [00mKurentoWebSocketTransport WebSocketTransport.cpp:460:processMessage:[00m Message: {"jsonrpc":"2.0","method":"invoke","params":{"object":"65ec8725-e46d-4235-aff2-deeb2f1883a6_kurento.MediaPipeline/d245438c-0376-499b-923c-2a9519bbb642_kurento.WebRtcEndpoint","operation":"addIceCandidate","operationParams":{"candidate":{"candidate":"candidate:2 1 UDP 2122187007 d1c1ed41-8b98-4f09-97cf-63499e5d5833.local 63348 typ host","sdpMid":"0","sdpMLineIndex":0,"__module__":"kurento","__type__":"IceCandidate"}},"sessionId":"07445ae2-4579-46a2-9800-486e42148f33"},"id":247}
0:41:18.895593833 [332m   25[00m 0x7f42ec001b20 [37mDEBUG  [00m [00mKurentoWebSocketTransport WebSocketTransport.cpp:462:processMessage:[00m Response: {"error":{"code":40401,"data":{"type":"ICE_ADD_CANDIDATE_ERROR"},"message":"Error adding candidate"},"id":247,"jsonrpc":"2.0"}
0:41:18.895627495 [332m   25[00m 0x7f42ec001b20 [37mDEBUG  [00m [00mKurentoWebSocketTransport WebSocketTransport.cpp:460:processMessage:[00m Message: {"jsonrpc":"2.0","method":"invoke","params":{"object":"65ec8725-e46d-4235-aff2-deeb2f1883a6_kurento.MediaPipeline/d245438c-0376-499b-923c-2a9519bbb642_kurento.WebRtcEndpoint","operation":"addIceCandidate","operationParams":{"candidate":{"candidate":"candidate:4 1 TCP 2105524479 543d6cd1-23e1-4d08-87fe-221461c7fe8d.local 9 typ host tcptype active","sdpMid":"0","sdpMLineIndex":0,"__module__":"kurento","__type__":"IceCandidate"}},"sessionId":"07445ae2-4579-46a2-9800-486e42148f33"},"id":248}
0:41:18.895941429 [332m   25[00m 0x7f42ec001b20 [37mDEBUG  [00m [00mKurentoWebSocketTransport WebSocketTransport.cpp:462:processMessage:[00m Response: {"error":{"code":40401,"data":{"type":"ICE_ADD_CANDIDATE_ERROR"},"message":"Error adding candidate"},"id":248,"jsonrpc":"2.0"}
0:41:18.896059018 [332m   25[00m 0x7f42ec001b20 [37mDEBUG  [00m [00mKurentoWebSocketTransport WebSocketTransport.cpp:460:processMessage:[00m Message: {"jsonrpc":"2.0","method":"invoke","params":{"object":"65ec8725-e46d-4235-aff2-deeb2f1883a6_kurento.MediaPipeline/d245438c-0376-499b-923c-2a9519bbb642_kurento.WebRtcEndpoint","operation":"addIceCandidate","operationParams":{"candidate":{"candidate":"candidate:5 1 TCP 2105458943 d1c1ed41-8b98-4f09-97cf-63499e5d5833.local 9 typ host tcptype active","sdpMid":"0","sdpMLineIndex":0,"__module__":"kurento","__type__":"IceCandidate"}},"sessionId":"07445ae2-4579-46a2-9800-486e42148f33"},"id":249}
0:41:18.896394983 [332m   25[00m 0x7f42ec001b20 [37mDEBUG  [00m [00mKurentoWebSocketTransport WebSocketTransport.cpp:462:processMessage:[00m Response: {"error":{"code":40401,"data":{"type":"ICE_ADD_CANDIDATE_ERROR"},"message":"Error adding candidate"},"id":249,"jsonrpc":"2.0"}
0:41:18.896425963 [332m   25[00m 0x7f42ec001b20 [37mDEBUG  [00m [00mKurentoWebSocketTransport WebSocketTransport.cpp:460:processMessage:[00m Message: {"jsonrpc":"2.0","method":"invoke","params":{"object":"65ec8725-e46d-4235-aff2-deeb2f1883a6_kurento.MediaPipeline/d245438c-0376-499b-923c-2a9519bbb642_kurento.WebRtcEndpoint","operation":"addIceCandidate","operationParams":{"candidate":{"candidate":"candidate:0 2 UDP 2122252542 543d6cd1-23e1-4d08-87fe-221461c7fe8d.local 63350 typ host","sdpMid":"0","sdpMLineIndex":0,"__module__":"kurento","__type__":"IceCandidate"}},"sessionId":"07445ae2-4579-46a2-9800-486e42148f33"},"id":250}
0:41:18.896729759 [332m   25[00m 0x7f42ec001b20 [37mDEBUG  [00m [00mKurentoWebSocketTransport WebSocketTransport.cpp:462:processMessage:[00m Response: {"error":{"code":40401,"data":{"type":"ICE_ADD_CANDIDATE_ERROR"},"message":"Error adding candidate"},"id":250,"jsonrpc":"2.0"}
0:41:18.896786419 [332m   25[00m 0x7f42ec001b20 [37mDEBUG  [00m [00mKurentoWebSocketTransport WebSocketTransport.cpp:460:processMessage:[00m Message: {"jsonrpc":"2.0","method":"invoke","params":{"object":"65ec8725-e46d-4235-aff2-deeb2f1883a6_kurento.MediaPipeline/d245438c-0376-499b-923c-2a9519bbb642_kurento.WebRtcEndpoint","operation":"addIceCandidate","operationParams":{"candidate":{"candidate":"candidate:4 2 TCP 2105524478 543d6cd1-23e1-4d08-87fe-221461c7fe8d.local 9 typ host tcptype active","sdpMid":"0","sdpMLineIndex":0,"__module__":"kurento","__type__":"IceCandidate"}},"sessionId":"07445ae2-4579-46a2-9800-486e42148f33"},"id":251}
0:41:18.897117669 [332m   25[00m 0x7f42ec001b20 [37mDEBUG  [00m [00mKurentoWebSocketTransport WebSocketTransport.cpp:462:processMessage:[00m Response: {"error":{"code":40401,"data":{"type":"ICE_ADD_CANDIDATE_ERROR"},"message":"Error adding candidate"},"id":251,"jsonrpc":"2.0"}
0:41:18.898726552 [332m   25[00m 0x7f42a8001790 [37mDEBUG  [00m [00mKurentoWebSocketTransport WebSocketTransport.cpp:460:processMessage:[00m Message: {"jsonrpc":"2.0","method":"invoke","params":{"object":"65ec8725-e46d-4235-aff2-deeb2f1883a6_kurento.MediaPipeline/d245438c-0376-499b-923c-2a9519bbb642_kurento.WebRtcEndpoint","operation":"addIceCandidate","operationParams":{"candidate":{"candidate":"candidate:5 2 TCP 2105458942 d1c1ed41-8b98-4f09-97cf-63499e5d5833.local 9 typ host tcptype active","sdpMid":"0","sdpMLineIndex":0,"__module__":"kurento","__type__":"IceCandidate"}},"sessionId":"07445ae2-4579-46a2-9800-486e42148f33"},"id":252}
0:41:18.899544831 [332m   25[00m 0x7f42a8001790 [37mDEBUG  [00m [00mKurentoWebSocketTransport WebSocketTransport.cpp:462:processMessage:[00m Response: {"error":{"code":40401,"data":{"type":"ICE_ADD_CANDIDATE_ERROR"},"message":"Error adding candidate"},"id":252,"jsonrpc":"2.0"}
0:41:18.899888332 [332m   25[00m 0x7f42f80072f0 [37mDEBUG  [00m [00mKurentoWebSocketTransport WebSocketTransport.cpp:460:processMessage:[00m Message: {"jsonrpc":"2.0","method":"invoke","params":{"object":"65ec8725-e46d-4235-aff2-deeb2f1883a6_kurento.MediaPipeline/d245438c-0376-499b-923c-2a9519bbb642_kurento.WebRtcEndpoint","operation":"addIceCandidate","operationParams":{"candidate":{"candidate":"candidate:0 1 UDP 2122252543 543d6cd1-23e1-4d08-87fe-221461c7fe8d.local 63351 typ host","sdpMid":"1","sdpMLineIndex":1,"__module__":"kurento","__type__":"IceCandidate"}},"sessionId":"07445ae2-4579-46a2-9800-486e42148f33"},"id":253}
0:41:18.900360074 [332m   25[00m 0x7f42f80072f0 [37mDEBUG  [00m [00mKurentoWebSocketTransport WebSocketTransport.cpp:462:processMessage:[00m Response: {"error":{"code":40401,"data":{"type":"ICE_ADD_CANDIDATE_ERROR"},"message":"Error adding candidate"},"id":253,"jsonrpc":"2.0"}
0:41:18.902540937 [332m   25[00m 0x7f42dc001810 [37mDEBUG  [00m [00mKurentoWebSocketTransport WebSocketTransport.cpp:460:processMessage:[00m Message: {"jsonrpc":"2.0","method":"invoke","params":{"object":"65ec8725-e46d-4235-aff2-deeb2f1883a6_kurento.MediaPipeline/d245438c-0376-499b-923c-2a9519bbb642_kurento.WebRtcEndpoint","operation":"addIceCandidate","operationParams":{"candidate":{"candidate":"candidate:4 1 TCP 2105524479 543d6cd1-23e1-4d08-87fe-221461c7fe8d.local 9 typ host tcptype active","sdpMid":"1","sdpMLineIndex":1,"__module__":"kurento","__type__":"IceCandidate"}},"sessionId":"07445ae2-4579-46a2-9800-486e42148f33"},"id":254}
0:41:18.902951263 [332m   25[00m 0x7f42dc001810 [37mDEBUG  [00m [00mKurentoWebSocketTransport WebSocketTransport.cpp:462:processMessage:[00m Response: {"error":{"code":40401,"data":{"type":"ICE_ADD_CANDIDATE_ERROR"},"message":"Error adding candidate"},"id":254,"jsonrpc":"2.0"}
