0:20:07.503584360 [332m   25[00m 0x7f42a8001790 [37mDEBUG  [00m [00mKurentoWebSocketTransport WebSocketTransport.cpp:460:processMessage:[00m Message: {"jsonrpc":"2.0","method":"invoke","params":{"object":"65ec8725-e46d-4235-aff2-deeb2f1883a6_kurento.MediaPipeline/44fdc979-26b2-4bf0-8fd2-7851c561bd23_kurento.WebRtcEndpoint","operation":"addIceCandidate","operationParams":{"candidate":{"candidate":"candidate:0 1 UDP 2122252543 3eca8913-fe79-4ce6-932a-2fc2589a0528.local 50704 typ host","sdpMid":"1","sdpMLineIndex":1,"__module__":"kurento","__type__":"IceCandidate"}},"sessionId":"07445ae2-4579-46a2-9800-486e42148f33"},"id":164}
0:20:07.504053813 [332m   25[00m 0x7f42a8001790 [37mDEBUG  [00m [00mKurentoWebSocketTransport WebSocketTransport.cpp:462:processMessage:[00m Response: {"error":{"code":40401,"data":{"type":"ICE_ADD_CANDIDATE_ERROR"},"message":"Error adding candidate"},"id":164,"jsonrpc":"2.0"}
0:20:07.510639664 [332m   25[00m 0x7f4304001840 [37mDEBUG  [00m [00mKurentoWebSocketTransport WebSocketTransport.cpp:460:processMessage:[00m Message: {"jsonrpc":"2.0","method":"invoke","params":{"object":"65ec8725-e46d-4235-aff2-deeb2f1883a6_kurento.MediaPipeline/44fdc979-26b2-4bf0-8fd2-7851c561bd23_kurento.WebRtcEndpoint","operation":"gatherCandidates","sessionId":"07445ae2-4579-46a2-9800-486e42148f33"},"id":165}
0:20:07.513529601 [332m   25[00m 0x7f42e80990c0 [37mDEBUG  [00m [00mKurentoWebSocketEventHandler WebSocketEventHandler.cpp:56:sendEvent:[00m Sending event: {"jsonrpc":"2.0","method":"onEvent","params":{"value":{"data":{"candidate":{"__module__":"kurento","__type__":"IceCandidate","candidate":"candidate:1 1 UDP 2013266431 172.20.0.3 10084 typ host","sdpMLineIndex":0,"sdpMid":"0"},"source":"65ec8725-e46d-4235-aff2-deeb2f1883a6_kurento.MediaPipeline/44fdc979-26b2-4bf0-8fd2-7851c561bd23_kurento.WebRtcEndpoint","tags":[],"timestamp":"1591071713","timestampMillis":"1591071713129","type":"OnIceCandidate"},"object":"65ec8725-e46d-4235-aff2-deeb2f1883a6_kurento.MediaPipeline/44fdc979-26b2-4bf0-8fd2-7851c561bd23_kurento.WebRtcEndpoint","type":"OnIceCandidate"}}}, sessionId: 07445ae2-4579-46a2-9800-486e42148f33
0:20:07.513877684 [332m   25[00m 0x7f42e80990c0 [37mDEBUG  [00m [00mKurentoWebSocketEventHandler WebSocketEventHandler.cpp:56:sendEvent:[00m Sending event: {"jsonrpc":"2.0","method":"onEvent","params":{"value":{"data":{"candidate":{"__module__":"kurento","__type__":"IceCandidate","candidate":"candidate:1 1 UDP 2013266431 172.20.0.3 10084 typ host","sdpMLineIndex":1,"sdpMid":"1"},"source":"65ec8725-e46d-4235-aff2-deeb2f1883a6_kurento.MediaPipeline/44fdc979-26b2-4bf0-8fd2-7851c561bd23_kurento.WebRtcEndpoint","tags":[],"timestamp":"1591071713","timestampMillis":"1591071713129","type":"OnIceCandidate"},"object":"65ec8725-e46d-4235-aff2-deeb2f1883a6_kurento.MediaPipeline/44fdc979-26b2-4bf0-8fd2-7851c561bd23_kurento.WebRtcEndpoint","type":"OnIceCandidate"}}}, sessionId: 07445ae2-4579-46a2-9800-486e42148f33
0:20:07.513991123 [332m   25[00m 0x7f42e80990c0 [37mDEBUG  [00m [00mKurentoWebSocketEventHandler WebSocketEventHandler.cpp:56:sendEvent:[00m Sending event: {"jsonrpc":"2.0","method":"onEvent","params":{"value":{"data":{"candidate":{"__module__":"kurento","__type__":"IceCandidate","candidate":"candidate:1 1 UDP 2013266431 172.20.0.3 10084 typ host","sdpMLineIndex":2,"sdpMid":"2"},"source":"65ec8725-e46d-4235-aff2-deeb2f1883a6_kurento.MediaPipeline/44fdc979-26b2-4bf0-8fd2-7851c561bd23_kurento.WebRtcEndpoint","tags":[],"timestamp":"1591071713","timestampMillis":"1591071713129","type":"OnIceCandidate"},"object":"65ec8725-e46d-4235-aff2-deeb2f1883a6_kurento.MediaPipeline/44fdc979-26b2-4bf0-8fd2-7851c561bd23_kurento.WebRtcEndpoint","type":"OnIceCandidate"}}}, sessionId: 07445ae2-4579-46a2-9800-486e42148f33
0:20:07.514089050 [332m   25[00m 0x7f42e80990c0 [37mDEBUG  [00m [00mKurentoWebSocketEventHandler WebSocketEventHandler.cpp:56:sendEvent:[00m Sending event: {"jsonrpc":"2.0","method":"onEvent","params":{"value":{"data":{"candidate":{"__module__":"kurento","__type__":"IceCandidate","candidate":"candidate:2 1 TCP 1015021823 172.20.0.3 9 typ host tcptype active","sdpMLineIndex":0,"sdpMid":"0"},"source":"65ec8725-e46d-4235-aff2-deeb2f1883a6_kurento.MediaPipeline/44fdc979-26b2-4bf0-8fd2-7851c561bd23_kurento.WebRtcEndpoint","tags":[],"timestamp":"1591071713","timestampMillis":"1591071713130","type":"OnIceCandidate"},"object":"65ec8725-e46d-4235-aff2-deeb2f1883a6_kurento.MediaPipeline/44fdc979-26b2-4bf0-8fd2-7851c561bd23_kurento.WebRtcEndpoint","type":"OnIceCandidate"}}}, sessionId: 07445ae2-4579-46a2-9800-486e42148f33
0:20:07.514190487 [332m   25[00m 0x7f42e80990c0 [37mDEBUG  [00m [00mKurentoWebSocketEventHandler WebSocketEventHandler.cpp:56:sendEvent:[00m Sending event: {"jsonrpc":"2.0","method":"onEvent","params":{"value":{"data":{"candidate":{"__module__":"kurento","__type__":"IceCandidate","candidate":"candidate:2 1 TCP 1015021823 172.20.0.3 9 typ host tcptype active","sdpMLineIndex":1,"sdpMid":"1"},"source":"65ec8725-e46d-4235-aff2-deeb2f1883a6_kurento.MediaPipeline/44fdc979-26b2-4bf0-8fd2-7851c561bd23_kurento.WebRtcEndpoint","tags":[],"timestamp":"1591071713","timestampMillis":"1591071713130","type":"OnIceCandidate"},"object":"65ec8725-e46d-4235-aff2-deeb2f1883a6_kurento.MediaPipeline/44fdc979-26b2-4bf0-8fd2-7851c561bd23_kurento.WebRtcEndpoint","type":"OnIceCandidate"}}}, sessionId: 07445ae2-4579-46a2-9800-486e42148f33
0:20:07.514282899 [332m   25[00m 0x7f42e80990c0 [37mDEBUG  [00m [00mKurentoWebSocketEventHandler WebSocketEventHandler.cpp:56:sendEvent:[00m Sending event: {"jsonrpc":"2.0","method":"onEvent","params":{"value":{"data":{"candidate":{"__module__":"kurento","__type__":"IceCandidate","candidate":"candidate:2 1 TCP 1015021823 172.20.0.3 9 typ host tcptype active","sdpMLineIndex":2,"sdpMid":"2"},"source":"65ec8725-e46d-4235-aff2-deeb2f1883a6_kurento.MediaPipeline/44fdc979-26b2-4bf0-8fd2-7851c561bd23_kurento.WebRtcEndpoint","tags":[],"timestamp":"1591071713","timestampMillis":"1591071713130","type":"OnIceCandidate"},"object":"65ec8725-e46d-4235-aff2-deeb2f1883a6_kurento.MediaPipeline/44fdc979-26b2-4bf0-8fd2-7851c561bd23_kurento.WebRtcEndpoint","type":"OnIceCandidate"}}}, sessionId: 07445ae2-4579-46a2-9800-486e42148f33
0:20:07.514371957 [332m   25[00m 0x7f42e80990c0 [37mDEBUG  [00m [00mKurentoWebSocketEventHandler WebSocketEventHandler.cpp:56:sendEvent:[00m Sending event: {"jsonrpc":"2.0","method":"onEvent","params":{"value":{"data":{"candidate":{"__module__":"kurento","__type__":"IceCandidate","candidate":"candidate:3 1 TCP 1010827519 172.20.0.3 10073 typ host tcptype passive","sdpMLineIndex":0,"sdpMid":"0"},"source":"65ec8725-e46d-4235-aff2-deeb2f1883a6_kurento.MediaPipeline/44fdc979-26b2-4bf0-8fd2-7851c561bd23_kurento.WebRtcEndpoint","tags":[],"timestamp":"1591071713","timestampMillis":"1591071713130","type":"OnIceCandidate"},"object":"65ec8725-e46d-4235-aff2-deeb2f1883a6_kurento.MediaPipeline/44fdc979-26b2-4bf0-8fd2-7851c561bd23_kurento.WebRtcEndpoint","type":"OnIceCandidate"}}}, sessionId: 07445ae2-4579-46a2-9800-486e42148f33
0:20:07.514474159 [332m   25[00m 0x7f42e80990c0 [37mDEBUG  [00m [00mKurentoWebSocketEventHandler WebSocketEventHandler.cpp:56:sendEvent:[00m Sending event: {"jsonrpc":"2.0","method":"onEvent","params":{"value":{"data":{"candidate":{"__module__":"kurento","__type__":"IceCandidate","candidate":"candidate:3 1 TCP 1010827519 172.20.0.3 10073 typ host tcptype passive","sdpMLineIndex":1,"sdpMid":"1"},"source":"65ec8725-e46d-4235-aff2-deeb2f1883a6_kurento.MediaPipeline/44fdc979-26b2-4bf0-8fd2-7851c561bd23_kurento.WebRtcEndpoint","tags":[],"timestamp":"1591071713","timestampMillis":"1591071713130","type":"OnIceCandidate"},"object":"65ec8725-e46d-4235-aff2-deeb2f1883a6_kurento.MediaPipeline/44fdc979-26b2-4bf0-8fd2-7851c561bd23_kurento.WebRtcEndpoint","type":"OnIceCandidate"}}}, sessionId: 07445ae2-4579-46a2-9800-486e42148f33
0:20:07.514564396 [332m   25[00m 0x7f42e80990c0 [37mDEBUG  [00m [00mKurentoWebSocketEventHandler WebSocketEventHandler.cpp:56:sendEvent:[00m Sending event: {"jsonrpc":"2.0","method":"onEvent","params":{"value":{"data":{"candidate":{"__module__":"kurento","__type__":"IceCandidate","candidate":"candidate:3 1 TCP 1010827519 172.20.0.3 10073 typ host tcptype passive","sdpMLineIndex":2,"sdpMid":"2"},"source":"65ec8725-e46d-4235-aff2-deeb2f1883a6_kurento.MediaPipeline/44fdc979-26b2-4bf0-8fd2-7851c561bd23_kurento.WebRtcEndpoint","tags":[],"timestamp":"1591071713","timestampMillis":"1591071713130","type":"OnIceCandidate"},"object":"65ec8725-e46d-4235-aff2-deeb2f1883a6_kurento.MediaPipeline/44fdc979-26b2-4bf0-8fd2-7851c561bd23_kurento.WebRtcEndpoint","type":"OnIceCandidate"}}}, sessionId: 07445ae2-4579-46a2-9800-486e42148f33
0:20:07.514654500 [332m   25[00m 0x7f42e80990c0 [37mDEBUG  [00m [00mKurentoWebSocketEventHandler WebSocketEventHandler.cpp:56:sendEvent:[00m Sending event: {"jsonrpc":"2.0","method":"onEvent","params":{"value":{"data":{"candidate":{"__module__":"kurento","__type__":"IceCandidate","candidate":"candidate:1 2 UDP 2013266430 172.20.0.3 10017 typ host","sdpMLineIndex":0,"sdpMid":"0"},"source":"65ec8725-e46d-4235-aff2-deeb2f1883a6_kurento.MediaPipeline/44fdc979-26b2-4bf0-8fd2-7851c561bd23_kurento.WebRtcEndpoint","tags":[],"timestamp":"1591071713","timestampMillis":"1591071713130","type":"OnIceCandidate"},"object":"65ec8725-e46d-4235-aff2-deeb2f1883a6_kurento.MediaPipeline/44fdc979-26b2-4bf0-8fd2-7851c561bd23_kurento.WebRtcEndpoint","type":"OnIceCandidate"}}}, sessionId: 07445ae2-4579-46a2-9800-486e42148f33
0:20:07.514745247 [332m   25[00m 0x7f42e80990c0 [37mDEBUG  [00m [00mKurentoWebSocketEventHandler WebSocketEventHandler.cpp:56:sendEvent:[00m Sending event: {"jsonrpc":"2.0","method":"onEvent","params":{"value":{"data":{"candidate":{"__module__":"kurento","__type__":"IceCandidate","candidate":"candidate:1 2 UDP 2013266430 172.20.0.3 10017 typ host","sdpMLineIndex":1,"sdpMid":"1"},"source":"65ec8725-e46d-4235-aff2-deeb2f1883a6_kurento.MediaPipeline/44fdc979-26b2-4bf0-8fd2-7851c561bd23_kurento.WebRtcEndpoint","tags":[],"timestamp":"1591071713","timestampMillis":"1591071713130","type":"OnIceCandidate"},"object":"65ec8725-e46d-4235-aff2-deeb2f1883a6_kurento.MediaPipeline/44fdc979-26b2-4bf0-8fd2-7851c561bd23_kurento.WebRtcEndpoint","type":"OnIceCandidate"}}}, sessionId: 07445ae2-4579-46a2-9800-486e42148f33
0:20:07.515104030 [332m   25[00m 0x7f42e80990c0 [37mDEBUG  [00m [00mKurentoWebSocketEventHandler WebSocketEventHandler.cpp:56:sendEvent:[00m Sending event: {"jsonrpc":"2.0","method":"onEvent","params":{"value":{"data":{"candidate":{"__module__":"kurento","__type__":"IceCandidate","candidate":"candidate:1 2 UDP 2013266430 172.20.0.3 10017 typ host","sdpMLineIndex":2,"sdpMid":"2"},"source":"65ec8725-e46d-4235-aff2-deeb2f1883a6_kurento.MediaPipeline/44fdc979-26b2-4bf0-8fd2-7851c561bd23_kurento.WebRtcEndpoint","tags":[],"timestamp":"1591071713","timestampMillis":"1591071713131","type":"OnIceCandidate"},"object":"65ec8725-e46d-4235-aff2-deeb2f1883a6_kurento.MediaPipeline/44fdc979-26b2-4bf0-8fd2-7851c561bd23_kurento.WebRtcEndpoint","type":"OnIceCandidate"}}}, sessionId: 07445ae2-4579-46a2-9800-486e42148f33
0:20:07.515202919 [332m   25[00m 0x7f42e80990c0 [37mDEBUG  [00m [00mKurentoWebSocketEventHandler WebSocketEventHandler.cpp:56:sendEvent:[00m Sending event: {"jsonrpc":"2.0","method":"onEvent","params":{"value":{"data":{"candidate":{"__module__":"kurento","__type__":"IceCandidate","candidate":"candidate:2 2 TCP 1015021822 172.20.0.3 9 typ host tcptype active","sdpMLineIndex":0,"sdpMid":"0"},"source":"65ec8725-e46d-4235-aff2-deeb2f1883a6_kurento.MediaPipeline/44fdc979-26b2-4bf0-8fd2-7851c561bd23_kurento.WebRtcEndpoint","tags":[],"timestamp":"1591071713","timestampMillis":"1591071713131","type":"OnIceCandidate"},"object":"65ec8725-e46d-4235-aff2-deeb2f1883a6_kurento.MediaPipeline/44fdc979-26b2-4bf0-8fd2-7851c561bd23_kurento.WebRtcEndpoint","type":"OnIceCandidate"}}}, sessionId: 07445ae2-4579-46a2-9800-486e42148f33
0:20:07.515299719 [332m   25[00m 0x7f42e80990c0 [37mDEBUG  [00m [00mKurentoWebSocketEventHandler WebSocketEventHandler.cpp:56:sendEvent:[00m Sending event: {"jsonrpc":"2.0","method":"onEvent","params":{"value":{"data":{"candidate":{"__module__":"kurento","__type__":"IceCandidate","candidate":"candidate:2 2 TCP 1015021822 172.20.0.3 9 typ host tcptype active","sdpMLineIndex":1,"sdpMid":"1"},"source":"65ec8725-e46d-4235-aff2-deeb2f1883a6_kurento.MediaPipeline/44fdc979-26b2-4bf0-8fd2-7851c561bd23_kurento.WebRtcEndpoint","tags":[],"timestamp":"1591071713","timestampMillis":"1591071713131","type":"OnIceCandidate"},"object":"65ec8725-e46d-4235-aff2-deeb2f1883a6_kurento.MediaPipeline/44fdc979-26b2-4bf0-8fd2-7851c561bd23_kurento.WebRtcEndpoint","type":"OnIceCandidate"}}}, sessionId: 07445ae2-4579-46a2-9800-486e42148f33
0:20:07.515389424 [332m   25[00m 0x7f42e80990c0 [37mDEBUG  [00m [00mKurentoWebSocketEventHandler WebSocketEventHandler.cpp:56:sendEvent:[00m Sending event: {"jsonrpc":"2.0","method":"onEvent","params":{"value":{"data":{"candidate":{"__module__":"kurento","__type__":"IceCandidate","candidate":"candidate:2 2 TCP 1015021822 172.20.0.3 9 typ host tcptype active","sdpMLineIndex":2,"sdpMid":"2"},"source":"65ec8725-e46d-4235-aff2-deeb2f1883a6_kurento.MediaPipeline/44fdc979-26b2-4bf0-8fd2-7851c561bd23_kurento.WebRtcEndpoint","tags":[],"timestamp":"1591071713","timestampMillis":"1591071713131","type":"OnIceCandidate"},"object":"65ec8725-e46d-4235-aff2-deeb2f1883a6_kurento.MediaPipeline/44fdc979-26b2-4bf0-8fd2-7851c561bd23_kurento.WebRtcEndpoint","type":"OnIceCandidate"}}}, sessionId: 07445ae2-4579-46a2-9800-486e42148f33
0:20:07.515417292 [332m   25[00m 0x7f4304001840 [37mDEBUG  [00m [00mKurentoWebSocketTransport WebSocketTransport.cpp:462:processMessage:[00m Response: {"id":165,"jsonrpc":"2.0","result":{"sessionId":"07445ae2-4579-46a2-9800-486e42148f33","value":null}}
0:20:07.515481438 [332m   25[00m 0x7f42e80990c0 [37mDEBUG  [00m [00mKurentoWebSocketEventHandler WebSocketEventHandler.cpp:56:sendEvent:[00m Sending event: {"jsonrpc":"2.0","method":"onEvent","params":{"value":{"data":{"candidate":{"__module__":"kurento","__type__":"IceCandidate","candidate":"candidate:3 2 TCP 1010827518 172.20.0.3 10035 typ host tcptype passive","sdpMLineIndex":0,"sdpMid":"0"},"source":"65ec8725-e46d-4235-aff2-deeb2f1883a6_kurento.MediaPipeline/44fdc979-26b2-4bf0-8fd2-7851c561bd23_kurento.WebRtcEndpoint","tags":[],"timestamp":"1591071713","timestampMillis":"1591071713131","type":"OnIceCandidate"},"object":"65ec8725-e46d-4235-aff2-deeb2f1883a6_kurento.MediaPipeline/44fdc979-26b2-4bf0-8fd2-7851c561bd23_kurento.WebRtcEndpoint","type":"OnIceCandidate"}}}, sessionId: 07445ae2-4579-46a2-9800-486e42148f33
0:20:07.515577837 [332m   25[00m 0x7f4304001840 [37mDEBUG  [00m [00mKurentoWebSocketTransport WebSocketTransport.cpp:460:processMessage:[00m Message: {"jsonrpc":"2.0","method":"invoke","params":{"object":"65ec8725-e46d-4235-aff2-deeb2f1883a6_kurento.MediaPipeline/44fdc979-26b2-4bf0-8fd2-7851c561bd23_kurento.WebRtcEndpoint","operation":"addIceCandidate","operationParams":{"candidate":{"candidate":"candidate:0 1 UDP 2122252543 3eca8913-fe79-4ce6-932a-2fc2589a0528.local 50701 typ host","sdpMid":"2","sdpMLineIndex":2,"__module__":"kurento","__type__":"IceCandidate"}},"sessionId":"07445ae2-4579-46a2-9800-486e42148f33"},"id":166}
0:20:07.515588607 [332m   25[00m 0x7f42e80990c0 [37mDEBUG  [00m [00mKurentoWebSocketEventHandler WebSocketEventHandler.cpp:56:sendEvent:[00m Sending event: {"jsonrpc":"2.0","method":"onEvent","params":{"value":{"data":{"candidate":{"__module__":"kurento","__type__":"IceCandidate","candidate":"candidate:3 2 TCP 1010827518 172.20.0.3 10035 typ host tcptype passive","sdpMLineIndex":1,"sdpMid":"1"},"source":"65ec8725-e46d-4235-aff2-deeb2f1883a6_kurento.MediaPipeline/44fdc979-26b2-4bf0-8fd2-7851c561bd23_kurento.WebRtcEndpoint","tags":[],"timestamp":"1591071713","timestampMillis":"1591071713131","type":"OnIceCandidate"},"object":"65ec8725-e46d-4235-aff2-deeb2f1883a6_kurento.MediaPipeline/44fdc979-26b2-4bf0-8fd2-7851c561bd23_kurento.WebRtcEndpoint","type":"OnIceCandidate"}}}, sessionId: 07445ae2-4579-46a2-9800-486e42148f33
0:20:07.515904954 [332m   25[00m 0x7f42e80990c0 [37mDEBUG  [00m [00mKurentoWebSocketEventHandler WebSocketEventHandler.cpp:56:sendEvent:[00m Sending event: {"jsonrpc":"2.0","method":"onEvent","params":{"value":{"data":{"candidate":{"__module__":"kurento","__type__":"IceCandidate","candidate":"candidate:3 2 TCP 1010827518 172.20.0.3 10035 typ host tcptype passive","sdpMLineIndex":2,"sdpMid":"2"},"source":"65ec8725-e46d-4235-aff2-deeb2f1883a6_kurento.MediaPipeline/44fdc979-26b2-4bf0-8fd2-7851c561bd23_kurento.WebRtcEndpoint","tags":[],"timestamp":"1591071713","timestampMillis":"1591071713131","type":"OnIceCandidate"},"object":"65ec8725-e46d-4235-aff2-deeb2f1883a6_kurento.MediaPipeline/44fdc979-26b2-4bf0-8fd2-7851c561bd23_kurento.WebRtcEndpoint","type":"OnIceCandidate"}}}, sessionId: 07445ae2-4579-46a2-9800-486e42148f33
0:20:07.516170506 [332m   25[00m 0x7f4304001840 [37mDEBUG  [00m [00mKurentoWebSocketTransport WebSocketTransport.cpp:462:processMessage:[00m Response: {"error":{"code":40401,"data":{"type":"ICE_ADD_CANDIDATE_ERROR"},"message":"Error adding candidate"},"id":166,"jsonrpc":"2.0"}
0:20:07.516205858 [332m   25[00m 0x7f4304001840 [37mDEBUG  [00m [00mKurentoWebSocketTransport WebSocketTransport.cpp:460:processMessage:[00m Message: {"jsonrpc":"2.0","method":"invoke","params":{"object":"65ec8725-e46d-4235-aff2-deeb2f1883a6_kurento.MediaPipeline/44fdc979-26b2-4bf0-8fd2-7851c561bd23_kurento.WebRtcEndpoint","operation":"addIceCandidate","operationParams":{"candidate":{"candidate":"candidate:2 1 TCP 2105524479 3eca8913-fe79-4ce6-932a-2fc2589a0528.local 9 typ host tcptype active","sdpMid":"2","sdpMLineIndex":2,"__module__":"kurento","__type__":"IceCandidate"}},"sessionId":"07445ae2-4579-46a2-9800-486e42148f33"},"id":167}
0:20:07.516683158 [332m   25[00m 0x7f4304001840 [37mDEBUG  [00m [00mKurentoWebSocketTransport WebSocketTransport.cpp:462:processMessage:[00m Response: {"error":{"code":40401,"data":{"type":"ICE_ADD_CANDIDATE_ERROR"},"message":"Error adding candidate"},"id":167,"jsonrpc":"2.0"}
0:20:07.516704690 [332m   25[00m 0x7f4304001840 [37mDEBUG  [00m [00mKurentoWebSocketTransport WebSocketTransport.cpp:460:processMessage:[00m Message: {"jsonrpc":"2.0","method":"invoke","params":{"object":"65ec8725-e46d-4235-aff2-deeb2f1883a6_kurento.MediaPipeline/44fdc979-26b2-4bf0-8fd2-7851c561bd23_kurento.WebRtcEndpoint","operation":"addIceCandidate","operationParams":{"candidate":{"candidate":"candidate:0 1 UDP 2122252543 3eca8913-fe79-4ce6-932a-2fc2589a0528.local 50702 typ host","sdpMid":"0","sdpMLineIndex":0,"__module__":"kurento","__type__":"IceCandidate"}},"sessionId":"07445ae2-4579-46a2-9800-486e42148f33"},"id":168}
0:20:07.516933223 [332m   25[00m 0x7f4304001840 [37mDEBUG  [00m [00mKurentoWebSocketTransport WebSocketTransport.cpp:462:processMessage:[00m Response: {"error":{"code":40401,"data":{"type":"ICE_ADD_CANDIDATE_ERROR"},"message":"Error adding candidate"},"id":168,"jsonrpc":"2.0"}
0:20:07.516953316 [332m   25[00m 0x7f4304001840 [37mDEBUG  [00m [00mKurentoWebSocketTransport WebSocketTransport.cpp:460:processMessage:[00m Message: {"jsonrpc":"2.0","method":"invoke","params":{"object":"65ec8725-e46d-4235-aff2-deeb2f1883a6_kurento.MediaPipeline/44fdc979-26b2-4bf0-8fd2-7851c561bd23_kurento.WebRtcEndpoint","operation":"addIceCandidate","operationParams":{"candidate":{"candidate":"candidate:2 1 TCP 2105524479 3eca8913-fe79-4ce6-932a-2fc2589a0528.local 9 typ host tcptype active","sdpMid":"0","sdpMLineIndex":0,"__module__":"kurento","__type__":"IceCandidate"}},"sessionId":"07445ae2-4579-46a2-9800-486e42148f33"},"id":169}
0:20:07.517173873 [332m   25[00m 0x7f4304001840 [37mDEBUG  [00m [00mKurentoWebSocketTransport WebSocketTransport.cpp:462:processMessage:[00m Response: {"error":{"code":40401,"data":{"type":"ICE_ADD_CANDIDATE_ERROR"},"message":"Error adding candidate"},"id":169,"jsonrpc":"2.0"}
0:20:07.517193471 [332m   25[00m 0x7f4304001840 [37mDEBUG  [00m [00mKurentoWebSocketTransport WebSocketTransport.cpp:460:processMessage:[00m Message: {"jsonrpc":"2.0","method":"invoke","params":{"object":"65ec8725-e46d-4235-aff2-deeb2f1883a6_kurento.MediaPipeline/44fdc979-26b2-4bf0-8fd2-7851c561bd23_kurento.WebRtcEndpoint","operation":"addIceCandidate","operationParams":{"candidate":{"candidate":"candidate:0 2 UDP 2122252542 3eca8913-fe79-4ce6-932a-2fc2589a0528.local 50703 typ host","sdpMid":"0","sdpMLineIndex":0,"__module__":"kurento","__type__":"IceCandidate"}},"sessionId":"07445ae2-4579-46a2-9800-486e42148f33"},"id":170}
0:20:07.517413513 [332m   25[00m 0x7f4304001840 [37mDEBUG  [00m [00mKurentoWebSocketTransport WebSocketTransport.cpp:462:processMessage:[00m Response: {"error":{"code":40401,"data":{"type":"ICE_ADD_CANDIDATE_ERROR"},"message":"Error adding candidate"},"id":170,"jsonrpc":"2.0"}
0:20:07.517661741 [332m   25[00m 0x7f4304001840 [37mDEBUG  [00m [00mKurentoWebSocketTransport WebSocketTransport.cpp:460:processMessage:[00m Message: {"jsonrpc":"2.0","method":"invoke","params":{"object":"65ec8725-e46d-4235-aff2-deeb2f1883a6_kurento.MediaPipeline/44fdc979-26b2-4bf0-8fd2-7851c561bd23_kurento.WebRtcEndpoint","operation":"addIceCandidate","operationParams":{"candidate":{"candidate":"candidate:2 2 TCP 2105524478 3eca8913-fe79-4ce6-932a-2fc2589a0528.local 9 typ host tcptype active","sdpMid":"0","sdpMLineIndex":0,"__module__":"kurento","__type__":"IceCandidate"}},"sessionId":"07445ae2-4579-46a2-9800-486e42148f33"},"id":171}
0:20:07.517902583 [332m   25[00m 0x7f4304001840 [37mDEBUG  [00m [00mKurentoWebSocketTransport WebSocketTransport.cpp:462:processMessage:[00m Response: {"error":{"code":40401,"data":{"type":"ICE_ADD_CANDIDATE_ERROR"},"message":"Error adding candidate"},"id":171,"jsonrpc":"2.0"}
0:20:07.517924298 [332m   25[00m 0x7f4304001840 [37mDEBUG  [00m [00mKurentoWebSocketTransport WebSocketTransport.cpp:460:processMessage:[00m Message: {"jsonrpc":"2.0","method":"invoke","params":{"object":"65ec8725-e46d-4235-aff2-deeb2f1883a6_kurento.MediaPipeline/53827330-02fb-442f-b6c4-ae29c9ce83ba_datachannelexample.KmsSendData","operation":"connect","operationParams":{"sink":"65ec8725-e46d-4235-aff2-deeb2f1883a6_kurento.MediaPipeline/44fdc979-26b2-4bf0-8fd2-7851c561bd23_kurento.WebRtcEndpoint"},"sessionId":"07445ae2-4579-46a2-9800-486e42148f33"},"id":172}
0:20:07.517994130 [332m   25[00m 0x7f4304001840 [37mDEBUG  [00m [00mKurentoMediaElementImpl MediaElementImpl.cpp:902:connect:[00m Connecting 65ec8725-e46d-4235-aff2-deeb2f1883a6_kurento.MediaPipeline/53827330-02fb-442f-b6c4-ae29c9ce83ba_datachannelexample.KmsSendData -> 65ec8725-e46d-4235-aff2-deeb2f1883a6_kurento.MediaPipeline/44fdc979-26b2-4bf0-8fd2-7851c561bd23_kurento.WebRtcEndpoint params AUDIO default default
0:20:07.518134075 [332m   25[00m 0x7f4304001840 [37mDEBUG  [00m [00mKurentoMediaElementImpl MediaElementImpl.cpp:902:connect:[00m Connecting 65ec8725-e46d-4235-aff2-deeb2f1883a6_kurento.MediaPipeline/53827330-02fb-442f-b6c4-ae29c9ce83ba_datachannelexample.KmsSendData -> 65ec8725-e46d-4235-aff2-deeb2f1883a6_kurento.MediaPipeline/44fdc979-26b2-4bf0-8fd2-7851c561bd23_kurento.WebRtcEndpoint params VIDEO default default
0:20:07.518203418 [332m   25[00m 0x7f4304001840 [37mDEBUG  [00m [00mKurentoMediaElementImpl MediaElementImpl.cpp:902:connect:[00m Connecting 65ec8725-e46d-4235-aff2-deeb2f1883a6_kurento.MediaPipeline/53827330-02fb-442f-b6c4-ae29c9ce83ba_datachannelexample.KmsSendData -> 65ec8725-e46d-4235-aff2-deeb2f1883a6_kurento.MediaPipeline/44fdc979-26b2-4bf0-8fd2-7851c561bd23_kurento.WebRtcEndpoint params DATA default default
0:20:07.518316215 [332m   25[00m 0x7f4304001840 [37mDEBUG  [00m [00mKurentoWebSocketTransport WebSocketTransport.cpp:462:processMessage:[00m Response: {"id":172,"jsonrpc":"2.0","result":{"sessionId":"07445ae2-4579-46a2-9800-486e42148f33","value":null}}
0:20:07.518382681 [332m   25[00m 0x7f4304001840 [37mDEBUG  [00m [00mKurentoWebSocketTransport WebSocketTransport.cpp:460:processMessage:[00m Message: {"jsonrpc":"2.0","method":"invoke","params":{"object":"65ec8725-e46d-4235-aff2-deeb2f1883a6_kurento.MediaPipeline/44fdc979-26b2-4bf0-8fd2-7851c561bd23_kurento.WebRtcEndpoint","operation":"addIceCandidate","operationParams":{"candidate":{"candidate":"candidate:2 1 TCP 2105524479 3eca8913-fe79-4ce6-932a-2fc2589a0528.local 9 typ host tcptype active","sdpMid":"1","sdpMLineIndex":1,"__module__":"kurento","__type__":"IceCandidate"}},"sessionId":"07445ae2-4579-46a2-9800-486e42148f33"},"id":173}
0:20:07.518630845 [332m   25[00m 0x7f4304001840 [37mDEBUG  [00m [00mKurentoWebSocketTransport WebSocketTransport.cpp:462:processMessage:[00m Response: {"error":{"code":40401,"data":{"type":"ICE_ADD_CANDIDATE_ERROR"},"message":"Error adding candidate"},"id":173,"jsonrpc":"2.0"}
0:20:07.518652388 [332m   25[00m 0x7f4304001840 [37mDEBUG  [00m [00mKurentoWebSocketTransport WebSocketTransport.cpp:460:processMessage:[00m Message: {"jsonrpc":"2.0","method":"invoke","params":{"object":"65ec8725-e46d-4235-aff2-deeb2f1883a6_kurento.MediaPipeline/44fdc979-26b2-4bf0-8fd2-7851c561bd23_kurento.WebRtcEndpoint","operation":"addIceCandidate","operationParams":{"candidate":{"candidate":"candidate:0 2 UDP 2122252542 3eca8913-fe79-4ce6-932a-2fc2589a0528.local 50705 typ host","sdpMid":"1","sdpMLineIndex":1,"__module__":"kurento","__type__":"IceCandidate"}},"sessionId":"07445ae2-4579-46a2-9800-486e42148f33"},"id":174}
0:20:07.518872370 [332m   25[00m 0x7f4304001840 [37mDEBUG  [00m [00mKurentoWebSocketTransport WebSocketTransport.cpp:462:processMessage:[00m Response: {"error":{"code":40401,"data":{"type":"ICE_ADD_CANDIDATE_ERROR"},"message":"Error adding candidate"},"id":174,"jsonrpc":"2.0"}
0:20:07.518893609 [332m   25[00m 0x7f4304001840 [37mDEBUG  [00m [00mKurentoWebSocketTransport WebSocketTransport.cpp:460:processMessage:[00m Message: {"jsonrpc":"2.0","method":"invoke","params":{"object":"65ec8725-e46d-4235-aff2-deeb2f1883a6_kurento.MediaPipeline/44fdc979-26b2-4bf0-8fd2-7851c561bd23_kurento.WebRtcEndpoint","operation":"addIceCandidate","operationParams":{"candidate":{"candidate":"candidate:2 2 TCP 2105524478 3eca8913-fe79-4ce6-932a-2fc2589a0528.local 9 typ host tcptype active","sdpMid":"1","sdpMLineIndex":1,"__module__":"kurento","__type__":"IceCandidate"}},"sessionId":"07445ae2-4579-46a2-9800-486e42148f33"},"id":175}
0:20:07.519117592 [332m   25[00m 0x7f4304001840 [37mDEBUG  [00m [00mKurentoWebSocketTransport WebSocketTransport.cpp:462:processMessage:[00m Response: {"error":{"code":40401,"data":{"type":"ICE_ADD_CANDIDATE_ERROR"},"message":"Error adding candidate"},"id":175,"jsonrpc":"2.0"}
0:20:07.542684284 [332m   25[00m 0x7f42e80990c0 [37mDEBUG  [00m [00mKurentoWebSocketEventHandler WebSocketEventHandler.cpp:56:sendEvent:[00m Sending event: {"jsonrpc":"2.0","method":"onEvent","params":{"value":{"data":{"candidate":{"__module__":"kurento","__type__":"IceCandidate","candidate":"candidate:4 1 UDP 1677722111 203.151.20.94 10084 typ srflx raddr 172.20.0.3 rport 10084","sdpMLineIndex":0,"sdpMid":"0"},"source":"65ec8725-e46d-4235-aff2-deeb2f1883a6_kurento.MediaPipeline/44fdc979-26b2-4bf0-8fd2-7851c561bd23_kurento.WebRtcEndpoint","tags":[],"timestamp":"1591071713","timestampMillis":"1591071713159","type":"OnIceCandidate"},"object":"65ec8725-e46d-4235-aff2-deeb2f1883a6_kurento.MediaPipeline/44fdc979-26b2-4bf0-8fd2-7851c561bd23_kurento.WebRtcEndpoint","type":"OnIceCandidate"}}}, sessionId: 07445ae2-4579-46a2-9800-486e42148f33
0:20:07.542849691 [332m   25[00m 0x7f42e80990c0 [37mDEBUG  [00m [00mKurentoWebSocketEventHandler WebSocketEventHandler.cpp:56:sendEvent:[00m Sending event: {"jsonrpc":"2.0","method":"onEvent","params":{"value":{"data":{"candidate":{"__module__":"kurento","__type__":"IceCandidate","candidate":"candidate:4 1 UDP 1677722111 203.151.20.94 10084 typ srflx raddr 172.20.0.3 rport 10084","sdpMLineIndex":1,"sdpMid":"1"},"source":"65ec8725-e46d-4235-aff2-deeb2f1883a6_kurento.MediaPipeline/44fdc979-26b2-4bf0-8fd2-7851c561bd23_kurento.WebRtcEndpoint","tags":[],"timestamp":"1591071713","timestampMillis":"1591071713159","type":"OnIceCandidate"},"object":"65ec8725-e46d-4235-aff2-deeb2f1883a6_kurento.MediaPipeline/44fdc979-26b2-4bf0-8fd2-7851c561bd23_kurento.WebRtcEndpoint","type":"OnIceCandidate"}}}, sessionId: 07445ae2-4579-46a2-9800-486e42148f33
0:20:07.542977212 [332m   25[00m 0x7f42e80990c0 [37mDEBUG  [00m [00mKurentoWebSocketEventHandler WebSocketEventHandler.cpp:56:sendEvent:[00m Sending event: {"jsonrpc":"2.0","method":"onEvent","params":{"value":{"data":{"candidate":{"__module__":"kurento","__type__":"IceCandidate","candidate":"candidate:4 1 UDP 1677722111 203.151.20.94 10084 typ srflx raddr 172.20.0.3 rport 10084","sdpMLineIndex":2,"sdpMid":"2"},"source":"65ec8725-e46d-4235-aff2-deeb2f1883a6_kurento.MediaPipeline/44fdc979-26b2-4bf0-8fd2-7851c561bd23_kurento.WebRtcEndpoint","tags":[],"timestamp":"1591071713","timestampMillis":"1591071713159","type":"OnIceCandidate"},"object":"65ec8725-e46d-4235-aff2-deeb2f1883a6_kurento.MediaPipeline/44fdc979-26b2-4bf0-8fd2-7851c561bd23_kurento.WebRtcEndpoint","type":"OnIceCandidate"}}}, sessionId: 07445ae2-4579-46a2-9800-486e42148f33
0:20:07.543081635 [332m   25[00m 0x7f42e80990c0 [37mDEBUG  [00m [00mKurentoWebSocketEventHandler WebSocketEventHandler.cpp:56:sendEvent:[00m Sending event: {"jsonrpc":"2.0","method":"onEvent","params":{"value":{"data":{"candidate":{"__module__":"kurento","__type__":"IceCandidate","candidate":"candidate:5 1 TCP 847249663 203.151.20.94 9 typ srflx raddr 172.20.0.3 rport 9 tcptype active","sdpMLineIndex":0,"sdpMid":"0"},"source":"65ec8725-e46d-4235-aff2-deeb2f1883a6_kurento.MediaPipeline/44fdc979-26b2-4bf0-8fd2-7851c561bd23_kurento.WebRtcEndpoint","tags":[],"timestamp":"1591071713","timestampMillis":"1591071713159","type":"OnIceCandidate"},"object":"65ec8725-e46d-4235-aff2-deeb2f1883a6_kurento.MediaPipeline/44fdc979-26b2-4bf0-8fd2-7851c561bd23_kurento.WebRtcEndpoint","type":"OnIceCandidate"}}}, sessionId: 07445ae2-4579-46a2-9800-486e42148f33
0:20:07.543178231 [332m   25[00m 0x7f42e80990c0 [37mDEBUG  [00m [00mKurentoWebSocketEventHandler WebSocketEventHandler.cpp:56:sendEvent:[00m Sending event: {"jsonrpc":"2.0","method":"onEvent","params":{"value":{"data":{"candidate":{"__module__":"kurento","__type__":"IceCandidate","candidate":"candidate:5 1 TCP 847249663 203.151.20.94 9 typ srflx raddr 172.20.0.3 rport 9 tcptype active","sdpMLineIndex":1,"sdpMid":"1"},"source":"65ec8725-e46d-4235-aff2-deeb2f1883a6_kurento.MediaPipeline/44fdc979-26b2-4bf0-8fd2-7851c561bd23_kurento.WebRtcEndpoint","tags":[],"timestamp":"1591071713","timestampMillis":"1591071713159","type":"OnIceCandidate"},"object":"65ec8725-e46d-4235-aff2-deeb2f1883a6_kurento.MediaPipeline/44fdc979-26b2-4bf0-8fd2-7851c561bd23_kurento.WebRtcEndpoint","type":"OnIceCandidate"}}}, sessionId: 07445ae2-4579-46a2-9800-486e42148f33
0:20:07.543278527 [332m   25[00m 0x7f42e80990c0 [37mDEBUG  [00m [00mKurentoWebSocketEventHandler WebSocketEventHandler.cpp:56:sendEvent:[00m Sending event: {"jsonrpc":"2.0","method":"onEvent","params":{"value":{"data":{"candidate":{"__module__":"kurento","__type__":"IceCandidate","candidate":"candidate:5 1 TCP 847249663 203.151.20.94 9 typ srflx raddr 172.20.0.3 rport 9 tcptype active","sdpMLineIndex":2,"sdpMid":"2"},"source":"65ec8725-e46d-4235-aff2-deeb2f1883a6_kurento.MediaPipeline/44fdc979-26b2-4bf0-8fd2-7851c561bd23_kurento.WebRtcEndpoint","tags":[],"timestamp":"1591071713","timestampMillis":"1591071713159","type":"OnIceCandidate"},"object":"65ec8725-e46d-4235-aff2-deeb2f1883a6_kurento.MediaPipeline/44fdc979-26b2-4bf0-8fd2-7851c561bd23_kurento.WebRtcEndpoint","type":"OnIceCandidate"}}}, sessionId: 07445ae2-4579-46a2-9800-486e42148f33
0:20:07.543375158 [332m   25[00m 0x7f42e80990c0 [37mDEBUG  [00m [00mKurentoWebSocketEventHandler WebSocketEventHandler.cpp:56:sendEvent:[00m Sending event: {"jsonrpc":"2.0","method":"onEvent","params":{"value":{"data":{"candidate":{"__module__":"kurento","__type__":"IceCandidate","candidate":"candidate:6 1 TCP 843055359 203.151.20.94 10073 typ srflx raddr 172.20.0.3 rport 10073 tcptype passive","sdpMLineIndex":0,"sdpMid":"0"},"source":"65ec8725-e46d-4235-aff2-deeb2f1883a6_kurento.MediaPipeline/44fdc979-26b2-4bf0-8fd2-7851c561bd23_kurento.WebRtcEndpoint","tags":[],"timestamp":"1591071713","timestampMillis":"1591071713159","type":"OnIceCandidate"},"object":"65ec8725-e46d-4235-aff2-deeb2f1883a6_kurento.MediaPipeline/44fdc979-26b2-4bf0-8fd2-7851c561bd23_kurento.WebRtcEndpoint","type":"OnIceCandidate"}}}, sessionId: 07445ae2-4579-46a2-9800-486e42148f33
0:20:07.543467217 [332m   25[00m 0x7f42e80990c0 [37mDEBUG  [00m [00mKurentoWebSocketEventHandler WebSocketEventHandler.cpp:56:sendEvent:[00m Sending event: {"jsonrpc":"2.0","method":"onEvent","params":{"value":{"data":{"candidate":{"__module__":"kurento","__type__":"IceCandidate","candidate":"candidate:6 1 TCP 843055359 203.151.20.94 10073 typ srflx raddr 172.20.0.3 rport 10073 tcptype passive","sdpMLineIndex":1,"sdpMid":"1"},"source":"65ec8725-e46d-4235-aff2-deeb2f1883a6_kurento.MediaPipeline/44fdc979-26b2-4bf0-8fd2-7851c561bd23_kurento.WebRtcEndpoint","tags":[],"timestamp":"1591071713","timestampMillis":"1591071713159","type":"OnIceCandidate"},"object":"65ec8725-e46d-4235-aff2-deeb2f1883a6_kurento.MediaPipeline/44fdc979-26b2-4bf0-8fd2-7851c561bd23_kurento.WebRtcEndpoint","type":"OnIceCandidate"}}}, sessionId: 07445ae2-4579-46a2-9800-486e42148f33
0:20:07.543782273 [332m   25[00m 0x7f42e80990c0 [37mDEBUG  [00m [00mKurentoWebSocketEventHandler WebSocketEventHandler.cpp:56:sendEvent:[00m Sending event: {"jsonrpc":"2.0","method":"onEvent","params":{"value":{"data":{"candidate":{"__module__":"kurento","__type__":"IceCandidate","candidate":"candidate:6 1 TCP 843055359 203.151.20.94 10073 typ srflx raddr 172.20.0.3 rport 10073 tcptype passive","sdpMLineIndex":2,"sdpMid":"2"},"source":"65ec8725-e46d-4235-aff2-deeb2f1883a6_kurento.MediaPipeline/44fdc979-26b2-4bf0-8fd2-7851c561bd23_kurento.WebRtcEndpoint","tags":[],"timestamp":"1591071713","timestampMillis":"1591071713159","type":"OnIceCandidate"},"object":"65ec8725-e46d-4235-aff2-deeb2f1883a6_kurento.MediaPipeline/44fdc979-26b2-4bf0-8fd2-7851c561bd23_kurento.WebRtcEndpoint","type":"OnIceCandidate"}}}, sessionId: 07445ae2-4579-46a2-9800-486e42148f33
0:20:07.772169995 [332m   25[00m 0x7f42f0001c90 [37mDEBUG  [00m [00mKurentoWebSocketTransport WebSocketTransport.cpp:460:processMessage:[00m Message: {"jsonrpc":"2.0","method":"invoke","params":{"object":"65ec8725-e46d-4235-aff2-deeb2f1883a6_kurento.MediaPipeline/44fdc979-26b2-4bf0-8fd2-7851c561bd23_kurento.WebRtcEndpoint","operation":"addIceCandidate","operationParams":{"candidate":{"candidate":"candidate:1 1 UDP 1686052863 49.230.84.109 50702 typ srflx raddr 0.0.0.0 rport 0","sdpMid":"0","sdpMLineIndex":0,"__module__":"kurento","__type__":"IceCandidate"}},"sessionId":"07445ae2-4579-46a2-9800-486e42148f33"},"id":176}
0:20:07.773090717 [332m   25[00m 0x7f42f0001c90 [37mDEBUG  [00m [00mKurentoWebSocketTransport WebSocketTransport.cpp:462:processMessage:[00m Response: {"id":176,"jsonrpc":"2.0","result":{"sessionId":"07445ae2-4579-46a2-9800-486e42148f33","value":null}}
0:20:07.773879293 [332m   25[00m 0x7f42e0001cc0 [37mDEBUG  [00m [00mKurentoWebSocketTransport WebSocketTransport.cpp:460:processMessage:[00m Message: {"jsonrpc":"2.0","method":"invoke","params":{"object":"65ec8725-e46d-4235-aff2-deeb2f1883a6_kurento.MediaPipeline/44fdc979-26b2-4bf0-8fd2-7851c561bd23_kurento.WebRtcEndpoint","operation":"addIceCandidate","operationParams":{"candidate":{"candidate":"candidate:1 2 UDP 1686052862 49.230.84.109 50703 typ srflx raddr 0.0.0.0 rport 0","sdpMid":"0","sdpMLineIndex":0,"__module__":"kurento","__type__":"IceCandidate"}},"sessionId":"07445ae2-4579-46a2-9800-486e42148f33"},"id":177}
0:20:07.774355592 [332m   25[00m 0x7f42e0001cc0 [37mDEBUG  [00m [00mKurentoWebSocketTransport WebSocketTransport.cpp:462:processMessage:[00m Response: {"id":177,"jsonrpc":"2.0","result":{"sessionId":"07445ae2-4579-46a2-9800-486e42148f33","value":null}}
0:20:07.775336651 [332m   25[00m 0x7f42a8001790 [37mDEBUG  [00m [00mKurentoWebSocketTransport WebSocketTransport.cpp:460:processMessage:[00m Message: {"jsonrpc":"2.0","method":"invoke","params":{"object":"65ec8725-e46d-4235-aff2-deeb2f1883a6_kurento.MediaPipeline/44fdc979-26b2-4bf0-8fd2-7851c561bd23_kurento.WebRtcEndpoint","operation":"addIceCandidate","operationParams":{"candidate":{"candidate":"","sdpMid":"0","sdpMLineIndex":0,"__module__":"kurento","__type__":"IceCandidate"}},"sessionId":"07445ae2-4579-46a2-9800-486e42148f33"},"id":178}
0:20:07.775967198 [332m   25[00m 0x7f42a8001790 [37mDEBUG  [00m [00mKurentoWebSocketTransport WebSocketTransport.cpp:462:processMessage:[00m Response: {"error":{"code":40401,"data":{"type":"ICE_ADD_CANDIDATE_ERROR"},"message":"Error adding candidate"},"id":178,"jsonrpc":"2.0"}
0:20:07.866479360 [332m   25[00m 0x7f42ac008c50 [37mDEBUG  [00m [00mKurentoWebRtcEndpointImpl WebRtcEndpointImpl.cpp:292:newSelectedPairFull:<kmswebrtcendpoint6>[00m New candidate pair selected, local: 'candidate:4 1 UDP 1677722111 203.151.20.94 10084 typ srflx raddr 172.20.0.3 rport 10084', remote: 'candidate:1 1 UDP 1686052863 49.230.84.109 50702 typ srflx', stream_id: '1', component_id: 1
0:20:08.583781645 [332m   25[00m 0x7f41dc006320 [37mDEBUG  [00m [00mKurentoMediaElementImpl MediaElementImpl.cpp:492:mediaFlowInStateChange:<kmswebrtcendpoint6>[00m MediaFlowInStateChange: FLOWING, pad: 'default', type: 'video'
0:20:08.599120983 [332m   25[00m 0x7f41dc006400 [37mDEBUG  [00m [00mKurentoMediaElementImpl MediaElementImpl.cpp:492:mediaFlowInStateChange:<kmswebrtcendpoint6>[00m MediaFlowInStateChange: FLOWING, pad: 'default', type: 'audio'
0:21:00.439088183 [332m   25[00m 0x7f42b0001410 [36mINFO   [00m [00mKurentoWebSocketTransport WebSocketTransport.cpp:296:keepAliveSessions:[00m Keep alive 07445ae2-4579-46a2-9800-486e42148f33
0:21:00.711728351 [332m   25[00m 0x7f42dc001810 [37mDEBUG  [00m [00mKurentoWebSocketTransport WebSocketTransport.cpp:460:processMessage:[00m Message: {"jsonrpc":"2.0","method":"ping","id":179}
0:21:00.711909998 [332m   25[00m 0x7f42dc001810 [36mINFO   [00m [00mKurentoServerMethods ServerMethods.cpp:814:ping:[00m WebSocket Ping/Pong with sessionId 07445ae2-4579-46a2-9800-486e42148f33
0:21:00.712278691 [332m   25[00m 0x7f42dc001810 [37mDEBUG  [00m [00mKurentoWebSocketTransport WebSocketTransport.cpp:462:processMessage:[00m Response: {"id":179,"jsonrpc":"2.0","result":{"sessionId":"07445ae2-4579-46a2-9800-486e42148f33","value":"pong"}}
0:22:00.439381432 [332m   25[00m 0x7f42b0001410 [36mINFO   [00m [00mKurentoWebSocketTransport WebSocketTransport.cpp:296:keepAliveSessions:[00m Keep alive 07445ae2-4579-46a2-9800-486e42148f33
0:22:00.722206249 [332m   25[00m 0x7f42ec001b20 [37mDEBUG  [00m [00mKurentoWebSocketTransport WebSocketTransport.cpp:460:processMessage:[00m Message: {"jsonrpc":"2.0","method":"ping","id":180}
0:22:00.722393862 [332m   25[00m 0x7f42ec001b20 [36mINFO   [00m [00mKurentoServerMethods ServerMethods.cpp:814:ping:[00m WebSocket Ping/Pong with sessionId 07445ae2-4579-46a2-9800-486e42148f33
0:22:00.722527093 [332m   25[00m 0x7f42ec001b20 [37mDEBUG  [00m [00mKurentoWebSocketTransport WebSocketTransport.cpp:462:processMessage:[00m Response: {"id":180,"jsonrpc":"2.0","result":{"sessionId":"07445ae2-4579-46a2-9800-486e42148f33","value":"pong"}}
0:23:00.439857721 [332m   25[00m 0x7f42b0001410 [36mINFO   [00m [00mKurentoWebSocketTransport WebSocketTransport.cpp:296:keepAliveSessions:[00m Keep alive 07445ae2-4579-46a2-9800-486e42148f33
0:23:00.723738443 [332m   25[00m 0x7f42f4002180 [37mDEBUG  [00m [00mKurentoWebSocketTransport WebSocketTransport.cpp:460:processMessage:[00m Message: {"jsonrpc":"2.0","method":"ping","id":181}
0:23:00.723931268 [332m   25[00m 0x7f42f4002180 [36mINFO   [00m [00mKurentoServerMethods ServerMethods.cpp:814:ping:[00m WebSocket Ping/Pong with sessionId 07445ae2-4579-46a2-9800-486e42148f33
0:23:00.724094345 [332m   25[00m 0x7f42f4002180 [37mDEBUG  [00m [00mKurentoWebSocketTransport WebSocketTransport.cpp:462:processMessage:[00m Response: {"id":181,"jsonrpc":"2.0","result":{"sessionId":"07445ae2-4579-46a2-9800-486e42148f33","value":"pong"}}
0:24:00.436078592 [332m   25[00m 0x7f42e8001c30 [37mDEBUG  [00m [00m     KurentoMediaSet MediaSet.cpp:123:doGarbageCollection:[00m Running garbage collector
0:24:00.440030133 [332m   25[00m 0x7f42b0001410 [36mINFO   [00m [00mKurentoWebSocketTransport WebSocketTransport.cpp:296:keepAliveSessions:[00m Keep alive 07445ae2-4579-46a2-9800-486e42148f33
0:24:00.733479366 [332m   25[00m 0x7f42b0001b50 [37mDEBUG  [00m [00mKurentoWebSocketTransport WebSocketTransport.cpp:460:processMessage:[00m Message: {"jsonrpc":"2.0","method":"ping","id":182}
0:24:00.733696716 [332m   25[00m 0x7f42b0001b50 [36mINFO   [00m [00mKurentoServerMethods ServerMethods.cpp:814:ping:[00m WebSocket Ping/Pong with sessionId 07445ae2-4579-46a2-9800-486e42148f33
0:24:00.733839972 [332m   25[00m 0x7f42b0001b50 [37mDEBUG  [00m [00mKurentoWebSocketTransport WebSocketTransport.cpp:462:processMessage:[00m Response: {"id":182,"jsonrpc":"2.0","result":{"sessionId":"07445ae2-4579-46a2-9800-486e42148f33","value":"pong"}}
0:25:00.440202171 [332m   25[00m 0x7f42b0001410 [36mINFO   [00m [00mKurentoWebSocketTransport WebSocketTransport.cpp:296:keepAliveSessions:[00m Keep alive 07445ae2-4579-46a2-9800-486e42148f33
0:25:00.734504365 [332m   25[00m 0x7f42e4001c60 [37mDEBUG  [00m [00mKurentoWebSocketTransport WebSocketTransport.cpp:460:processMessage:[00m Message: {"jsonrpc":"2.0","method":"ping","id":183}
0:25:00.734689501 [332m   25[00m 0x7f42e4001c60 [36mINFO   [00m [00mKurentoServerMethods ServerMethods.cpp:814:ping:[00m WebSocket Ping/Pong with sessionId 07445ae2-4579-46a2-9800-486e42148f33
0:25:00.734816029 [332m   25[00m 0x7f42e4001c60 [37mDEBUG  [00m [00mKurentoWebSocketTransport WebSocketTransport.cpp:462:processMessage:[00m Response: {"id":183,"jsonrpc":"2.0","result":{"sessionId":"07445ae2-4579-46a2-9800-486e42148f33","value":"pong"}}
0:26:00.440417171 [332m   25[00m 0x7f42b0001410 [36mINFO   [00m [00mKurentoWebSocketTransport WebSocketTransport.cpp:296:keepAliveSessions:[00m Keep alive 07445ae2-4579-46a2-9800-486e42148f33
0:26:00.743198773 [332m   25[00m 0x7f4304001840 [37mDEBUG  [00m [00mKurentoWebSocketTransport WebSocketTransport.cpp:460:processMessage:[00m Message: {"jsonrpc":"2.0","method":"ping","id":184}
0:26:00.743977467 [332m   25[00m 0x7f4304001840 [36mINFO   [00m [00mKurentoServerMethods ServerMethods.cpp:814:ping:[00m WebSocket Ping/Pong with sessionId 07445ae2-4579-46a2-9800-486e42148f33
0:26:00.744593197 [332m   25[00m 0x7f4304001840 [37mDEBUG  [00m [00mKurentoWebSocketTransport WebSocketTransport.cpp:462:processMessage:[00m Response: {"id":184,"jsonrpc":"2.0","result":{"sessionId":"07445ae2-4579-46a2-9800-486e42148f33","value":"pong"}}
0:27:00.440640204 [332m   25[00m 0x7f42b0001410 [36mINFO   [00m [00mKurentoWebSocketTransport WebSocketTransport.cpp:296:keepAliveSessions:[00m Keep alive 07445ae2-4579-46a2-9800-486e42148f33
0:27:00.753202443 [332m   25[00m 0x7f42f80072f0 [37mDEBUG  [00m [00mKurentoWebSocketTransport WebSocketTransport.cpp:460:processMessage:[00m Message: {"jsonrpc":"2.0","method":"ping","id":185}
0:27:00.753399664 [332m   25[00m 0x7f42f80072f0 [36mINFO   [00m [00mKurentoServerMethods ServerMethods.cpp:814:ping:[00m WebSocket Ping/Pong with sessionId 07445ae2-4579-46a2-9800-486e42148f33
0:27:00.753733340 [332m   25[00m 0x7f42f80072f0 [37mDEBUG  [00m [00mKurentoWebSocketTransport WebSocketTransport.cpp:462:processMessage:[00m Response: {"id":185,"jsonrpc":"2.0","result":{"sessionId":"07445ae2-4579-46a2-9800-486e42148f33","value":"pong"}}
0:27:36.430236771 [332m   25[00m 0x7f42f0001c90 [37mDEBUG  [00m [00mKurentoWebSocketTransport WebSocketTransport.cpp:460:processMessage:[00m Message: {"jsonrpc":"2.0","method":"create","params":{"type":"WebRtcEndpoint","constructorParams":{"mediaPipeline":"65ec8725-e46d-4235-aff2-deeb2f1883a6_kurento.MediaPipeline","useDataChannels":true},"properties":{},"sessionId":"07445ae2-4579-46a2-9800-486e42148f33"},"id":186}
0:27:36.432131221 [332m   25[00m 0x7f42f0001c90 [36mINFO   [00m [00mKurentoWebRtcEndpointImpl WebRtcEndpointImpl.cpp:96:remove_not_supported_codecs_from_array:<kmswebrtcendpoint7>[00m Removing not supported codec 'AMR/8000'
0:27:36.432239059 [332m   25[00m 0x7f42f0001c90 [36mINFO   [00m [00mKurentoWebRtcEndpointImpl WebRtcEndpointImpl.cpp:465:WebRtcEndpointImpl:[00m Using STUN reflexive server IP: 74.125.200.127
0:27:36.432251745 [332m   25[00m 0x7f42f0001c90 [36mINFO   [00m [00mKurentoWebRtcEndpointImpl WebRtcEndpointImpl.cpp:466:WebRtcEndpointImpl:[00m Using STUN reflexive server Port: 19302
0:27:36.432311377 [332m   25[00m 0x7f42f0001c90 [36mINFO   [00m [00mKurentoWebRtcEndpointImpl WebRtcEndpointImpl.cpp:487:WebRtcEndpointImpl:[00m TURN server IP address not found in config; NAT traversal requires either STUN or TURN server
0:27:36.432870807 [332m   25[00m 0x7f42f0001c90 [37mDEBUG  [00m [00mKurentoWebSocketTransport WebSocketTransport.cpp:462:processMessage:[00m Response: {"id":186,"jsonrpc":"2.0","result":{"sessionId":"07445ae2-4579-46a2-9800-486e42148f33","value":"65ec8725-e46d-4235-aff2-deeb2f1883a6_kurento.MediaPipeline/e8f79c56-f5f3-4e4e-b400-0eee22724648_kurento.WebRtcEndpoint"}}
0:27:36.435997354 [332m   25[00m 0x7f42e0001cc0 [37mDEBUG  [00m [00mKurentoWebSocketTransport WebSocketTransport.cpp:460:processMessage:[00m Message: {"jsonrpc":"2.0","method":"subscribe","params":{"object":"65ec8725-e46d-4235-aff2-deeb2f1883a6_kurento.MediaPipeline/e8f79c56-f5f3-4e4e-b400-0eee22724648_kurento.WebRtcEndpoint","type":"OnIceCandidate","sessionId":"07445ae2-4579-46a2-9800-486e42148f33"},"id":187}
0:27:36.436613510 [332m   25[00m 0x7f42e0001cc0 [37mDEBUG  [00m [00mKurentoWebSocketTransport WebSocketTransport.cpp:462:processMessage:[00m Response: {"id":187,"jsonrpc":"2.0","result":{"sessionId":"07445ae2-4579-46a2-9800-486e42148f33","value":"5001052c-4f5c-498e-9110-336c076434b6"}}
