0:48:40.516682388 [332m   25[00m 0x7f42e80990c0 [37mDEBUG  [00m [00mKurentoWebSocketEventHandler WebSocketEventHandler.cpp:56:sendEvent:[00m Sending event: {"jsonrpc":"2.0","method":"onEvent","params":{"value":{"data":{"candidate":{"__module__":"kurento","__type__":"IceCandidate","candidate":"candidate:3 1 TCP 1015021823 172.20.0.3 9 typ host tcptype active","sdpMLineIndex":1,"sdpMid":"1"},"source":"65ec8725-e46d-4235-aff2-deeb2f1883a6_kurento.MediaPipeline/8594de3e-38b8-4a8d-9327-fb27c76c2c95_kurento.WebRtcEndpoint","tags":[],"timestamp":"1591073426","timestampMillis":"1591073426132","type":"OnIceCandidate"},"object":"65ec8725-e46d-4235-aff2-deeb2f1883a6_kurento.MediaPipeline/8594de3e-38b8-4a8d-9327-fb27c76c2c95_kurento.WebRtcEndpoint","type":"OnIceCandidate"}}}, sessionId: 07445ae2-4579-46a2-9800-486e42148f33
0:48:40.516787089 [332m   25[00m 0x7f42e80990c0 [37mDEBUG  [00m [00mKurentoWebSocketEventHandler WebSocketEventHandler.cpp:56:sendEvent:[00m Sending event: {"jsonrpc":"2.0","method":"onEvent","params":{"value":{"data":{"candidate":{"__module__":"kurento","__type__":"IceCandidate","candidate":"candidate:3 1 TCP 1015021823 172.20.0.3 9 typ host tcptype active","sdpMLineIndex":2,"sdpMid":"2"},"source":"65ec8725-e46d-4235-aff2-deeb2f1883a6_kurento.MediaPipeline/8594de3e-38b8-4a8d-9327-fb27c76c2c95_kurento.WebRtcEndpoint","tags":[],"timestamp":"1591073426","timestampMillis":"1591073426132","type":"OnIceCandidate"},"object":"65ec8725-e46d-4235-aff2-deeb2f1883a6_kurento.MediaPipeline/8594de3e-38b8-4a8d-9327-fb27c76c2c95_kurento.WebRtcEndpoint","type":"OnIceCandidate"}}}, sessionId: 07445ae2-4579-46a2-9800-486e42148f33
0:48:40.516899375 [332m   25[00m 0x7f42e80990c0 [37mDEBUG  [00m [00mKurentoWebSocketEventHandler WebSocketEventHandler.cpp:56:sendEvent:[00m Sending event: {"jsonrpc":"2.0","method":"onEvent","params":{"value":{"data":{"candidate":{"__module__":"kurento","__type__":"IceCandidate","candidate":"candidate:4 1 TCP 1010827519 172.20.0.3 10093 typ host tcptype passive","sdpMLineIndex":0,"sdpMid":"0"},"source":"65ec8725-e46d-4235-aff2-deeb2f1883a6_kurento.MediaPipeline/8594de3e-38b8-4a8d-9327-fb27c76c2c95_kurento.WebRtcEndpoint","tags":[],"timestamp":"1591073426","timestampMillis":"1591073426133","type":"OnIceCandidate"},"object":"65ec8725-e46d-4235-aff2-deeb2f1883a6_kurento.MediaPipeline/8594de3e-38b8-4a8d-9327-fb27c76c2c95_kurento.WebRtcEndpoint","type":"OnIceCandidate"}}}, sessionId: 07445ae2-4579-46a2-9800-486e42148f33
0:48:40.517003329 [332m   25[00m 0x7f42e80990c0 [37mDEBUG  [00m [00mKurentoWebSocketEventHandler WebSocketEventHandler.cpp:56:sendEvent:[00m Sending event: {"jsonrpc":"2.0","method":"onEvent","params":{"value":{"data":{"candidate":{"__module__":"kurento","__type__":"IceCandidate","candidate":"candidate:4 1 TCP 1010827519 172.20.0.3 10093 typ host tcptype passive","sdpMLineIndex":1,"sdpMid":"1"},"source":"65ec8725-e46d-4235-aff2-deeb2f1883a6_kurento.MediaPipeline/8594de3e-38b8-4a8d-9327-fb27c76c2c95_kurento.WebRtcEndpoint","tags":[],"timestamp":"1591073426","timestampMillis":"1591073426133","type":"OnIceCandidate"},"object":"65ec8725-e46d-4235-aff2-deeb2f1883a6_kurento.MediaPipeline/8594de3e-38b8-4a8d-9327-fb27c76c2c95_kurento.WebRtcEndpoint","type":"OnIceCandidate"}}}, sessionId: 07445ae2-4579-46a2-9800-486e42148f33
0:48:40.517107495 [332m   25[00m 0x7f42e80990c0 [37mDEBUG  [00m [00mKurentoWebSocketEventHandler WebSocketEventHandler.cpp:56:sendEvent:[00m Sending event: {"jsonrpc":"2.0","method":"onEvent","params":{"value":{"data":{"candidate":{"__module__":"kurento","__type__":"IceCandidate","candidate":"candidate:4 1 TCP 1010827519 172.20.0.3 10093 typ host tcptype passive","sdpMLineIndex":2,"sdpMid":"2"},"source":"65ec8725-e46d-4235-aff2-deeb2f1883a6_kurento.MediaPipeline/8594de3e-38b8-4a8d-9327-fb27c76c2c95_kurento.WebRtcEndpoint","tags":[],"timestamp":"1591073426","timestampMillis":"1591073426133","type":"OnIceCandidate"},"object":"65ec8725-e46d-4235-aff2-deeb2f1883a6_kurento.MediaPipeline/8594de3e-38b8-4a8d-9327-fb27c76c2c95_kurento.WebRtcEndpoint","type":"OnIceCandidate"}}}, sessionId: 07445ae2-4579-46a2-9800-486e42148f33
0:48:40.517211589 [332m   25[00m 0x7f42e80990c0 [37mDEBUG  [00m [00mKurentoWebSocketEventHandler WebSocketEventHandler.cpp:56:sendEvent:[00m Sending event: {"jsonrpc":"2.0","method":"onEvent","params":{"value":{"data":{"candidate":{"__module__":"kurento","__type__":"IceCandidate","candidate":"candidate:2 2 UDP 2013266430 172.20.0.3 10083 typ host","sdpMLineIndex":0,"sdpMid":"0"},"source":"65ec8725-e46d-4235-aff2-deeb2f1883a6_kurento.MediaPipeline/8594de3e-38b8-4a8d-9327-fb27c76c2c95_kurento.WebRtcEndpoint","tags":[],"timestamp":"1591073426","timestampMillis":"1591073426133","type":"OnIceCandidate"},"object":"65ec8725-e46d-4235-aff2-deeb2f1883a6_kurento.MediaPipeline/8594de3e-38b8-4a8d-9327-fb27c76c2c95_kurento.WebRtcEndpoint","type":"OnIceCandidate"}}}, sessionId: 07445ae2-4579-46a2-9800-486e42148f33
0:48:40.517318762 [332m   25[00m 0x7f42e80990c0 [37mDEBUG  [00m [00mKurentoWebSocketEventHandler WebSocketEventHandler.cpp:56:sendEvent:[00m Sending event: {"jsonrpc":"2.0","method":"onEvent","params":{"value":{"data":{"candidate":{"__module__":"kurento","__type__":"IceCandidate","candidate":"candidate:2 2 UDP 2013266430 172.20.0.3 10083 typ host","sdpMLineIndex":1,"sdpMid":"1"},"source":"65ec8725-e46d-4235-aff2-deeb2f1883a6_kurento.MediaPipeline/8594de3e-38b8-4a8d-9327-fb27c76c2c95_kurento.WebRtcEndpoint","tags":[],"timestamp":"1591073426","timestampMillis":"1591073426133","type":"OnIceCandidate"},"object":"65ec8725-e46d-4235-aff2-deeb2f1883a6_kurento.MediaPipeline/8594de3e-38b8-4a8d-9327-fb27c76c2c95_kurento.WebRtcEndpoint","type":"OnIceCandidate"}}}, sessionId: 07445ae2-4579-46a2-9800-486e42148f33
0:48:40.517425048 [332m   25[00m 0x7f42e80990c0 [37mDEBUG  [00m [00mKurentoWebSocketEventHandler WebSocketEventHandler.cpp:56:sendEvent:[00m Sending event: {"jsonrpc":"2.0","method":"onEvent","params":{"value":{"data":{"candidate":{"__module__":"kurento","__type__":"IceCandidate","candidate":"candidate:2 2 UDP 2013266430 172.20.0.3 10083 typ host","sdpMLineIndex":2,"sdpMid":"2"},"source":"65ec8725-e46d-4235-aff2-deeb2f1883a6_kurento.MediaPipeline/8594de3e-38b8-4a8d-9327-fb27c76c2c95_kurento.WebRtcEndpoint","tags":[],"timestamp":"1591073426","timestampMillis":"1591073426133","type":"OnIceCandidate"},"object":"65ec8725-e46d-4235-aff2-deeb2f1883a6_kurento.MediaPipeline/8594de3e-38b8-4a8d-9327-fb27c76c2c95_kurento.WebRtcEndpoint","type":"OnIceCandidate"}}}, sessionId: 07445ae2-4579-46a2-9800-486e42148f33
0:48:40.517558215 [332m   25[00m 0x7f42e80990c0 [37mDEBUG  [00m [00mKurentoWebSocketEventHandler WebSocketEventHandler.cpp:56:sendEvent:[00m Sending event: {"jsonrpc":"2.0","method":"onEvent","params":{"value":{"data":{"candidate":{"__module__":"kurento","__type__":"IceCandidate","candidate":"candidate:3 2 TCP 1015021822 172.20.0.3 9 typ host tcptype active","sdpMLineIndex":0,"sdpMid":"0"},"source":"65ec8725-e46d-4235-aff2-deeb2f1883a6_kurento.MediaPipeline/8594de3e-38b8-4a8d-9327-fb27c76c2c95_kurento.WebRtcEndpoint","tags":[],"timestamp":"1591073426","timestampMillis":"1591073426133","type":"OnIceCandidate"},"object":"65ec8725-e46d-4235-aff2-deeb2f1883a6_kurento.MediaPipeline/8594de3e-38b8-4a8d-9327-fb27c76c2c95_kurento.WebRtcEndpoint","type":"OnIceCandidate"}}}, sessionId: 07445ae2-4579-46a2-9800-486e42148f33
0:48:40.517646455 [332m   25[00m 0x7f42e4001c60 [37mDEBUG  [00m [00mKurentoWebSocketTransport WebSocketTransport.cpp:462:processMessage:[00m Response: {"id":278,"jsonrpc":"2.0","result":{"sessionId":"07445ae2-4579-46a2-9800-486e42148f33","value":null}}
0:48:40.517669343 [332m   25[00m 0x7f42e80990c0 [37mDEBUG  [00m [00mKurentoWebSocketEventHandler WebSocketEventHandler.cpp:56:sendEvent:[00m Sending event: {"jsonrpc":"2.0","method":"onEvent","params":{"value":{"data":{"candidate":{"__module__":"kurento","__type__":"IceCandidate","candidate":"candidate:3 2 TCP 1015021822 172.20.0.3 9 typ host tcptype active","sdpMLineIndex":1,"sdpMid":"1"},"source":"65ec8725-e46d-4235-aff2-deeb2f1883a6_kurento.MediaPipeline/8594de3e-38b8-4a8d-9327-fb27c76c2c95_kurento.WebRtcEndpoint","tags":[],"timestamp":"1591073426","timestampMillis":"1591073426133","type":"OnIceCandidate"},"object":"65ec8725-e46d-4235-aff2-deeb2f1883a6_kurento.MediaPipeline/8594de3e-38b8-4a8d-9327-fb27c76c2c95_kurento.WebRtcEndpoint","type":"OnIceCandidate"}}}, sessionId: 07445ae2-4579-46a2-9800-486e42148f33
0:48:40.517788778 [332m   25[00m 0x7f42e80990c0 [37mDEBUG  [00m [00mKurentoWebSocketEventHandler WebSocketEventHandler.cpp:56:sendEvent:[00m Sending event: {"jsonrpc":"2.0","method":"onEvent","params":{"value":{"data":{"candidate":{"__module__":"kurento","__type__":"IceCandidate","candidate":"candidate:3 2 TCP 1015021822 172.20.0.3 9 typ host tcptype active","sdpMLineIndex":2,"sdpMid":"2"},"source":"65ec8725-e46d-4235-aff2-deeb2f1883a6_kurento.MediaPipeline/8594de3e-38b8-4a8d-9327-fb27c76c2c95_kurento.WebRtcEndpoint","tags":[],"timestamp":"1591073426","timestampMillis":"1591073426133","type":"OnIceCandidate"},"object":"65ec8725-e46d-4235-aff2-deeb2f1883a6_kurento.MediaPipeline/8594de3e-38b8-4a8d-9327-fb27c76c2c95_kurento.WebRtcEndpoint","type":"OnIceCandidate"}}}, sessionId: 07445ae2-4579-46a2-9800-486e42148f33
0:48:40.517804447 [332m   25[00m 0x7f42ec001b20 [37mDEBUG  [00m [00mKurentoWebSocketTransport WebSocketTransport.cpp:460:processMessage:[00m Message: {"jsonrpc":"2.0","method":"invoke","params":{"object":"65ec8725-e46d-4235-aff2-deeb2f1883a6_kurento.MediaPipeline/8594de3e-38b8-4a8d-9327-fb27c76c2c95_kurento.WebRtcEndpoint","operation":"addIceCandidate","operationParams":{"candidate":{"candidate":"candidate:1101502331 1 udp 2113937151 e6de7e86-3d3c-42e2-9519-ee0b352f99b0.local 64517 typ host generation 0 ufrag XvRD network-cost 999","sdpMid":"0","sdpMLineIndex":0,"__module__":"kurento","__type__":"IceCandidate"}},"sessionId":"07445ae2-4579-46a2-9800-486e42148f33"},"id":279}
0:48:40.517885065 [332m   25[00m 0x7f42e80990c0 [37mDEBUG  [00m [00mKurentoWebSocketEventHandler WebSocketEventHandler.cpp:56:sendEvent:[00m Sending event: {"jsonrpc":"2.0","method":"onEvent","params":{"value":{"data":{"candidate":{"__module__":"kurento","__type__":"IceCandidate","candidate":"candidate:4 2 TCP 1010827518 172.20.0.3 10066 typ host tcptype passive","sdpMLineIndex":0,"sdpMid":"0"},"source":"65ec8725-e46d-4235-aff2-deeb2f1883a6_kurento.MediaPipeline/8594de3e-38b8-4a8d-9327-fb27c76c2c95_kurento.WebRtcEndpoint","tags":[],"timestamp":"1591073426","timestampMillis":"1591073426133","type":"OnIceCandidate"},"object":"65ec8725-e46d-4235-aff2-deeb2f1883a6_kurento.MediaPipeline/8594de3e-38b8-4a8d-9327-fb27c76c2c95_kurento.WebRtcEndpoint","type":"OnIceCandidate"}}}, sessionId: 07445ae2-4579-46a2-9800-486e42148f33
0:48:40.517977542 [332m   25[00m 0x7f42e80990c0 [37mDEBUG  [00m [00mKurentoWebSocketEventHandler WebSocketEventHandler.cpp:56:sendEvent:[00m Sending event: {"jsonrpc":"2.0","method":"onEvent","params":{"value":{"data":{"candidate":{"__module__":"kurento","__type__":"IceCandidate","candidate":"candidate:4 2 TCP 1010827518 172.20.0.3 10066 typ host tcptype passive","sdpMLineIndex":1,"sdpMid":"1"},"source":"65ec8725-e46d-4235-aff2-deeb2f1883a6_kurento.MediaPipeline/8594de3e-38b8-4a8d-9327-fb27c76c2c95_kurento.WebRtcEndpoint","tags":[],"timestamp":"1591073426","timestampMillis":"1591073426134","type":"OnIceCandidate"},"object":"65ec8725-e46d-4235-aff2-deeb2f1883a6_kurento.MediaPipeline/8594de3e-38b8-4a8d-9327-fb27c76c2c95_kurento.WebRtcEndpoint","type":"OnIceCandidate"}}}, sessionId: 07445ae2-4579-46a2-9800-486e42148f33
0:48:40.518067823 [332m   25[00m 0x7f42e80990c0 [37mDEBUG  [00m [00mKurentoWebSocketEventHandler WebSocketEventHandler.cpp:56:sendEvent:[00m Sending event: {"jsonrpc":"2.0","method":"onEvent","params":{"value":{"data":{"candidate":{"__module__":"kurento","__type__":"IceCandidate","candidate":"candidate:4 2 TCP 1010827518 172.20.0.3 10066 typ host tcptype passive","sdpMLineIndex":2,"sdpMid":"2"},"source":"65ec8725-e46d-4235-aff2-deeb2f1883a6_kurento.MediaPipeline/8594de3e-38b8-4a8d-9327-fb27c76c2c95_kurento.WebRtcEndpoint","tags":[],"timestamp":"1591073426","timestampMillis":"1591073426134","type":"OnIceCandidate"},"object":"65ec8725-e46d-4235-aff2-deeb2f1883a6_kurento.MediaPipeline/8594de3e-38b8-4a8d-9327-fb27c76c2c95_kurento.WebRtcEndpoint","type":"OnIceCandidate"}}}, sessionId: 07445ae2-4579-46a2-9800-486e42148f33
0:48:40.518322028 [332m   25[00m 0x7f42ec001b20 [37mDEBUG  [00m [00mKurentoWebSocketTransport WebSocketTransport.cpp:462:processMessage:[00m Response: {"error":{"code":40401,"data":{"type":"ICE_ADD_CANDIDATE_ERROR"},"message":"Error adding candidate"},"id":279,"jsonrpc":"2.0"}
0:48:40.518363481 [332m   25[00m 0x7f42ec001b20 [37mDEBUG  [00m [00mKurentoWebSocketTransport WebSocketTransport.cpp:460:processMessage:[00m Message: {"jsonrpc":"2.0","method":"invoke","params":{"object":"65ec8725-e46d-4235-aff2-deeb2f1883a6_kurento.MediaPipeline/8594de3e-38b8-4a8d-9327-fb27c76c2c95_kurento.WebRtcEndpoint","operation":"addIceCandidate","operationParams":{"candidate":{"candidate":"candidate:1101502331 1 udp 2113937151 e6de7e86-3d3c-42e2-9519-ee0b352f99b0.local 54222 typ host generation 0 ufrag XvRD network-cost 999","sdpMid":"1","sdpMLineIndex":1,"__module__":"kurento","__type__":"IceCandidate"}},"sessionId":"07445ae2-4579-46a2-9800-486e42148f33"},"id":280}
0:48:40.518721016 [332m   25[00m 0x7f42ec001b20 [37mDEBUG  [00m [00mKurentoWebSocketTransport WebSocketTransport.cpp:462:processMessage:[00m Response: {"error":{"code":40401,"data":{"type":"ICE_ADD_CANDIDATE_ERROR"},"message":"Error adding candidate"},"id":280,"jsonrpc":"2.0"}
0:48:40.518753090 [332m   25[00m 0x7f42ec001b20 [37mDEBUG  [00m [00mKurentoWebSocketTransport WebSocketTransport.cpp:460:processMessage:[00m Message: {"jsonrpc":"2.0","method":"invoke","params":{"object":"65ec8725-e46d-4235-aff2-deeb2f1883a6_kurento.MediaPipeline/8594de3e-38b8-4a8d-9327-fb27c76c2c95_kurento.WebRtcEndpoint","operation":"addIceCandidate","operationParams":{"candidate":{"candidate":"candidate:1101502331 1 udp 2113937151 e6de7e86-3d3c-42e2-9519-ee0b352f99b0.local 60079 typ host generation 0 ufrag XvRD network-cost 999","sdpMid":"2","sdpMLineIndex":2,"__module__":"kurento","__type__":"IceCandidate"}},"sessionId":"07445ae2-4579-46a2-9800-486e42148f33"},"id":281}
0:48:40.519093729 [332m   25[00m 0x7f42ec001b20 [37mDEBUG  [00m [00mKurentoWebSocketTransport WebSocketTransport.cpp:462:processMessage:[00m Response: {"error":{"code":40401,"data":{"type":"ICE_ADD_CANDIDATE_ERROR"},"message":"Error adding candidate"},"id":281,"jsonrpc":"2.0"}
0:48:40.519123601 [332m   25[00m 0x7f42ec001b20 [37mDEBUG  [00m [00mKurentoWebSocketTransport WebSocketTransport.cpp:460:processMessage:[00m Message: {"jsonrpc":"2.0","method":"invoke","params":{"object":"65ec8725-e46d-4235-aff2-deeb2f1883a6_kurento.MediaPipeline/53827330-02fb-442f-b6c4-ae29c9ce83ba_datachannelexample.KmsSendData","operation":"connect","operationParams":{"sink":"65ec8725-e46d-4235-aff2-deeb2f1883a6_kurento.MediaPipeline/8594de3e-38b8-4a8d-9327-fb27c76c2c95_kurento.WebRtcEndpoint"},"sessionId":"07445ae2-4579-46a2-9800-486e42148f33"},"id":282}
0:48:40.519234076 [332m   25[00m 0x7f42ec001b20 [37mDEBUG  [00m [00mKurentoMediaElementImpl MediaElementImpl.cpp:902:connect:[00m Connecting 65ec8725-e46d-4235-aff2-deeb2f1883a6_kurento.MediaPipeline/53827330-02fb-442f-b6c4-ae29c9ce83ba_datachannelexample.KmsSendData -> 65ec8725-e46d-4235-aff2-deeb2f1883a6_kurento.MediaPipeline/8594de3e-38b8-4a8d-9327-fb27c76c2c95_kurento.WebRtcEndpoint params AUDIO default default
0:48:40.519407588 [332m   25[00m 0x7f42ec001b20 [37mDEBUG  [00m [00mKurentoMediaElementImpl MediaElementImpl.cpp:902:connect:[00m Connecting 65ec8725-e46d-4235-aff2-deeb2f1883a6_kurento.MediaPipeline/53827330-02fb-442f-b6c4-ae29c9ce83ba_datachannelexample.KmsSendData -> 65ec8725-e46d-4235-aff2-deeb2f1883a6_kurento.MediaPipeline/8594de3e-38b8-4a8d-9327-fb27c76c2c95_kurento.WebRtcEndpoint params VIDEO default default
0:48:40.519513573 [332m   25[00m 0x7f42ec001b20 [37mDEBUG  [00m [00mKurentoMediaElementImpl MediaElementImpl.cpp:902:connect:[00m Connecting 65ec8725-e46d-4235-aff2-deeb2f1883a6_kurento.MediaPipeline/53827330-02fb-442f-b6c4-ae29c9ce83ba_datachannelexample.KmsSendData -> 65ec8725-e46d-4235-aff2-deeb2f1883a6_kurento.MediaPipeline/8594de3e-38b8-4a8d-9327-fb27c76c2c95_kurento.WebRtcEndpoint params DATA default default
0:48:40.519684187 [332m   25[00m 0x7f42ec001b20 [37mDEBUG  [00m [00mKurentoWebSocketTransport WebSocketTransport.cpp:462:processMessage:[00m Response: {"id":282,"jsonrpc":"2.0","result":{"sessionId":"07445ae2-4579-46a2-9800-486e42148f33","value":null}}
0:48:40.543882621 [332m   25[00m 0x7f42e80990c0 [37mDEBUG  [00m [00mKurentoWebSocketEventHandler WebSocketEventHandler.cpp:56:sendEvent:[00m Sending event: {"jsonrpc":"2.0","method":"onEvent","params":{"value":{"data":{"candidate":{"__module__":"kurento","__type__":"IceCandidate","candidate":"candidate:5 1 UDP 1677722111 203.151.20.94 10029 typ srflx raddr 172.20.0.3 rport 10029","sdpMLineIndex":0,"sdpMid":"0"},"source":"65ec8725-e46d-4235-aff2-deeb2f1883a6_kurento.MediaPipeline/8594de3e-38b8-4a8d-9327-fb27c76c2c95_kurento.WebRtcEndpoint","tags":[],"timestamp":"1591073426","timestampMillis":"1591073426160","type":"OnIceCandidate"},"object":"65ec8725-e46d-4235-aff2-deeb2f1883a6_kurento.MediaPipeline/8594de3e-38b8-4a8d-9327-fb27c76c2c95_kurento.WebRtcEndpoint","type":"OnIceCandidate"}}}, sessionId: 07445ae2-4579-46a2-9800-486e42148f33
0:48:40.544178222 [332m   25[00m 0x7f42e80990c0 [37mDEBUG  [00m [00mKurentoWebSocketEventHandler WebSocketEventHandler.cpp:56:sendEvent:[00m Sending event: {"jsonrpc":"2.0","method":"onEvent","params":{"value":{"data":{"candidate":{"__module__":"kurento","__type__":"IceCandidate","candidate":"candidate:5 1 UDP 1677722111 203.151.20.94 10029 typ srflx raddr 172.20.0.3 rport 10029","sdpMLineIndex":1,"sdpMid":"1"},"source":"65ec8725-e46d-4235-aff2-deeb2f1883a6_kurento.MediaPipeline/8594de3e-38b8-4a8d-9327-fb27c76c2c95_kurento.WebRtcEndpoint","tags":[],"timestamp":"1591073426","timestampMillis":"1591073426160","type":"OnIceCandidate"},"object":"65ec8725-e46d-4235-aff2-deeb2f1883a6_kurento.MediaPipeline/8594de3e-38b8-4a8d-9327-fb27c76c2c95_kurento.WebRtcEndpoint","type":"OnIceCandidate"}}}, sessionId: 07445ae2-4579-46a2-9800-486e42148f33
0:48:40.544293522 [332m   25[00m 0x7f42e80990c0 [37mDEBUG  [00m [00mKurentoWebSocketEventHandler WebSocketEventHandler.cpp:56:sendEvent:[00m Sending event: {"jsonrpc":"2.0","method":"onEvent","params":{"value":{"data":{"candidate":{"__module__":"kurento","__type__":"IceCandidate","candidate":"candidate:5 1 UDP 1677722111 203.151.20.94 10029 typ srflx raddr 172.20.0.3 rport 10029","sdpMLineIndex":2,"sdpMid":"2"},"source":"65ec8725-e46d-4235-aff2-deeb2f1883a6_kurento.MediaPipeline/8594de3e-38b8-4a8d-9327-fb27c76c2c95_kurento.WebRtcEndpoint","tags":[],"timestamp":"1591073426","timestampMillis":"1591073426160","type":"OnIceCandidate"},"object":"65ec8725-e46d-4235-aff2-deeb2f1883a6_kurento.MediaPipeline/8594de3e-38b8-4a8d-9327-fb27c76c2c95_kurento.WebRtcEndpoint","type":"OnIceCandidate"}}}, sessionId: 07445ae2-4579-46a2-9800-486e42148f33
0:48:40.544396270 [332m   25[00m 0x7f42e80990c0 [37mDEBUG  [00m [00mKurentoWebSocketEventHandler WebSocketEventHandler.cpp:56:sendEvent:[00m Sending event: {"jsonrpc":"2.0","method":"onEvent","params":{"value":{"data":{"candidate":{"__module__":"kurento","__type__":"IceCandidate","candidate":"candidate:6 1 TCP 847249663 203.151.20.94 9 typ srflx raddr 172.20.0.3 rport 9 tcptype active","sdpMLineIndex":0,"sdpMid":"0"},"source":"65ec8725-e46d-4235-aff2-deeb2f1883a6_kurento.MediaPipeline/8594de3e-38b8-4a8d-9327-fb27c76c2c95_kurento.WebRtcEndpoint","tags":[],"timestamp":"1591073426","timestampMillis":"1591073426160","type":"OnIceCandidate"},"object":"65ec8725-e46d-4235-aff2-deeb2f1883a6_kurento.MediaPipeline/8594de3e-38b8-4a8d-9327-fb27c76c2c95_kurento.WebRtcEndpoint","type":"OnIceCandidate"}}}, sessionId: 07445ae2-4579-46a2-9800-486e42148f33
0:48:40.544493908 [332m   25[00m 0x7f42e80990c0 [37mDEBUG  [00m [00mKurentoWebSocketEventHandler WebSocketEventHandler.cpp:56:sendEvent:[00m Sending event: {"jsonrpc":"2.0","method":"onEvent","params":{"value":{"data":{"candidate":{"__module__":"kurento","__type__":"IceCandidate","candidate":"candidate:6 1 TCP 847249663 203.151.20.94 9 typ srflx raddr 172.20.0.3 rport 9 tcptype active","sdpMLineIndex":1,"sdpMid":"1"},"source":"65ec8725-e46d-4235-aff2-deeb2f1883a6_kurento.MediaPipeline/8594de3e-38b8-4a8d-9327-fb27c76c2c95_kurento.WebRtcEndpoint","tags":[],"timestamp":"1591073426","timestampMillis":"1591073426160","type":"OnIceCandidate"},"object":"65ec8725-e46d-4235-aff2-deeb2f1883a6_kurento.MediaPipeline/8594de3e-38b8-4a8d-9327-fb27c76c2c95_kurento.WebRtcEndpoint","type":"OnIceCandidate"}}}, sessionId: 07445ae2-4579-46a2-9800-486e42148f33
0:48:40.544589901 [332m   25[00m 0x7f42e80990c0 [37mDEBUG  [00m [00mKurentoWebSocketEventHandler WebSocketEventHandler.cpp:56:sendEvent:[00m Sending event: {"jsonrpc":"2.0","method":"onEvent","params":{"value":{"data":{"candidate":{"__module__":"kurento","__type__":"IceCandidate","candidate":"candidate:6 1 TCP 847249663 203.151.20.94 9 typ srflx raddr 172.20.0.3 rport 9 tcptype active","sdpMLineIndex":2,"sdpMid":"2"},"source":"65ec8725-e46d-4235-aff2-deeb2f1883a6_kurento.MediaPipeline/8594de3e-38b8-4a8d-9327-fb27c76c2c95_kurento.WebRtcEndpoint","tags":[],"timestamp":"1591073426","timestampMillis":"1591073426160","type":"OnIceCandidate"},"object":"65ec8725-e46d-4235-aff2-deeb2f1883a6_kurento.MediaPipeline/8594de3e-38b8-4a8d-9327-fb27c76c2c95_kurento.WebRtcEndpoint","type":"OnIceCandidate"}}}, sessionId: 07445ae2-4579-46a2-9800-486e42148f33
0:48:40.544685644 [332m   25[00m 0x7f42e80990c0 [37mDEBUG  [00m [00mKurentoWebSocketEventHandler WebSocketEventHandler.cpp:56:sendEvent:[00m Sending event: {"jsonrpc":"2.0","method":"onEvent","params":{"value":{"data":{"candidate":{"__module__":"kurento","__type__":"IceCandidate","candidate":"candidate:7 1 TCP 843055359 203.151.20.94 10093 typ srflx raddr 172.20.0.3 rport 10093 tcptype passive","sdpMLineIndex":0,"sdpMid":"0"},"source":"65ec8725-e46d-4235-aff2-deeb2f1883a6_kurento.MediaPipeline/8594de3e-38b8-4a8d-9327-fb27c76c2c95_kurento.WebRtcEndpoint","tags":[],"timestamp":"1591073426","timestampMillis":"1591073426161","type":"OnIceCandidate"},"object":"65ec8725-e46d-4235-aff2-deeb2f1883a6_kurento.MediaPipeline/8594de3e-38b8-4a8d-9327-fb27c76c2c95_kurento.WebRtcEndpoint","type":"OnIceCandidate"}}}, sessionId: 07445ae2-4579-46a2-9800-486e42148f33
0:48:40.544782463 [332m   25[00m 0x7f42e80990c0 [37mDEBUG  [00m [00mKurentoWebSocketEventHandler WebSocketEventHandler.cpp:56:sendEvent:[00m Sending event: {"jsonrpc":"2.0","method":"onEvent","params":{"value":{"data":{"candidate":{"__module__":"kurento","__type__":"IceCandidate","candidate":"candidate:7 1 TCP 843055359 203.151.20.94 10093 typ srflx raddr 172.20.0.3 rport 10093 tcptype passive","sdpMLineIndex":1,"sdpMid":"1"},"source":"65ec8725-e46d-4235-aff2-deeb2f1883a6_kurento.MediaPipeline/8594de3e-38b8-4a8d-9327-fb27c76c2c95_kurento.WebRtcEndpoint","tags":[],"timestamp":"1591073426","timestampMillis":"1591073426161","type":"OnIceCandidate"},"object":"65ec8725-e46d-4235-aff2-deeb2f1883a6_kurento.MediaPipeline/8594de3e-38b8-4a8d-9327-fb27c76c2c95_kurento.WebRtcEndpoint","type":"OnIceCandidate"}}}, sessionId: 07445ae2-4579-46a2-9800-486e42148f33
0:48:40.544872089 [332m   25[00m 0x7f42e80990c0 [37mDEBUG  [00m [00mKurentoWebSocketEventHandler WebSocketEventHandler.cpp:56:sendEvent:[00m Sending event: {"jsonrpc":"2.0","method":"onEvent","params":{"value":{"data":{"candidate":{"__module__":"kurento","__type__":"IceCandidate","candidate":"candidate:7 1 TCP 843055359 203.151.20.94 10093 typ srflx raddr 172.20.0.3 rport 10093 tcptype passive","sdpMLineIndex":2,"sdpMid":"2"},"source":"65ec8725-e46d-4235-aff2-deeb2f1883a6_kurento.MediaPipeline/8594de3e-38b8-4a8d-9327-fb27c76c2c95_kurento.WebRtcEndpoint","tags":[],"timestamp":"1591073426","timestampMillis":"1591073426161","type":"OnIceCandidate"},"object":"65ec8725-e46d-4235-aff2-deeb2f1883a6_kurento.MediaPipeline/8594de3e-38b8-4a8d-9327-fb27c76c2c95_kurento.WebRtcEndpoint","type":"OnIceCandidate"}}}, sessionId: 07445ae2-4579-46a2-9800-486e42148f33
0:48:40.560198832 [332m   25[00m 0x7f42f4002180 [37mDEBUG  [00m [00mKurentoWebSocketTransport WebSocketTransport.cpp:460:processMessage:[00m Message: {"jsonrpc":"2.0","method":"invoke","params":{"object":"65ec8725-e46d-4235-aff2-deeb2f1883a6_kurento.MediaPipeline/8594de3e-38b8-4a8d-9327-fb27c76c2c95_kurento.WebRtcEndpoint","operation":"addIceCandidate","operationParams":{"candidate":{"candidate":"candidate:842163049 1 udp 1677729535 49.230.95.223 64517 typ srflx raddr 0.0.0.0 rport 0 generation 0 ufrag XvRD network-cost 999","sdpMid":"0","sdpMLineIndex":0,"__module__":"kurento","__type__":"IceCandidate"}},"sessionId":"07445ae2-4579-46a2-9800-486e42148f33"},"id":283}
0:48:40.560769350 [332m   25[00m 0x7f42f4002180 [37mDEBUG  [00m [00mKurentoWebSocketTransport WebSocketTransport.cpp:462:processMessage:[00m Response: {"id":283,"jsonrpc":"2.0","result":{"sessionId":"07445ae2-4579-46a2-9800-486e42148f33","value":null}}
0:48:40.561850054 [332m   25[00m 0x7f42f0001c90 [37mDEBUG  [00m [00mKurentoWebSocketTransport WebSocketTransport.cpp:460:processMessage:[00m Message: {"jsonrpc":"2.0","method":"invoke","params":{"object":"65ec8725-e46d-4235-aff2-deeb2f1883a6_kurento.MediaPipeline/8594de3e-38b8-4a8d-9327-fb27c76c2c95_kurento.WebRtcEndpoint","operation":"addIceCandidate","operationParams":{"candidate":{"candidate":"candidate:842163049 1 udp 1677729535 49.230.95.223 60079 typ srflx raddr 0.0.0.0 rport 0 generation 0 ufrag XvRD network-cost 999","sdpMid":"2","sdpMLineIndex":2,"__module__":"kurento","__type__":"IceCandidate"}},"sessionId":"07445ae2-4579-46a2-9800-486e42148f33"},"id":284}
0:48:40.562373495 [332m   25[00m 0x7f42f0001c90 [37mDEBUG  [00m [00mKurentoWebSocketTransport WebSocketTransport.cpp:462:processMessage:[00m Response: {"id":284,"jsonrpc":"2.0","result":{"sessionId":"07445ae2-4579-46a2-9800-486e42148f33","value":null}}
0:48:40.564342728 [332m   25[00m 0x7f42a8001790 [37mDEBUG  [00m [00mKurentoWebSocketTransport WebSocketTransport.cpp:460:processMessage:[00m Message: {"jsonrpc":"2.0","method":"invoke","params":{"object":"65ec8725-e46d-4235-aff2-deeb2f1883a6_kurento.MediaPipeline/8594de3e-38b8-4a8d-9327-fb27c76c2c95_kurento.WebRtcEndpoint","operation":"addIceCandidate","operationParams":{"candidate":{"candidate":"candidate:842163049 1 udp 1677729535 49.230.95.223 54222 typ srflx raddr 0.0.0.0 rport 0 generation 0 ufrag XvRD network-cost 999","sdpMid":"1","sdpMLineIndex":1,"__module__":"kurento","__type__":"IceCandidate"}},"sessionId":"07445ae2-4579-46a2-9800-486e42148f33"},"id":285}
0:48:40.565537247 [332m   25[00m 0x7f42a8001790 [37mDEBUG  [00m [00mKurentoWebSocketTransport WebSocketTransport.cpp:462:processMessage:[00m Response: {"id":285,"jsonrpc":"2.0","result":{"sessionId":"07445ae2-4579-46a2-9800-486e42148f33","value":null}}
0:48:40.715783959 [332m   25[00m 0x7f42e808d2d0 [37mDEBUG  [00m [00mKurentoWebRtcEndpointImpl WebRtcEndpointImpl.cpp:292:newSelectedPairFull:<kmswebrtcendpoint11>[00m New candidate pair selected, local: 'candidate:5 1 UDP 1677722111 203.151.20.94 10029 typ srflx raddr 172.20.0.3 rport 10029', remote: 'candidate:842163049 1 UDP 1677729535 49.230.95.223 64517 typ srflx', stream_id: '1', component_id: 1
0:48:41.636150133 [332m   25[00m 0x7f413000f400 [37mDEBUG  [00m [00mKurentoMediaElementImpl MediaElementImpl.cpp:492:mediaFlowInStateChange:<kmswebrtcendpoint11>[00m MediaFlowInStateChange: FLOWING, pad: 'default', type: 'audio'
0:48:41.648875010 [332m   25[00m 0x7f42341abca0 [37mDEBUG  [00m [00mKurentoMediaElementImpl MediaElementImpl.cpp:492:mediaFlowInStateChange:<kmswebrtcendpoint11>[00m MediaFlowInStateChange: FLOWING, pad: 'default', type: 'video'
0:49:00.447038588 [332m   25[00m 0x7f42b0001410 [36mINFO   [00m [00mKurentoWebSocketTransport WebSocketTransport.cpp:296:keepAliveSessions:[00m Keep alive 07445ae2-4579-46a2-9800-486e42148f33
0:49:00.790212924 [332m   25[00m 0x7f42e0001cc0 [37mDEBUG  [00m [00mKurentoWebSocketTransport WebSocketTransport.cpp:460:processMessage:[00m Message: {"jsonrpc":"2.0","method":"ping","id":286}
0:49:00.790373735 [332m   25[00m 0x7f42e0001cc0 [36mINFO   [00m [00mKurentoServerMethods ServerMethods.cpp:814:ping:[00m WebSocket Ping/Pong with sessionId 07445ae2-4579-46a2-9800-486e42148f33
0:49:00.790513236 [332m   25[00m 0x7f42e0001cc0 [37mDEBUG  [00m [00mKurentoWebSocketTransport WebSocketTransport.cpp:462:processMessage:[00m Response: {"id":286,"jsonrpc":"2.0","result":{"sessionId":"07445ae2-4579-46a2-9800-486e42148f33","value":"pong"}}
0:50:00.447242611 [332m   25[00m 0x7f42b0001410 [36mINFO   [00m [00mKurentoWebSocketTransport WebSocketTransport.cpp:296:keepAliveSessions:[00m Keep alive 07445ae2-4579-46a2-9800-486e42148f33
0:50:00.791168960 [332m   25[00m 0x7f42f80072f0 [37mDEBUG  [00m [00mKurentoWebSocketTransport WebSocketTransport.cpp:460:processMessage:[00m Message: {"jsonrpc":"2.0","method":"ping","id":287}
0:50:00.791330377 [332m   25[00m 0x7f42f80072f0 [36mINFO   [00m [00mKurentoServerMethods ServerMethods.cpp:814:ping:[00m WebSocket Ping/Pong with sessionId 07445ae2-4579-46a2-9800-486e42148f33
0:50:00.791452149 [332m   25[00m 0x7f42f80072f0 [37mDEBUG  [00m [00mKurentoWebSocketTransport WebSocketTransport.cpp:462:processMessage:[00m Response: {"id":287,"jsonrpc":"2.0","result":{"sessionId":"07445ae2-4579-46a2-9800-486e42148f33","value":"pong"}}
0:51:00.447414219 [332m   25[00m 0x7f42b0001410 [36mINFO   [00m [00mKurentoWebSocketTransport WebSocketTransport.cpp:296:keepAliveSessions:[00m Keep alive 07445ae2-4579-46a2-9800-486e42148f33
0:51:00.792561997 [332m   25[00m 0x7f4304001840 [37mDEBUG  [00m [00mKurentoWebSocketTransport WebSocketTransport.cpp:460:processMessage:[00m Message: {"jsonrpc":"2.0","method":"ping","id":288}
0:51:00.793734863 [332m   25[00m 0x7f4304001840 [36mINFO   [00m [00mKurentoServerMethods ServerMethods.cpp:814:ping:[00m WebSocket Ping/Pong with sessionId 07445ae2-4579-46a2-9800-486e42148f33
0:51:00.793922346 [332m   25[00m 0x7f4304001840 [37mDEBUG  [00m [00mKurentoWebSocketTransport WebSocketTransport.cpp:462:processMessage:[00m Response: {"id":288,"jsonrpc":"2.0","result":{"sessionId":"07445ae2-4579-46a2-9800-486e42148f33","value":"pong"}}
0:52:00.439331700 [332m   25[00m 0x7f42e8001c30 [37mDEBUG  [00m [00m     KurentoMediaSet MediaSet.cpp:123:doGarbageCollection:[00m Running garbage collector
0:52:00.447583982 [332m   25[00m 0x7f42b0001410 [36mINFO   [00m [00mKurentoWebSocketTransport WebSocketTransport.cpp:296:keepAliveSessions:[00m Keep alive 07445ae2-4579-46a2-9800-486e42148f33
0:52:00.792261082 [332m   25[00m 0x7f42dc001810 [37mDEBUG  [00m [00mKurentoWebSocketTransport WebSocketTransport.cpp:460:processMessage:[00m Message: {"jsonrpc":"2.0","method":"ping","id":289}
0:52:00.792410177 [332m   25[00m 0x7f42dc001810 [36mINFO   [00m [00mKurentoServerMethods ServerMethods.cpp:814:ping:[00m WebSocket Ping/Pong with sessionId 07445ae2-4579-46a2-9800-486e42148f33
0:52:00.792535047 [332m   25[00m 0x7f42dc001810 [37mDEBUG  [00m [00mKurentoWebSocketTransport WebSocketTransport.cpp:462:processMessage:[00m Response: {"id":289,"jsonrpc":"2.0","result":{"sessionId":"07445ae2-4579-46a2-9800-486e42148f33","value":"pong"}}
0:53:00.447738817 [332m   25[00m 0x7f42b0001410 [36mINFO   [00m [00mKurentoWebSocketTransport WebSocketTransport.cpp:296:keepAliveSessions:[00m Keep alive 07445ae2-4579-46a2-9800-486e42148f33
0:53:00.793527993 [332m   25[00m 0x7f42e4001c60 [37mDEBUG  [00m [00mKurentoWebSocketTransport WebSocketTransport.cpp:460:processMessage:[00m Message: {"jsonrpc":"2.0","method":"ping","id":290}
0:53:00.793689176 [332m   25[00m 0x7f42e4001c60 [36mINFO   [00m [00mKurentoServerMethods ServerMethods.cpp:814:ping:[00m WebSocket Ping/Pong with sessionId 07445ae2-4579-46a2-9800-486e42148f33
0:53:00.793808726 [332m   25[00m 0x7f42e4001c60 [37mDEBUG  [00m [00mKurentoWebSocketTransport WebSocketTransport.cpp:462:processMessage:[00m Response: {"id":290,"jsonrpc":"2.0","result":{"sessionId":"07445ae2-4579-46a2-9800-486e42148f33","value":"pong"}}
0:54:00.447890312 [332m   25[00m 0x7f42b0001410 [36mINFO   [00m [00mKurentoWebSocketTransport WebSocketTransport.cpp:296:keepAliveSessions:[00m Keep alive 07445ae2-4579-46a2-9800-486e42148f33
0:54:00.794098080 [332m   25[00m 0x7f42ec001b20 [37mDEBUG  [00m [00mKurentoWebSocketTransport WebSocketTransport.cpp:460:processMessage:[00m Message: {"jsonrpc":"2.0","method":"ping","id":291}
0:54:00.794239575 [332m   25[00m 0x7f42ec001b20 [36mINFO   [00m [00mKurentoServerMethods ServerMethods.cpp:814:ping:[00m WebSocket Ping/Pong with sessionId 07445ae2-4579-46a2-9800-486e42148f33
0:54:00.794356889 [332m   25[00m 0x7f42ec001b20 [37mDEBUG  [00m [00mKurentoWebSocketTransport WebSocketTransport.cpp:462:processMessage:[00m Response: {"id":291,"jsonrpc":"2.0","result":{"sessionId":"07445ae2-4579-46a2-9800-486e42148f33","value":"pong"}}
0:55:00.448043205 [332m   25[00m 0x7f42b0001410 [36mINFO   [00m [00mKurentoWebSocketTransport WebSocketTransport.cpp:296:keepAliveSessions:[00m Keep alive 07445ae2-4579-46a2-9800-486e42148f33
0:55:00.798072645 [332m   25[00m 0x7f42b0001b50 [37mDEBUG  [00m [00mKurentoWebSocketTransport WebSocketTransport.cpp:460:processMessage:[00m Message: {"jsonrpc":"2.0","method":"ping","id":292}
0:55:00.798271262 [332m   25[00m 0x7f42b0001b50 [36mINFO   [00m [00mKurentoServerMethods ServerMethods.cpp:814:ping:[00m WebSocket Ping/Pong with sessionId 07445ae2-4579-46a2-9800-486e42148f33
0:55:00.798653412 [332m   25[00m 0x7f42b0001b50 [37mDEBUG  [00m [00mKurentoWebSocketTransport WebSocketTransport.cpp:462:processMessage:[00m Response: {"id":292,"jsonrpc":"2.0","result":{"sessionId":"07445ae2-4579-46a2-9800-486e42148f33","value":"pong"}}
0:56:00.439703139 [332m   25[00m 0x7f42e8001c30 [37mDEBUG  [00m [00m     KurentoMediaSet MediaSet.cpp:123:doGarbageCollection:[00m Running garbage collector
0:56:00.448203776 [332m   25[00m 0x7f42b0001410 [36mINFO   [00m [00mKurentoWebSocketTransport WebSocketTransport.cpp:296:keepAliveSessions:[00m Keep alive 07445ae2-4579-46a2-9800-486e42148f33
0:56:00.804759192 [332m   25[00m 0x7f42f4002180 [37mDEBUG  [00m [00mKurentoWebSocketTransport WebSocketTransport.cpp:460:processMessage:[00m Message: {"jsonrpc":"2.0","method":"ping","id":293}
0:56:00.804918313 [332m   25[00m 0x7f42f4002180 [36mINFO   [00m [00mKurentoServerMethods ServerMethods.cpp:814:ping:[00m WebSocket Ping/Pong with sessionId 07445ae2-4579-46a2-9800-486e42148f33
0:56:00.805042021 [332m   25[00m 0x7f42f4002180 [37mDEBUG  [00m [00mKurentoWebSocketTransport WebSocketTransport.cpp:462:processMessage:[00m Response: {"id":293,"jsonrpc":"2.0","result":{"sessionId":"07445ae2-4579-46a2-9800-486e42148f33","value":"pong"}}
0:57:00.448361767 [332m   25[00m 0x7f42b0001410 [36mINFO   [00m [00mKurentoWebSocketTransport WebSocketTransport.cpp:296:keepAliveSessions:[00m Keep alive 07445ae2-4579-46a2-9800-486e42148f33
0:57:00.814101817 [332m   25[00m 0x7f42f0001c90 [37mDEBUG  [00m [00mKurentoWebSocketTransport WebSocketTransport.cpp:460:processMessage:[00m Message: {"jsonrpc":"2.0","method":"ping","id":294}
0:57:00.814259034 [332m   25[00m 0x7f42f0001c90 [36mINFO   [00m [00mKurentoServerMethods ServerMethods.cpp:814:ping:[00m WebSocket Ping/Pong with sessionId 07445ae2-4579-46a2-9800-486e42148f33
0:57:00.814377305 [332m   25[00m 0x7f42f0001c90 [37mDEBUG  [00m [00mKurentoWebSocketTransport WebSocketTransport.cpp:462:processMessage:[00m Response: {"id":294,"jsonrpc":"2.0","result":{"sessionId":"07445ae2-4579-46a2-9800-486e42148f33","value":"pong"}}
0:58:00.448510024 [332m   25[00m 0x7f42b0001410 [36mINFO   [00m [00mKurentoWebSocketTransport WebSocketTransport.cpp:296:keepAliveSessions:[00m Keep alive 07445ae2-4579-46a2-9800-486e42148f33
0:58:00.814406885 [332m   25[00m 0x7f42a8001790 [37mDEBUG  [00m [00mKurentoWebSocketTransport WebSocketTransport.cpp:460:processMessage:[00m Message: {"jsonrpc":"2.0","method":"ping","id":295}
0:58:00.814581778 [332m   25[00m 0x7f42a8001790 [36mINFO   [00m [00mKurentoServerMethods ServerMethods.cpp:814:ping:[00m WebSocket Ping/Pong with sessionId 07445ae2-4579-46a2-9800-486e42148f33
0:58:00.814724202 [332m   25[00m 0x7f42a8001790 [37mDEBUG  [00m [00mKurentoWebSocketTransport WebSocketTransport.cpp:462:processMessage:[00m Response: {"id":295,"jsonrpc":"2.0","result":{"sessionId":"07445ae2-4579-46a2-9800-486e42148f33","value":"pong"}}
0:59:00.448689053 [332m   25[00m 0x7f42b0001410 [36mINFO   [00m [00mKurentoWebSocketTransport WebSocketTransport.cpp:296:keepAliveSessions:[00m Keep alive 07445ae2-4579-46a2-9800-486e42148f33
0:59:00.823350834 [332m   25[00m 0x7f42e0001cc0 [37mDEBUG  [00m [00mKurentoWebSocketTransport WebSocketTransport.cpp:460:processMessage:[00m Message: {"jsonrpc":"2.0","method":"ping","id":296}
0:59:00.823503156 [332m   25[00m 0x7f42e0001cc0 [36mINFO   [00m [00mKurentoServerMethods ServerMethods.cpp:814:ping:[00m WebSocket Ping/Pong with sessionId 07445ae2-4579-46a2-9800-486e42148f33
0:59:00.823622961 [332m   25[00m 0x7f42e0001cc0 [37mDEBUG  [00m [00mKurentoWebSocketTransport WebSocketTransport.cpp:462:processMessage:[00m Response: {"id":296,"jsonrpc":"2.0","result":{"sessionId":"07445ae2-4579-46a2-9800-486e42148f33","value":"pong"}}
1:00:00.439850807 [332m   25[00m 0x7f42e8001c30 [37mDEBUG  [00m [00m     KurentoMediaSet MediaSet.cpp:123:doGarbageCollection:[00m Running garbage collector
1:00:00.449199624 [332m   25[00m 0x7f42b0001410 [36mINFO   [00m [00mKurentoWebSocketTransport WebSocketTransport.cpp:296:keepAliveSessions:[00m Keep alive 07445ae2-4579-46a2-9800-486e42148f33
1:00:00.832252844 [332m   25[00m 0x7f42f80072f0 [37mDEBUG  [00m [00mKurentoWebSocketTransport WebSocketTransport.cpp:460:processMessage:[00m Message: {"jsonrpc":"2.0","method":"ping","id":297}
1:00:00.832620791 [332m   25[00m 0x7f42f80072f0 [36mINFO   [00m [00mKurentoServerMethods ServerMethods.cpp:814:ping:[00m WebSocket Ping/Pong with sessionId 07445ae2-4579-46a2-9800-486e42148f33
1:00:00.832734637 [332m   25[00m 0x7f42f80072f0 [37mDEBUG  [00m [00mKurentoWebSocketTransport WebSocketTransport.cpp:462:processMessage:[00m Response: {"id":297,"jsonrpc":"2.0","result":{"sessionId":"07445ae2-4579-46a2-9800-486e42148f33","value":"pong"}}
1:01:00.449316959 [332m   25[00m 0x7f42b0001410 [36mINFO   [00m [00mKurentoWebSocketTransport WebSocketTransport.cpp:296:keepAliveSessions:[00m Keep alive 07445ae2-4579-46a2-9800-486e42148f33
1:01:00.838549972 [332m   25[00m 0x7f4304001840 [37mDEBUG  [00m [00mKurentoWebSocketTransport WebSocketTransport.cpp:460:processMessage:[00m Message: {"jsonrpc":"2.0","method":"ping","id":298}
1:01:00.838677214 [332m   25[00m 0x7f4304001840 [36mINFO   [00m [00mKurentoServerMethods ServerMethods.cpp:814:ping:[00m WebSocket Ping/Pong with sessionId 07445ae2-4579-46a2-9800-486e42148f33
1:01:00.838780890 [332m   25[00m 0x7f4304001840 [37mDEBUG  [00m [00mKurentoWebSocketTransport WebSocketTransport.cpp:462:processMessage:[00m Response: {"id":298,"jsonrpc":"2.0","result":{"sessionId":"07445ae2-4579-46a2-9800-486e42148f33","value":"pong"}}
1:02:00.449900037 [332m   25[00m 0x7f42b0001410 [36mINFO   [00m [00mKurentoWebSocketTransport WebSocketTransport.cpp:296:keepAliveSessions:[00m Keep alive 07445ae2-4579-46a2-9800-486e42148f33
1:02:00.841831819 [332m   25[00m 0x7f42dc001810 [37mDEBUG  [00m [00mKurentoWebSocketTransport WebSocketTransport.cpp:460:processMessage:[00m Message: {"jsonrpc":"2.0","method":"ping","id":299}
1:02:00.841979533 [332m   25[00m 0x7f42dc001810 [36mINFO   [00m [00mKurentoServerMethods ServerMethods.cpp:814:ping:[00m WebSocket Ping/Pong with sessionId 07445ae2-4579-46a2-9800-486e42148f33
1:02:00.842102411 [332m   25[00m 0x7f42dc001810 [37mDEBUG  [00m [00mKurentoWebSocketTransport WebSocketTransport.cpp:462:processMessage:[00m Response: {"id":299,"jsonrpc":"2.0","result":{"sessionId":"07445ae2-4579-46a2-9800-486e42148f33","value":"pong"}}
1:03:00.450035642 [332m   25[00m 0x7f42b0001410 [36mINFO   [00m [00mKurentoWebSocketTransport WebSocketTransport.cpp:296:keepAliveSessions:[00m Keep alive 07445ae2-4579-46a2-9800-486e42148f33
1:03:00.842690682 [332m   25[00m 0x7f42e4001c60 [37mDEBUG  [00m [00mKurentoWebSocketTransport WebSocketTransport.cpp:460:processMessage:[00m Message: {"jsonrpc":"2.0","method":"ping","id":300}
1:03:00.843064868 [332m   25[00m 0x7f42e4001c60 [36mINFO   [00m [00mKurentoServerMethods ServerMethods.cpp:814:ping:[00m WebSocket Ping/Pong with sessionId 07445ae2-4579-46a2-9800-486e42148f33
1:03:00.843374869 [332m   25[00m 0x7f42e4001c60 [37mDEBUG  [00m [00mKurentoWebSocketTransport WebSocketTransport.cpp:462:processMessage:[00m Response: {"id":300,"jsonrpc":"2.0","result":{"sessionId":"07445ae2-4579-46a2-9800-486e42148f33","value":"pong"}}
1:04:00.440016881 [332m   25[00m 0x7f42e8001c30 [37mDEBUG  [00m [00m     KurentoMediaSet MediaSet.cpp:123:doGarbageCollection:[00m Running garbage collector
1:04:00.450435665 [332m   25[00m 0x7f42b0001410 [36mINFO   [00m [00mKurentoWebSocketTransport WebSocketTransport.cpp:296:keepAliveSessions:[00m Keep alive 07445ae2-4579-46a2-9800-486e42148f33
1:04:00.852772239 [332m   25[00m 0x7f42ec001b20 [37mDEBUG  [00m [00mKurentoWebSocketTransport WebSocketTransport.cpp:460:processMessage:[00m Message: {"jsonrpc":"2.0","method":"ping","id":301}
1:04:00.852911302 [332m   25[00m 0x7f42ec001b20 [36mINFO   [00m [00mKurentoServerMethods ServerMethods.cpp:814:ping:[00m WebSocket Ping/Pong with sessionId 07445ae2-4579-46a2-9800-486e42148f33
1:04:00.853024135 [332m   25[00m 0x7f42ec001b20 [37mDEBUG  [00m [00mKurentoWebSocketTransport WebSocketTransport.cpp:462:processMessage:[00m Response: {"id":301,"jsonrpc":"2.0","result":{"sessionId":"07445ae2-4579-46a2-9800-486e42148f33","value":"pong"}}
1:04:01.952043172 [332m   25[00m 0x7f42b0001b50 [37mDEBUG  [00m [00mKurentoWebSocketTransport WebSocketTransport.cpp:460:processMessage:[00m Message: {"jsonrpc":"2.0","method":"release","params":{"object":"65ec8725-e46d-4235-aff2-deeb2f1883a6_kurento.MediaPipeline/d245438c-0376-499b-923c-2a9519bbb642_kurento.WebRtcEndpoint","sessionId":"07445ae2-4579-46a2-9800-486e42148f33"},"id":302}
1:04:01.952522415 [332m   25[00m 0x7f42b0001b50 [37mDEBUG  [00m [00mKurentoWebSocketTransport WebSocketTransport.cpp:462:processMessage:[00m Response: {"id":302,"jsonrpc":"2.0","result":{"sessionId":"07445ae2-4579-46a2-9800-486e42148f33"}}
1:04:01.952561082 [332m   25[00m 0x56172f54db00 [37mDEBUG  [00m [00mKurentoMediaElementImpl MediaElementImpl.cpp:1028:disconnect:[00m Disconnecting 65ec8725-e46d-4235-aff2-deeb2f1883a6_kurento.MediaPipeline/53827330-02fb-442f-b6c4-ae29c9ce83ba_datachannelexample.KmsSendData - 65ec8725-e46d-4235-aff2-deeb2f1883a6_kurento.MediaPipeline/d245438c-0376-499b-923c-2a9519bbb642_kurento.WebRtcEndpoint params AUDIO default default
1:04:01.953336551 [332m   25[00m 0x56172f54db00 [37mDEBUG  [00m [00mKurentoMediaElementImpl MediaElementImpl.cpp:1028:disconnect:[00m Disconnecting 65ec8725-e46d-4235-aff2-deeb2f1883a6_kurento.MediaPipeline/53827330-02fb-442f-b6c4-ae29c9ce83ba_datachannelexample.KmsSendData - 65ec8725-e46d-4235-aff2-deeb2f1883a6_kurento.MediaPipeline/d245438c-0376-499b-923c-2a9519bbb642_kurento.WebRtcEndpoint params DATA default default
1:04:01.953425070 [332m   25[00m 0x56172f54db00 [37mDEBUG  [00m [00mKurentoMediaElementImpl MediaElementImpl.cpp:1028:disconnect:[00m Disconnecting 65ec8725-e46d-4235-aff2-deeb2f1883a6_kurento.MediaPipeline/53827330-02fb-442f-b6c4-ae29c9ce83ba_datachannelexample.KmsSendData - 65ec8725-e46d-4235-aff2-deeb2f1883a6_kurento.MediaPipeline/d245438c-0376-499b-923c-2a9519bbb642_kurento.WebRtcEndpoint params VIDEO default default
1:04:01.953715267 [332m   25[00m 0x56172f54db00 [37mDEBUG  [00m [00m     KurentoMediaSet MediaSet.cpp:470:async_delete:[00m Destroying WebRtcEndpoint -> 65ec8725-e46d-4235-aff2-deeb2f1883a6_kurento.MediaPipeline/d245438c-0376-499b-923c-2a9519bbb642_kurento.WebRtcEndpoint
1:04:01.954084175 [332m   25[00m 0x7f42f4002180 [37mDEBUG  [00m [00mKurentoWebSocketTransport WebSocketTransport.cpp:460:processMessage:[00m Message: {"jsonrpc":"2.0","method":"unsubscribe","params":{"object":"65ec8725-e46d-4235-aff2-deeb2f1883a6_kurento.MediaPipeline/d245438c-0376-499b-923c-2a9519bbb642_kurento.WebRtcEndpoint","subscription":"6df37b86-3b35-4ba8-98f7-61302b4b54ed","sessionId":"07445ae2-4579-46a2-9800-486e42148f33"},"id":303}
1:04:01.954477156 [332m   25[00m 0x7f42f4002180 [37mDEBUG  [00m [00mKurentoWebSocketTransport WebSocketTransport.cpp:462:processMessage:[00m Response: {"id":303,"jsonrpc":"2.0","result":{"sessionId":"07445ae2-4579-46a2-9800-486e42148f33"}}
1:04:25.983589038 [332m   25[00m 0x7f42f0001c90 [37mDEBUG  [00m [00mKurentoWebSocketTransport WebSocketTransport.cpp:460:processMessage:[00m Message: {"jsonrpc":"2.0","method":"release","params":{"object":"65ec8725-e46d-4235-aff2-deeb2f1883a6_kurento.MediaPipeline/26c930cd-46e2-4cf5-9e3d-308182e32881_kurento.WebRtcEndpoint","sessionId":"07445ae2-4579-46a2-9800-486e42148f33"},"id":304}
1:04:25.984161849 [332m   25[00m 0x7f42f0001c90 [37mDEBUG  [00m [00mKurentoWebSocketTransport WebSocketTransport.cpp:462:processMessage:[00m Response: {"id":304,"jsonrpc":"2.0","result":{"sessionId":"07445ae2-4579-46a2-9800-486e42148f33"}}
1:04:25.984182564 [332m   25[00m 0x7f4320001780 [37mDEBUG  [00m [00mKurentoMediaElementImpl MediaElementImpl.cpp:1028:disconnect:[00m Disconnecting 65ec8725-e46d-4235-aff2-deeb2f1883a6_kurento.MediaPipeline/53827330-02fb-442f-b6c4-ae29c9ce83ba_datachannelexample.KmsSendData - 65ec8725-e46d-4235-aff2-deeb2f1883a6_kurento.MediaPipeline/26c930cd-46e2-4cf5-9e3d-308182e32881_kurento.WebRtcEndpoint params AUDIO default default
1:04:25.984545803 [332m   25[00m 0x7f4320001780 [37mDEBUG  [00m [00mKurentoMediaElementImpl MediaElementImpl.cpp:1028:disconnect:[00m Disconnecting 65ec8725-e46d-4235-aff2-deeb2f1883a6_kurento.MediaPipeline/53827330-02fb-442f-b6c4-ae29c9ce83ba_datachannelexample.KmsSendData - 65ec8725-e46d-4235-aff2-deeb2f1883a6_kurento.MediaPipeline/26c930cd-46e2-4cf5-9e3d-308182e32881_kurento.WebRtcEndpoint params DATA default default
1:04:25.984848167 [332m   25[00m 0x7f4320001780 [37mDEBUG  [00m [00mKurentoMediaElementImpl MediaElementImpl.cpp:1028:disconnect:[00m Disconnecting 65ec8725-e46d-4235-aff2-deeb2f1883a6_kurento.MediaPipeline/53827330-02fb-442f-b6c4-ae29c9ce83ba_datachannelexample.KmsSendData - 65ec8725-e46d-4235-aff2-deeb2f1883a6_kurento.MediaPipeline/26c930cd-46e2-4cf5-9e3d-308182e32881_kurento.WebRtcEndpoint params VIDEO default default
1:04:25.985109676 [332m   25[00m 0x7f4320001780 [37mDEBUG  [00m [00m     KurentoMediaSet MediaSet.cpp:470:async_delete:[00m Destroying WebRtcEndpoint -> 65ec8725-e46d-4235-aff2-deeb2f1883a6_kurento.MediaPipeline/26c930cd-46e2-4cf5-9e3d-308182e32881_kurento.WebRtcEndpoint
1:04:25.986170932 [332m   25[00m 0x7f42a8001790 [37mDEBUG  [00m [00mKurentoWebSocketTransport WebSocketTransport.cpp:460:processMessage:[00m Message: {"jsonrpc":"2.0","method":"unsubscribe","params":{"object":"65ec8725-e46d-4235-aff2-deeb2f1883a6_kurento.MediaPipeline/26c930cd-46e2-4cf5-9e3d-308182e32881_kurento.WebRtcEndpoint","subscription":"f160a3be-016a-4754-8396-453336cc8b5b","sessionId":"07445ae2-4579-46a2-9800-486e42148f33"},"id":305}
1:04:25.986382175 [332m   25[00m 0x7f42a8001790 [37mDEBUG  [00m [00mKurentoWebSocketTransport WebSocketTransport.cpp:462:processMessage:[00m Response: {"id":305,"jsonrpc":"2.0","result":{"sessionId":"07445ae2-4579-46a2-9800-486e42148f33"}}
1:04:27.264033921 [332m   25[00m 0x7f42e0001cc0 [37mDEBUG  [00m [00mKurentoWebSocketTransport WebSocketTransport.cpp:460:processMessage:[00m Message: {"jsonrpc":"2.0","method":"release","params":{"object":"65ec8725-e46d-4235-aff2-deeb2f1883a6_kurento.MediaPipeline/f0a9ed1b-1c83-45f0-af63-ee518bea50fe_kurento.WebRtcEndpoint","sessionId":"07445ae2-4579-46a2-9800-486e42148f33"},"id":306}
1:04:27.264288648 [332m   25[00m 0x7f42e0001cc0 [37mDEBUG  [00m [00mKurentoWebSocketTransport WebSocketTransport.cpp:462:processMessage:[00m Response: {"id":306,"jsonrpc":"2.0","result":{"sessionId":"07445ae2-4579-46a2-9800-486e42148f33"}}
1:04:27.264368780 [332m   25[00m 0x7f4310001200 [37mDEBUG  [00m [00mKurentoMediaElementImpl MediaElementImpl.cpp:1028:disconnect:[00m Disconnecting 65ec8725-e46d-4235-aff2-deeb2f1883a6_kurento.MediaPipeline/53827330-02fb-442f-b6c4-ae29c9ce83ba_datachannelexample.KmsSendData - 65ec8725-e46d-4235-aff2-deeb2f1883a6_kurento.MediaPipeline/f0a9ed1b-1c83-45f0-af63-ee518bea50fe_kurento.WebRtcEndpoint params AUDIO default default
1:04:27.264636636 [332m   25[00m 0x7f4310001200 [37mDEBUG  [00m [00mKurentoMediaElementImpl MediaElementImpl.cpp:1028:disconnect:[00m Disconnecting 65ec8725-e46d-4235-aff2-deeb2f1883a6_kurento.MediaPipeline/53827330-02fb-442f-b6c4-ae29c9ce83ba_datachannelexample.KmsSendData - 65ec8725-e46d-4235-aff2-deeb2f1883a6_kurento.MediaPipeline/f0a9ed1b-1c83-45f0-af63-ee518bea50fe_kurento.WebRtcEndpoint params DATA default default
