0:41:18.903223832 [332m   25[00m 0x7f42e0001cc0 [37mDEBUG  [00m [00mKurentoWebSocketTransport WebSocketTransport.cpp:460:processMessage:[00m Message: {"jsonrpc":"2.0","method":"invoke","params":{"object":"65ec8725-e46d-4235-aff2-deeb2f1883a6_kurento.MediaPipeline/d245438c-0376-499b-923c-2a9519bbb642_kurento.WebRtcEndpoint","operation":"addIceCandidate","operationParams":{"candidate":{"candidate":"candidate:5 1 TCP 2105458943 d1c1ed41-8b98-4f09-97cf-63499e5d5833.local 9 typ host tcptype active","sdpMid":"1","sdpMLineIndex":1,"__module__":"kurento","__type__":"IceCandidate"}},"sessionId":"07445ae2-4579-46a2-9800-486e42148f33"},"id":255}
0:41:18.903676717 [332m   25[00m 0x7f42e0001cc0 [37mDEBUG  [00m [00mKurentoWebSocketTransport WebSocketTransport.cpp:462:processMessage:[00m Response: {"error":{"code":40401,"data":{"type":"ICE_ADD_CANDIDATE_ERROR"},"message":"Error adding candidate"},"id":255,"jsonrpc":"2.0"}
0:41:18.903904072 [332m   25[00m 0x7f42b0001b50 [37mDEBUG  [00m [00mKurentoWebSocketTransport WebSocketTransport.cpp:460:processMessage:[00m Message: {"jsonrpc":"2.0","method":"invoke","params":{"object":"65ec8725-e46d-4235-aff2-deeb2f1883a6_kurento.MediaPipeline/d245438c-0376-499b-923c-2a9519bbb642_kurento.WebRtcEndpoint","operation":"addIceCandidate","operationParams":{"candidate":{"candidate":"candidate:0 2 UDP 2122252542 543d6cd1-23e1-4d08-87fe-221461c7fe8d.local 63352 typ host","sdpMid":"1","sdpMLineIndex":1,"__module__":"kurento","__type__":"IceCandidate"}},"sessionId":"07445ae2-4579-46a2-9800-486e42148f33"},"id":256}
0:41:18.904344385 [332m   25[00m 0x7f42b0001b50 [37mDEBUG  [00m [00mKurentoWebSocketTransport WebSocketTransport.cpp:462:processMessage:[00m Response: {"error":{"code":40401,"data":{"type":"ICE_ADD_CANDIDATE_ERROR"},"message":"Error adding candidate"},"id":256,"jsonrpc":"2.0"}
0:41:18.904560792 [332m   25[00m 0x7f4304001840 [37mDEBUG  [00m [00mKurentoWebSocketTransport WebSocketTransport.cpp:460:processMessage:[00m Message: {"jsonrpc":"2.0","method":"invoke","params":{"object":"65ec8725-e46d-4235-aff2-deeb2f1883a6_kurento.MediaPipeline/d245438c-0376-499b-923c-2a9519bbb642_kurento.WebRtcEndpoint","operation":"addIceCandidate","operationParams":{"candidate":{"candidate":"candidate:4 2 TCP 2105524478 543d6cd1-23e1-4d08-87fe-221461c7fe8d.local 9 typ host tcptype active","sdpMid":"1","sdpMLineIndex":1,"__module__":"kurento","__type__":"IceCandidate"}},"sessionId":"07445ae2-4579-46a2-9800-486e42148f33"},"id":257}
0:41:18.905039844 [332m   25[00m 0x7f4304001840 [37mDEBUG  [00m [00mKurentoWebSocketTransport WebSocketTransport.cpp:462:processMessage:[00m Response: {"error":{"code":40401,"data":{"type":"ICE_ADD_CANDIDATE_ERROR"},"message":"Error adding candidate"},"id":257,"jsonrpc":"2.0"}
0:41:18.905281430 [332m   25[00m 0x7f42e4001c60 [37mDEBUG  [00m [00mKurentoWebSocketTransport WebSocketTransport.cpp:460:processMessage:[00m Message: {"jsonrpc":"2.0","method":"invoke","params":{"object":"65ec8725-e46d-4235-aff2-deeb2f1883a6_kurento.MediaPipeline/d245438c-0376-499b-923c-2a9519bbb642_kurento.WebRtcEndpoint","operation":"addIceCandidate","operationParams":{"candidate":{"candidate":"candidate:5 2 TCP 2105458942 d1c1ed41-8b98-4f09-97cf-63499e5d5833.local 9 typ host tcptype active","sdpMid":"1","sdpMLineIndex":1,"__module__":"kurento","__type__":"IceCandidate"}},"sessionId":"07445ae2-4579-46a2-9800-486e42148f33"},"id":258}
0:41:18.906098560 [332m   25[00m 0x7f42e4001c60 [37mDEBUG  [00m [00mKurentoWebSocketTransport WebSocketTransport.cpp:462:processMessage:[00m Response: {"error":{"code":40401,"data":{"type":"ICE_ADD_CANDIDATE_ERROR"},"message":"Error adding candidate"},"id":258,"jsonrpc":"2.0"}
0:41:18.914185371 [332m   25[00m 0x7f42f4002180 [37mDEBUG  [00m [00mKurentoWebSocketTransport WebSocketTransport.cpp:460:processMessage:[00m Message: {"jsonrpc":"2.0","method":"invoke","params":{"object":"65ec8725-e46d-4235-aff2-deeb2f1883a6_kurento.MediaPipeline/d245438c-0376-499b-923c-2a9519bbb642_kurento.WebRtcEndpoint","operation":"gatherCandidates","sessionId":"07445ae2-4579-46a2-9800-486e42148f33"},"id":259}
0:41:18.915907113 [332m   25[00m 0x7f42e80990c0 [37mDEBUG  [00m [00mKurentoWebSocketEventHandler WebSocketEventHandler.cpp:56:sendEvent:[00m Sending event: {"jsonrpc":"2.0","method":"onEvent","params":{"value":{"data":{"candidate":{"__module__":"kurento","__type__":"IceCandidate","candidate":"candidate:1 1 UDP 2013266431 172.20.0.3 10068 typ host","sdpMLineIndex":0,"sdpMid":"0"},"source":"65ec8725-e46d-4235-aff2-deeb2f1883a6_kurento.MediaPipeline/d245438c-0376-499b-923c-2a9519bbb642_kurento.WebRtcEndpoint","tags":[],"timestamp":"1591072984","timestampMillis":"1591072984532","type":"OnIceCandidate"},"object":"65ec8725-e46d-4235-aff2-deeb2f1883a6_kurento.MediaPipeline/d245438c-0376-499b-923c-2a9519bbb642_kurento.WebRtcEndpoint","type":"OnIceCandidate"}}}, sessionId: 07445ae2-4579-46a2-9800-486e42148f33
0:41:18.916011505 [332m   25[00m 0x7f42e80990c0 [37mDEBUG  [00m [00mKurentoWebSocketEventHandler WebSocketEventHandler.cpp:56:sendEvent:[00m Sending event: {"jsonrpc":"2.0","method":"onEvent","params":{"value":{"data":{"candidate":{"__module__":"kurento","__type__":"IceCandidate","candidate":"candidate:1 1 UDP 2013266431 172.20.0.3 10068 typ host","sdpMLineIndex":1,"sdpMid":"1"},"source":"65ec8725-e46d-4235-aff2-deeb2f1883a6_kurento.MediaPipeline/d245438c-0376-499b-923c-2a9519bbb642_kurento.WebRtcEndpoint","tags":[],"timestamp":"1591072984","timestampMillis":"1591072984532","type":"OnIceCandidate"},"object":"65ec8725-e46d-4235-aff2-deeb2f1883a6_kurento.MediaPipeline/d245438c-0376-499b-923c-2a9519bbb642_kurento.WebRtcEndpoint","type":"OnIceCandidate"}}}, sessionId: 07445ae2-4579-46a2-9800-486e42148f33
0:41:18.916303430 [332m   25[00m 0x7f42e80990c0 [37mDEBUG  [00m [00mKurentoWebSocketEventHandler WebSocketEventHandler.cpp:56:sendEvent:[00m Sending event: {"jsonrpc":"2.0","method":"onEvent","params":{"value":{"data":{"candidate":{"__module__":"kurento","__type__":"IceCandidate","candidate":"candidate:2 1 TCP 1015021823 172.20.0.3 9 typ host tcptype active","sdpMLineIndex":0,"sdpMid":"0"},"source":"65ec8725-e46d-4235-aff2-deeb2f1883a6_kurento.MediaPipeline/d245438c-0376-499b-923c-2a9519bbb642_kurento.WebRtcEndpoint","tags":[],"timestamp":"1591072984","timestampMillis":"1591072984532","type":"OnIceCandidate"},"object":"65ec8725-e46d-4235-aff2-deeb2f1883a6_kurento.MediaPipeline/d245438c-0376-499b-923c-2a9519bbb642_kurento.WebRtcEndpoint","type":"OnIceCandidate"}}}, sessionId: 07445ae2-4579-46a2-9800-486e42148f33
0:41:18.916383462 [332m   25[00m 0x7f42e80990c0 [37mDEBUG  [00m [00mKurentoWebSocketEventHandler WebSocketEventHandler.cpp:56:sendEvent:[00m Sending event: {"jsonrpc":"2.0","method":"onEvent","params":{"value":{"data":{"candidate":{"__module__":"kurento","__type__":"IceCandidate","candidate":"candidate:2 1 TCP 1015021823 172.20.0.3 9 typ host tcptype active","sdpMLineIndex":1,"sdpMid":"1"},"source":"65ec8725-e46d-4235-aff2-deeb2f1883a6_kurento.MediaPipeline/d245438c-0376-499b-923c-2a9519bbb642_kurento.WebRtcEndpoint","tags":[],"timestamp":"1591072984","timestampMillis":"1591072984532","type":"OnIceCandidate"},"object":"65ec8725-e46d-4235-aff2-deeb2f1883a6_kurento.MediaPipeline/d245438c-0376-499b-923c-2a9519bbb642_kurento.WebRtcEndpoint","type":"OnIceCandidate"}}}, sessionId: 07445ae2-4579-46a2-9800-486e42148f33
0:41:18.916453853 [332m   25[00m 0x7f42e80990c0 [37mDEBUG  [00m [00mKurentoWebSocketEventHandler WebSocketEventHandler.cpp:56:sendEvent:[00m Sending event: {"jsonrpc":"2.0","method":"onEvent","params":{"value":{"data":{"candidate":{"__module__":"kurento","__type__":"IceCandidate","candidate":"candidate:5 1 TCP 1010827519 172.20.0.3 10034 typ host tcptype passive","sdpMLineIndex":0,"sdpMid":"0"},"source":"65ec8725-e46d-4235-aff2-deeb2f1883a6_kurento.MediaPipeline/d245438c-0376-499b-923c-2a9519bbb642_kurento.WebRtcEndpoint","tags":[],"timestamp":"1591072984","timestampMillis":"1591072984532","type":"OnIceCandidate"},"object":"65ec8725-e46d-4235-aff2-deeb2f1883a6_kurento.MediaPipeline/d245438c-0376-499b-923c-2a9519bbb642_kurento.WebRtcEndpoint","type":"OnIceCandidate"}}}, sessionId: 07445ae2-4579-46a2-9800-486e42148f33
0:41:18.916524970 [332m   25[00m 0x7f42e80990c0 [37mDEBUG  [00m [00mKurentoWebSocketEventHandler WebSocketEventHandler.cpp:56:sendEvent:[00m Sending event: {"jsonrpc":"2.0","method":"onEvent","params":{"value":{"data":{"candidate":{"__module__":"kurento","__type__":"IceCandidate","candidate":"candidate:5 1 TCP 1010827519 172.20.0.3 10034 typ host tcptype passive","sdpMLineIndex":1,"sdpMid":"1"},"source":"65ec8725-e46d-4235-aff2-deeb2f1883a6_kurento.MediaPipeline/d245438c-0376-499b-923c-2a9519bbb642_kurento.WebRtcEndpoint","tags":[],"timestamp":"1591072984","timestampMillis":"1591072984532","type":"OnIceCandidate"},"object":"65ec8725-e46d-4235-aff2-deeb2f1883a6_kurento.MediaPipeline/d245438c-0376-499b-923c-2a9519bbb642_kurento.WebRtcEndpoint","type":"OnIceCandidate"}}}, sessionId: 07445ae2-4579-46a2-9800-486e42148f33
0:41:18.916597067 [332m   25[00m 0x7f42e80990c0 [37mDEBUG  [00m [00mKurentoWebSocketEventHandler WebSocketEventHandler.cpp:56:sendEvent:[00m Sending event: {"jsonrpc":"2.0","method":"onEvent","params":{"value":{"data":{"candidate":{"__module__":"kurento","__type__":"IceCandidate","candidate":"candidate:1 2 UDP 2013266430 172.20.0.3 10028 typ host","sdpMLineIndex":0,"sdpMid":"0"},"source":"65ec8725-e46d-4235-aff2-deeb2f1883a6_kurento.MediaPipeline/d245438c-0376-499b-923c-2a9519bbb642_kurento.WebRtcEndpoint","tags":[],"timestamp":"1591072984","timestampMillis":"1591072984532","type":"OnIceCandidate"},"object":"65ec8725-e46d-4235-aff2-deeb2f1883a6_kurento.MediaPipeline/d245438c-0376-499b-923c-2a9519bbb642_kurento.WebRtcEndpoint","type":"OnIceCandidate"}}}, sessionId: 07445ae2-4579-46a2-9800-486e42148f33
0:41:18.916665297 [332m   25[00m 0x7f42e80990c0 [37mDEBUG  [00m [00mKurentoWebSocketEventHandler WebSocketEventHandler.cpp:56:sendEvent:[00m Sending event: {"jsonrpc":"2.0","method":"onEvent","params":{"value":{"data":{"candidate":{"__module__":"kurento","__type__":"IceCandidate","candidate":"candidate:1 2 UDP 2013266430 172.20.0.3 10028 typ host","sdpMLineIndex":1,"sdpMid":"1"},"source":"65ec8725-e46d-4235-aff2-deeb2f1883a6_kurento.MediaPipeline/d245438c-0376-499b-923c-2a9519bbb642_kurento.WebRtcEndpoint","tags":[],"timestamp":"1591072984","timestampMillis":"1591072984532","type":"OnIceCandidate"},"object":"65ec8725-e46d-4235-aff2-deeb2f1883a6_kurento.MediaPipeline/d245438c-0376-499b-923c-2a9519bbb642_kurento.WebRtcEndpoint","type":"OnIceCandidate"}}}, sessionId: 07445ae2-4579-46a2-9800-486e42148f33
0:41:18.916731450 [332m   25[00m 0x7f42e80990c0 [37mDEBUG  [00m [00mKurentoWebSocketEventHandler WebSocketEventHandler.cpp:56:sendEvent:[00m Sending event: {"jsonrpc":"2.0","method":"onEvent","params":{"value":{"data":{"candidate":{"__module__":"kurento","__type__":"IceCandidate","candidate":"candidate:2 2 TCP 1015021822 172.20.0.3 9 typ host tcptype active","sdpMLineIndex":0,"sdpMid":"0"},"source":"65ec8725-e46d-4235-aff2-deeb2f1883a6_kurento.MediaPipeline/d245438c-0376-499b-923c-2a9519bbb642_kurento.WebRtcEndpoint","tags":[],"timestamp":"1591072984","timestampMillis":"1591072984533","type":"OnIceCandidate"},"object":"65ec8725-e46d-4235-aff2-deeb2f1883a6_kurento.MediaPipeline/d245438c-0376-499b-923c-2a9519bbb642_kurento.WebRtcEndpoint","type":"OnIceCandidate"}}}, sessionId: 07445ae2-4579-46a2-9800-486e42148f33
0:41:18.916797064 [332m   25[00m 0x7f42e80990c0 [37mDEBUG  [00m [00mKurentoWebSocketEventHandler WebSocketEventHandler.cpp:56:sendEvent:[00m Sending event: {"jsonrpc":"2.0","method":"onEvent","params":{"value":{"data":{"candidate":{"__module__":"kurento","__type__":"IceCandidate","candidate":"candidate:2 2 TCP 1015021822 172.20.0.3 9 typ host tcptype active","sdpMLineIndex":1,"sdpMid":"1"},"source":"65ec8725-e46d-4235-aff2-deeb2f1883a6_kurento.MediaPipeline/d245438c-0376-499b-923c-2a9519bbb642_kurento.WebRtcEndpoint","tags":[],"timestamp":"1591072984","timestampMillis":"1591072984533","type":"OnIceCandidate"},"object":"65ec8725-e46d-4235-aff2-deeb2f1883a6_kurento.MediaPipeline/d245438c-0376-499b-923c-2a9519bbb642_kurento.WebRtcEndpoint","type":"OnIceCandidate"}}}, sessionId: 07445ae2-4579-46a2-9800-486e42148f33
0:41:18.916806924 [332m   25[00m 0x7f42f4002180 [37mDEBUG  [00m [00mKurentoWebSocketTransport WebSocketTransport.cpp:462:processMessage:[00m Response: {"id":259,"jsonrpc":"2.0","result":{"sessionId":"07445ae2-4579-46a2-9800-486e42148f33","value":null}}
0:41:18.916867671 [332m   25[00m 0x7f42e80990c0 [37mDEBUG  [00m [00mKurentoWebSocketEventHandler WebSocketEventHandler.cpp:56:sendEvent:[00m Sending event: {"jsonrpc":"2.0","method":"onEvent","params":{"value":{"data":{"candidate":{"__module__":"kurento","__type__":"IceCandidate","candidate":"candidate:5 2 TCP 1010827518 172.20.0.3 10036 typ host tcptype passive","sdpMLineIndex":0,"sdpMid":"0"},"source":"65ec8725-e46d-4235-aff2-deeb2f1883a6_kurento.MediaPipeline/d245438c-0376-499b-923c-2a9519bbb642_kurento.WebRtcEndpoint","tags":[],"timestamp":"1591072984","timestampMillis":"1591072984533","type":"OnIceCandidate"},"object":"65ec8725-e46d-4235-aff2-deeb2f1883a6_kurento.MediaPipeline/d245438c-0376-499b-923c-2a9519bbb642_kurento.WebRtcEndpoint","type":"OnIceCandidate"}}}, sessionId: 07445ae2-4579-46a2-9800-486e42148f33
0:41:18.916933095 [332m   25[00m 0x7f42f80072f0 [37mDEBUG  [00m [00mKurentoWebSocketTransport WebSocketTransport.cpp:460:processMessage:[00m Message: {"jsonrpc":"2.0","method":"invoke","params":{"object":"65ec8725-e46d-4235-aff2-deeb2f1883a6_kurento.MediaPipeline/53827330-02fb-442f-b6c4-ae29c9ce83ba_datachannelexample.KmsSendData","operation":"connect","operationParams":{"sink":"65ec8725-e46d-4235-aff2-deeb2f1883a6_kurento.MediaPipeline/d245438c-0376-499b-923c-2a9519bbb642_kurento.WebRtcEndpoint"},"sessionId":"07445ae2-4579-46a2-9800-486e42148f33"},"id":260}
0:41:18.916941077 [332m   25[00m 0x7f42e80990c0 [37mDEBUG  [00m [00mKurentoWebSocketEventHandler WebSocketEventHandler.cpp:56:sendEvent:[00m Sending event: {"jsonrpc":"2.0","method":"onEvent","params":{"value":{"data":{"candidate":{"__module__":"kurento","__type__":"IceCandidate","candidate":"candidate:5 2 TCP 1010827518 172.20.0.3 10036 typ host tcptype passive","sdpMLineIndex":1,"sdpMid":"1"},"source":"65ec8725-e46d-4235-aff2-deeb2f1883a6_kurento.MediaPipeline/d245438c-0376-499b-923c-2a9519bbb642_kurento.WebRtcEndpoint","tags":[],"timestamp":"1591072984","timestampMillis":"1591072984533","type":"OnIceCandidate"},"object":"65ec8725-e46d-4235-aff2-deeb2f1883a6_kurento.MediaPipeline/d245438c-0376-499b-923c-2a9519bbb642_kurento.WebRtcEndpoint","type":"OnIceCandidate"}}}, sessionId: 07445ae2-4579-46a2-9800-486e42148f33
0:41:18.917066206 [332m   25[00m 0x7f42f80072f0 [37mDEBUG  [00m [00mKurentoMediaElementImpl MediaElementImpl.cpp:902:connect:[00m Connecting 65ec8725-e46d-4235-aff2-deeb2f1883a6_kurento.MediaPipeline/53827330-02fb-442f-b6c4-ae29c9ce83ba_datachannelexample.KmsSendData -> 65ec8725-e46d-4235-aff2-deeb2f1883a6_kurento.MediaPipeline/d245438c-0376-499b-923c-2a9519bbb642_kurento.WebRtcEndpoint params AUDIO default default
0:41:18.917238705 [332m   25[00m 0x7f42f80072f0 [37mDEBUG  [00m [00mKurentoMediaElementImpl MediaElementImpl.cpp:902:connect:[00m Connecting 65ec8725-e46d-4235-aff2-deeb2f1883a6_kurento.MediaPipeline/53827330-02fb-442f-b6c4-ae29c9ce83ba_datachannelexample.KmsSendData -> 65ec8725-e46d-4235-aff2-deeb2f1883a6_kurento.MediaPipeline/d245438c-0376-499b-923c-2a9519bbb642_kurento.WebRtcEndpoint params VIDEO default default
0:41:18.917326759 [332m   25[00m 0x7f42f80072f0 [37mDEBUG  [00m [00mKurentoMediaElementImpl MediaElementImpl.cpp:902:connect:[00m Connecting 65ec8725-e46d-4235-aff2-deeb2f1883a6_kurento.MediaPipeline/53827330-02fb-442f-b6c4-ae29c9ce83ba_datachannelexample.KmsSendData -> 65ec8725-e46d-4235-aff2-deeb2f1883a6_kurento.MediaPipeline/d245438c-0376-499b-923c-2a9519bbb642_kurento.WebRtcEndpoint params DATA default default
0:41:18.917466395 [332m   25[00m 0x7f42f80072f0 [37mDEBUG  [00m [00mKurentoWebSocketTransport WebSocketTransport.cpp:462:processMessage:[00m Response: {"id":260,"jsonrpc":"2.0","result":{"sessionId":"07445ae2-4579-46a2-9800-486e42148f33","value":null}}
0:41:18.925123094 [332m   25[00m 0x7f42ec001b20 [37mDEBUG  [00m [00mKurentoWebSocketTransport WebSocketTransport.cpp:460:processMessage:[00m Message: {"jsonrpc":"2.0","method":"invoke","params":{"object":"65ec8725-e46d-4235-aff2-deeb2f1883a6_kurento.MediaPipeline/d245438c-0376-499b-923c-2a9519bbb642_kurento.WebRtcEndpoint","operation":"addIceCandidate","operationParams":{"candidate":{"candidate":"candidate:1 1 UDP 1686052863 110.169.230.176 63349 typ srflx raddr 0.0.0.0 rport 0","sdpMid":"0","sdpMLineIndex":0,"__module__":"kurento","__type__":"IceCandidate"}},"sessionId":"07445ae2-4579-46a2-9800-486e42148f33"},"id":261}
0:41:18.925848580 [332m   25[00m 0x7f42ec001b20 [37mDEBUG  [00m [00mKurentoWebSocketTransport WebSocketTransport.cpp:462:processMessage:[00m Response: {"id":261,"jsonrpc":"2.0","result":{"sessionId":"07445ae2-4579-46a2-9800-486e42148f33","value":null}}
0:41:18.944457759 [332m   25[00m 0x7f4304001840 [37mDEBUG  [00m [00mKurentoWebSocketTransport WebSocketTransport.cpp:460:processMessage:[00m Message: {"jsonrpc":"2.0","method":"invoke","params":{"object":"65ec8725-e46d-4235-aff2-deeb2f1883a6_kurento.MediaPipeline/d245438c-0376-499b-923c-2a9519bbb642_kurento.WebRtcEndpoint","operation":"addIceCandidate","operationParams":{"candidate":{"candidate":"candidate:1 2 UDP 1686052862 110.169.230.176 63350 typ srflx raddr 0.0.0.0 rport 0","sdpMid":"0","sdpMLineIndex":0,"__module__":"kurento","__type__":"IceCandidate"}},"sessionId":"07445ae2-4579-46a2-9800-486e42148f33"},"id":262}
0:41:18.944921651 [332m   25[00m 0x7f4304001840 [37mDEBUG  [00m [00mKurentoWebSocketTransport WebSocketTransport.cpp:462:processMessage:[00m Response: {"id":262,"jsonrpc":"2.0","result":{"sessionId":"07445ae2-4579-46a2-9800-486e42148f33","value":null}}
0:41:18.945160971 [332m   25[00m 0x7f42e80990c0 [37mDEBUG  [00m [00mKurentoWebSocketEventHandler WebSocketEventHandler.cpp:56:sendEvent:[00m Sending event: {"jsonrpc":"2.0","method":"onEvent","params":{"value":{"data":{"candidate":{"__module__":"kurento","__type__":"IceCandidate","candidate":"candidate:6 1 UDP 1677722111 203.151.20.94 10068 typ srflx raddr 172.20.0.3 rport 10068","sdpMLineIndex":0,"sdpMid":"0"},"source":"65ec8725-e46d-4235-aff2-deeb2f1883a6_kurento.MediaPipeline/d245438c-0376-499b-923c-2a9519bbb642_kurento.WebRtcEndpoint","tags":[],"timestamp":"1591072984","timestampMillis":"1591072984561","type":"OnIceCandidate"},"object":"65ec8725-e46d-4235-aff2-deeb2f1883a6_kurento.MediaPipeline/d245438c-0376-499b-923c-2a9519bbb642_kurento.WebRtcEndpoint","type":"OnIceCandidate"}}}, sessionId: 07445ae2-4579-46a2-9800-486e42148f33
0:41:18.945329732 [332m   25[00m 0x7f42e80990c0 [37mDEBUG  [00m [00mKurentoWebSocketEventHandler WebSocketEventHandler.cpp:56:sendEvent:[00m Sending event: {"jsonrpc":"2.0","method":"onEvent","params":{"value":{"data":{"candidate":{"__module__":"kurento","__type__":"IceCandidate","candidate":"candidate:6 1 UDP 1677722111 203.151.20.94 10068 typ srflx raddr 172.20.0.3 rport 10068","sdpMLineIndex":1,"sdpMid":"1"},"source":"65ec8725-e46d-4235-aff2-deeb2f1883a6_kurento.MediaPipeline/d245438c-0376-499b-923c-2a9519bbb642_kurento.WebRtcEndpoint","tags":[],"timestamp":"1591072984","timestampMillis":"1591072984561","type":"OnIceCandidate"},"object":"65ec8725-e46d-4235-aff2-deeb2f1883a6_kurento.MediaPipeline/d245438c-0376-499b-923c-2a9519bbb642_kurento.WebRtcEndpoint","type":"OnIceCandidate"}}}, sessionId: 07445ae2-4579-46a2-9800-486e42148f33
0:41:18.945352034 [332m   25[00m 0x7f42e4001c60 [37mDEBUG  [00m [00mKurentoWebSocketTransport WebSocketTransport.cpp:460:processMessage:[00m Message: {"jsonrpc":"2.0","method":"invoke","params":{"object":"65ec8725-e46d-4235-aff2-deeb2f1883a6_kurento.MediaPipeline/d245438c-0376-499b-923c-2a9519bbb642_kurento.WebRtcEndpoint","operation":"addIceCandidate","operationParams":{"candidate":{"candidate":"","sdpMid":"0","sdpMLineIndex":0,"__module__":"kurento","__type__":"IceCandidate"}},"sessionId":"07445ae2-4579-46a2-9800-486e42148f33"},"id":263}
0:41:18.945457439 [332m   25[00m 0x7f42e80990c0 [37mDEBUG  [00m [00mKurentoWebSocketEventHandler WebSocketEventHandler.cpp:56:sendEvent:[00m Sending event: {"jsonrpc":"2.0","method":"onEvent","params":{"value":{"data":{"candidate":{"__module__":"kurento","__type__":"IceCandidate","candidate":"candidate:7 1 TCP 847249663 203.151.20.94 9 typ srflx raddr 172.20.0.3 rport 9 tcptype active","sdpMLineIndex":0,"sdpMid":"0"},"source":"65ec8725-e46d-4235-aff2-deeb2f1883a6_kurento.MediaPipeline/d245438c-0376-499b-923c-2a9519bbb642_kurento.WebRtcEndpoint","tags":[],"timestamp":"1591072984","timestampMillis":"1591072984561","type":"OnIceCandidate"},"object":"65ec8725-e46d-4235-aff2-deeb2f1883a6_kurento.MediaPipeline/d245438c-0376-499b-923c-2a9519bbb642_kurento.WebRtcEndpoint","type":"OnIceCandidate"}}}, sessionId: 07445ae2-4579-46a2-9800-486e42148f33
0:41:18.945597871 [332m   25[00m 0x7f42e80990c0 [37mDEBUG  [00m [00mKurentoWebSocketEventHandler WebSocketEventHandler.cpp:56:sendEvent:[00m Sending event: {"jsonrpc":"2.0","method":"onEvent","params":{"value":{"data":{"candidate":{"__module__":"kurento","__type__":"IceCandidate","candidate":"candidate:7 1 TCP 847249663 203.151.20.94 9 typ srflx raddr 172.20.0.3 rport 9 tcptype active","sdpMLineIndex":1,"sdpMid":"1"},"source":"65ec8725-e46d-4235-aff2-deeb2f1883a6_kurento.MediaPipeline/d245438c-0376-499b-923c-2a9519bbb642_kurento.WebRtcEndpoint","tags":[],"timestamp":"1591072984","timestampMillis":"1591072984561","type":"OnIceCandidate"},"object":"65ec8725-e46d-4235-aff2-deeb2f1883a6_kurento.MediaPipeline/d245438c-0376-499b-923c-2a9519bbb642_kurento.WebRtcEndpoint","type":"OnIceCandidate"}}}, sessionId: 07445ae2-4579-46a2-9800-486e42148f33
0:41:18.945696332 [332m   25[00m 0x7f42e80990c0 [37mDEBUG  [00m [00mKurentoWebSocketEventHandler WebSocketEventHandler.cpp:56:sendEvent:[00m Sending event: {"jsonrpc":"2.0","method":"onEvent","params":{"value":{"data":{"candidate":{"__module__":"kurento","__type__":"IceCandidate","candidate":"candidate:8 1 TCP 843055359 203.151.20.94 10034 typ srflx raddr 172.20.0.3 rport 10034 tcptype passive","sdpMLineIndex":0,"sdpMid":"0"},"source":"65ec8725-e46d-4235-aff2-deeb2f1883a6_kurento.MediaPipeline/d245438c-0376-499b-923c-2a9519bbb642_kurento.WebRtcEndpoint","tags":[],"timestamp":"1591072984","timestampMillis":"1591072984561","type":"OnIceCandidate"},"object":"65ec8725-e46d-4235-aff2-deeb2f1883a6_kurento.MediaPipeline/d245438c-0376-499b-923c-2a9519bbb642_kurento.WebRtcEndpoint","type":"OnIceCandidate"}}}, sessionId: 07445ae2-4579-46a2-9800-486e42148f33
0:41:18.945786414 [332m   25[00m 0x7f42e80990c0 [37mDEBUG  [00m [00mKurentoWebSocketEventHandler WebSocketEventHandler.cpp:56:sendEvent:[00m Sending event: {"jsonrpc":"2.0","method":"onEvent","params":{"value":{"data":{"candidate":{"__module__":"kurento","__type__":"IceCandidate","candidate":"candidate:8 1 TCP 843055359 203.151.20.94 10034 typ srflx raddr 172.20.0.3 rport 10034 tcptype passive","sdpMLineIndex":1,"sdpMid":"1"},"source":"65ec8725-e46d-4235-aff2-deeb2f1883a6_kurento.MediaPipeline/d245438c-0376-499b-923c-2a9519bbb642_kurento.WebRtcEndpoint","tags":[],"timestamp":"1591072984","timestampMillis":"1591072984561","type":"OnIceCandidate"},"object":"65ec8725-e46d-4235-aff2-deeb2f1883a6_kurento.MediaPipeline/d245438c-0376-499b-923c-2a9519bbb642_kurento.WebRtcEndpoint","type":"OnIceCandidate"}}}, sessionId: 07445ae2-4579-46a2-9800-486e42148f33
0:41:18.945796750 [332m   25[00m 0x7f42e4001c60 [37mDEBUG  [00m [00mKurentoWebSocketTransport WebSocketTransport.cpp:462:processMessage:[00m Response: {"error":{"code":40401,"data":{"type":"ICE_ADD_CANDIDATE_ERROR"},"message":"Error adding candidate"},"id":263,"jsonrpc":"2.0"}
0:41:18.992893843 [332m   25[00m 0x7f41d8002f70 [37mDEBUG  [00m [00mKurentoWebRtcEndpointImpl WebRtcEndpointImpl.cpp:292:newSelectedPairFull:<kmswebrtcendpoint10>[00m New candidate pair selected, local: 'candidate:6 1 UDP 1677722111 203.151.20.94 10068 typ srflx raddr 172.20.0.3 rport 10068', remote: 'candidate:remote1 1 UDP 1853817087 110.169.230.176 1024 typ prflx', stream_id: '1', component_id: 1
0:41:19.916121266 [332m   25[00m 0x7f40f8002590 [37mDEBUG  [00m [00mKurentoMediaElementImpl MediaElementImpl.cpp:492:mediaFlowInStateChange:<kmswebrtcendpoint10>[00m MediaFlowInStateChange: FLOWING, pad: 'default', type: 'audio'
0:41:19.930413604 [332m   25[00m 0x7f42344419e0 [37mDEBUG  [00m [00mKurentoMediaElementImpl MediaElementImpl.cpp:492:mediaFlowInStateChange:<kmswebrtcendpoint10>[00m MediaFlowInStateChange: FLOWING, pad: 'default', type: 'video'
0:42:00.444350301 [332m   25[00m 0x7f42b0001410 [36mINFO   [00m [00mKurentoWebSocketTransport WebSocketTransport.cpp:296:keepAliveSessions:[00m Keep alive 07445ae2-4579-46a2-9800-486e42148f33
0:42:00.785796359 [332m   25[00m 0x7f42a8001790 [37mDEBUG  [00m [00mKurentoWebSocketTransport WebSocketTransport.cpp:460:processMessage:[00m Message: {"jsonrpc":"2.0","method":"ping","id":264}
0:42:00.785967528 [332m   25[00m 0x7f42a8001790 [36mINFO   [00m [00mKurentoServerMethods ServerMethods.cpp:814:ping:[00m WebSocket Ping/Pong with sessionId 07445ae2-4579-46a2-9800-486e42148f33
0:42:00.786087432 [332m   25[00m 0x7f42a8001790 [37mDEBUG  [00m [00mKurentoWebSocketTransport WebSocketTransport.cpp:462:processMessage:[00m Response: {"id":264,"jsonrpc":"2.0","result":{"sessionId":"07445ae2-4579-46a2-9800-486e42148f33","value":"pong"}}
0:43:00.444706547 [332m   25[00m 0x7f42b0001410 [36mINFO   [00m [00mKurentoWebSocketTransport WebSocketTransport.cpp:296:keepAliveSessions:[00m Keep alive 07445ae2-4579-46a2-9800-486e42148f33
0:43:00.785877962 [332m   25[00m 0x7f42dc001810 [37mDEBUG  [00m [00mKurentoWebSocketTransport WebSocketTransport.cpp:460:processMessage:[00m Message: {"jsonrpc":"2.0","method":"ping","id":265}
0:43:00.786060170 [332m   25[00m 0x7f42dc001810 [36mINFO   [00m [00mKurentoServerMethods ServerMethods.cpp:814:ping:[00m WebSocket Ping/Pong with sessionId 07445ae2-4579-46a2-9800-486e42148f33
0:43:00.786169418 [332m   25[00m 0x7f42dc001810 [37mDEBUG  [00m [00mKurentoWebSocketTransport WebSocketTransport.cpp:462:processMessage:[00m Response: {"id":265,"jsonrpc":"2.0","result":{"sessionId":"07445ae2-4579-46a2-9800-486e42148f33","value":"pong"}}
0:44:00.438527338 [332m   25[00m 0x7f42e8001c30 [37mDEBUG  [00m [00m     KurentoMediaSet MediaSet.cpp:123:doGarbageCollection:[00m Running garbage collector
0:44:00.445114255 [332m   25[00m 0x7f42b0001410 [36mINFO   [00m [00mKurentoWebSocketTransport WebSocketTransport.cpp:296:keepAliveSessions:[00m Keep alive 07445ae2-4579-46a2-9800-486e42148f33
0:44:00.787119344 [332m   25[00m 0x7f42e0001cc0 [37mDEBUG  [00m [00mKurentoWebSocketTransport WebSocketTransport.cpp:460:processMessage:[00m Message: {"jsonrpc":"2.0","method":"ping","id":266}
0:44:00.787322412 [332m   25[00m 0x7f42e0001cc0 [36mINFO   [00m [00mKurentoServerMethods ServerMethods.cpp:814:ping:[00m WebSocket Ping/Pong with sessionId 07445ae2-4579-46a2-9800-486e42148f33
0:44:00.787514597 [332m   25[00m 0x7f42e0001cc0 [37mDEBUG  [00m [00mKurentoWebSocketTransport WebSocketTransport.cpp:462:processMessage:[00m Response: {"id":266,"jsonrpc":"2.0","result":{"sessionId":"07445ae2-4579-46a2-9800-486e42148f33","value":"pong"}}
0:45:00.445531712 [332m   25[00m 0x7f42b0001410 [36mINFO   [00m [00mKurentoWebSocketTransport WebSocketTransport.cpp:296:keepAliveSessions:[00m Keep alive 07445ae2-4579-46a2-9800-486e42148f33
0:45:00.788409910 [332m   25[00m 0x7f42b0001b50 [37mDEBUG  [00m [00mKurentoWebSocketTransport WebSocketTransport.cpp:460:processMessage:[00m Message: {"jsonrpc":"2.0","method":"ping","id":267}
0:45:00.788612501 [332m   25[00m 0x7f42b0001b50 [36mINFO   [00m [00mKurentoServerMethods ServerMethods.cpp:814:ping:[00m WebSocket Ping/Pong with sessionId 07445ae2-4579-46a2-9800-486e42148f33
0:45:00.788745409 [332m   25[00m 0x7f42b0001b50 [37mDEBUG  [00m [00mKurentoWebSocketTransport WebSocketTransport.cpp:462:processMessage:[00m Response: {"id":267,"jsonrpc":"2.0","result":{"sessionId":"07445ae2-4579-46a2-9800-486e42148f33","value":"pong"}}
0:46:00.446323959 [332m   25[00m 0x7f42b0001410 [36mINFO   [00m [00mKurentoWebSocketTransport WebSocketTransport.cpp:296:keepAliveSessions:[00m Keep alive 07445ae2-4579-46a2-9800-486e42148f33
0:46:00.789019051 [332m   25[00m 0x7f42e4001c60 [37mDEBUG  [00m [00mKurentoWebSocketTransport WebSocketTransport.cpp:460:processMessage:[00m Message: {"jsonrpc":"2.0","method":"ping","id":268}
0:46:00.789170011 [332m   25[00m 0x7f42e4001c60 [36mINFO   [00m [00mKurentoServerMethods ServerMethods.cpp:814:ping:[00m WebSocket Ping/Pong with sessionId 07445ae2-4579-46a2-9800-486e42148f33
0:46:00.789289495 [332m   25[00m 0x7f42e4001c60 [37mDEBUG  [00m [00mKurentoWebSocketTransport WebSocketTransport.cpp:462:processMessage:[00m Response: {"id":268,"jsonrpc":"2.0","result":{"sessionId":"07445ae2-4579-46a2-9800-486e42148f33","value":"pong"}}
0:46:57.741045393 [332m   25[00m 0x7f42f80072f0 [37mDEBUG  [00m [00mKurentoWebSocketTransport WebSocketTransport.cpp:460:processMessage:[00m Message: {"jsonrpc":"2.0","method":"release","params":{"object":"65ec8725-e46d-4235-aff2-deeb2f1883a6_kurento.MediaPipeline/e8f79c56-f5f3-4e4e-b400-0eee22724648_kurento.WebRtcEndpoint","sessionId":"07445ae2-4579-46a2-9800-486e42148f33"},"id":269}
0:46:57.741412619 [332m   25[00m 0x7f42f80072f0 [37mDEBUG  [00m [00mKurentoWebSocketTransport WebSocketTransport.cpp:462:processMessage:[00m Response: {"id":269,"jsonrpc":"2.0","result":{"sessionId":"07445ae2-4579-46a2-9800-486e42148f33"}}
0:46:57.741420821 [332m   25[00m 0x7f431c001860 [37mDEBUG  [00m [00mKurentoMediaElementImpl MediaElementImpl.cpp:1028:disconnect:[00m Disconnecting 65ec8725-e46d-4235-aff2-deeb2f1883a6_kurento.MediaPipeline/53827330-02fb-442f-b6c4-ae29c9ce83ba_datachannelexample.KmsSendData - 65ec8725-e46d-4235-aff2-deeb2f1883a6_kurento.MediaPipeline/e8f79c56-f5f3-4e4e-b400-0eee22724648_kurento.WebRtcEndpoint params AUDIO default default
0:46:57.741863706 [332m   25[00m 0x7f431c001860 [37mDEBUG  [00m [00mKurentoMediaElementImpl MediaElementImpl.cpp:1028:disconnect:[00m Disconnecting 65ec8725-e46d-4235-aff2-deeb2f1883a6_kurento.MediaPipeline/53827330-02fb-442f-b6c4-ae29c9ce83ba_datachannelexample.KmsSendData - 65ec8725-e46d-4235-aff2-deeb2f1883a6_kurento.MediaPipeline/e8f79c56-f5f3-4e4e-b400-0eee22724648_kurento.WebRtcEndpoint params DATA default default
0:46:57.741934533 [332m   25[00m 0x7f431c001860 [37mDEBUG  [00m [00mKurentoMediaElementImpl MediaElementImpl.cpp:1028:disconnect:[00m Disconnecting 65ec8725-e46d-4235-aff2-deeb2f1883a6_kurento.MediaPipeline/53827330-02fb-442f-b6c4-ae29c9ce83ba_datachannelexample.KmsSendData - 65ec8725-e46d-4235-aff2-deeb2f1883a6_kurento.MediaPipeline/e8f79c56-f5f3-4e4e-b400-0eee22724648_kurento.WebRtcEndpoint params VIDEO default default
0:46:57.742805602 [332m   25[00m 0x7f431c001860 [37mDEBUG  [00m [00m     KurentoMediaSet MediaSet.cpp:470:async_delete:[00m Destroying WebRtcEndpoint -> 65ec8725-e46d-4235-aff2-deeb2f1883a6_kurento.MediaPipeline/e8f79c56-f5f3-4e4e-b400-0eee22724648_kurento.WebRtcEndpoint
0:46:57.743266240 [332m   25[00m 0x7f4304001840 [37mDEBUG  [00m [00mKurentoWebSocketTransport WebSocketTransport.cpp:460:processMessage:[00m Message: {"jsonrpc":"2.0","method":"unsubscribe","params":{"object":"65ec8725-e46d-4235-aff2-deeb2f1883a6_kurento.MediaPipeline/e8f79c56-f5f3-4e4e-b400-0eee22724648_kurento.WebRtcEndpoint","subscription":"5001052c-4f5c-498e-9110-336c076434b6","sessionId":"07445ae2-4579-46a2-9800-486e42148f33"},"id":270}
0:46:57.743535788 [332m   25[00m 0x7f4304001840 [37mDEBUG  [00m [00mKurentoWebSocketTransport WebSocketTransport.cpp:462:processMessage:[00m Response: {"id":270,"jsonrpc":"2.0","result":{"sessionId":"07445ae2-4579-46a2-9800-486e42148f33"}}
0:47:00.446491938 [332m   25[00m 0x7f42b0001410 [36mINFO   [00m [00mKurentoWebSocketTransport WebSocketTransport.cpp:296:keepAliveSessions:[00m Keep alive 07445ae2-4579-46a2-9800-486e42148f33
0:47:00.790076948 [332m   25[00m 0x7f42f0001c90 [37mDEBUG  [00m [00mKurentoWebSocketTransport WebSocketTransport.cpp:460:processMessage:[00m Message: {"jsonrpc":"2.0","method":"ping","id":271}
0:47:00.790279006 [332m   25[00m 0x7f42f0001c90 [36mINFO   [00m [00mKurentoServerMethods ServerMethods.cpp:814:ping:[00m WebSocket Ping/Pong with sessionId 07445ae2-4579-46a2-9800-486e42148f33
0:47:00.790398529 [332m   25[00m 0x7f42f0001c90 [37mDEBUG  [00m [00mKurentoWebSocketTransport WebSocketTransport.cpp:462:processMessage:[00m Response: {"id":271,"jsonrpc":"2.0","result":{"sessionId":"07445ae2-4579-46a2-9800-486e42148f33","value":"pong"}}
0:48:00.438915369 [332m   25[00m 0x7f42e8001c30 [37mDEBUG  [00m [00m     KurentoMediaSet MediaSet.cpp:123:doGarbageCollection:[00m Running garbage collector
0:48:00.446852632 [332m   25[00m 0x7f42b0001410 [36mINFO   [00m [00mKurentoWebSocketTransport WebSocketTransport.cpp:296:keepAliveSessions:[00m Keep alive 07445ae2-4579-46a2-9800-486e42148f33
0:48:00.790283466 [332m   25[00m 0x7f42ec001b20 [37mDEBUG  [00m [00mKurentoWebSocketTransport WebSocketTransport.cpp:460:processMessage:[00m Message: {"jsonrpc":"2.0","method":"ping","id":272}
0:48:00.790443796 [332m   25[00m 0x7f42ec001b20 [36mINFO   [00m [00mKurentoServerMethods ServerMethods.cpp:814:ping:[00m WebSocket Ping/Pong with sessionId 07445ae2-4579-46a2-9800-486e42148f33
0:48:00.790570522 [332m   25[00m 0x7f42ec001b20 [37mDEBUG  [00m [00mKurentoWebSocketTransport WebSocketTransport.cpp:462:processMessage:[00m Response: {"id":272,"jsonrpc":"2.0","result":{"sessionId":"07445ae2-4579-46a2-9800-486e42148f33","value":"pong"}}
0:48:21.701908569 [332m   25[00m 0x7f42f4002180 [37mDEBUG  [00m [00mKurentoWebSocketTransport WebSocketTransport.cpp:460:processMessage:[00m Message: {"jsonrpc":"2.0","method":"release","params":{"object":"65ec8725-e46d-4235-aff2-deeb2f1883a6_kurento.MediaPipeline/77145a50-53dc-49e5-89f3-50a005830fae_kurento.WebRtcEndpoint","sessionId":"07445ae2-4579-46a2-9800-486e42148f33"},"id":273}
0:48:21.702802359 [332m   25[00m 0x7f42f4002180 [37mDEBUG  [00m [00mKurentoWebSocketTransport WebSocketTransport.cpp:462:processMessage:[00m Response: {"id":273,"jsonrpc":"2.0","result":{"sessionId":"07445ae2-4579-46a2-9800-486e42148f33"}}
0:48:21.702839180 [332m   25[00m 0x7f43000018a0 [37mDEBUG  [00m [00mKurentoMediaElementImpl MediaElementImpl.cpp:1028:disconnect:[00m Disconnecting 65ec8725-e46d-4235-aff2-deeb2f1883a6_kurento.MediaPipeline/53827330-02fb-442f-b6c4-ae29c9ce83ba_datachannelexample.KmsSendData - 65ec8725-e46d-4235-aff2-deeb2f1883a6_kurento.MediaPipeline/77145a50-53dc-49e5-89f3-50a005830fae_kurento.WebRtcEndpoint params AUDIO default default
0:48:21.704207412 [332m   25[00m 0x7f43000018a0 [37mDEBUG  [00m [00mKurentoMediaElementImpl MediaElementImpl.cpp:1028:disconnect:[00m Disconnecting 65ec8725-e46d-4235-aff2-deeb2f1883a6_kurento.MediaPipeline/53827330-02fb-442f-b6c4-ae29c9ce83ba_datachannelexample.KmsSendData - 65ec8725-e46d-4235-aff2-deeb2f1883a6_kurento.MediaPipeline/77145a50-53dc-49e5-89f3-50a005830fae_kurento.WebRtcEndpoint params DATA default default
0:48:21.704349596 [332m   25[00m 0x7f43000018a0 [37mDEBUG  [00m [00mKurentoMediaElementImpl MediaElementImpl.cpp:1028:disconnect:[00m Disconnecting 65ec8725-e46d-4235-aff2-deeb2f1883a6_kurento.MediaPipeline/53827330-02fb-442f-b6c4-ae29c9ce83ba_datachannelexample.KmsSendData - 65ec8725-e46d-4235-aff2-deeb2f1883a6_kurento.MediaPipeline/77145a50-53dc-49e5-89f3-50a005830fae_kurento.WebRtcEndpoint params VIDEO default default
0:48:21.704609155 [332m   25[00m 0x7f43000018a0 [37mDEBUG  [00m [00m     KurentoMediaSet MediaSet.cpp:470:async_delete:[00m Destroying WebRtcEndpoint -> 65ec8725-e46d-4235-aff2-deeb2f1883a6_kurento.MediaPipeline/77145a50-53dc-49e5-89f3-50a005830fae_kurento.WebRtcEndpoint
0:48:21.704633763 [332m   25[00m 0x7f42a8001790 [37mDEBUG  [00m [00mKurentoWebSocketTransport WebSocketTransport.cpp:460:processMessage:[00m Message: {"jsonrpc":"2.0","method":"unsubscribe","params":{"object":"65ec8725-e46d-4235-aff2-deeb2f1883a6_kurento.MediaPipeline/77145a50-53dc-49e5-89f3-50a005830fae_kurento.WebRtcEndpoint","subscription":"e3757e00-c496-4641-9ccd-84c59d57bb38","sessionId":"07445ae2-4579-46a2-9800-486e42148f33"},"id":274}
0:48:21.704827621 [332m   25[00m 0x7f42a8001790 [37mDEBUG  [00m [00mKurentoWebSocketTransport WebSocketTransport.cpp:462:processMessage:[00m Response: {"id":274,"jsonrpc":"2.0","result":{"sessionId":"07445ae2-4579-46a2-9800-486e42148f33"}}
0:48:40.456853410 [332m   25[00m 0x7f42dc001810 [37mDEBUG  [00m [00mKurentoWebSocketTransport WebSocketTransport.cpp:460:processMessage:[00m Message: {"jsonrpc":"2.0","method":"create","params":{"type":"WebRtcEndpoint","constructorParams":{"mediaPipeline":"65ec8725-e46d-4235-aff2-deeb2f1883a6_kurento.MediaPipeline","useDataChannels":true},"properties":{},"sessionId":"07445ae2-4579-46a2-9800-486e42148f33"},"id":275}
0:48:40.458957156 [332m   25[00m 0x7f42dc001810 [36mINFO   [00m [00mKurentoWebRtcEndpointImpl WebRtcEndpointImpl.cpp:96:remove_not_supported_codecs_from_array:<kmswebrtcendpoint11>[00m Removing not supported codec 'AMR/8000'
0:48:40.459047724 [332m   25[00m 0x7f42dc001810 [36mINFO   [00m [00mKurentoWebRtcEndpointImpl WebRtcEndpointImpl.cpp:465:WebRtcEndpointImpl:[00m Using STUN reflexive server IP: 74.125.200.127
0:48:40.459060701 [332m   25[00m 0x7f42dc001810 [36mINFO   [00m [00mKurentoWebRtcEndpointImpl WebRtcEndpointImpl.cpp:466:WebRtcEndpointImpl:[00m Using STUN reflexive server Port: 19302
0:48:40.459119869 [332m   25[00m 0x7f42dc001810 [36mINFO   [00m [00mKurentoWebRtcEndpointImpl WebRtcEndpointImpl.cpp:487:WebRtcEndpointImpl:[00m TURN server IP address not found in config; NAT traversal requires either STUN or TURN server
0:48:40.459625676 [332m   25[00m 0x7f42dc001810 [37mDEBUG  [00m [00mKurentoWebSocketTransport WebSocketTransport.cpp:462:processMessage:[00m Response: {"id":275,"jsonrpc":"2.0","result":{"sessionId":"07445ae2-4579-46a2-9800-486e42148f33","value":"65ec8725-e46d-4235-aff2-deeb2f1883a6_kurento.MediaPipeline/8594de3e-38b8-4a8d-9327-fb27c76c2c95_kurento.WebRtcEndpoint"}}
0:48:40.461649193 [332m   25[00m 0x7f42e0001cc0 [37mDEBUG  [00m [00mKurentoWebSocketTransport WebSocketTransport.cpp:460:processMessage:[00m Message: {"jsonrpc":"2.0","method":"subscribe","params":{"object":"65ec8725-e46d-4235-aff2-deeb2f1883a6_kurento.MediaPipeline/8594de3e-38b8-4a8d-9327-fb27c76c2c95_kurento.WebRtcEndpoint","type":"OnIceCandidate","sessionId":"07445ae2-4579-46a2-9800-486e42148f33"},"id":276}
0:48:40.461983812 [332m   25[00m 0x7f42e0001cc0 [37mDEBUG  [00m [00mKurentoWebSocketTransport WebSocketTransport.cpp:462:processMessage:[00m Response: {"id":276,"jsonrpc":"2.0","result":{"sessionId":"07445ae2-4579-46a2-9800-486e42148f33","value":"7a98e883-fcf9-4d12-90b5-dd1e73e46d34"}}
0:48:40.462228280 [332m   25[00m 0x7f42f0001c90 [37mDEBUG  [00m [00mKurentoWebSocketTransport WebSocketTransport.cpp:460:processMessage:[00m Message: {"jsonrpc":"2.0","method":"invoke","params":{"object":"65ec8725-e46d-4235-aff2-deeb2f1883a6_kurento.MediaPipeline/8594de3e-38b8-4a8d-9327-fb27c76c2c95_kurento.WebRtcEndpoint","operation":"processOffer","operationParams":{"offer":"v=0\r\no=- 5582693593741372026 2 IN IP4 127.0.0.1\r\ns=-\r\nt=0 0\r\na=group:BUNDLE 0 1 2\r\na=msid-semantic: WMS\r\nm=video 9 UDP/TLS/RTP/SAVPF 96 97 98 99 100 101 127 125 104\r\nc=IN IP4 0.0.0.0\r\na=rtcp:9 IN IP4 0.0.0.0\r\na=ice-ufrag:XvRD\r\na=ice-pwd:EcgUPiSKuRjUTl2s/HAnADLq\r\na=ice-options:trickle\r\na=fingerprint:sha-256 23:B7:5B:6F:5C:0C:D4:9E:A0:E9:96:CE:A0:8C:D6:CA:40:B4:9F:69:7A:68:87:DB:1E:27:2C:69:FD:3B:5F:5F\r\na=setup:actpass\r\na=mid:0\r\na=extmap:14 urn:ietf:params:rtp-hdrext:toffset\r\na=extmap:2 http://www.webrtc.org/experiments/rtp-hdrext/abs-send-time\r\na=extmap:13 urn:3gpp:video-orientation\r\na=extmap:3 http://www.ietf.org/id/draft-holmer-rmcat-transport-wide-cc-extensions-01\r\na=extmap:12 http://www.webrtc.org/experiments/rtp-hdrext/playout-delay\r\na=extmap:11 http://www.webrtc.org/experiments/rtp-hdrext/video-content-type\r\na=extmap:7 http://www.webrtc.org/experiments/rtp-hdrext/video-timing\r\na=extmap:8 http://tools.ietf.org/html/draft-ietf-avtext-framemarking-07\r\na=extmap:9 http://www.webrtc.org/experiments/rtp-hdrext/color-space\r\na=extmap:4 urn:ietf:params:rtp-hdrext:sdes:mid\r\na=extmap:5 urn:ietf:params:rtp-hdrext:sdes:rtp-stream-id\r\na=extmap:6 urn:ietf:params:rtp-hdrext:sdes:repaired-rtp-stream-id\r\na=recvonly\r\na=rtcp-mux\r\na=rtcp-rsize\r\na=rtpmap:96 H264/90000\r\na=rtcp-fb:96 goog-remb\r\na=rtcp-fb:96 transport-cc\r\na=rtcp-fb:96 ccm fir\r\na=rtcp-fb:96 nack\r\na=rtcp-fb:96 nack pli\r\na=fmtp:96 level-asymmetry-allowed=1;packetization-mode=1;profile-level-id=640c1f\r\na=rtpmap:97 rtx/90000\r\na=fmtp:97 apt=96\r\na=rtpmap:98 H264/90000\r\na=rtcp-fb:98 goog-remb\r\na=rtcp-fb:98 transport-cc\r\na=rtcp-fb:98 ccm fir\r\na=rtcp-fb:98 nack\r\na=rtcp-fb:98 nack pli\r\na=fmtp:98 level-asymmetry-allowed=1;packetization-mode=1;profile-level-id=42e01f\r\na=rtpmap:99 rtx/90000\r\na=fmtp:99 apt=98\r\na=rtpmap:100 VP8/90000\r\na=rtcp-fb:100 goog-remb\r\na=rtcp-fb:100 transport-cc\r\na=rtcp-fb:100 ccm fir\r\na=rtcp-fb:100 nack\r\na=rtcp-fb:100 nack pli\r\na=rtpmap:101 rtx/90000\r\na=fmtp:101 apt=100\r\na=rtpmap:127 red/90000\r\na=rtpmap:125 rtx/90000\r\na=fmtp:125 apt=127\r\na=rtpmap:104 ulpfec/90000\r\nm=audio 9 UDP/TLS/RTP/SAVPF 111 103 9 102 0 8 105 13 110 113 126\r\nc=IN IP4 0.0.0.0\r\na=rtcp:9 IN IP4 0.0.0.0\r\na=ice-ufrag:XvRD\r\na=ice-pwd:EcgUPiSKuRjUTl2s/HAnADLq\r\na=ice-options:trickle\r\na=fingerprint:sha-256 23:B7:5B:6F:5C:0C:D4:9E:A0:E9:96:CE:A0:8C:D6:CA:40:B4:9F:69:7A:68:87:DB:1E:27:2C:69:FD:3B:5F:5F\r\na=setup:actpass\r\na=mid:1\r\na=extmap:1 urn:ietf:params:rtp-hdrext:ssrc-audio-level\r\na=extmap:2 http://www.webrtc.org/experiments/rtp-hdrext/abs-send-time\r\na=extmap:3 http://www.ietf.org/id/draft-holmer-rmcat-transport-wide-cc-extensions-01\r\na=extmap:4 urn:ietf:params:rtp-hdrext:sdes:mid\r\na=extmap:5 urn:ietf:params:rtp-hdrext:sdes:rtp-stream-id\r\na=extmap:6 urn:ietf:params:rtp-hdrext:sdes:repaired-rtp-stream-id\r\na=recvonly\r\na=rtcp-mux\r\na=rtpmap:111 opus/48000/2\r\na=rtcp-fb:111 transport-cc\r\na=fmtp:111 minptime=10;useinbandfec=1\r\na=rtpmap:103 ISAC/16000\r\na=rtpmap:9 G722/8000\r\na=rtpmap:102 ILBC/8000\r\na=rtpmap:0 PCMU/8000\r\na=rtpmap:8 PCMA/8000\r\na=rtpmap:105 CN/16000\r\na=rtpmap:13 CN/8000\r\na=rtpmap:110 telephone-event/48000\r\na=rtpmap:113 telephone-event/16000\r\na=rtpmap:126 telephone-event/8000\r\nm=application 9 UDP/DTLS/SCTP webrtc-datachannel\r\nc=IN IP4 0.0.0.0\r\na=ice-ufrag:XvRD\r\na=ice-pwd:EcgUPiSKuRjUTl2s/HAnADLq\r\na=ice-options:trickle\r\na=fingerprint:sha-256 23:B7:5B:6F:5C:0C:D4:9E:A0:E9:96:CE:A0:8C:D6:CA:40:B4:9F:69:7A:68:87:DB:1E:27:2C:69:FD:3B:5F:5F\r\na=setup:actpass\r\na=mid:2\r\na=sctp-port:5000\r\na=max-message-size:262144\r\n"},"sessionId":"07445ae2-4579-46a2-9800-486e42148f33"},"id":277}
0:48:40.475110552 [332m   25[00m 0x7f42f0001c90 [37mDEBUG  [00m [00mKurentoWebSocketTransport WebSocketTransport.cpp:462:processMessage:[00m Response: {"id":277,"jsonrpc":"2.0","result":{"sessionId":"07445ae2-4579-46a2-9800-486e42148f33","value":"v=0\r\no=- 3800062226 3800062226 IN IP4 0.0.0.0\r\ns=Kurento Media Server\r\nc=IN IP4 0.0.0.0\r\nt=0 0\r\na=msid-semantic: WMS\r\na=group:BUNDLE 0 1 2\r\nm=video 1 UDP/TLS/RTP/SAVPF 96 98 100\r\na=extmap:2 http://www.webrtc.org/experiments/rtp-hdrext/abs-send-time\r\na=sendonly\r\na=mid:0\r\na=rtcp:9 IN IP4 0.0.0.0\r\na=rtpmap:96 H264/90000\r\na=rtpmap:98 H264/90000\r\na=rtpmap:100 VP8/90000\r\na=rtcp-fb:96 goog-remb\r\na=rtcp-fb:96 ccm fir\r\na=rtcp-fb:96 nack\r\na=rtcp-fb:96 nack pli\r\na=rtcp-fb:98 goog-remb\r\na=rtcp-fb:98 ccm fir\r\na=rtcp-fb:98 nack\r\na=rtcp-fb:98 nack pli\r\na=rtcp-fb:100 goog-remb\r\na=rtcp-fb:100 ccm fir\r\na=rtcp-fb:100 nack\r\na=rtcp-fb:100 nack pli\r\na=setup:active\r\na=rtcp-mux\r\na=fmtp:96 level-asymmetry-allowed=1;packetization-mode=1;profile-level-id=640c1f\r\na=fmtp:98 level-asymmetry-allowed=1;packetization-mode=1;profile-level-id=42e01f\r\na=ssrc:229058910 cname:user2169647990@host-718302f\r\na=ice-ufrag:+Xw/\r\na=ice-pwd:SWtqN0XfVI+HO0Mmku2Rxp\r\na=fingerprint:sha-256 BC:7A:3E:D4:2B:8A:46:60:1E:4A:F1:A7:31:A4:C2:24:BD:98:69:DB:FE:87:89:AD:F6:5E:40:0F:28:F3:81:53\r\nm=audio 1 UDP/TLS/RTP/SAVPF 111 0\r\na=extmap:2 http://www.webrtc.org/experiments/rtp-hdrext/abs-send-time\r\na=sendonly\r\na=mid:1\r\na=rtcp:9 IN IP4 0.0.0.0\r\na=rtpmap:111 opus/48000/2\r\na=rtpmap:0 PCMU/8000\r\na=setup:active\r\na=rtcp-mux\r\na=fmtp:111 minptime=10;useinbandfec=1\r\na=ssrc:3045569642 cname:user2169647990@host-718302f\r\na=ice-ufrag:+Xw/\r\na=ice-pwd:SWtqN0XfVI+HO0Mmku2Rxp\r\na=fingerprint:sha-256 BC:7A:3E:D4:2B:8A:46:60:1E:4A:F1:A7:31:A4:C2:24:BD:98:69:DB:FE:87:89:AD:F6:5E:40:0F:28:F3:81:53\r\nm=application 1 UDP/DTLS/SCTP webrtc-datachannel\r\na=mid:2\r\na=sctp-port:5000\r\na=setup:active\r\na=ice-ufrag:+Xw/\r\na=ice-pwd:SWtqN0XfVI+HO0Mmku2Rxp\r\na=fingerprint:sha-256 BC:7A:3E:D4:2B:8A:46:60:1E:4A:F1:A7:31:A4:C2:24:BD:98:69:DB:FE:87:89:AD:F6:5E:40:0F:28:F3:81:53\r\n"}}
0:48:40.513159594 [332m   25[00m 0x7f42e4001c60 [37mDEBUG  [00m [00mKurentoWebSocketTransport WebSocketTransport.cpp:460:processMessage:[00m Message: {"jsonrpc":"2.0","method":"invoke","params":{"object":"65ec8725-e46d-4235-aff2-deeb2f1883a6_kurento.MediaPipeline/8594de3e-38b8-4a8d-9327-fb27c76c2c95_kurento.WebRtcEndpoint","operation":"gatherCandidates","sessionId":"07445ae2-4579-46a2-9800-486e42148f33"},"id":278}
0:48:40.516172854 [332m   25[00m 0x7f42e80990c0 [37mDEBUG  [00m [00mKurentoWebSocketEventHandler WebSocketEventHandler.cpp:56:sendEvent:[00m Sending event: {"jsonrpc":"2.0","method":"onEvent","params":{"value":{"data":{"candidate":{"__module__":"kurento","__type__":"IceCandidate","candidate":"candidate:2 1 UDP 2013266431 172.20.0.3 10029 typ host","sdpMLineIndex":0,"sdpMid":"0"},"source":"65ec8725-e46d-4235-aff2-deeb2f1883a6_kurento.MediaPipeline/8594de3e-38b8-4a8d-9327-fb27c76c2c95_kurento.WebRtcEndpoint","tags":[],"timestamp":"1591073426","timestampMillis":"1591073426132","type":"OnIceCandidate"},"object":"65ec8725-e46d-4235-aff2-deeb2f1883a6_kurento.MediaPipeline/8594de3e-38b8-4a8d-9327-fb27c76c2c95_kurento.WebRtcEndpoint","type":"OnIceCandidate"}}}, sessionId: 07445ae2-4579-46a2-9800-486e42148f33
0:48:40.516342136 [332m   25[00m 0x7f42e80990c0 [37mDEBUG  [00m [00mKurentoWebSocketEventHandler WebSocketEventHandler.cpp:56:sendEvent:[00m Sending event: {"jsonrpc":"2.0","method":"onEvent","params":{"value":{"data":{"candidate":{"__module__":"kurento","__type__":"IceCandidate","candidate":"candidate:2 1 UDP 2013266431 172.20.0.3 10029 typ host","sdpMLineIndex":1,"sdpMid":"1"},"source":"65ec8725-e46d-4235-aff2-deeb2f1883a6_kurento.MediaPipeline/8594de3e-38b8-4a8d-9327-fb27c76c2c95_kurento.WebRtcEndpoint","tags":[],"timestamp":"1591073426","timestampMillis":"1591073426132","type":"OnIceCandidate"},"object":"65ec8725-e46d-4235-aff2-deeb2f1883a6_kurento.MediaPipeline/8594de3e-38b8-4a8d-9327-fb27c76c2c95_kurento.WebRtcEndpoint","type":"OnIceCandidate"}}}, sessionId: 07445ae2-4579-46a2-9800-486e42148f33
0:48:40.516460986 [332m   25[00m 0x7f42e80990c0 [37mDEBUG  [00m [00mKurentoWebSocketEventHandler WebSocketEventHandler.cpp:56:sendEvent:[00m Sending event: {"jsonrpc":"2.0","method":"onEvent","params":{"value":{"data":{"candidate":{"__module__":"kurento","__type__":"IceCandidate","candidate":"candidate:2 1 UDP 2013266431 172.20.0.3 10029 typ host","sdpMLineIndex":2,"sdpMid":"2"},"source":"65ec8725-e46d-4235-aff2-deeb2f1883a6_kurento.MediaPipeline/8594de3e-38b8-4a8d-9327-fb27c76c2c95_kurento.WebRtcEndpoint","tags":[],"timestamp":"1591073426","timestampMillis":"1591073426132","type":"OnIceCandidate"},"object":"65ec8725-e46d-4235-aff2-deeb2f1883a6_kurento.MediaPipeline/8594de3e-38b8-4a8d-9327-fb27c76c2c95_kurento.WebRtcEndpoint","type":"OnIceCandidate"}}}, sessionId: 07445ae2-4579-46a2-9800-486e42148f33
0:48:40.516571841 [332m   25[00m 0x7f42e80990c0 [37mDEBUG  [00m [00mKurentoWebSocketEventHandler WebSocketEventHandler.cpp:56:sendEvent:[00m Sending event: {"jsonrpc":"2.0","method":"onEvent","params":{"value":{"data":{"candidate":{"__module__":"kurento","__type__":"IceCandidate","candidate":"candidate:3 1 TCP 1015021823 172.20.0.3 9 typ host tcptype active","sdpMLineIndex":0,"sdpMid":"0"},"source":"65ec8725-e46d-4235-aff2-deeb2f1883a6_kurento.MediaPipeline/8594de3e-38b8-4a8d-9327-fb27c76c2c95_kurento.WebRtcEndpoint","tags":[],"timestamp":"1591073426","timestampMillis":"1591073426132","type":"OnIceCandidate"},"object":"65ec8725-e46d-4235-aff2-deeb2f1883a6_kurento.MediaPipeline/8594de3e-38b8-4a8d-9327-fb27c76c2c95_kurento.WebRtcEndpoint","type":"OnIceCandidate"}}}, sessionId: 07445ae2-4579-46a2-9800-486e42148f33
