0:30:58.614332285 [332m   25[00m 0x7f42e80990c0 [37mDEBUG  [00m [00mKurentoWebSocketEventHandler WebSocketEventHandler.cpp:56:sendEvent:[00m Sending event: {"jsonrpc":"2.0","method":"onEvent","params":{"value":{"data":{"candidate":{"__module__":"kurento","__type__":"IceCandidate","candidate":"candidate:1 1 UDP 2013266431 172.20.0.3 10067 typ host","sdpMLineIndex":1,"sdpMid":"1"},"source":"65ec8725-e46d-4235-aff2-deeb2f1883a6_kurento.MediaPipeline/77145a50-53dc-49e5-89f3-50a005830fae_kurento.WebRtcEndpoint","tags":[],"timestamp":"1591072364","timestampMillis":"1591072364230","type":"OnIceCandidate"},"object":"65ec8725-e46d-4235-aff2-deeb2f1883a6_kurento.MediaPipeline/77145a50-53dc-49e5-89f3-50a005830fae_kurento.WebRtcEndpoint","type":"OnIceCandidate"}}}, sessionId: 07445ae2-4579-46a2-9800-486e42148f33
0:30:58.614458647 [332m   25[00m 0x7f42e80990c0 [37mDEBUG  [00m [00mKurentoWebSocketEventHandler WebSocketEventHandler.cpp:56:sendEvent:[00m Sending event: {"jsonrpc":"2.0","method":"onEvent","params":{"value":{"data":{"candidate":{"__module__":"kurento","__type__":"IceCandidate","candidate":"candidate:1 1 UDP 2013266431 172.20.0.3 10067 typ host","sdpMLineIndex":2,"sdpMid":"2"},"source":"65ec8725-e46d-4235-aff2-deeb2f1883a6_kurento.MediaPipeline/77145a50-53dc-49e5-89f3-50a005830fae_kurento.WebRtcEndpoint","tags":[],"timestamp":"1591072364","timestampMillis":"1591072364230","type":"OnIceCandidate"},"object":"65ec8725-e46d-4235-aff2-deeb2f1883a6_kurento.MediaPipeline/77145a50-53dc-49e5-89f3-50a005830fae_kurento.WebRtcEndpoint","type":"OnIceCandidate"}}}, sessionId: 07445ae2-4579-46a2-9800-486e42148f33
0:30:58.614571994 [332m   25[00m 0x7f42e80990c0 [37mDEBUG  [00m [00mKurentoWebSocketEventHandler WebSocketEventHandler.cpp:56:sendEvent:[00m Sending event: {"jsonrpc":"2.0","method":"onEvent","params":{"value":{"data":{"candidate":{"__module__":"kurento","__type__":"IceCandidate","candidate":"candidate:2 1 TCP 1015021823 172.20.0.3 9 typ host tcptype active","sdpMLineIndex":0,"sdpMid":"0"},"source":"65ec8725-e46d-4235-aff2-deeb2f1883a6_kurento.MediaPipeline/77145a50-53dc-49e5-89f3-50a005830fae_kurento.WebRtcEndpoint","tags":[],"timestamp":"1591072364","timestampMillis":"1591072364230","type":"OnIceCandidate"},"object":"65ec8725-e46d-4235-aff2-deeb2f1883a6_kurento.MediaPipeline/77145a50-53dc-49e5-89f3-50a005830fae_kurento.WebRtcEndpoint","type":"OnIceCandidate"}}}, sessionId: 07445ae2-4579-46a2-9800-486e42148f33
0:30:58.614676495 [332m   25[00m 0x7f42e80990c0 [37mDEBUG  [00m [00mKurentoWebSocketEventHandler WebSocketEventHandler.cpp:56:sendEvent:[00m Sending event: {"jsonrpc":"2.0","method":"onEvent","params":{"value":{"data":{"candidate":{"__module__":"kurento","__type__":"IceCandidate","candidate":"candidate:2 1 TCP 1015021823 172.20.0.3 9 typ host tcptype active","sdpMLineIndex":1,"sdpMid":"1"},"source":"65ec8725-e46d-4235-aff2-deeb2f1883a6_kurento.MediaPipeline/77145a50-53dc-49e5-89f3-50a005830fae_kurento.WebRtcEndpoint","tags":[],"timestamp":"1591072364","timestampMillis":"1591072364230","type":"OnIceCandidate"},"object":"65ec8725-e46d-4235-aff2-deeb2f1883a6_kurento.MediaPipeline/77145a50-53dc-49e5-89f3-50a005830fae_kurento.WebRtcEndpoint","type":"OnIceCandidate"}}}, sessionId: 07445ae2-4579-46a2-9800-486e42148f33
0:30:58.614786165 [332m   25[00m 0x7f42e80990c0 [37mDEBUG  [00m [00mKurentoWebSocketEventHandler WebSocketEventHandler.cpp:56:sendEvent:[00m Sending event: {"jsonrpc":"2.0","method":"onEvent","params":{"value":{"data":{"candidate":{"__module__":"kurento","__type__":"IceCandidate","candidate":"candidate:2 1 TCP 1015021823 172.20.0.3 9 typ host tcptype active","sdpMLineIndex":2,"sdpMid":"2"},"source":"65ec8725-e46d-4235-aff2-deeb2f1883a6_kurento.MediaPipeline/77145a50-53dc-49e5-89f3-50a005830fae_kurento.WebRtcEndpoint","tags":[],"timestamp":"1591072364","timestampMillis":"1591072364230","type":"OnIceCandidate"},"object":"65ec8725-e46d-4235-aff2-deeb2f1883a6_kurento.MediaPipeline/77145a50-53dc-49e5-89f3-50a005830fae_kurento.WebRtcEndpoint","type":"OnIceCandidate"}}}, sessionId: 07445ae2-4579-46a2-9800-486e42148f33
0:30:58.614899839 [332m   25[00m 0x7f42e80990c0 [37mDEBUG  [00m [00mKurentoWebSocketEventHandler WebSocketEventHandler.cpp:56:sendEvent:[00m Sending event: {"jsonrpc":"2.0","method":"onEvent","params":{"value":{"data":{"candidate":{"__module__":"kurento","__type__":"IceCandidate","candidate":"candidate:3 1 TCP 1010827519 172.20.0.3 10067 typ host tcptype passive","sdpMLineIndex":0,"sdpMid":"0"},"source":"65ec8725-e46d-4235-aff2-deeb2f1883a6_kurento.MediaPipeline/77145a50-53dc-49e5-89f3-50a005830fae_kurento.WebRtcEndpoint","tags":[],"timestamp":"1591072364","timestampMillis":"1591072364231","type":"OnIceCandidate"},"object":"65ec8725-e46d-4235-aff2-deeb2f1883a6_kurento.MediaPipeline/77145a50-53dc-49e5-89f3-50a005830fae_kurento.WebRtcEndpoint","type":"OnIceCandidate"}}}, sessionId: 07445ae2-4579-46a2-9800-486e42148f33
0:30:58.615005978 [332m   25[00m 0x7f42e80990c0 [37mDEBUG  [00m [00mKurentoWebSocketEventHandler WebSocketEventHandler.cpp:56:sendEvent:[00m Sending event: {"jsonrpc":"2.0","method":"onEvent","params":{"value":{"data":{"candidate":{"__module__":"kurento","__type__":"IceCandidate","candidate":"candidate:3 1 TCP 1010827519 172.20.0.3 10067 typ host tcptype passive","sdpMLineIndex":1,"sdpMid":"1"},"source":"65ec8725-e46d-4235-aff2-deeb2f1883a6_kurento.MediaPipeline/77145a50-53dc-49e5-89f3-50a005830fae_kurento.WebRtcEndpoint","tags":[],"timestamp":"1591072364","timestampMillis":"1591072364231","type":"OnIceCandidate"},"object":"65ec8725-e46d-4235-aff2-deeb2f1883a6_kurento.MediaPipeline/77145a50-53dc-49e5-89f3-50a005830fae_kurento.WebRtcEndpoint","type":"OnIceCandidate"}}}, sessionId: 07445ae2-4579-46a2-9800-486e42148f33
0:30:58.615111523 [332m   25[00m 0x7f42e80990c0 [37mDEBUG  [00m [00mKurentoWebSocketEventHandler WebSocketEventHandler.cpp:56:sendEvent:[00m Sending event: {"jsonrpc":"2.0","method":"onEvent","params":{"value":{"data":{"candidate":{"__module__":"kurento","__type__":"IceCandidate","candidate":"candidate:3 1 TCP 1010827519 172.20.0.3 10067 typ host tcptype passive","sdpMLineIndex":2,"sdpMid":"2"},"source":"65ec8725-e46d-4235-aff2-deeb2f1883a6_kurento.MediaPipeline/77145a50-53dc-49e5-89f3-50a005830fae_kurento.WebRtcEndpoint","tags":[],"timestamp":"1591072364","timestampMillis":"1591072364231","type":"OnIceCandidate"},"object":"65ec8725-e46d-4235-aff2-deeb2f1883a6_kurento.MediaPipeline/77145a50-53dc-49e5-89f3-50a005830fae_kurento.WebRtcEndpoint","type":"OnIceCandidate"}}}, sessionId: 07445ae2-4579-46a2-9800-486e42148f33
0:30:58.615214632 [332m   25[00m 0x7f42e80990c0 [37mDEBUG  [00m [00mKurentoWebSocketEventHandler WebSocketEventHandler.cpp:56:sendEvent:[00m Sending event: {"jsonrpc":"2.0","method":"onEvent","params":{"value":{"data":{"candidate":{"__module__":"kurento","__type__":"IceCandidate","candidate":"candidate:1 2 UDP 2013266430 172.20.0.3 10056 typ host","sdpMLineIndex":0,"sdpMid":"0"},"source":"65ec8725-e46d-4235-aff2-deeb2f1883a6_kurento.MediaPipeline/77145a50-53dc-49e5-89f3-50a005830fae_kurento.WebRtcEndpoint","tags":[],"timestamp":"1591072364","timestampMillis":"1591072364231","type":"OnIceCandidate"},"object":"65ec8725-e46d-4235-aff2-deeb2f1883a6_kurento.MediaPipeline/77145a50-53dc-49e5-89f3-50a005830fae_kurento.WebRtcEndpoint","type":"OnIceCandidate"}}}, sessionId: 07445ae2-4579-46a2-9800-486e42148f33
0:30:58.615317621 [332m   25[00m 0x7f42e80990c0 [37mDEBUG  [00m [00mKurentoWebSocketEventHandler WebSocketEventHandler.cpp:56:sendEvent:[00m Sending event: {"jsonrpc":"2.0","method":"onEvent","params":{"value":{"data":{"candidate":{"__module__":"kurento","__type__":"IceCandidate","candidate":"candidate:1 2 UDP 2013266430 172.20.0.3 10056 typ host","sdpMLineIndex":1,"sdpMid":"1"},"source":"65ec8725-e46d-4235-aff2-deeb2f1883a6_kurento.MediaPipeline/77145a50-53dc-49e5-89f3-50a005830fae_kurento.WebRtcEndpoint","tags":[],"timestamp":"1591072364","timestampMillis":"1591072364231","type":"OnIceCandidate"},"object":"65ec8725-e46d-4235-aff2-deeb2f1883a6_kurento.MediaPipeline/77145a50-53dc-49e5-89f3-50a005830fae_kurento.WebRtcEndpoint","type":"OnIceCandidate"}}}, sessionId: 07445ae2-4579-46a2-9800-486e42148f33
0:30:58.615423012 [332m   25[00m 0x7f42e80990c0 [37mDEBUG  [00m [00mKurentoWebSocketEventHandler WebSocketEventHandler.cpp:56:sendEvent:[00m Sending event: {"jsonrpc":"2.0","method":"onEvent","params":{"value":{"data":{"candidate":{"__module__":"kurento","__type__":"IceCandidate","candidate":"candidate:1 2 UDP 2013266430 172.20.0.3 10056 typ host","sdpMLineIndex":2,"sdpMid":"2"},"source":"65ec8725-e46d-4235-aff2-deeb2f1883a6_kurento.MediaPipeline/77145a50-53dc-49e5-89f3-50a005830fae_kurento.WebRtcEndpoint","tags":[],"timestamp":"1591072364","timestampMillis":"1591072364231","type":"OnIceCandidate"},"object":"65ec8725-e46d-4235-aff2-deeb2f1883a6_kurento.MediaPipeline/77145a50-53dc-49e5-89f3-50a005830fae_kurento.WebRtcEndpoint","type":"OnIceCandidate"}}}, sessionId: 07445ae2-4579-46a2-9800-486e42148f33
0:30:58.615761589 [332m   25[00m 0x7f42e80990c0 [37mDEBUG  [00m [00mKurentoWebSocketEventHandler WebSocketEventHandler.cpp:56:sendEvent:[00m Sending event: {"jsonrpc":"2.0","method":"onEvent","params":{"value":{"data":{"candidate":{"__module__":"kurento","__type__":"IceCandidate","candidate":"candidate:2 2 TCP 1015021822 172.20.0.3 9 typ host tcptype active","sdpMLineIndex":0,"sdpMid":"0"},"source":"65ec8725-e46d-4235-aff2-deeb2f1883a6_kurento.MediaPipeline/77145a50-53dc-49e5-89f3-50a005830fae_kurento.WebRtcEndpoint","tags":[],"timestamp":"1591072364","timestampMillis":"1591072364231","type":"OnIceCandidate"},"object":"65ec8725-e46d-4235-aff2-deeb2f1883a6_kurento.MediaPipeline/77145a50-53dc-49e5-89f3-50a005830fae_kurento.WebRtcEndpoint","type":"OnIceCandidate"}}}, sessionId: 07445ae2-4579-46a2-9800-486e42148f33
0:30:58.615869640 [332m   25[00m 0x7f42e80990c0 [37mDEBUG  [00m [00mKurentoWebSocketEventHandler WebSocketEventHandler.cpp:56:sendEvent:[00m Sending event: {"jsonrpc":"2.0","method":"onEvent","params":{"value":{"data":{"candidate":{"__module__":"kurento","__type__":"IceCandidate","candidate":"candidate:2 2 TCP 1015021822 172.20.0.3 9 typ host tcptype active","sdpMLineIndex":1,"sdpMid":"1"},"source":"65ec8725-e46d-4235-aff2-deeb2f1883a6_kurento.MediaPipeline/77145a50-53dc-49e5-89f3-50a005830fae_kurento.WebRtcEndpoint","tags":[],"timestamp":"1591072364","timestampMillis":"1591072364231","type":"OnIceCandidate"},"object":"65ec8725-e46d-4235-aff2-deeb2f1883a6_kurento.MediaPipeline/77145a50-53dc-49e5-89f3-50a005830fae_kurento.WebRtcEndpoint","type":"OnIceCandidate"}}}, sessionId: 07445ae2-4579-46a2-9800-486e42148f33
0:30:58.615960696 [332m   25[00m 0x7f42e4001c60 [37mDEBUG  [00m [00mKurentoWebSocketTransport WebSocketTransport.cpp:462:processMessage:[00m Response: {"id":201,"jsonrpc":"2.0","result":{"sessionId":"07445ae2-4579-46a2-9800-486e42148f33","value":null}}
0:30:58.615969542 [332m   25[00m 0x7f42e80990c0 [37mDEBUG  [00m [00mKurentoWebSocketEventHandler WebSocketEventHandler.cpp:56:sendEvent:[00m Sending event: {"jsonrpc":"2.0","method":"onEvent","params":{"value":{"data":{"candidate":{"__module__":"kurento","__type__":"IceCandidate","candidate":"candidate:2 2 TCP 1015021822 172.20.0.3 9 typ host tcptype active","sdpMLineIndex":2,"sdpMid":"2"},"source":"65ec8725-e46d-4235-aff2-deeb2f1883a6_kurento.MediaPipeline/77145a50-53dc-49e5-89f3-50a005830fae_kurento.WebRtcEndpoint","tags":[],"timestamp":"1591072364","timestampMillis":"1591072364231","type":"OnIceCandidate"},"object":"65ec8725-e46d-4235-aff2-deeb2f1883a6_kurento.MediaPipeline/77145a50-53dc-49e5-89f3-50a005830fae_kurento.WebRtcEndpoint","type":"OnIceCandidate"}}}, sessionId: 07445ae2-4579-46a2-9800-486e42148f33
0:30:58.616105028 [332m   25[00m 0x7f42e80990c0 [37mDEBUG  [00m [00mKurentoWebSocketEventHandler WebSocketEventHandler.cpp:56:sendEvent:[00m Sending event: {"jsonrpc":"2.0","method":"onEvent","params":{"value":{"data":{"candidate":{"__module__":"kurento","__type__":"IceCandidate","candidate":"candidate:3 2 TCP 1010827518 172.20.0.3 10012 typ host tcptype passive","sdpMLineIndex":0,"sdpMid":"0"},"source":"65ec8725-e46d-4235-aff2-deeb2f1883a6_kurento.MediaPipeline/77145a50-53dc-49e5-89f3-50a005830fae_kurento.WebRtcEndpoint","tags":[],"timestamp":"1591072364","timestampMillis":"1591072364232","type":"OnIceCandidate"},"object":"65ec8725-e46d-4235-aff2-deeb2f1883a6_kurento.MediaPipeline/77145a50-53dc-49e5-89f3-50a005830fae_kurento.WebRtcEndpoint","type":"OnIceCandidate"}}}, sessionId: 07445ae2-4579-46a2-9800-486e42148f33
0:30:58.616131375 [332m   25[00m 0x7f42e0001cc0 [37mDEBUG  [00m [00mKurentoWebSocketTransport WebSocketTransport.cpp:460:processMessage:[00m Message: {"jsonrpc":"2.0","method":"invoke","params":{"object":"65ec8725-e46d-4235-aff2-deeb2f1883a6_kurento.MediaPipeline/77145a50-53dc-49e5-89f3-50a005830fae_kurento.WebRtcEndpoint","operation":"addIceCandidate","operationParams":{"candidate":{"candidate":"candidate:1101502331 1 udp 2113937151 133bf61c-8ef0-4042-b405-832f52f126a4.local 52873 typ host generation 0 ufrag 3j5U network-cost 999","sdpMid":"0","sdpMLineIndex":0,"__module__":"kurento","__type__":"IceCandidate"}},"sessionId":"07445ae2-4579-46a2-9800-486e42148f33"},"id":202}
0:30:58.616205627 [332m   25[00m 0x7f42e80990c0 [37mDEBUG  [00m [00mKurentoWebSocketEventHandler WebSocketEventHandler.cpp:56:sendEvent:[00m Sending event: {"jsonrpc":"2.0","method":"onEvent","params":{"value":{"data":{"candidate":{"__module__":"kurento","__type__":"IceCandidate","candidate":"candidate:3 2 TCP 1010827518 172.20.0.3 10012 typ host tcptype passive","sdpMLineIndex":1,"sdpMid":"1"},"source":"65ec8725-e46d-4235-aff2-deeb2f1883a6_kurento.MediaPipeline/77145a50-53dc-49e5-89f3-50a005830fae_kurento.WebRtcEndpoint","tags":[],"timestamp":"1591072364","timestampMillis":"1591072364232","type":"OnIceCandidate"},"object":"65ec8725-e46d-4235-aff2-deeb2f1883a6_kurento.MediaPipeline/77145a50-53dc-49e5-89f3-50a005830fae_kurento.WebRtcEndpoint","type":"OnIceCandidate"}}}, sessionId: 07445ae2-4579-46a2-9800-486e42148f33
0:30:58.616299743 [332m   25[00m 0x7f42e80990c0 [37mDEBUG  [00m [00mKurentoWebSocketEventHandler WebSocketEventHandler.cpp:56:sendEvent:[00m Sending event: {"jsonrpc":"2.0","method":"onEvent","params":{"value":{"data":{"candidate":{"__module__":"kurento","__type__":"IceCandidate","candidate":"candidate:3 2 TCP 1010827518 172.20.0.3 10012 typ host tcptype passive","sdpMLineIndex":2,"sdpMid":"2"},"source":"65ec8725-e46d-4235-aff2-deeb2f1883a6_kurento.MediaPipeline/77145a50-53dc-49e5-89f3-50a005830fae_kurento.WebRtcEndpoint","tags":[],"timestamp":"1591072364","timestampMillis":"1591072364232","type":"OnIceCandidate"},"object":"65ec8725-e46d-4235-aff2-deeb2f1883a6_kurento.MediaPipeline/77145a50-53dc-49e5-89f3-50a005830fae_kurento.WebRtcEndpoint","type":"OnIceCandidate"}}}, sessionId: 07445ae2-4579-46a2-9800-486e42148f33
0:30:58.616414558 [332m   25[00m 0x7f42e0001cc0 [37mDEBUG  [00m [00mKurentoWebSocketTransport WebSocketTransport.cpp:462:processMessage:[00m Response: {"error":{"code":40401,"data":{"type":"ICE_ADD_CANDIDATE_ERROR"},"message":"Error adding candidate"},"id":202,"jsonrpc":"2.0"}
0:30:58.616437373 [332m   25[00m 0x7f42e0001cc0 [37mDEBUG  [00m [00mKurentoWebSocketTransport WebSocketTransport.cpp:460:processMessage:[00m Message: {"jsonrpc":"2.0","method":"invoke","params":{"object":"65ec8725-e46d-4235-aff2-deeb2f1883a6_kurento.MediaPipeline/77145a50-53dc-49e5-89f3-50a005830fae_kurento.WebRtcEndpoint","operation":"addIceCandidate","operationParams":{"candidate":{"candidate":"candidate:1101502331 1 udp 2113937151 133bf61c-8ef0-4042-b405-832f52f126a4.local 49777 typ host generation 0 ufrag 3j5U network-cost 999","sdpMid":"1","sdpMLineIndex":1,"__module__":"kurento","__type__":"IceCandidate"}},"sessionId":"07445ae2-4579-46a2-9800-486e42148f33"},"id":203}
0:30:58.616646936 [332m   25[00m 0x7f42e0001cc0 [37mDEBUG  [00m [00mKurentoWebSocketTransport WebSocketTransport.cpp:462:processMessage:[00m Response: {"error":{"code":40401,"data":{"type":"ICE_ADD_CANDIDATE_ERROR"},"message":"Error adding candidate"},"id":203,"jsonrpc":"2.0"}
0:30:58.616667003 [332m   25[00m 0x7f42e0001cc0 [37mDEBUG  [00m [00mKurentoWebSocketTransport WebSocketTransport.cpp:460:processMessage:[00m Message: {"jsonrpc":"2.0","method":"invoke","params":{"object":"65ec8725-e46d-4235-aff2-deeb2f1883a6_kurento.MediaPipeline/77145a50-53dc-49e5-89f3-50a005830fae_kurento.WebRtcEndpoint","operation":"addIceCandidate","operationParams":{"candidate":{"candidate":"candidate:1101502331 1 udp 2113937151 133bf61c-8ef0-4042-b405-832f52f126a4.local 50441 typ host generation 0 ufrag 3j5U network-cost 999","sdpMid":"2","sdpMLineIndex":2,"__module__":"kurento","__type__":"IceCandidate"}},"sessionId":"07445ae2-4579-46a2-9800-486e42148f33"},"id":204}
0:30:58.616871477 [332m   25[00m 0x7f42e0001cc0 [37mDEBUG  [00m [00mKurentoWebSocketTransport WebSocketTransport.cpp:462:processMessage:[00m Response: {"error":{"code":40401,"data":{"type":"ICE_ADD_CANDIDATE_ERROR"},"message":"Error adding candidate"},"id":204,"jsonrpc":"2.0"}
0:30:58.616890787 [332m   25[00m 0x7f42e0001cc0 [37mDEBUG  [00m [00mKurentoWebSocketTransport WebSocketTransport.cpp:460:processMessage:[00m Message: {"jsonrpc":"2.0","method":"invoke","params":{"object":"65ec8725-e46d-4235-aff2-deeb2f1883a6_kurento.MediaPipeline/53827330-02fb-442f-b6c4-ae29c9ce83ba_datachannelexample.KmsSendData","operation":"connect","operationParams":{"sink":"65ec8725-e46d-4235-aff2-deeb2f1883a6_kurento.MediaPipeline/77145a50-53dc-49e5-89f3-50a005830fae_kurento.WebRtcEndpoint"},"sessionId":"07445ae2-4579-46a2-9800-486e42148f33"},"id":205}
0:30:58.617236913 [332m   25[00m 0x7f42e0001cc0 [37mDEBUG  [00m [00mKurentoMediaElementImpl MediaElementImpl.cpp:902:connect:[00m Connecting 65ec8725-e46d-4235-aff2-deeb2f1883a6_kurento.MediaPipeline/53827330-02fb-442f-b6c4-ae29c9ce83ba_datachannelexample.KmsSendData -> 65ec8725-e46d-4235-aff2-deeb2f1883a6_kurento.MediaPipeline/77145a50-53dc-49e5-89f3-50a005830fae_kurento.WebRtcEndpoint params AUDIO default default
0:30:58.617384720 [332m   25[00m 0x7f42e0001cc0 [37mDEBUG  [00m [00mKurentoMediaElementImpl MediaElementImpl.cpp:902:connect:[00m Connecting 65ec8725-e46d-4235-aff2-deeb2f1883a6_kurento.MediaPipeline/53827330-02fb-442f-b6c4-ae29c9ce83ba_datachannelexample.KmsSendData -> 65ec8725-e46d-4235-aff2-deeb2f1883a6_kurento.MediaPipeline/77145a50-53dc-49e5-89f3-50a005830fae_kurento.WebRtcEndpoint params VIDEO default default
0:30:58.617471210 [332m   25[00m 0x7f42e0001cc0 [37mDEBUG  [00m [00mKurentoMediaElementImpl MediaElementImpl.cpp:902:connect:[00m Connecting 65ec8725-e46d-4235-aff2-deeb2f1883a6_kurento.MediaPipeline/53827330-02fb-442f-b6c4-ae29c9ce83ba_datachannelexample.KmsSendData -> 65ec8725-e46d-4235-aff2-deeb2f1883a6_kurento.MediaPipeline/77145a50-53dc-49e5-89f3-50a005830fae_kurento.WebRtcEndpoint params DATA default default
0:30:58.618468684 [332m   25[00m 0x7f42e0001cc0 [37mDEBUG  [00m [00mKurentoWebSocketTransport WebSocketTransport.cpp:462:processMessage:[00m Response: {"id":205,"jsonrpc":"2.0","result":{"sessionId":"07445ae2-4579-46a2-9800-486e42148f33","value":null}}
0:30:58.639888577 [332m   25[00m 0x7f42f80072f0 [37mDEBUG  [00m [00mKurentoWebSocketTransport WebSocketTransport.cpp:460:processMessage:[00m Message: {"jsonrpc":"2.0","method":"invoke","params":{"object":"65ec8725-e46d-4235-aff2-deeb2f1883a6_kurento.MediaPipeline/77145a50-53dc-49e5-89f3-50a005830fae_kurento.WebRtcEndpoint","operation":"addIceCandidate","operationParams":{"candidate":{"candidate":"candidate:842163049 1 udp 1677729535 49.230.95.223 50441 typ srflx raddr 0.0.0.0 rport 0 generation 0 ufrag 3j5U network-cost 999","sdpMid":"2","sdpMLineIndex":2,"__module__":"kurento","__type__":"IceCandidate"}},"sessionId":"07445ae2-4579-46a2-9800-486e42148f33"},"id":206}
0:30:58.640492016 [332m   25[00m 0x7f42f80072f0 [37mDEBUG  [00m [00mKurentoWebSocketTransport WebSocketTransport.cpp:462:processMessage:[00m Response: {"id":206,"jsonrpc":"2.0","result":{"sessionId":"07445ae2-4579-46a2-9800-486e42148f33","value":null}}
0:30:58.640681927 [332m   25[00m 0x7f42dc001810 [37mDEBUG  [00m [00mKurentoWebSocketTransport WebSocketTransport.cpp:460:processMessage:[00m Message: {"jsonrpc":"2.0","method":"invoke","params":{"object":"65ec8725-e46d-4235-aff2-deeb2f1883a6_kurento.MediaPipeline/77145a50-53dc-49e5-89f3-50a005830fae_kurento.WebRtcEndpoint","operation":"addIceCandidate","operationParams":{"candidate":{"candidate":"candidate:842163049 1 udp 1677729535 49.230.95.223 49777 typ srflx raddr 0.0.0.0 rport 0 generation 0 ufrag 3j5U network-cost 999","sdpMid":"1","sdpMLineIndex":1,"__module__":"kurento","__type__":"IceCandidate"}},"sessionId":"07445ae2-4579-46a2-9800-486e42148f33"},"id":207}
0:30:58.641175474 [332m   25[00m 0x7f42dc001810 [37mDEBUG  [00m [00mKurentoWebSocketTransport WebSocketTransport.cpp:462:processMessage:[00m Response: {"id":207,"jsonrpc":"2.0","result":{"sessionId":"07445ae2-4579-46a2-9800-486e42148f33","value":null}}
0:30:58.644755867 [332m   25[00m 0x7f42e80990c0 [37mDEBUG  [00m [00mKurentoWebSocketEventHandler WebSocketEventHandler.cpp:56:sendEvent:[00m Sending event: {"jsonrpc":"2.0","method":"onEvent","params":{"value":{"data":{"candidate":{"__module__":"kurento","__type__":"IceCandidate","candidate":"candidate:4 1 UDP 1677722111 203.151.20.94 10067 typ srflx raddr 172.20.0.3 rport 10067","sdpMLineIndex":0,"sdpMid":"0"},"source":"65ec8725-e46d-4235-aff2-deeb2f1883a6_kurento.MediaPipeline/77145a50-53dc-49e5-89f3-50a005830fae_kurento.WebRtcEndpoint","tags":[],"timestamp":"1591072364","timestampMillis":"1591072364261","type":"OnIceCandidate"},"object":"65ec8725-e46d-4235-aff2-deeb2f1883a6_kurento.MediaPipeline/77145a50-53dc-49e5-89f3-50a005830fae_kurento.WebRtcEndpoint","type":"OnIceCandidate"}}}, sessionId: 07445ae2-4579-46a2-9800-486e42148f33
0:30:58.644945579 [332m   25[00m 0x7f42e80990c0 [37mDEBUG  [00m [00mKurentoWebSocketEventHandler WebSocketEventHandler.cpp:56:sendEvent:[00m Sending event: {"jsonrpc":"2.0","method":"onEvent","params":{"value":{"data":{"candidate":{"__module__":"kurento","__type__":"IceCandidate","candidate":"candidate:4 1 UDP 1677722111 203.151.20.94 10067 typ srflx raddr 172.20.0.3 rport 10067","sdpMLineIndex":1,"sdpMid":"1"},"source":"65ec8725-e46d-4235-aff2-deeb2f1883a6_kurento.MediaPipeline/77145a50-53dc-49e5-89f3-50a005830fae_kurento.WebRtcEndpoint","tags":[],"timestamp":"1591072364","timestampMillis":"1591072364261","type":"OnIceCandidate"},"object":"65ec8725-e46d-4235-aff2-deeb2f1883a6_kurento.MediaPipeline/77145a50-53dc-49e5-89f3-50a005830fae_kurento.WebRtcEndpoint","type":"OnIceCandidate"}}}, sessionId: 07445ae2-4579-46a2-9800-486e42148f33
0:30:58.645077808 [332m   25[00m 0x7f42e80990c0 [37mDEBUG  [00m [00mKurentoWebSocketEventHandler WebSocketEventHandler.cpp:56:sendEvent:[00m Sending event: {"jsonrpc":"2.0","method":"onEvent","params":{"value":{"data":{"candidate":{"__module__":"kurento","__type__":"IceCandidate","candidate":"candidate:4 1 UDP 1677722111 203.151.20.94 10067 typ srflx raddr 172.20.0.3 rport 10067","sdpMLineIndex":2,"sdpMid":"2"},"source":"65ec8725-e46d-4235-aff2-deeb2f1883a6_kurento.MediaPipeline/77145a50-53dc-49e5-89f3-50a005830fae_kurento.WebRtcEndpoint","tags":[],"timestamp":"1591072364","timestampMillis":"1591072364261","type":"OnIceCandidate"},"object":"65ec8725-e46d-4235-aff2-deeb2f1883a6_kurento.MediaPipeline/77145a50-53dc-49e5-89f3-50a005830fae_kurento.WebRtcEndpoint","type":"OnIceCandidate"}}}, sessionId: 07445ae2-4579-46a2-9800-486e42148f33
0:30:58.645225111 [332m   25[00m 0x7f42e80990c0 [37mDEBUG  [00m [00mKurentoWebSocketEventHandler WebSocketEventHandler.cpp:56:sendEvent:[00m Sending event: {"jsonrpc":"2.0","method":"onEvent","params":{"value":{"data":{"candidate":{"__module__":"kurento","__type__":"IceCandidate","candidate":"candidate:5 1 TCP 847249663 203.151.20.94 9 typ srflx raddr 172.20.0.3 rport 9 tcptype active","sdpMLineIndex":0,"sdpMid":"0"},"source":"65ec8725-e46d-4235-aff2-deeb2f1883a6_kurento.MediaPipeline/77145a50-53dc-49e5-89f3-50a005830fae_kurento.WebRtcEndpoint","tags":[],"timestamp":"1591072364","timestampMillis":"1591072364261","type":"OnIceCandidate"},"object":"65ec8725-e46d-4235-aff2-deeb2f1883a6_kurento.MediaPipeline/77145a50-53dc-49e5-89f3-50a005830fae_kurento.WebRtcEndpoint","type":"OnIceCandidate"}}}, sessionId: 07445ae2-4579-46a2-9800-486e42148f33
0:30:58.645348811 [332m   25[00m 0x7f42e80990c0 [37mDEBUG  [00m [00mKurentoWebSocketEventHandler WebSocketEventHandler.cpp:56:sendEvent:[00m Sending event: {"jsonrpc":"2.0","method":"onEvent","params":{"value":{"data":{"candidate":{"__module__":"kurento","__type__":"IceCandidate","candidate":"candidate:5 1 TCP 847249663 203.151.20.94 9 typ srflx raddr 172.20.0.3 rport 9 tcptype active","sdpMLineIndex":1,"sdpMid":"1"},"source":"65ec8725-e46d-4235-aff2-deeb2f1883a6_kurento.MediaPipeline/77145a50-53dc-49e5-89f3-50a005830fae_kurento.WebRtcEndpoint","tags":[],"timestamp":"1591072364","timestampMillis":"1591072364261","type":"OnIceCandidate"},"object":"65ec8725-e46d-4235-aff2-deeb2f1883a6_kurento.MediaPipeline/77145a50-53dc-49e5-89f3-50a005830fae_kurento.WebRtcEndpoint","type":"OnIceCandidate"}}}, sessionId: 07445ae2-4579-46a2-9800-486e42148f33
0:30:58.645697830 [332m   25[00m 0x7f42e80990c0 [37mDEBUG  [00m [00mKurentoWebSocketEventHandler WebSocketEventHandler.cpp:56:sendEvent:[00m Sending event: {"jsonrpc":"2.0","method":"onEvent","params":{"value":{"data":{"candidate":{"__module__":"kurento","__type__":"IceCandidate","candidate":"candidate:5 1 TCP 847249663 203.151.20.94 9 typ srflx raddr 172.20.0.3 rport 9 tcptype active","sdpMLineIndex":2,"sdpMid":"2"},"source":"65ec8725-e46d-4235-aff2-deeb2f1883a6_kurento.MediaPipeline/77145a50-53dc-49e5-89f3-50a005830fae_kurento.WebRtcEndpoint","tags":[],"timestamp":"1591072364","timestampMillis":"1591072364261","type":"OnIceCandidate"},"object":"65ec8725-e46d-4235-aff2-deeb2f1883a6_kurento.MediaPipeline/77145a50-53dc-49e5-89f3-50a005830fae_kurento.WebRtcEndpoint","type":"OnIceCandidate"}}}, sessionId: 07445ae2-4579-46a2-9800-486e42148f33
0:30:58.646057584 [332m   25[00m 0x7f42e80990c0 [37mDEBUG  [00m [00mKurentoWebSocketEventHandler WebSocketEventHandler.cpp:56:sendEvent:[00m Sending event: {"jsonrpc":"2.0","method":"onEvent","params":{"value":{"data":{"candidate":{"__module__":"kurento","__type__":"IceCandidate","candidate":"candidate:6 1 TCP 843055359 203.151.20.94 10067 typ srflx raddr 172.20.0.3 rport 10067 tcptype passive","sdpMLineIndex":0,"sdpMid":"0"},"source":"65ec8725-e46d-4235-aff2-deeb2f1883a6_kurento.MediaPipeline/77145a50-53dc-49e5-89f3-50a005830fae_kurento.WebRtcEndpoint","tags":[],"timestamp":"1591072364","timestampMillis":"1591072364261","type":"OnIceCandidate"},"object":"65ec8725-e46d-4235-aff2-deeb2f1883a6_kurento.MediaPipeline/77145a50-53dc-49e5-89f3-50a005830fae_kurento.WebRtcEndpoint","type":"OnIceCandidate"}}}, sessionId: 07445ae2-4579-46a2-9800-486e42148f33
0:30:58.646205952 [332m   25[00m 0x7f42e80990c0 [37mDEBUG  [00m [00mKurentoWebSocketEventHandler WebSocketEventHandler.cpp:56:sendEvent:[00m Sending event: {"jsonrpc":"2.0","method":"onEvent","params":{"value":{"data":{"candidate":{"__module__":"kurento","__type__":"IceCandidate","candidate":"candidate:6 1 TCP 843055359 203.151.20.94 10067 typ srflx raddr 172.20.0.3 rport 10067 tcptype passive","sdpMLineIndex":1,"sdpMid":"1"},"source":"65ec8725-e46d-4235-aff2-deeb2f1883a6_kurento.MediaPipeline/77145a50-53dc-49e5-89f3-50a005830fae_kurento.WebRtcEndpoint","tags":[],"timestamp":"1591072364","timestampMillis":"1591072364261","type":"OnIceCandidate"},"object":"65ec8725-e46d-4235-aff2-deeb2f1883a6_kurento.MediaPipeline/77145a50-53dc-49e5-89f3-50a005830fae_kurento.WebRtcEndpoint","type":"OnIceCandidate"}}}, sessionId: 07445ae2-4579-46a2-9800-486e42148f33
0:30:58.646318101 [332m   25[00m 0x7f42e80990c0 [37mDEBUG  [00m [00mKurentoWebSocketEventHandler WebSocketEventHandler.cpp:56:sendEvent:[00m Sending event: {"jsonrpc":"2.0","method":"onEvent","params":{"value":{"data":{"candidate":{"__module__":"kurento","__type__":"IceCandidate","candidate":"candidate:6 1 TCP 843055359 203.151.20.94 10067 typ srflx raddr 172.20.0.3 rport 10067 tcptype passive","sdpMLineIndex":2,"sdpMid":"2"},"source":"65ec8725-e46d-4235-aff2-deeb2f1883a6_kurento.MediaPipeline/77145a50-53dc-49e5-89f3-50a005830fae_kurento.WebRtcEndpoint","tags":[],"timestamp":"1591072364","timestampMillis":"1591072364261","type":"OnIceCandidate"},"object":"65ec8725-e46d-4235-aff2-deeb2f1883a6_kurento.MediaPipeline/77145a50-53dc-49e5-89f3-50a005830fae_kurento.WebRtcEndpoint","type":"OnIceCandidate"}}}, sessionId: 07445ae2-4579-46a2-9800-486e42148f33
0:30:58.662925037 [332m   25[00m 0x7f42ec001b20 [37mDEBUG  [00m [00mKurentoWebSocketTransport WebSocketTransport.cpp:460:processMessage:[00m Message: {"jsonrpc":"2.0","method":"invoke","params":{"object":"65ec8725-e46d-4235-aff2-deeb2f1883a6_kurento.MediaPipeline/77145a50-53dc-49e5-89f3-50a005830fae_kurento.WebRtcEndpoint","operation":"addIceCandidate","operationParams":{"candidate":{"candidate":"candidate:842163049 1 udp 1677729535 49.230.95.223 52873 typ srflx raddr 0.0.0.0 rport 0 generation 0 ufrag 3j5U network-cost 999","sdpMid":"0","sdpMLineIndex":0,"__module__":"kurento","__type__":"IceCandidate"}},"sessionId":"07445ae2-4579-46a2-9800-486e42148f33"},"id":208}
0:30:58.663652230 [332m   25[00m 0x7f42ec001b20 [37mDEBUG  [00m [00mKurentoWebSocketTransport WebSocketTransport.cpp:462:processMessage:[00m Response: {"id":208,"jsonrpc":"2.0","result":{"sessionId":"07445ae2-4579-46a2-9800-486e42148f33","value":null}}
0:30:58.714694484 [332m   25[00m 0x7f41fc002f20 [37mDEBUG  [00m [00mKurentoWebRtcEndpointImpl WebRtcEndpointImpl.cpp:292:newSelectedPairFull:<kmswebrtcendpoint8>[00m New candidate pair selected, local: 'candidate:4 1 UDP 1677722111 203.151.20.94 10067 typ srflx raddr 172.20.0.3 rport 10067', remote: 'candidate:842163049 1 UDP 1677729535 49.230.95.223 52873 typ srflx', stream_id: '1', component_id: 1
0:30:59.677578930 [332m   25[00m 0x7f413000f230 [37mDEBUG  [00m [00mKurentoMediaElementImpl MediaElementImpl.cpp:492:mediaFlowInStateChange:<kmswebrtcendpoint8>[00m MediaFlowInStateChange: FLOWING, pad: 'default', type: 'audio'
0:30:59.711966598 [332m   25[00m 0x7f4234149720 [37mDEBUG  [00m [00mKurentoMediaElementImpl MediaElementImpl.cpp:492:mediaFlowInStateChange:<kmswebrtcendpoint8>[00m MediaFlowInStateChange: FLOWING, pad: 'default', type: 'video'
0:31:00.441352712 [332m   25[00m 0x7f42b0001410 [36mINFO   [00m [00mKurentoWebSocketTransport WebSocketTransport.cpp:296:keepAliveSessions:[00m Keep alive 07445ae2-4579-46a2-9800-486e42148f33
0:31:00.770366366 [332m   25[00m 0x7f42f4002180 [37mDEBUG  [00m [00mKurentoWebSocketTransport WebSocketTransport.cpp:460:processMessage:[00m Message: {"jsonrpc":"2.0","method":"ping","id":209}
0:31:00.770506268 [332m   25[00m 0x7f42f4002180 [36mINFO   [00m [00mKurentoServerMethods ServerMethods.cpp:814:ping:[00m WebSocket Ping/Pong with sessionId 07445ae2-4579-46a2-9800-486e42148f33
0:31:00.770614612 [332m   25[00m 0x7f42f4002180 [37mDEBUG  [00m [00mKurentoWebSocketTransport WebSocketTransport.cpp:462:processMessage:[00m Response: {"id":209,"jsonrpc":"2.0","result":{"sessionId":"07445ae2-4579-46a2-9800-486e42148f33","value":"pong"}}
0:32:00.437060318 [332m   25[00m 0x7f42e8001c30 [37mDEBUG  [00m [00m     KurentoMediaSet MediaSet.cpp:123:doGarbageCollection:[00m Running garbage collector
0:32:00.441546676 [332m   25[00m 0x7f42b0001410 [36mINFO   [00m [00mKurentoWebSocketTransport WebSocketTransport.cpp:296:keepAliveSessions:[00m Keep alive 07445ae2-4579-46a2-9800-486e42148f33
0:32:00.779810646 [332m   25[00m 0x7f4304001840 [37mDEBUG  [00m [00mKurentoWebSocketTransport WebSocketTransport.cpp:460:processMessage:[00m Message: {"jsonrpc":"2.0","method":"ping","id":210}
0:32:00.779969089 [332m   25[00m 0x7f4304001840 [36mINFO   [00m [00mKurentoServerMethods ServerMethods.cpp:814:ping:[00m WebSocket Ping/Pong with sessionId 07445ae2-4579-46a2-9800-486e42148f33
0:32:00.780300070 [332m   25[00m 0x7f4304001840 [37mDEBUG  [00m [00mKurentoWebSocketTransport WebSocketTransport.cpp:462:processMessage:[00m Response: {"id":210,"jsonrpc":"2.0","result":{"sessionId":"07445ae2-4579-46a2-9800-486e42148f33","value":"pong"}}
0:33:00.441704115 [332m   25[00m 0x7f42b0001410 [36mINFO   [00m [00mKurentoWebSocketTransport WebSocketTransport.cpp:296:keepAliveSessions:[00m Keep alive 07445ae2-4579-46a2-9800-486e42148f33
0:33:00.779301101 [332m   25[00m 0x7f42b0001b50 [37mDEBUG  [00m [00mKurentoWebSocketTransport WebSocketTransport.cpp:460:processMessage:[00m Message: {"jsonrpc":"2.0","method":"ping","id":211}
0:33:00.779461008 [332m   25[00m 0x7f42b0001b50 [36mINFO   [00m [00mKurentoServerMethods ServerMethods.cpp:814:ping:[00m WebSocket Ping/Pong with sessionId 07445ae2-4579-46a2-9800-486e42148f33
0:33:00.779586035 [332m   25[00m 0x7f42b0001b50 [37mDEBUG  [00m [00mKurentoWebSocketTransport WebSocketTransport.cpp:462:processMessage:[00m Response: {"id":211,"jsonrpc":"2.0","result":{"sessionId":"07445ae2-4579-46a2-9800-486e42148f33","value":"pong"}}
0:34:00.441863163 [332m   25[00m 0x7f42b0001410 [36mINFO   [00m [00mKurentoWebSocketTransport WebSocketTransport.cpp:296:keepAliveSessions:[00m Keep alive 07445ae2-4579-46a2-9800-486e42148f33
0:34:00.780147123 [332m   25[00m 0x7f42a8001790 [37mDEBUG  [00m [00mKurentoWebSocketTransport WebSocketTransport.cpp:460:processMessage:[00m Message: {"jsonrpc":"2.0","method":"ping","id":212}
0:34:00.780523439 [332m   25[00m 0x7f42a8001790 [36mINFO   [00m [00mKurentoServerMethods ServerMethods.cpp:814:ping:[00m WebSocket Ping/Pong with sessionId 07445ae2-4579-46a2-9800-486e42148f33
0:34:00.780649385 [332m   25[00m 0x7f42a8001790 [37mDEBUG  [00m [00mKurentoWebSocketTransport WebSocketTransport.cpp:462:processMessage:[00m Response: {"id":212,"jsonrpc":"2.0","result":{"sessionId":"07445ae2-4579-46a2-9800-486e42148f33","value":"pong"}}
0:35:00.442206364 [332m   25[00m 0x7f42b0001410 [36mINFO   [00m [00mKurentoWebSocketTransport WebSocketTransport.cpp:296:keepAliveSessions:[00m Keep alive 07445ae2-4579-46a2-9800-486e42148f33
0:35:00.780885527 [332m   25[00m 0x7f42f0001c90 [37mDEBUG  [00m [00mKurentoWebSocketTransport WebSocketTransport.cpp:460:processMessage:[00m Message: {"jsonrpc":"2.0","method":"ping","id":213}
0:35:00.781051804 [332m   25[00m 0x7f42f0001c90 [36mINFO   [00m [00mKurentoServerMethods ServerMethods.cpp:814:ping:[00m WebSocket Ping/Pong with sessionId 07445ae2-4579-46a2-9800-486e42148f33
0:35:00.781402272 [332m   25[00m 0x7f42f0001c90 [37mDEBUG  [00m [00mKurentoWebSocketTransport WebSocketTransport.cpp:462:processMessage:[00m Response: {"id":213,"jsonrpc":"2.0","result":{"sessionId":"07445ae2-4579-46a2-9800-486e42148f33","value":"pong"}}
0:36:00.437194250 [332m   25[00m 0x7f42e8001c30 [37mDEBUG  [00m [00m     KurentoMediaSet MediaSet.cpp:123:doGarbageCollection:[00m Running garbage collector
0:36:00.442372662 [332m   25[00m 0x7f42b0001410 [36mINFO   [00m [00mKurentoWebSocketTransport WebSocketTransport.cpp:296:keepAliveSessions:[00m Keep alive 07445ae2-4579-46a2-9800-486e42148f33
0:36:00.781418926 [332m   25[00m 0x7f42e4001c60 [37mDEBUG  [00m [00mKurentoWebSocketTransport WebSocketTransport.cpp:460:processMessage:[00m Message: {"jsonrpc":"2.0","method":"ping","id":214}
0:36:00.781781512 [332m   25[00m 0x7f42e4001c60 [36mINFO   [00m [00mKurentoServerMethods ServerMethods.cpp:814:ping:[00m WebSocket Ping/Pong with sessionId 07445ae2-4579-46a2-9800-486e42148f33
0:36:00.781918784 [332m   25[00m 0x7f42e4001c60 [37mDEBUG  [00m [00mKurentoWebSocketTransport WebSocketTransport.cpp:462:processMessage:[00m Response: {"id":214,"jsonrpc":"2.0","result":{"sessionId":"07445ae2-4579-46a2-9800-486e42148f33","value":"pong"}}
0:37:00.442778280 [332m   25[00m 0x7f42b0001410 [36mINFO   [00m [00mKurentoWebSocketTransport WebSocketTransport.cpp:296:keepAliveSessions:[00m Keep alive 07445ae2-4579-46a2-9800-486e42148f33
0:37:00.781209404 [332m   25[00m 0x7f42e0001cc0 [37mDEBUG  [00m [00mKurentoWebSocketTransport WebSocketTransport.cpp:460:processMessage:[00m Message: {"jsonrpc":"2.0","method":"ping","id":215}
0:37:00.781450582 [332m   25[00m 0x7f42e0001cc0 [36mINFO   [00m [00mKurentoServerMethods ServerMethods.cpp:814:ping:[00m WebSocket Ping/Pong with sessionId 07445ae2-4579-46a2-9800-486e42148f33
0:37:00.781614068 [332m   25[00m 0x7f42e0001cc0 [37mDEBUG  [00m [00mKurentoWebSocketTransport WebSocketTransport.cpp:462:processMessage:[00m Response: {"id":215,"jsonrpc":"2.0","result":{"sessionId":"07445ae2-4579-46a2-9800-486e42148f33","value":"pong"}}
0:38:00.442953135 [332m   25[00m 0x7f42b0001410 [36mINFO   [00m [00mKurentoWebSocketTransport WebSocketTransport.cpp:296:keepAliveSessions:[00m Keep alive 07445ae2-4579-46a2-9800-486e42148f33
0:38:00.782216952 [332m   25[00m 0x7f42f80072f0 [37mDEBUG  [00m [00mKurentoWebSocketTransport WebSocketTransport.cpp:460:processMessage:[00m Message: {"jsonrpc":"2.0","method":"ping","id":216}
0:38:00.782366176 [332m   25[00m 0x7f42f80072f0 [36mINFO   [00m [00mKurentoServerMethods ServerMethods.cpp:814:ping:[00m WebSocket Ping/Pong with sessionId 07445ae2-4579-46a2-9800-486e42148f33
0:38:00.782483497 [332m   25[00m 0x7f42f80072f0 [37mDEBUG  [00m [00mKurentoWebSocketTransport WebSocketTransport.cpp:462:processMessage:[00m Response: {"id":216,"jsonrpc":"2.0","result":{"sessionId":"07445ae2-4579-46a2-9800-486e42148f33","value":"pong"}}
0:39:00.443342051 [332m   25[00m 0x7f42b0001410 [36mINFO   [00m [00mKurentoWebSocketTransport WebSocketTransport.cpp:296:keepAliveSessions:[00m Keep alive 07445ae2-4579-46a2-9800-486e42148f33
0:39:00.782481374 [332m   25[00m 0x7f42dc001810 [37mDEBUG  [00m [00mKurentoWebSocketTransport WebSocketTransport.cpp:460:processMessage:[00m Message: {"jsonrpc":"2.0","method":"ping","id":217}
0:39:00.782634270 [332m   25[00m 0x7f42dc001810 [36mINFO   [00m [00mKurentoServerMethods ServerMethods.cpp:814:ping:[00m WebSocket Ping/Pong with sessionId 07445ae2-4579-46a2-9800-486e42148f33
0:39:00.782752302 [332m   25[00m 0x7f42dc001810 [37mDEBUG  [00m [00mKurentoWebSocketTransport WebSocketTransport.cpp:462:processMessage:[00m Response: {"id":217,"jsonrpc":"2.0","result":{"sessionId":"07445ae2-4579-46a2-9800-486e42148f33","value":"pong"}}
0:39:57.771871397 [332m   25[00m 0x7f42ec001b20 [37mDEBUG  [00m [00mKurentoWebSocketTransport WebSocketTransport.cpp:460:processMessage:[00m Message: {"jsonrpc":"2.0","method":"release","params":{"object":"65ec8725-e46d-4235-aff2-deeb2f1883a6_kurento.MediaPipeline/b53627e0-c09e-470e-bd53-c825fe42d3ea_kurento.WebRtcEndpoint","sessionId":"07445ae2-4579-46a2-9800-486e42148f33"},"id":218}
0:39:57.772475765 [332m   25[00m 0x7f42ec001b20 [37mDEBUG  [00m [00mKurentoWebSocketTransport WebSocketTransport.cpp:462:processMessage:[00m Response: {"id":218,"jsonrpc":"2.0","result":{"sessionId":"07445ae2-4579-46a2-9800-486e42148f33"}}
0:39:57.772541832 [332m   25[00m 0x56172f54db00 [37mDEBUG  [00m [00mKurentoMediaElementImpl MediaElementImpl.cpp:1028:disconnect:[00m Disconnecting 65ec8725-e46d-4235-aff2-deeb2f1883a6_kurento.MediaPipeline/53827330-02fb-442f-b6c4-ae29c9ce83ba_datachannelexample.KmsSendData - 65ec8725-e46d-4235-aff2-deeb2f1883a6_kurento.MediaPipeline/b53627e0-c09e-470e-bd53-c825fe42d3ea_kurento.WebRtcEndpoint params AUDIO default default
0:39:57.773009498 [332m   25[00m 0x56172f54db00 [37mDEBUG  [00m [00mKurentoMediaElementImpl MediaElementImpl.cpp:1028:disconnect:[00m Disconnecting 65ec8725-e46d-4235-aff2-deeb2f1883a6_kurento.MediaPipeline/53827330-02fb-442f-b6c4-ae29c9ce83ba_datachannelexample.KmsSendData - 65ec8725-e46d-4235-aff2-deeb2f1883a6_kurento.MediaPipeline/b53627e0-c09e-470e-bd53-c825fe42d3ea_kurento.WebRtcEndpoint params DATA default default
0:39:57.773107995 [332m   25[00m 0x56172f54db00 [37mDEBUG  [00m [00mKurentoMediaElementImpl MediaElementImpl.cpp:1028:disconnect:[00m Disconnecting 65ec8725-e46d-4235-aff2-deeb2f1883a6_kurento.MediaPipeline/53827330-02fb-442f-b6c4-ae29c9ce83ba_datachannelexample.KmsSendData - 65ec8725-e46d-4235-aff2-deeb2f1883a6_kurento.MediaPipeline/b53627e0-c09e-470e-bd53-c825fe42d3ea_kurento.WebRtcEndpoint params VIDEO default default
0:39:57.773356184 [332m   25[00m 0x56172f54db00 [37mDEBUG  [00m [00m     KurentoMediaSet MediaSet.cpp:470:async_delete:[00m Destroying WebRtcEndpoint -> 65ec8725-e46d-4235-aff2-deeb2f1883a6_kurento.MediaPipeline/b53627e0-c09e-470e-bd53-c825fe42d3ea_kurento.WebRtcEndpoint
0:39:57.774737150 [332m   25[00m 0x7f42f4002180 [37mDEBUG  [00m [00mKurentoWebSocketTransport WebSocketTransport.cpp:460:processMessage:[00m Message: {"jsonrpc":"2.0","method":"unsubscribe","params":{"object":"65ec8725-e46d-4235-aff2-deeb2f1883a6_kurento.MediaPipeline/b53627e0-c09e-470e-bd53-c825fe42d3ea_kurento.WebRtcEndpoint","subscription":"7233fbbf-fbeb-4a0b-99e0-134423e7fb42","sessionId":"07445ae2-4579-46a2-9800-486e42148f33"},"id":219}
0:39:57.774939336 [332m   25[00m 0x7f42f4002180 [37mDEBUG  [00m [00mKurentoWebSocketTransport WebSocketTransport.cpp:462:processMessage:[00m Response: {"id":219,"jsonrpc":"2.0","result":{"sessionId":"07445ae2-4579-46a2-9800-486e42148f33"}}
0:39:59.973194650 [332m   25[00m 0x7f4304001840 [37mDEBUG  [00m [00mKurentoWebSocketTransport WebSocketTransport.cpp:460:processMessage:[00m Message: {"jsonrpc":"2.0","method":"create","params":{"type":"WebRtcEndpoint","constructorParams":{"mediaPipeline":"65ec8725-e46d-4235-aff2-deeb2f1883a6_kurento.MediaPipeline","useDataChannels":true},"properties":{},"sessionId":"07445ae2-4579-46a2-9800-486e42148f33"},"id":220}
0:39:59.976179652 [332m   25[00m 0x7f4304001840 [36mINFO   [00m [00mKurentoWebRtcEndpointImpl WebRtcEndpointImpl.cpp:96:remove_not_supported_codecs_from_array:<kmswebrtcendpoint9>[00m Removing not supported codec 'AMR/8000'
0:39:59.976268953 [332m   25[00m 0x7f4304001840 [36mINFO   [00m [00mKurentoWebRtcEndpointImpl WebRtcEndpointImpl.cpp:465:WebRtcEndpointImpl:[00m Using STUN reflexive server IP: 74.125.200.127
0:39:59.976279357 [332m   25[00m 0x7f4304001840 [36mINFO   [00m [00mKurentoWebRtcEndpointImpl WebRtcEndpointImpl.cpp:466:WebRtcEndpointImpl:[00m Using STUN reflexive server Port: 19302
0:39:59.976329277 [332m   25[00m 0x7f4304001840 [36mINFO   [00m [00mKurentoWebRtcEndpointImpl WebRtcEndpointImpl.cpp:487:WebRtcEndpointImpl:[00m TURN server IP address not found in config; NAT traversal requires either STUN or TURN server
0:39:59.976752017 [332m   25[00m 0x7f4304001840 [37mDEBUG  [00m [00mKurentoWebSocketTransport WebSocketTransport.cpp:462:processMessage:[00m Response: {"id":220,"jsonrpc":"2.0","result":{"sessionId":"07445ae2-4579-46a2-9800-486e42148f33","value":"65ec8725-e46d-4235-aff2-deeb2f1883a6_kurento.MediaPipeline/94d42f8b-5865-4de4-9411-1e98ecb5b13c_kurento.WebRtcEndpoint"}}
0:39:59.978351335 [332m   25[00m 0x7f42b0001b50 [37mDEBUG  [00m [00mKurentoWebSocketTransport WebSocketTransport.cpp:460:processMessage:[00m Message: {"jsonrpc":"2.0","method":"subscribe","params":{"object":"65ec8725-e46d-4235-aff2-deeb2f1883a6_kurento.MediaPipeline/94d42f8b-5865-4de4-9411-1e98ecb5b13c_kurento.WebRtcEndpoint","type":"OnIceCandidate","sessionId":"07445ae2-4579-46a2-9800-486e42148f33"},"id":221}
0:39:59.978877969 [332m   25[00m 0x7f42b0001b50 [37mDEBUG  [00m [00mKurentoWebSocketTransport WebSocketTransport.cpp:462:processMessage:[00m Response: {"id":221,"jsonrpc":"2.0","result":{"sessionId":"07445ae2-4579-46a2-9800-486e42148f33","value":"ca9774c9-dace-40cc-be77-4ee64917b230"}}
0:39:59.979037556 [332m   25[00m 0x7f42b0001b50 [37mDEBUG  [00m [00mKurentoWebSocketTransport WebSocketTransport.cpp:460:processMessage:[00m Message: {"jsonrpc":"2.0","method":"invoke","params":{"object":"65ec8725-e46d-4235-aff2-deeb2f1883a6_kurento.MediaPipeline/94d42f8b-5865-4de4-9411-1e98ecb5b13c_kurento.WebRtcEndpoint","operation":"processOffer","operationParams":{"offer":"v=0\r\no=mozilla...THIS_IS_SDPARTA-76.0.1 7004123536916143767 0 IN IP4 0.0.0.0\r\ns=-\r\nt=0 0\r\na=fingerprint:sha-256 C1:C7:0B:42:EB:74:C6:9D:1C:F3:5B:8A:3E:78:8A:87:FF:7C:1F:6B:2F:CB:6F:3C:FC:B7:E3:77:13:B5:CE:CF\r\na=group:BUNDLE 0 1\r\na=ice-options:trickle\r\na=msid-semantic:WMS *\r\nm=video 9 UDP/TLS/RTP/SAVPF 120 121 126 97\r\nc=IN IP4 0.0.0.0\r\na=recvonly\r\na=extmap:3 urn:ietf:params:rtp-hdrext:sdes:mid\r\na=extmap:4 http://www.webrtc.org/experiments/rtp-hdrext/abs-send-time\r\na=extmap:5 urn:ietf:params:rtp-hdrext:toffset\r\na=extmap:6/recvonly http://www.webrtc.org/experiments/rtp-hdrext/playout-delay\r\na=fmtp:126 profile-level-id=42e01f;level-asymmetry-allowed=1;packetization-mode=1\r\na=fmtp:97 profile-level-id=42e01f;level-asymmetry-allowed=1\r\na=fmtp:120 max-fs=12288;max-fr=60\r\na=fmtp:121 max-fs=12288;max-fr=60\r\na=ice-pwd:21502d27859584e539dabf5d4d4f3561\r\na=ice-ufrag:93942c5b\r\na=mid:0\r\na=rtcp-fb:120 nack\r\na=rtcp-fb:120 nack pli\r\na=rtcp-fb:120 ccm fir\r\na=rtcp-fb:120 goog-remb\r\na=rtcp-fb:121 nack\r\na=rtcp-fb:121 nack pli\r\na=rtcp-fb:121 ccm fir\r\na=rtcp-fb:121 goog-remb\r\na=rtcp-fb:126 nack\r\na=rtcp-fb:126 nack pli\r\na=rtcp-fb:126 ccm fir\r\na=rtcp-fb:126 goog-remb\r\na=rtcp-fb:97 nack\r\na=rtcp-fb:97 nack pli\r\na=rtcp-fb:97 ccm fir\r\na=rtcp-fb:97 goog-remb\r\na=rtcp-mux\r\na=rtpmap:120 VP8/90000\r\na=rtpmap:121 VP9/90000\r\na=rtpmap:126 H264/90000\r\na=rtpmap:97 H264/90000\r\na=setup:actpass\r\na=ssrc:3116894412 cname:{ece7b6c2-41ae-4faf-a208-1c506ec3144d}\r\nm=audio 9 UDP/TLS/RTP/SAVPF 109 9 0 8 101\r\nc=IN IP4 0.0.0.0\r\na=recvonly\r\na=extmap:1 urn:ietf:params:rtp-hdrext:ssrc-audio-level\r\na=extmap:2/recvonly urn:ietf:params:rtp-hdrext:csrc-audio-level\r\na=extmap:3 urn:ietf:params:rtp-hdrext:sdes:mid\r\na=fmtp:109 maxplaybackrate=48000;stereo=1;useinbandfec=1\r\na=fmtp:101 0-15\r\na=ice-pwd:21502d27859584e539dabf5d4d4f3561\r\na=ice-ufrag:93942c5b\r\na=mid:1\r\na=rtcp-mux\r\na=rtpmap:109 opus/48000/2\r\na=rtpmap:9 G722/8000/1\r\na=rtpmap:0 PCMU/8000\r\na=rtpmap:8 PCMA/8000\r\na=rtpmap:101 telephone-event/8000/1\r\na=setup:actpass\r\na=ssrc:735640087 cname:{ece7b6c2-41ae-4faf-a208-1c506ec3144d}\r\n"},"sessionId":"07445ae2-4579-46a2-9800-486e42148f33"},"id":222}
0:39:59.990254398 [332m   25[00m 0x7f42b0001b50 [37mDEBUG  [00m [00mKurentoWebSocketTransport WebSocketTransport.cpp:462:processMessage:[00m Response: {"id":222,"jsonrpc":"2.0","result":{"sessionId":"07445ae2-4579-46a2-9800-486e42148f33","value":"v=0\r\no=- 3800061705 3800061705 IN IP4 0.0.0.0\r\ns=Kurento Media Server\r\nc=IN IP4 0.0.0.0\r\nt=0 0\r\na=fingerprint:sha-256 C1:C7:0B:42:EB:74:C6:9D:1C:F3:5B:8A:3E:78:8A:87:FF:7C:1F:6B:2F:CB:6F:3C:FC:B7:E3:77:13:B5:CE:CF\r\na=ice-options:trickle\r\na=msid-semantic:WMS *\r\na=group:BUNDLE 0 1\r\nm=video 1 UDP/TLS/RTP/SAVPF 120 126 97\r\na=extmap:4 http://www.webrtc.org/experiments/rtp-hdrext/abs-send-time\r\na=sendonly\r\na=mid:0\r\na=rtcp:9 IN IP4 0.0.0.0\r\na=rtpmap:120 VP8/90000\r\na=rtpmap:126 H264/90000\r\na=rtpmap:97 H264/90000\r\na=rtcp-fb:120 nack\r\na=rtcp-fb:120 nack pli\r\na=rtcp-fb:120 ccm fir\r\na=rtcp-fb:120 goog-remb\r\na=rtcp-fb:126 nack\r\na=rtcp-fb:126 nack pli\r\na=rtcp-fb:126 ccm fir\r\na=rtcp-fb:126 goog-remb\r\na=rtcp-fb:97 nack\r\na=rtcp-fb:97 nack pli\r\na=rtcp-fb:97 ccm fir\r\na=rtcp-fb:97 goog-remb\r\na=fmtp:126 profile-level-id=42e01f;level-asymmetry-allowed=1;packetization-mode=1\r\na=fmtp:97 profile-level-id=42e01f;level-asymmetry-allowed=1\r\na=fmtp:120 max-fs=12288;max-fr=60\r\na=rtcp-mux\r\na=setup:active\r\na=ssrc:1378536112 cname:user1233728212@host-75bbad7\r\na=ice-ufrag:Fl/r\r\na=ice-pwd:evwzMmj7MWetnuy8C6OkWc\r\na=fingerprint:sha-256 BC:7A:3E:D4:2B:8A:46:60:1E:4A:F1:A7:31:A4:C2:24:BD:98:69:DB:FE:87:89:AD:F6:5E:40:0F:28:F3:81:53\r\nm=audio 1 UDP/TLS/RTP/SAVPF 109 0\r\na=sendonly\r\na=mid:1\r\na=rtcp:9 IN IP4 0.0.0.0\r\na=rtpmap:109 opus/48000/2\r\na=rtpmap:0 PCMU/8000\r\na=fmtp:109 maxplaybackrate=48000;stereo=1;useinbandfec=1\r\na=rtcp-mux\r\na=setup:active\r\na=ssrc:3271331892 cname:user1233728212@host-75bbad7\r\na=ice-ufrag:Fl/r\r\na=ice-pwd:evwzMmj7MWetnuy8C6OkWc\r\na=fingerprint:sha-256 BC:7A:3E:D4:2B:8A:46:60:1E:4A:F1:A7:31:A4:C2:24:BD:98:69:DB:FE:87:89:AD:F6:5E:40:0F:28:F3:81:53\r\n"}}
0:39:59.990358979 [332m   25[00m 0x7f42b0001b50 [37mDEBUG  [00m [00mKurentoWebSocketTransport WebSocketTransport.cpp:460:processMessage:[00m Message: {"jsonrpc":"2.0","method":"invoke","params":{"object":"65ec8725-e46d-4235-aff2-deeb2f1883a6_kurento.MediaPipeline/94d42f8b-5865-4de4-9411-1e98ecb5b13c_kurento.WebRtcEndpoint","operation":"addIceCandidate","operationParams":{"candidate":{"candidate":"candidate:0 1 UDP 2122252543 be3347bf-f0cc-4973-99ab-a242c167c26f.local 58176 typ host","sdpMid":"0","sdpMLineIndex":0,"__module__":"kurento","__type__":"IceCandidate"}},"sessionId":"07445ae2-4579-46a2-9800-486e42148f33"},"id":223}
0:39:59.990708460 [332m   25[00m 0x7f42b0001b50 [37mDEBUG  [00m [00mKurentoWebSocketTransport WebSocketTransport.cpp:462:processMessage:[00m Response: {"error":{"code":40401,"data":{"type":"ICE_ADD_CANDIDATE_ERROR"},"message":"Error adding candidate"},"id":223,"jsonrpc":"2.0"}
