2:18:01.415659411 [332m   25[00m 0x7f3648001f60 [36mINFO   [00m [00mKurentoServerMethods ServerMethods.cpp:814:ping:[00m WebSocket Ping/Pong with sessionId 347df17b-27f3-4864-83bc-7651420f09e4
2:18:01.415791563 [332m   25[00m 0x7f3648001f60 [37mDEBUG  [00m [00mKurentoWebSocketTransport WebSocketTransport.cpp:462:processMessage:[00m Response: {"id":278,"jsonrpc":"2.0","result":{"sessionId":"347df17b-27f3-4864-83bc-7651420f09e4","value":"pong"}}
2:19:00.481474650 [332m   25[00m 0x7f35f0026980 [36mINFO   [00m [00mKurentoWebSocketTransport WebSocketTransport.cpp:296:keepAliveSessions:[00m Keep alive 347df17b-27f3-4864-83bc-7651420f09e4
2:19:01.421438173 [332m   25[00m 0x7f3674001c60 [37mDEBUG  [00m [00mKurentoWebSocketTransport WebSocketTransport.cpp:460:processMessage:[00m Message: {"jsonrpc":"2.0","method":"ping","id":279}
2:19:01.421643600 [332m   25[00m 0x7f3674001c60 [36mINFO   [00m [00mKurentoServerMethods ServerMethods.cpp:814:ping:[00m WebSocket Ping/Pong with sessionId 347df17b-27f3-4864-83bc-7651420f09e4
2:19:01.421791123 [332m   25[00m 0x7f3674001c60 [37mDEBUG  [00m [00mKurentoWebSocketTransport WebSocketTransport.cpp:462:processMessage:[00m Response: {"id":279,"jsonrpc":"2.0","result":{"sessionId":"347df17b-27f3-4864-83bc-7651420f09e4","value":"pong"}}
2:20:00.450180547 [332m   25[00m 0x7f35f0036350 [37mDEBUG  [00m [00m     KurentoMediaSet MediaSet.cpp:123:doGarbageCollection:[00m Running garbage collector
2:20:00.481634121 [332m   25[00m 0x7f35f0026980 [36mINFO   [00m [00mKurentoWebSocketTransport WebSocketTransport.cpp:296:keepAliveSessions:[00m Keep alive 347df17b-27f3-4864-83bc-7651420f09e4
2:20:01.427628162 [332m   25[00m 0x7f3684002180 [37mDEBUG  [00m [00mKurentoWebSocketTransport WebSocketTransport.cpp:460:processMessage:[00m Message: {"jsonrpc":"2.0","method":"ping","id":280}
2:20:01.427807383 [332m   25[00m 0x7f3684002180 [36mINFO   [00m [00mKurentoServerMethods ServerMethods.cpp:814:ping:[00m WebSocket Ping/Pong with sessionId 347df17b-27f3-4864-83bc-7651420f09e4
2:20:01.427938333 [332m   25[00m 0x7f3684002180 [37mDEBUG  [00m [00mKurentoWebSocketTransport WebSocketTransport.cpp:462:processMessage:[00m Response: {"id":280,"jsonrpc":"2.0","result":{"sessionId":"347df17b-27f3-4864-83bc-7651420f09e4","value":"pong"}}
2:21:00.481815774 [332m   25[00m 0x7f35f0026980 [36mINFO   [00m [00mKurentoWebSocketTransport WebSocketTransport.cpp:296:keepAliveSessions:[00m Keep alive 347df17b-27f3-4864-83bc-7651420f09e4
2:21:01.427942822 [332m   25[00m 0x7f3670001cc0 [37mDEBUG  [00m [00mKurentoWebSocketTransport WebSocketTransport.cpp:460:processMessage:[00m Message: {"jsonrpc":"2.0","method":"ping","id":281}
2:21:01.428138478 [332m   25[00m 0x7f3670001cc0 [36mINFO   [00m [00mKurentoServerMethods ServerMethods.cpp:814:ping:[00m WebSocket Ping/Pong with sessionId 347df17b-27f3-4864-83bc-7651420f09e4
2:21:01.428296047 [332m   25[00m 0x7f3670001cc0 [37mDEBUG  [00m [00mKurentoWebSocketTransport WebSocketTransport.cpp:462:processMessage:[00m Response: {"id":281,"jsonrpc":"2.0","result":{"sessionId":"347df17b-27f3-4864-83bc-7651420f09e4","value":"pong"}}
2:22:00.482217234 [332m   25[00m 0x7f35f0026980 [36mINFO   [00m [00mKurentoWebSocketTransport WebSocketTransport.cpp:296:keepAliveSessions:[00m Keep alive 347df17b-27f3-4864-83bc-7651420f09e4
2:22:01.433816968 [332m   25[00m 0x7f3688001840 [37mDEBUG  [00m [00mKurentoWebSocketTransport WebSocketTransport.cpp:460:processMessage:[00m Message: {"jsonrpc":"2.0","method":"ping","id":282}
2:22:01.433975171 [332m   25[00m 0x7f3688001840 [36mINFO   [00m [00mKurentoServerMethods ServerMethods.cpp:814:ping:[00m WebSocket Ping/Pong with sessionId 347df17b-27f3-4864-83bc-7651420f09e4
2:22:01.434091262 [332m   25[00m 0x7f3688001840 [37mDEBUG  [00m [00mKurentoWebSocketTransport WebSocketTransport.cpp:462:processMessage:[00m Response: {"id":282,"jsonrpc":"2.0","result":{"sessionId":"347df17b-27f3-4864-83bc-7651420f09e4","value":"pong"}}
2:23:00.482414858 [332m   25[00m 0x7f35f0026980 [36mINFO   [00m [00mKurentoWebSocketTransport WebSocketTransport.cpp:296:keepAliveSessions:[00m Keep alive 347df17b-27f3-4864-83bc-7651420f09e4
2:23:01.440368255 [332m   25[00m 0x7f3678002b00 [37mDEBUG  [00m [00mKurentoWebSocketTransport WebSocketTransport.cpp:460:processMessage:[00m Message: {"jsonrpc":"2.0","method":"ping","id":283}
2:23:01.440572631 [332m   25[00m 0x7f3678002b00 [36mINFO   [00m [00mKurentoServerMethods ServerMethods.cpp:814:ping:[00m WebSocket Ping/Pong with sessionId 347df17b-27f3-4864-83bc-7651420f09e4
2:23:01.440952462 [332m   25[00m 0x7f3678002b00 [37mDEBUG  [00m [00mKurentoWebSocketTransport WebSocketTransport.cpp:462:processMessage:[00m Response: {"id":283,"jsonrpc":"2.0","result":{"sessionId":"347df17b-27f3-4864-83bc-7651420f09e4","value":"pong"}}
2:23:17.252719247 [332m   25[00m 0x7f3648001800 [37mDEBUG  [00m [00mKurentoWebSocketTransport WebSocketTransport.cpp:460:processMessage:[00m Message: {"jsonrpc":"2.0","method":"release","params":{"object":"a640ad43-e1bf-47b9-9421-1b704dc4f1f0_kurento.MediaPipeline/c0c8f7f1-7ee5-4502-a4df-9333855f91ea_kurento.WebRtcEndpoint","sessionId":"347df17b-27f3-4864-83bc-7651420f09e4"},"id":284}
2:23:17.253882830 [332m   25[00m 0x7f3648001800 [37mDEBUG  [00m [00mKurentoWebSocketTransport WebSocketTransport.cpp:462:processMessage:[00m Response: {"id":284,"jsonrpc":"2.0","result":{"sessionId":"347df17b-27f3-4864-83bc-7651420f09e4"}}
2:23:17.253876285 [332m   25[00m 0x7f369c001200 [37mDEBUG  [00m [00mKurentoMediaElementImpl MediaElementImpl.cpp:1028:disconnect:[00m Disconnecting a640ad43-e1bf-47b9-9421-1b704dc4f1f0_kurento.MediaPipeline/4742738a-537b-4144-8c6a-59d5095bbe4b_datachannelexample.KmsSendData - a640ad43-e1bf-47b9-9421-1b704dc4f1f0_kurento.MediaPipeline/c0c8f7f1-7ee5-4502-a4df-9333855f91ea_kurento.WebRtcEndpoint params AUDIO default default
2:23:17.255548163 [332m   25[00m 0x7f369c001200 [37mDEBUG  [00m [00mKurentoMediaElementImpl MediaElementImpl.cpp:1028:disconnect:[00m Disconnecting a640ad43-e1bf-47b9-9421-1b704dc4f1f0_kurento.MediaPipeline/4742738a-537b-4144-8c6a-59d5095bbe4b_datachannelexample.KmsSendData - a640ad43-e1bf-47b9-9421-1b704dc4f1f0_kurento.MediaPipeline/c0c8f7f1-7ee5-4502-a4df-9333855f91ea_kurento.WebRtcEndpoint params DATA default default
2:23:17.255615481 [332m   25[00m 0x7f3680001810 [37mDEBUG  [00m [00mKurentoWebSocketTransport WebSocketTransport.cpp:460:processMessage:[00m Message: {"jsonrpc":"2.0","method":"unsubscribe","params":{"object":"a640ad43-e1bf-47b9-9421-1b704dc4f1f0_kurento.MediaPipeline/c0c8f7f1-7ee5-4502-a4df-9333855f91ea_kurento.WebRtcEndpoint","subscription":"5d23ab2e-c514-48b1-b740-061f07015b14","sessionId":"347df17b-27f3-4864-83bc-7651420f09e4"},"id":285}
2:23:17.255731582 [332m   25[00m 0x7f369c001200 [37mDEBUG  [00m [00mKurentoMediaElementImpl MediaElementImpl.cpp:1028:disconnect:[00m Disconnecting a640ad43-e1bf-47b9-9421-1b704dc4f1f0_kurento.MediaPipeline/4742738a-537b-4144-8c6a-59d5095bbe4b_datachannelexample.KmsSendData - a640ad43-e1bf-47b9-9421-1b704dc4f1f0_kurento.MediaPipeline/c0c8f7f1-7ee5-4502-a4df-9333855f91ea_kurento.WebRtcEndpoint params VIDEO default default
2:23:17.255869954 [332m   25[00m 0x7f3680001810 [37mDEBUG  [00m [00mKurentoWebSocketTransport WebSocketTransport.cpp:462:processMessage:[00m Response: {"id":285,"jsonrpc":"2.0","result":{"sessionId":"347df17b-27f3-4864-83bc-7651420f09e4"}}
2:23:17.256252182 [332m   25[00m 0x7f369c001200 [37mDEBUG  [00m [00m     KurentoMediaSet MediaSet.cpp:470:async_delete:[00m Destroying WebRtcEndpoint -> a640ad43-e1bf-47b9-9421-1b704dc4f1f0_kurento.MediaPipeline/c0c8f7f1-7ee5-4502-a4df-9333855f91ea_kurento.WebRtcEndpoint
2:24:00.450395186 [332m   25[00m 0x7f35f0036350 [37mDEBUG  [00m [00m     KurentoMediaSet MediaSet.cpp:123:doGarbageCollection:[00m Running garbage collector
2:24:00.482609578 [332m   25[00m 0x7f35f0026980 [36mINFO   [00m [00mKurentoWebSocketTransport WebSocketTransport.cpp:296:keepAliveSessions:[00m Keep alive 347df17b-27f3-4864-83bc-7651420f09e4
2:24:01.446252840 [332m   25[00m 0x7f368c007700 [37mDEBUG  [00m [00mKurentoWebSocketTransport WebSocketTransport.cpp:460:processMessage:[00m Message: {"jsonrpc":"2.0","method":"ping","id":286}
2:24:01.446463267 [332m   25[00m 0x7f368c007700 [36mINFO   [00m [00mKurentoServerMethods ServerMethods.cpp:814:ping:[00m WebSocket Ping/Pong with sessionId 347df17b-27f3-4864-83bc-7651420f09e4
2:24:01.446633912 [332m   25[00m 0x7f368c007700 [37mDEBUG  [00m [00mKurentoWebSocketTransport WebSocketTransport.cpp:462:processMessage:[00m Response: {"id":286,"jsonrpc":"2.0","result":{"sessionId":"347df17b-27f3-4864-83bc-7651420f09e4","value":"pong"}}
2:25:00.483016881 [332m   25[00m 0x7f35f0026980 [36mINFO   [00m [00mKurentoWebSocketTransport WebSocketTransport.cpp:296:keepAliveSessions:[00m Keep alive 347df17b-27f3-4864-83bc-7651420f09e4
2:25:01.453516160 [332m   25[00m 0x7f367c001b20 [37mDEBUG  [00m [00mKurentoWebSocketTransport WebSocketTransport.cpp:460:processMessage:[00m Message: {"jsonrpc":"2.0","method":"ping","id":287}
2:25:01.453710906 [332m   25[00m 0x7f367c001b20 [36mINFO   [00m [00mKurentoServerMethods ServerMethods.cpp:814:ping:[00m WebSocket Ping/Pong with sessionId 347df17b-27f3-4864-83bc-7651420f09e4
2:25:01.453826350 [332m   25[00m 0x7f367c001b20 [37mDEBUG  [00m [00mKurentoWebSocketTransport WebSocketTransport.cpp:462:processMessage:[00m Response: {"id":287,"jsonrpc":"2.0","result":{"sessionId":"347df17b-27f3-4864-83bc-7651420f09e4","value":"pong"}}
2:26:00.483218426 [332m   25[00m 0x7f35f0026980 [36mINFO   [00m [00mKurentoWebSocketTransport WebSocketTransport.cpp:296:keepAliveSessions:[00m Keep alive 347df17b-27f3-4864-83bc-7651420f09e4
2:26:01.460220453 [332m   25[00m 0x7f3648001f60 [37mDEBUG  [00m [00mKurentoWebSocketTransport WebSocketTransport.cpp:460:processMessage:[00m Message: {"jsonrpc":"2.0","method":"ping","id":288}
2:26:01.460399006 [332m   25[00m 0x7f3648001f60 [36mINFO   [00m [00mKurentoServerMethods ServerMethods.cpp:814:ping:[00m WebSocket Ping/Pong with sessionId 347df17b-27f3-4864-83bc-7651420f09e4
2:26:01.460535420 [332m   25[00m 0x7f3648001f60 [37mDEBUG  [00m [00mKurentoWebSocketTransport WebSocketTransport.cpp:462:processMessage:[00m Response: {"id":288,"jsonrpc":"2.0","result":{"sessionId":"347df17b-27f3-4864-83bc-7651420f09e4","value":"pong"}}
2:27:00.483379378 [332m   25[00m 0x7f35f0026980 [36mINFO   [00m [00mKurentoWebSocketTransport WebSocketTransport.cpp:296:keepAliveSessions:[00m Keep alive 347df17b-27f3-4864-83bc-7651420f09e4
2:27:01.466849257 [332m   25[00m 0x7f3674001c60 [37mDEBUG  [00m [00mKurentoWebSocketTransport WebSocketTransport.cpp:460:processMessage:[00m Message: {"jsonrpc":"2.0","method":"ping","id":289}
2:27:01.467040303 [332m   25[00m 0x7f3674001c60 [36mINFO   [00m [00mKurentoServerMethods ServerMethods.cpp:814:ping:[00m WebSocket Ping/Pong with sessionId 347df17b-27f3-4864-83bc-7651420f09e4
2:27:01.467168851 [332m   25[00m 0x7f3674001c60 [37mDEBUG  [00m [00mKurentoWebSocketTransport WebSocketTransport.cpp:462:processMessage:[00m Response: {"id":289,"jsonrpc":"2.0","result":{"sessionId":"347df17b-27f3-4864-83bc-7651420f09e4","value":"pong"}}
2:28:00.450881275 [332m   25[00m 0x7f35f0036350 [37mDEBUG  [00m [00m     KurentoMediaSet MediaSet.cpp:123:doGarbageCollection:[00m Running garbage collector
2:28:00.483710996 [332m   25[00m 0x7f35f0026980 [36mINFO   [00m [00mKurentoWebSocketTransport WebSocketTransport.cpp:296:keepAliveSessions:[00m Keep alive 347df17b-27f3-4864-83bc-7651420f09e4
2:28:01.473217164 [332m   25[00m 0x7f3684002180 [37mDEBUG  [00m [00mKurentoWebSocketTransport WebSocketTransport.cpp:460:processMessage:[00m Message: {"jsonrpc":"2.0","method":"ping","id":290}
2:28:01.473460879 [332m   25[00m 0x7f3684002180 [36mINFO   [00m [00mKurentoServerMethods ServerMethods.cpp:814:ping:[00m WebSocket Ping/Pong with sessionId 347df17b-27f3-4864-83bc-7651420f09e4
2:28:01.473604641 [332m   25[00m 0x7f3684002180 [37mDEBUG  [00m [00mKurentoWebSocketTransport WebSocketTransport.cpp:462:processMessage:[00m Response: {"id":290,"jsonrpc":"2.0","result":{"sessionId":"347df17b-27f3-4864-83bc-7651420f09e4","value":"pong"}}
2:29:00.484192511 [332m   25[00m 0x7f35f0026980 [36mINFO   [00m [00mKurentoWebSocketTransport WebSocketTransport.cpp:296:keepAliveSessions:[00m Keep alive 347df17b-27f3-4864-83bc-7651420f09e4
2:29:01.477551681 [332m   25[00m 0x7f3670001cc0 [37mDEBUG  [00m [00mKurentoWebSocketTransport WebSocketTransport.cpp:460:processMessage:[00m Message: {"jsonrpc":"2.0","method":"ping","id":291}
2:29:01.477750819 [332m   25[00m 0x7f3670001cc0 [36mINFO   [00m [00mKurentoServerMethods ServerMethods.cpp:814:ping:[00m WebSocket Ping/Pong with sessionId 347df17b-27f3-4864-83bc-7651420f09e4
2:29:01.477897451 [332m   25[00m 0x7f3670001cc0 [37mDEBUG  [00m [00mKurentoWebSocketTransport WebSocketTransport.cpp:462:processMessage:[00m Response: {"id":291,"jsonrpc":"2.0","result":{"sessionId":"347df17b-27f3-4864-83bc-7651420f09e4","value":"pong"}}
2:30:00.484425825 [332m   25[00m 0x7f35f0026980 [36mINFO   [00m [00mKurentoWebSocketTransport WebSocketTransport.cpp:296:keepAliveSessions:[00m Keep alive 347df17b-27f3-4864-83bc-7651420f09e4
2:30:01.483486731 [332m   25[00m 0x7f3688001840 [37mDEBUG  [00m [00mKurentoWebSocketTransport WebSocketTransport.cpp:460:processMessage:[00m Message: {"jsonrpc":"2.0","method":"ping","id":292}
2:30:01.483681579 [332m   25[00m 0x7f3688001840 [36mINFO   [00m [00mKurentoServerMethods ServerMethods.cpp:814:ping:[00m WebSocket Ping/Pong with sessionId 347df17b-27f3-4864-83bc-7651420f09e4
2:30:01.483819863 [332m   25[00m 0x7f3688001840 [37mDEBUG  [00m [00mKurentoWebSocketTransport WebSocketTransport.cpp:462:processMessage:[00m Response: {"id":292,"jsonrpc":"2.0","result":{"sessionId":"347df17b-27f3-4864-83bc-7651420f09e4","value":"pong"}}
2:31:00.484648642 [332m   25[00m 0x7f35f0026980 [36mINFO   [00m [00mKurentoWebSocketTransport WebSocketTransport.cpp:296:keepAliveSessions:[00m Keep alive 347df17b-27f3-4864-83bc-7651420f09e4
2:31:01.489352360 [332m   25[00m 0x7f3678002b00 [37mDEBUG  [00m [00mKurentoWebSocketTransport WebSocketTransport.cpp:460:processMessage:[00m Message: {"jsonrpc":"2.0","method":"ping","id":293}
2:31:01.489546887 [332m   25[00m 0x7f3678002b00 [36mINFO   [00m [00mKurentoServerMethods ServerMethods.cpp:814:ping:[00m WebSocket Ping/Pong with sessionId 347df17b-27f3-4864-83bc-7651420f09e4
2:31:01.489981014 [332m   25[00m 0x7f3678002b00 [37mDEBUG  [00m [00mKurentoWebSocketTransport WebSocketTransport.cpp:462:processMessage:[00m Response: {"id":293,"jsonrpc":"2.0","result":{"sessionId":"347df17b-27f3-4864-83bc-7651420f09e4","value":"pong"}}
2:32:00.451317279 [332m   25[00m 0x7f35f0036350 [37mDEBUG  [00m [00m     KurentoMediaSet MediaSet.cpp:123:doGarbageCollection:[00m Running garbage collector
2:32:00.484789133 [332m   25[00m 0x7f35f0026980 [36mINFO   [00m [00mKurentoWebSocketTransport WebSocketTransport.cpp:296:keepAliveSessions:[00m Keep alive 347df17b-27f3-4864-83bc-7651420f09e4
2:32:01.495204071 [332m   25[00m 0x7f3648001800 [37mDEBUG  [00m [00mKurentoWebSocketTransport WebSocketTransport.cpp:460:processMessage:[00m Message: {"jsonrpc":"2.0","method":"ping","id":294}
2:32:01.495368626 [332m   25[00m 0x7f3648001800 [36mINFO   [00m [00mKurentoServerMethods ServerMethods.cpp:814:ping:[00m WebSocket Ping/Pong with sessionId 347df17b-27f3-4864-83bc-7651420f09e4
2:32:01.495492046 [332m   25[00m 0x7f3648001800 [37mDEBUG  [00m [00mKurentoWebSocketTransport WebSocketTransport.cpp:462:processMessage:[00m Response: {"id":294,"jsonrpc":"2.0","result":{"sessionId":"347df17b-27f3-4864-83bc-7651420f09e4","value":"pong"}}
2:33:00.484973791 [332m   25[00m 0x7f35f0026980 [36mINFO   [00m [00mKurentoWebSocketTransport WebSocketTransport.cpp:296:keepAliveSessions:[00m Keep alive 347df17b-27f3-4864-83bc-7651420f09e4
2:33:01.501847908 [332m   25[00m 0x7f3680001810 [37mDEBUG  [00m [00mKurentoWebSocketTransport WebSocketTransport.cpp:460:processMessage:[00m Message: {"jsonrpc":"2.0","method":"ping","id":295}
2:33:01.502025686 [332m   25[00m 0x7f3680001810 [36mINFO   [00m [00mKurentoServerMethods ServerMethods.cpp:814:ping:[00m WebSocket Ping/Pong with sessionId 347df17b-27f3-4864-83bc-7651420f09e4
2:33:01.502166108 [332m   25[00m 0x7f3680001810 [37mDEBUG  [00m [00mKurentoWebSocketTransport WebSocketTransport.cpp:462:processMessage:[00m Response: {"id":295,"jsonrpc":"2.0","result":{"sessionId":"347df17b-27f3-4864-83bc-7651420f09e4","value":"pong"}}
2:33:32.119323576 [332m   25[00m 0x7f368c007700 [37mDEBUG  [00m [00mKurentoWebSocketTransport WebSocketTransport.cpp:460:processMessage:[00m Message: {"jsonrpc":"2.0","method":"create","params":{"type":"WebRtcEndpoint","constructorParams":{"mediaPipeline":"a640ad43-e1bf-47b9-9421-1b704dc4f1f0_kurento.MediaPipeline","useDataChannels":true},"properties":{},"sessionId":"347df17b-27f3-4864-83bc-7651420f09e4"},"id":296}
2:33:32.121407947 [332m   25[00m 0x7f368c007700 [36mINFO   [00m [00mKurentoWebRtcEndpointImpl WebRtcEndpointImpl.cpp:96:remove_not_supported_codecs_from_array:<kmswebrtcendpoint9>[00m Removing not supported codec 'AMR/8000'
2:33:32.121503764 [332m   25[00m 0x7f368c007700 [36mINFO   [00m [00mKurentoWebRtcEndpointImpl WebRtcEndpointImpl.cpp:465:WebRtcEndpointImpl:[00m Using STUN reflexive server IP: 203.183.172.196
2:33:32.121516312 [332m   25[00m 0x7f368c007700 [36mINFO   [00m [00mKurentoWebRtcEndpointImpl WebRtcEndpointImpl.cpp:466:WebRtcEndpointImpl:[00m Using STUN reflexive server Port: 3478
2:33:32.121579862 [332m   25[00m 0x7f368c007700 [36mINFO   [00m [00mKurentoWebRtcEndpointImpl WebRtcEndpointImpl.cpp:487:WebRtcEndpointImpl:[00m TURN server IP address not found in config; NAT traversal requires either STUN or TURN server
2:33:32.122391398 [332m   25[00m 0x7f368c007700 [37mDEBUG  [00m [00mKurentoWebSocketTransport WebSocketTransport.cpp:462:processMessage:[00m Response: {"id":296,"jsonrpc":"2.0","result":{"sessionId":"347df17b-27f3-4864-83bc-7651420f09e4","value":"a640ad43-e1bf-47b9-9421-1b704dc4f1f0_kurento.MediaPipeline/49cc624f-4fbc-492c-8e6b-f8cd8388be95_kurento.WebRtcEndpoint"}}
2:33:32.123995618 [332m   25[00m 0x7f367c001b20 [37mDEBUG  [00m [00mKurentoWebSocketTransport WebSocketTransport.cpp:460:processMessage:[00m Message: {"jsonrpc":"2.0","method":"subscribe","params":{"object":"a640ad43-e1bf-47b9-9421-1b704dc4f1f0_kurento.MediaPipeline/49cc624f-4fbc-492c-8e6b-f8cd8388be95_kurento.WebRtcEndpoint","type":"OnIceCandidate","sessionId":"347df17b-27f3-4864-83bc-7651420f09e4"},"id":297}
2:33:32.124581491 [332m   25[00m 0x7f367c001b20 [37mDEBUG  [00m [00mKurentoWebSocketTransport WebSocketTransport.cpp:462:processMessage:[00m Response: {"id":297,"jsonrpc":"2.0","result":{"sessionId":"347df17b-27f3-4864-83bc-7651420f09e4","value":"6491e792-7c0e-43d5-9005-f97ad9007487"}}
2:33:32.124797253 [332m   25[00m 0x7f367c001b20 [37mDEBUG  [00m [00mKurentoWebSocketTransport WebSocketTransport.cpp:460:processMessage:[00m Message: {"jsonrpc":"2.0","method":"invoke","params":{"object":"a640ad43-e1bf-47b9-9421-1b704dc4f1f0_kurento.MediaPipeline/49cc624f-4fbc-492c-8e6b-f8cd8388be95_kurento.WebRtcEndpoint","operation":"processOffer","operationParams":{"offer":"v=0\r\no=mozilla...THIS_IS_SDPARTA-77.0.1 646954297067417332 0 IN IP4 0.0.0.0\r\ns=-\r\nt=0 0\r\na=fingerprint:sha-256 C7:20:9A:91:34:1B:54:C4:D1:C2:B4:06:4A:94:BF:9F:D0:F2:1C:14:4F:DB:49:62:CD:7C:D3:0D:BF:8A:39:8B\r\na=group:BUNDLE 0 1 2\r\na=ice-options:trickle\r\na=msid-semantic:WMS *\r\nm=video 9 UDP/TLS/RTP/SAVPF 120 121 126 97\r\nc=IN IP4 0.0.0.0\r\na=recvonly\r\na=extmap:3 urn:ietf:params:rtp-hdrext:sdes:mid\r\na=extmap:4 http://www.webrtc.org/experiments/rtp-hdrext/abs-send-time\r\na=extmap:5 urn:ietf:params:rtp-hdrext:toffset\r\na=extmap:6/recvonly http://www.webrtc.org/experiments/rtp-hdrext/playout-delay\r\na=fmtp:126 profile-level-id=42e01f;level-asymmetry-allowed=1;packetization-mode=1\r\na=fmtp:97 profile-level-id=42e01f;level-asymmetry-allowed=1\r\na=fmtp:120 max-fs=12288;max-fr=60\r\na=fmtp:121 max-fs=12288;max-fr=60\r\na=ice-pwd:a09ea2ce19c577abc251ff4ebba8c6b4\r\na=ice-ufrag:d38b612c\r\na=mid:0\r\na=rtcp-fb:120 nack\r\na=rtcp-fb:120 nack pli\r\na=rtcp-fb:120 ccm fir\r\na=rtcp-fb:120 goog-remb\r\na=rtcp-fb:121 nack\r\na=rtcp-fb:121 nack pli\r\na=rtcp-fb:121 ccm fir\r\na=rtcp-fb:121 goog-remb\r\na=rtcp-fb:126 nack\r\na=rtcp-fb:126 nack pli\r\na=rtcp-fb:126 ccm fir\r\na=rtcp-fb:126 goog-remb\r\na=rtcp-fb:97 nack\r\na=rtcp-fb:97 nack pli\r\na=rtcp-fb:97 ccm fir\r\na=rtcp-fb:97 goog-remb\r\na=rtcp-mux\r\na=rtpmap:120 VP8/90000\r\na=rtpmap:121 VP9/90000\r\na=rtpmap:126 H264/90000\r\na=rtpmap:97 H264/90000\r\na=setup:actpass\r\na=ssrc:1098798096 cname:{75676942-a916-4c1a-bdd3-a19ca2df9426}\r\nm=audio 9 UDP/TLS/RTP/SAVPF 109 9 0 8 101\r\nc=IN IP4 0.0.0.0\r\na=recvonly\r\na=extmap:1 urn:ietf:params:rtp-hdrext:ssrc-audio-level\r\na=extmap:2/recvonly urn:ietf:params:rtp-hdrext:csrc-audio-level\r\na=extmap:3 urn:ietf:params:rtp-hdrext:sdes:mid\r\na=fmtp:109 maxplaybackrate=48000;stereo=1;useinbandfec=1\r\na=fmtp:101 0-15\r\na=ice-pwd:a09ea2ce19c577abc251ff4ebba8c6b4\r\na=ice-ufrag:d38b612c\r\na=mid:1\r\na=rtcp-mux\r\na=rtpmap:109 opus/48000/2\r\na=rtpmap:9 G722/8000/1\r\na=rtpmap:0 PCMU/8000\r\na=rtpmap:8 PCMA/8000\r\na=rtpmap:101 telephone-event/8000/1\r\na=setup:actpass\r\na=ssrc:1964228539 cname:{75676942-a916-4c1a-bdd3-a19ca2df9426}\r\nm=application 9 UDP/DTLS/SCTP webrtc-datachannel\r\nc=IN IP4 0.0.0.0\r\na=sendrecv\r\na=ice-pwd:a09ea2ce19c577abc251ff4ebba8c6b4\r\na=ice-ufrag:d38b612c\r\na=mid:2\r\na=setup:actpass\r\na=sctp-port:5000\r\na=max-message-size:1073741823\r\n"},"sessionId":"347df17b-27f3-4864-83bc-7651420f09e4"},"id":298}
2:33:32.135878046 [332m   25[00m 0x7f367c001b20 [37mDEBUG  [00m [00mKurentoWebSocketTransport WebSocketTransport.cpp:462:processMessage:[00m Response: {"id":298,"jsonrpc":"2.0","result":{"sessionId":"347df17b-27f3-4864-83bc-7651420f09e4","value":"v=0\r\no=- 3801275975 3801275975 IN IP4 0.0.0.0\r\ns=Kurento Media Server\r\nc=IN IP4 0.0.0.0\r\nt=0 0\r\na=fingerprint:sha-256 C7:20:9A:91:34:1B:54:C4:D1:C2:B4:06:4A:94:BF:9F:D0:F2:1C:14:4F:DB:49:62:CD:7C:D3:0D:BF:8A:39:8B\r\na=ice-options:trickle\r\na=msid-semantic:WMS *\r\na=group:BUNDLE 0 1 2\r\nm=video 1 UDP/TLS/RTP/SAVPF 120 126 97\r\na=extmap:4 http://www.webrtc.org/experiments/rtp-hdrext/abs-send-time\r\na=sendonly\r\na=mid:0\r\na=rtcp:9 IN IP4 0.0.0.0\r\na=rtpmap:120 VP8/90000\r\na=rtpmap:126 H264/90000\r\na=rtpmap:97 H264/90000\r\na=rtcp-fb:120 nack\r\na=rtcp-fb:120 nack pli\r\na=rtcp-fb:120 ccm fir\r\na=rtcp-fb:120 goog-remb\r\na=rtcp-fb:126 nack\r\na=rtcp-fb:126 nack pli\r\na=rtcp-fb:126 ccm fir\r\na=rtcp-fb:126 goog-remb\r\na=rtcp-fb:97 nack\r\na=rtcp-fb:97 nack pli\r\na=rtcp-fb:97 ccm fir\r\na=rtcp-fb:97 goog-remb\r\na=fmtp:126 profile-level-id=42e01f;level-asymmetry-allowed=1;packetization-mode=1\r\na=fmtp:97 profile-level-id=42e01f;level-asymmetry-allowed=1\r\na=fmtp:120 max-fs=12288;max-fr=60\r\na=rtcp-mux\r\na=setup:active\r\na=ssrc:3933348392 cname:user308849256@host-6bf3ca78\r\na=ice-ufrag:BxQU\r\na=ice-pwd:jzpuTxZL/I8IKFccDehojr\r\na=fingerprint:sha-256 9E:0E:05:31:B1:1C:C9:07:D8:99:EC:69:74:F1:11:7F:EA:CA:3D:B2:0C:7F:CE:B2:FA:39:78:22:4F:A4:5C:49\r\nm=audio 1 UDP/TLS/RTP/SAVPF 109 0\r\na=sendonly\r\na=mid:1\r\na=rtcp:9 IN IP4 0.0.0.0\r\na=rtpmap:109 opus/48000/2\r\na=rtpmap:0 PCMU/8000\r\na=fmtp:109 maxplaybackrate=48000;stereo=1;useinbandfec=1\r\na=rtcp-mux\r\na=setup:active\r\na=ssrc:4156342755 cname:user308849256@host-6bf3ca78\r\na=ice-ufrag:BxQU\r\na=ice-pwd:jzpuTxZL/I8IKFccDehojr\r\na=fingerprint:sha-256 9E:0E:05:31:B1:1C:C9:07:D8:99:EC:69:74:F1:11:7F:EA:CA:3D:B2:0C:7F:CE:B2:FA:39:78:22:4F:A4:5C:49\r\nm=application 1 UDP/DTLS/SCTP webrtc-datachannel\r\na=mid:2\r\na=sctp-port:5000\r\na=setup:active\r\na=ice-ufrag:BxQU\r\na=ice-pwd:jzpuTxZL/I8IKFccDehojr\r\na=fingerprint:sha-256 9E:0E:05:31:B1:1C:C9:07:D8:99:EC:69:74:F1:11:7F:EA:CA:3D:B2:0C:7F:CE:B2:FA:39:78:22:4F:A4:5C:49\r\n"}}
2:33:32.135962519 [332m   25[00m 0x7f367c001b20 [37mDEBUG  [00m [00mKurentoWebSocketTransport WebSocketTransport.cpp:460:processMessage:[00m Message: {"jsonrpc":"2.0","method":"invoke","params":{"object":"a640ad43-e1bf-47b9-9421-1b704dc4f1f0_kurento.MediaPipeline/49cc624f-4fbc-492c-8e6b-f8cd8388be95_kurento.WebRtcEndpoint","operation":"addIceCandidate","operationParams":{"candidate":{"candidate":"candidate:0 1 UDP 2122252543 028e8bde-f1dd-4c75-9a28-ced58de7f4f9.local 54728 typ host","sdpMid":"2","sdpMLineIndex":2,"__module__":"kurento","__type__":"IceCandidate"}},"sessionId":"347df17b-27f3-4864-83bc-7651420f09e4"},"id":299}
2:33:32.136250586 [332m   25[00m 0x7f367c001b20 [37mDEBUG  [00m [00mKurentoWebSocketTransport WebSocketTransport.cpp:462:processMessage:[00m Response: {"error":{"code":40401,"data":{"type":"ICE_ADD_CANDIDATE_ERROR"},"message":"Error adding candidate"},"id":299,"jsonrpc":"2.0"}
2:33:32.136274315 [332m   25[00m 0x7f367c001b20 [37mDEBUG  [00m [00mKurentoWebSocketTransport WebSocketTransport.cpp:460:processMessage:[00m Message: {"jsonrpc":"2.0","method":"invoke","params":{"object":"a640ad43-e1bf-47b9-9421-1b704dc4f1f0_kurento.MediaPipeline/49cc624f-4fbc-492c-8e6b-f8cd8388be95_kurento.WebRtcEndpoint","operation":"addIceCandidate","operationParams":{"candidate":{"candidate":"candidate:2 1 TCP 2105524479 028e8bde-f1dd-4c75-9a28-ced58de7f4f9.local 9 typ host tcptype active","sdpMid":"2","sdpMLineIndex":2,"__module__":"kurento","__type__":"IceCandidate"}},"sessionId":"347df17b-27f3-4864-83bc-7651420f09e4"},"id":300}
2:33:32.136483022 [332m   25[00m 0x7f367c001b20 [37mDEBUG  [00m [00mKurentoWebSocketTransport WebSocketTransport.cpp:462:processMessage:[00m Response: {"error":{"code":40401,"data":{"type":"ICE_ADD_CANDIDATE_ERROR"},"message":"Error adding candidate"},"id":300,"jsonrpc":"2.0"}
2:33:32.136504515 [332m   25[00m 0x7f367c001b20 [37mDEBUG  [00m [00mKurentoWebSocketTransport WebSocketTransport.cpp:460:processMessage:[00m Message: {"jsonrpc":"2.0","method":"invoke","params":{"object":"a640ad43-e1bf-47b9-9421-1b704dc4f1f0_kurento.MediaPipeline/49cc624f-4fbc-492c-8e6b-f8cd8388be95_kurento.WebRtcEndpoint","operation":"addIceCandidate","operationParams":{"candidate":{"candidate":"candidate:0 1 UDP 2122252543 028e8bde-f1dd-4c75-9a28-ced58de7f4f9.local 54729 typ host","sdpMid":"0","sdpMLineIndex":0,"__module__":"kurento","__type__":"IceCandidate"}},"sessionId":"347df17b-27f3-4864-83bc-7651420f09e4"},"id":301}
2:33:32.136701766 [332m   25[00m 0x7f367c001b20 [37mDEBUG  [00m [00mKurentoWebSocketTransport WebSocketTransport.cpp:462:processMessage:[00m Response: {"error":{"code":40401,"data":{"type":"ICE_ADD_CANDIDATE_ERROR"},"message":"Error adding candidate"},"id":301,"jsonrpc":"2.0"}
2:33:32.136722997 [332m   25[00m 0x7f367c001b20 [37mDEBUG  [00m [00mKurentoWebSocketTransport WebSocketTransport.cpp:460:processMessage:[00m Message: {"jsonrpc":"2.0","method":"invoke","params":{"object":"a640ad43-e1bf-47b9-9421-1b704dc4f1f0_kurento.MediaPipeline/49cc624f-4fbc-492c-8e6b-f8cd8388be95_kurento.WebRtcEndpoint","operation":"addIceCandidate","operationParams":{"candidate":{"candidate":"candidate:2 1 TCP 2105524479 028e8bde-f1dd-4c75-9a28-ced58de7f4f9.local 9 typ host tcptype active","sdpMid":"0","sdpMLineIndex":0,"__module__":"kurento","__type__":"IceCandidate"}},"sessionId":"347df17b-27f3-4864-83bc-7651420f09e4"},"id":302}
2:33:32.136920470 [332m   25[00m 0x7f367c001b20 [37mDEBUG  [00m [00mKurentoWebSocketTransport WebSocketTransport.cpp:462:processMessage:[00m Response: {"error":{"code":40401,"data":{"type":"ICE_ADD_CANDIDATE_ERROR"},"message":"Error adding candidate"},"id":302,"jsonrpc":"2.0"}
2:33:32.136941242 [332m   25[00m 0x7f367c001b20 [37mDEBUG  [00m [00mKurentoWebSocketTransport WebSocketTransport.cpp:460:processMessage:[00m Message: {"jsonrpc":"2.0","method":"invoke","params":{"object":"a640ad43-e1bf-47b9-9421-1b704dc4f1f0_kurento.MediaPipeline/49cc624f-4fbc-492c-8e6b-f8cd8388be95_kurento.WebRtcEndpoint","operation":"addIceCandidate","operationParams":{"candidate":{"candidate":"candidate:0 2 UDP 2122252542 028e8bde-f1dd-4c75-9a28-ced58de7f4f9.local 52512 typ host","sdpMid":"0","sdpMLineIndex":0,"__module__":"kurento","__type__":"IceCandidate"}},"sessionId":"347df17b-27f3-4864-83bc-7651420f09e4"},"id":303}
2:33:32.137558264 [332m   25[00m 0x7f367c001b20 [37mDEBUG  [00m [00mKurentoWebSocketTransport WebSocketTransport.cpp:462:processMessage:[00m Response: {"error":{"code":40401,"data":{"type":"ICE_ADD_CANDIDATE_ERROR"},"message":"Error adding candidate"},"id":303,"jsonrpc":"2.0"}
2:33:32.137584207 [332m   25[00m 0x7f367c001b20 [37mDEBUG  [00m [00mKurentoWebSocketTransport WebSocketTransport.cpp:460:processMessage:[00m Message: {"jsonrpc":"2.0","method":"invoke","params":{"object":"a640ad43-e1bf-47b9-9421-1b704dc4f1f0_kurento.MediaPipeline/49cc624f-4fbc-492c-8e6b-f8cd8388be95_kurento.WebRtcEndpoint","operation":"addIceCandidate","operationParams":{"candidate":{"candidate":"candidate:2 2 TCP 2105524478 028e8bde-f1dd-4c75-9a28-ced58de7f4f9.local 9 typ host tcptype active","sdpMid":"0","sdpMLineIndex":0,"__module__":"kurento","__type__":"IceCandidate"}},"sessionId":"347df17b-27f3-4864-83bc-7651420f09e4"},"id":304}
2:33:32.137991754 [332m   25[00m 0x7f367c001b20 [37mDEBUG  [00m [00mKurentoWebSocketTransport WebSocketTransport.cpp:462:processMessage:[00m Response: {"error":{"code":40401,"data":{"type":"ICE_ADD_CANDIDATE_ERROR"},"message":"Error adding candidate"},"id":304,"jsonrpc":"2.0"}
2:33:32.138173469 [332m   25[00m 0x7f3674001c60 [37mDEBUG  [00m [00mKurentoWebSocketTransport WebSocketTransport.cpp:460:processMessage:[00m Message: {"jsonrpc":"2.0","method":"invoke","params":{"object":"a640ad43-e1bf-47b9-9421-1b704dc4f1f0_kurento.MediaPipeline/49cc624f-4fbc-492c-8e6b-f8cd8388be95_kurento.WebRtcEndpoint","operation":"addIceCandidate","operationParams":{"candidate":{"candidate":"candidate:0 1 UDP 2122252543 028e8bde-f1dd-4c75-9a28-ced58de7f4f9.local 52513 typ host","sdpMid":"1","sdpMLineIndex":1,"__module__":"kurento","__type__":"IceCandidate"}},"sessionId":"347df17b-27f3-4864-83bc-7651420f09e4"},"id":305}
2:33:32.138660995 [332m   25[00m 0x7f3674001c60 [37mDEBUG  [00m [00mKurentoWebSocketTransport WebSocketTransport.cpp:462:processMessage:[00m Response: {"error":{"code":40401,"data":{"type":"ICE_ADD_CANDIDATE_ERROR"},"message":"Error adding candidate"},"id":305,"jsonrpc":"2.0"}
2:33:32.138701421 [332m   25[00m 0x7f3674001c60 [37mDEBUG  [00m [00mKurentoWebSocketTransport WebSocketTransport.cpp:460:processMessage:[00m Message: {"jsonrpc":"2.0","method":"invoke","params":{"object":"a640ad43-e1bf-47b9-9421-1b704dc4f1f0_kurento.MediaPipeline/49cc624f-4fbc-492c-8e6b-f8cd8388be95_kurento.WebRtcEndpoint","operation":"addIceCandidate","operationParams":{"candidate":{"candidate":"candidate:2 1 TCP 2105524479 028e8bde-f1dd-4c75-9a28-ced58de7f4f9.local 9 typ host tcptype active","sdpMid":"1","sdpMLineIndex":1,"__module__":"kurento","__type__":"IceCandidate"}},"sessionId":"347df17b-27f3-4864-83bc-7651420f09e4"},"id":306}
2:33:32.139063336 [332m   25[00m 0x7f3674001c60 [37mDEBUG  [00m [00mKurentoWebSocketTransport WebSocketTransport.cpp:462:processMessage:[00m Response: {"error":{"code":40401,"data":{"type":"ICE_ADD_CANDIDATE_ERROR"},"message":"Error adding candidate"},"id":306,"jsonrpc":"2.0"}
2:33:32.139391514 [332m   25[00m 0x7f3670001cc0 [37mDEBUG  [00m [00mKurentoWebSocketTransport WebSocketTransport.cpp:460:processMessage:[00m Message: {"jsonrpc":"2.0","method":"invoke","params":{"object":"a640ad43-e1bf-47b9-9421-1b704dc4f1f0_kurento.MediaPipeline/49cc624f-4fbc-492c-8e6b-f8cd8388be95_kurento.WebRtcEndpoint","operation":"addIceCandidate","operationParams":{"candidate":{"candidate":"candidate:0 2 UDP 2122252542 028e8bde-f1dd-4c75-9a28-ced58de7f4f9.local 52514 typ host","sdpMid":"1","sdpMLineIndex":1,"__module__":"kurento","__type__":"IceCandidate"}},"sessionId":"347df17b-27f3-4864-83bc-7651420f09e4"},"id":307}
2:33:32.139942753 [332m   25[00m 0x7f3670001cc0 [37mDEBUG  [00m [00mKurentoWebSocketTransport WebSocketTransport.cpp:462:processMessage:[00m Response: {"error":{"code":40401,"data":{"type":"ICE_ADD_CANDIDATE_ERROR"},"message":"Error adding candidate"},"id":307,"jsonrpc":"2.0"}
2:33:32.140756010 [332m   25[00m 0x7f367c001b20 [37mDEBUG  [00m [00mKurentoWebSocketTransport WebSocketTransport.cpp:460:processMessage:[00m Message: {"jsonrpc":"2.0","method":"invoke","params":{"object":"a640ad43-e1bf-47b9-9421-1b704dc4f1f0_kurento.MediaPipeline/49cc624f-4fbc-492c-8e6b-f8cd8388be95_kurento.WebRtcEndpoint","operation":"addIceCandidate","operationParams":{"candidate":{"candidate":"candidate:2 2 TCP 2105524478 028e8bde-f1dd-4c75-9a28-ced58de7f4f9.local 9 typ host tcptype active","sdpMid":"1","sdpMLineIndex":1,"__module__":"kurento","__type__":"IceCandidate"}},"sessionId":"347df17b-27f3-4864-83bc-7651420f09e4"},"id":308}
2:33:32.141012279 [332m   25[00m 0x7f367c001b20 [37mDEBUG  [00m [00mKurentoWebSocketTransport WebSocketTransport.cpp:462:processMessage:[00m Response: {"error":{"code":40401,"data":{"type":"ICE_ADD_CANDIDATE_ERROR"},"message":"Error adding candidate"},"id":308,"jsonrpc":"2.0"}
2:33:32.148563688 [332m   25[00m 0x7f368c007700 [37mDEBUG  [00m [00mKurentoWebSocketTransport WebSocketTransport.cpp:460:processMessage:[00m Message: {"jsonrpc":"2.0","method":"invoke","params":{"object":"a640ad43-e1bf-47b9-9421-1b704dc4f1f0_kurento.MediaPipeline/49cc624f-4fbc-492c-8e6b-f8cd8388be95_kurento.WebRtcEndpoint","operation":"gatherCandidates","sessionId":"347df17b-27f3-4864-83bc-7651420f09e4"},"id":309}
2:33:32.150979021 [332m   25[00m 0x7f3620001780 [37mDEBUG  [00m [00mKurentoWebSocketEventHandler WebSocketEventHandler.cpp:56:sendEvent:[00m Sending event: {"jsonrpc":"2.0","method":"onEvent","params":{"value":{"data":{"candidate":{"__module__":"kurento","__type__":"IceCandidate","candidate":"candidate:1 1 UDP 2013266431 172.20.0.9 10250 typ host","sdpMLineIndex":0,"sdpMid":"0"},"source":"a640ad43-e1bf-47b9-9421-1b704dc4f1f0_kurento.MediaPipeline/49cc624f-4fbc-492c-8e6b-f8cd8388be95_kurento.WebRtcEndpoint","tags":[],"timestamp":"1592287175","timestampMillis":"1592287175503","type":"OnIceCandidate"},"object":"a640ad43-e1bf-47b9-9421-1b704dc4f1f0_kurento.MediaPipeline/49cc624f-4fbc-492c-8e6b-f8cd8388be95_kurento.WebRtcEndpoint","type":"OnIceCandidate"}}}, sessionId: 347df17b-27f3-4864-83bc-7651420f09e4
2:33:32.151312275 [332m   25[00m 0x7f3620001780 [37mDEBUG  [00m [00mKurentoWebSocketEventHandler WebSocketEventHandler.cpp:56:sendEvent:[00m Sending event: {"jsonrpc":"2.0","method":"onEvent","params":{"value":{"data":{"candidate":{"__module__":"kurento","__type__":"IceCandidate","candidate":"candidate:1 1 UDP 2013266431 172.20.0.9 10250 typ host","sdpMLineIndex":1,"sdpMid":"1"},"source":"a640ad43-e1bf-47b9-9421-1b704dc4f1f0_kurento.MediaPipeline/49cc624f-4fbc-492c-8e6b-f8cd8388be95_kurento.WebRtcEndpoint","tags":[],"timestamp":"1592287175","timestampMillis":"1592287175503","type":"OnIceCandidate"},"object":"a640ad43-e1bf-47b9-9421-1b704dc4f1f0_kurento.MediaPipeline/49cc624f-4fbc-492c-8e6b-f8cd8388be95_kurento.WebRtcEndpoint","type":"OnIceCandidate"}}}, sessionId: 347df17b-27f3-4864-83bc-7651420f09e4
2:33:32.151413151 [332m   25[00m 0x7f3620001780 [37mDEBUG  [00m [00mKurentoWebSocketEventHandler WebSocketEventHandler.cpp:56:sendEvent:[00m Sending event: {"jsonrpc":"2.0","method":"onEvent","params":{"value":{"data":{"candidate":{"__module__":"kurento","__type__":"IceCandidate","candidate":"candidate:1 1 UDP 2013266431 172.20.0.9 10250 typ host","sdpMLineIndex":2,"sdpMid":"2"},"source":"a640ad43-e1bf-47b9-9421-1b704dc4f1f0_kurento.MediaPipeline/49cc624f-4fbc-492c-8e6b-f8cd8388be95_kurento.WebRtcEndpoint","tags":[],"timestamp":"1592287175","timestampMillis":"1592287175503","type":"OnIceCandidate"},"object":"a640ad43-e1bf-47b9-9421-1b704dc4f1f0_kurento.MediaPipeline/49cc624f-4fbc-492c-8e6b-f8cd8388be95_kurento.WebRtcEndpoint","type":"OnIceCandidate"}}}, sessionId: 347df17b-27f3-4864-83bc-7651420f09e4
2:33:32.151497023 [332m   25[00m 0x7f3620001780 [37mDEBUG  [00m [00mKurentoWebSocketEventHandler WebSocketEventHandler.cpp:56:sendEvent:[00m Sending event: {"jsonrpc":"2.0","method":"onEvent","params":{"value":{"data":{"candidate":{"__module__":"kurento","__type__":"IceCandidate","candidate":"candidate:2 1 TCP 1015021823 172.20.0.9 9 typ host tcptype active","sdpMLineIndex":0,"sdpMid":"0"},"source":"a640ad43-e1bf-47b9-9421-1b704dc4f1f0_kurento.MediaPipeline/49cc624f-4fbc-492c-8e6b-f8cd8388be95_kurento.WebRtcEndpoint","tags":[],"timestamp":"1592287175","timestampMillis":"1592287175504","type":"OnIceCandidate"},"object":"a640ad43-e1bf-47b9-9421-1b704dc4f1f0_kurento.MediaPipeline/49cc624f-4fbc-492c-8e6b-f8cd8388be95_kurento.WebRtcEndpoint","type":"OnIceCandidate"}}}, sessionId: 347df17b-27f3-4864-83bc-7651420f09e4
2:33:32.151576864 [332m   25[00m 0x7f3620001780 [37mDEBUG  [00m [00mKurentoWebSocketEventHandler WebSocketEventHandler.cpp:56:sendEvent:[00m Sending event: {"jsonrpc":"2.0","method":"onEvent","params":{"value":{"data":{"candidate":{"__module__":"kurento","__type__":"IceCandidate","candidate":"candidate:2 1 TCP 1015021823 172.20.0.9 9 typ host tcptype active","sdpMLineIndex":1,"sdpMid":"1"},"source":"a640ad43-e1bf-47b9-9421-1b704dc4f1f0_kurento.MediaPipeline/49cc624f-4fbc-492c-8e6b-f8cd8388be95_kurento.WebRtcEndpoint","tags":[],"timestamp":"1592287175","timestampMillis":"1592287175504","type":"OnIceCandidate"},"object":"a640ad43-e1bf-47b9-9421-1b704dc4f1f0_kurento.MediaPipeline/49cc624f-4fbc-492c-8e6b-f8cd8388be95_kurento.WebRtcEndpoint","type":"OnIceCandidate"}}}, sessionId: 347df17b-27f3-4864-83bc-7651420f09e4
2:33:32.151655060 [332m   25[00m 0x7f3620001780 [37mDEBUG  [00m [00mKurentoWebSocketEventHandler WebSocketEventHandler.cpp:56:sendEvent:[00m Sending event: {"jsonrpc":"2.0","method":"onEvent","params":{"value":{"data":{"candidate":{"__module__":"kurento","__type__":"IceCandidate","candidate":"candidate:2 1 TCP 1015021823 172.20.0.9 9 typ host tcptype active","sdpMLineIndex":2,"sdpMid":"2"},"source":"a640ad43-e1bf-47b9-9421-1b704dc4f1f0_kurento.MediaPipeline/49cc624f-4fbc-492c-8e6b-f8cd8388be95_kurento.WebRtcEndpoint","tags":[],"timestamp":"1592287175","timestampMillis":"1592287175504","type":"OnIceCandidate"},"object":"a640ad43-e1bf-47b9-9421-1b704dc4f1f0_kurento.MediaPipeline/49cc624f-4fbc-492c-8e6b-f8cd8388be95_kurento.WebRtcEndpoint","type":"OnIceCandidate"}}}, sessionId: 347df17b-27f3-4864-83bc-7651420f09e4
2:33:32.151773908 [332m   25[00m 0x7f3620001780 [37mDEBUG  [00m [00mKurentoWebSocketEventHandler WebSocketEventHandler.cpp:56:sendEvent:[00m Sending event: {"jsonrpc":"2.0","method":"onEvent","params":{"value":{"data":{"candidate":{"__module__":"kurento","__type__":"IceCandidate","candidate":"candidate:3 1 TCP 1010827519 172.20.0.9 10256 typ host tcptype passive","sdpMLineIndex":0,"sdpMid":"0"},"source":"a640ad43-e1bf-47b9-9421-1b704dc4f1f0_kurento.MediaPipeline/49cc624f-4fbc-492c-8e6b-f8cd8388be95_kurento.WebRtcEndpoint","tags":[],"timestamp":"1592287175","timestampMillis":"1592287175504","type":"OnIceCandidate"},"object":"a640ad43-e1bf-47b9-9421-1b704dc4f1f0_kurento.MediaPipeline/49cc624f-4fbc-492c-8e6b-f8cd8388be95_kurento.WebRtcEndpoint","type":"OnIceCandidate"}}}, sessionId: 347df17b-27f3-4864-83bc-7651420f09e4
2:33:32.151881536 [332m   25[00m 0x7f3620001780 [37mDEBUG  [00m [00mKurentoWebSocketEventHandler WebSocketEventHandler.cpp:56:sendEvent:[00m Sending event: {"jsonrpc":"2.0","method":"onEvent","params":{"value":{"data":{"candidate":{"__module__":"kurento","__type__":"IceCandidate","candidate":"candidate:3 1 TCP 1010827519 172.20.0.9 10256 typ host tcptype passive","sdpMLineIndex":1,"sdpMid":"1"},"source":"a640ad43-e1bf-47b9-9421-1b704dc4f1f0_kurento.MediaPipeline/49cc624f-4fbc-492c-8e6b-f8cd8388be95_kurento.WebRtcEndpoint","tags":[],"timestamp":"1592287175","timestampMillis":"1592287175504","type":"OnIceCandidate"},"object":"a640ad43-e1bf-47b9-9421-1b704dc4f1f0_kurento.MediaPipeline/49cc624f-4fbc-492c-8e6b-f8cd8388be95_kurento.WebRtcEndpoint","type":"OnIceCandidate"}}}, sessionId: 347df17b-27f3-4864-83bc-7651420f09e4
2:33:32.151963849 [332m   25[00m 0x7f3620001780 [37mDEBUG  [00m [00mKurentoWebSocketEventHandler WebSocketEventHandler.cpp:56:sendEvent:[00m Sending event: {"jsonrpc":"2.0","method":"onEvent","params":{"value":{"data":{"candidate":{"__module__":"kurento","__type__":"IceCandidate","candidate":"candidate:3 1 TCP 1010827519 172.20.0.9 10256 typ host tcptype passive","sdpMLineIndex":2,"sdpMid":"2"},"source":"a640ad43-e1bf-47b9-9421-1b704dc4f1f0_kurento.MediaPipeline/49cc624f-4fbc-492c-8e6b-f8cd8388be95_kurento.WebRtcEndpoint","tags":[],"timestamp":"1592287175","timestampMillis":"1592287175504","type":"OnIceCandidate"},"object":"a640ad43-e1bf-47b9-9421-1b704dc4f1f0_kurento.MediaPipeline/49cc624f-4fbc-492c-8e6b-f8cd8388be95_kurento.WebRtcEndpoint","type":"OnIceCandidate"}}}, sessionId: 347df17b-27f3-4864-83bc-7651420f09e4
2:33:32.152081098 [332m   25[00m 0x7f3620001780 [37mDEBUG  [00m [00mKurentoWebSocketEventHandler WebSocketEventHandler.cpp:56:sendEvent:[00m Sending event: {"jsonrpc":"2.0","method":"onEvent","params":{"value":{"data":{"candidate":{"__module__":"kurento","__type__":"IceCandidate","candidate":"candidate:1 2 UDP 2013266430 172.20.0.9 10248 typ host","sdpMLineIndex":0,"sdpMid":"0"},"source":"a640ad43-e1bf-47b9-9421-1b704dc4f1f0_kurento.MediaPipeline/49cc624f-4fbc-492c-8e6b-f8cd8388be95_kurento.WebRtcEndpoint","tags":[],"timestamp":"1592287175","timestampMillis":"1592287175505","type":"OnIceCandidate"},"object":"a640ad43-e1bf-47b9-9421-1b704dc4f1f0_kurento.MediaPipeline/49cc624f-4fbc-492c-8e6b-f8cd8388be95_kurento.WebRtcEndpoint","type":"OnIceCandidate"}}}, sessionId: 347df17b-27f3-4864-83bc-7651420f09e4
2:33:32.152157831 [332m   25[00m 0x7f3620001780 [37mDEBUG  [00m [00mKurentoWebSocketEventHandler WebSocketEventHandler.cpp:56:sendEvent:[00m Sending event: {"jsonrpc":"2.0","method":"onEvent","params":{"value":{"data":{"candidate":{"__module__":"kurento","__type__":"IceCandidate","candidate":"candidate:1 2 UDP 2013266430 172.20.0.9 10248 typ host","sdpMLineIndex":1,"sdpMid":"1"},"source":"a640ad43-e1bf-47b9-9421-1b704dc4f1f0_kurento.MediaPipeline/49cc624f-4fbc-492c-8e6b-f8cd8388be95_kurento.WebRtcEndpoint","tags":[],"timestamp":"1592287175","timestampMillis":"1592287175505","type":"OnIceCandidate"},"object":"a640ad43-e1bf-47b9-9421-1b704dc4f1f0_kurento.MediaPipeline/49cc624f-4fbc-492c-8e6b-f8cd8388be95_kurento.WebRtcEndpoint","type":"OnIceCandidate"}}}, sessionId: 347df17b-27f3-4864-83bc-7651420f09e4
2:33:32.152234568 [332m   25[00m 0x7f3620001780 [37mDEBUG  [00m [00mKurentoWebSocketEventHandler WebSocketEventHandler.cpp:56:sendEvent:[00m Sending event: {"jsonrpc":"2.0","method":"onEvent","params":{"value":{"data":{"candidate":{"__module__":"kurento","__type__":"IceCandidate","candidate":"candidate:1 2 UDP 2013266430 172.20.0.9 10248 typ host","sdpMLineIndex":2,"sdpMid":"2"},"source":"a640ad43-e1bf-47b9-9421-1b704dc4f1f0_kurento.MediaPipeline/49cc624f-4fbc-492c-8e6b-f8cd8388be95_kurento.WebRtcEndpoint","tags":[],"timestamp":"1592287175","timestampMillis":"1592287175505","type":"OnIceCandidate"},"object":"a640ad43-e1bf-47b9-9421-1b704dc4f1f0_kurento.MediaPipeline/49cc624f-4fbc-492c-8e6b-f8cd8388be95_kurento.WebRtcEndpoint","type":"OnIceCandidate"}}}, sessionId: 347df17b-27f3-4864-83bc-7651420f09e4
2:33:32.152634008 [332m   25[00m 0x7f3620001780 [37mDEBUG  [00m [00mKurentoWebSocketEventHandler WebSocketEventHandler.cpp:56:sendEvent:[00m Sending event: {"jsonrpc":"2.0","method":"onEvent","params":{"value":{"data":{"candidate":{"__module__":"kurento","__type__":"IceCandidate","candidate":"candidate:2 2 TCP 1015021822 172.20.0.9 9 typ host tcptype active","sdpMLineIndex":0,"sdpMid":"0"},"source":"a640ad43-e1bf-47b9-9421-1b704dc4f1f0_kurento.MediaPipeline/49cc624f-4fbc-492c-8e6b-f8cd8388be95_kurento.WebRtcEndpoint","tags":[],"timestamp":"1592287175","timestampMillis":"1592287175505","type":"OnIceCandidate"},"object":"a640ad43-e1bf-47b9-9421-1b704dc4f1f0_kurento.MediaPipeline/49cc624f-4fbc-492c-8e6b-f8cd8388be95_kurento.WebRtcEndpoint","type":"OnIceCandidate"}}}, sessionId: 347df17b-27f3-4864-83bc-7651420f09e4
2:33:32.152715177 [332m   25[00m 0x7f3620001780 [37mDEBUG  [00m [00mKurentoWebSocketEventHandler WebSocketEventHandler.cpp:56:sendEvent:[00m Sending event: {"jsonrpc":"2.0","method":"onEvent","params":{"value":{"data":{"candidate":{"__module__":"kurento","__type__":"IceCandidate","candidate":"candidate:2 2 TCP 1015021822 172.20.0.9 9 typ host tcptype active","sdpMLineIndex":1,"sdpMid":"1"},"source":"a640ad43-e1bf-47b9-9421-1b704dc4f1f0_kurento.MediaPipeline/49cc624f-4fbc-492c-8e6b-f8cd8388be95_kurento.WebRtcEndpoint","tags":[],"timestamp":"1592287175","timestampMillis":"1592287175505","type":"OnIceCandidate"},"object":"a640ad43-e1bf-47b9-9421-1b704dc4f1f0_kurento.MediaPipeline/49cc624f-4fbc-492c-8e6b-f8cd8388be95_kurento.WebRtcEndpoint","type":"OnIceCandidate"}}}, sessionId: 347df17b-27f3-4864-83bc-7651420f09e4
2:33:32.152790203 [332m   25[00m 0x7f3620001780 [37mDEBUG  [00m [00mKurentoWebSocketEventHandler WebSocketEventHandler.cpp:56:sendEvent:[00m Sending event: {"jsonrpc":"2.0","method":"onEvent","params":{"value":{"data":{"candidate":{"__module__":"kurento","__type__":"IceCandidate","candidate":"candidate:2 2 TCP 1015021822 172.20.0.9 9 typ host tcptype active","sdpMLineIndex":2,"sdpMid":"2"},"source":"a640ad43-e1bf-47b9-9421-1b704dc4f1f0_kurento.MediaPipeline/49cc624f-4fbc-492c-8e6b-f8cd8388be95_kurento.WebRtcEndpoint","tags":[],"timestamp":"1592287175","timestampMillis":"1592287175505","type":"OnIceCandidate"},"object":"a640ad43-e1bf-47b9-9421-1b704dc4f1f0_kurento.MediaPipeline/49cc624f-4fbc-492c-8e6b-f8cd8388be95_kurento.WebRtcEndpoint","type":"OnIceCandidate"}}}, sessionId: 347df17b-27f3-4864-83bc-7651420f09e4
2:33:32.152953446 [332m   25[00m 0x7f3620001780 [37mDEBUG  [00m [00mKurentoWebSocketEventHandler WebSocketEventHandler.cpp:56:sendEvent:[00m Sending event: {"jsonrpc":"2.0","method":"onEvent","params":{"value":{"data":{"candidate":{"__module__":"kurento","__type__":"IceCandidate","candidate":"candidate:3 2 TCP 1010827518 172.20.0.9 10276 typ host tcptype passive","sdpMLineIndex":0,"sdpMid":"0"},"source":"a640ad43-e1bf-47b9-9421-1b704dc4f1f0_kurento.MediaPipeline/49cc624f-4fbc-492c-8e6b-f8cd8388be95_kurento.WebRtcEndpoint","tags":[],"timestamp":"1592287175","timestampMillis":"1592287175505","type":"OnIceCandidate"},"object":"a640ad43-e1bf-47b9-9421-1b704dc4f1f0_kurento.MediaPipeline/49cc624f-4fbc-492c-8e6b-f8cd8388be95_kurento.WebRtcEndpoint","type":"OnIceCandidate"}}}, sessionId: 347df17b-27f3-4864-83bc-7651420f09e4
2:33:32.153031428 [332m   25[00m 0x7f3620001780 [37mDEBUG  [00m [00mKurentoWebSocketEventHandler WebSocketEventHandler.cpp:56:sendEvent:[00m Sending event: {"jsonrpc":"2.0","method":"onEvent","params":{"value":{"data":{"candidate":{"__module__":"kurento","__type__":"IceCandidate","candidate":"candidate:3 2 TCP 1010827518 172.20.0.9 10276 typ host tcptype passive","sdpMLineIndex":1,"sdpMid":"1"},"source":"a640ad43-e1bf-47b9-9421-1b704dc4f1f0_kurento.MediaPipeline/49cc624f-4fbc-492c-8e6b-f8cd8388be95_kurento.WebRtcEndpoint","tags":[],"timestamp":"1592287175","timestampMillis":"1592287175505","type":"OnIceCandidate"},"object":"a640ad43-e1bf-47b9-9421-1b704dc4f1f0_kurento.MediaPipeline/49cc624f-4fbc-492c-8e6b-f8cd8388be95_kurento.WebRtcEndpoint","type":"OnIceCandidate"}}}, sessionId: 347df17b-27f3-4864-83bc-7651420f09e4
2:33:32.153052893 [332m   25[00m 0x7f368c007700 [37mDEBUG  [00m [00mKurentoWebSocketTransport WebSocketTransport.cpp:462:processMessage:[00m Response: {"id":309,"jsonrpc":"2.0","result":{"sessionId":"347df17b-27f3-4864-83bc-7651420f09e4","value":null}}
2:33:32.153349998 [332m   25[00m 0x7f3620001780 [37mDEBUG  [00m [00mKurentoWebSocketEventHandler WebSocketEventHandler.cpp:56:sendEvent:[00m Sending event: {"jsonrpc":"2.0","method":"onEvent","params":{"value":{"data":{"candidate":{"__module__":"kurento","__type__":"IceCandidate","candidate":"candidate:3 2 TCP 1010827518 172.20.0.9 10276 typ host tcptype passive","sdpMLineIndex":2,"sdpMid":"2"},"source":"a640ad43-e1bf-47b9-9421-1b704dc4f1f0_kurento.MediaPipeline/49cc624f-4fbc-492c-8e6b-f8cd8388be95_kurento.WebRtcEndpoint","tags":[],"timestamp":"1592287175","timestampMillis":"1592287175505","type":"OnIceCandidate"},"object":"a640ad43-e1bf-47b9-9421-1b704dc4f1f0_kurento.MediaPipeline/49cc624f-4fbc-492c-8e6b-f8cd8388be95_kurento.WebRtcEndpoint","type":"OnIceCandidate"}}}, sessionId: 347df17b-27f3-4864-83bc-7651420f09e4
2:33:32.153629966 [332m   25[00m 0x7f368c007700 [37mDEBUG  [00m [00mKurentoWebSocketTransport WebSocketTransport.cpp:460:processMessage:[00m Message: {"jsonrpc":"2.0","method":"invoke","params":{"object":"a640ad43-e1bf-47b9-9421-1b704dc4f1f0_kurento.MediaPipeline/4742738a-537b-4144-8c6a-59d5095bbe4b_datachannelexample.KmsSendData","operation":"connect","operationParams":{"sink":"a640ad43-e1bf-47b9-9421-1b704dc4f1f0_kurento.MediaPipeline/49cc624f-4fbc-492c-8e6b-f8cd8388be95_kurento.WebRtcEndpoint"},"sessionId":"347df17b-27f3-4864-83bc-7651420f09e4"},"id":310}
