1:55:10.455847935 [332m   25[00m 0x7f3620001780 [37mDEBUG  [00m [00mKurentoWebSocketEventHandler WebSocketEventHandler.cpp:56:sendEvent:[00m Sending event: {"jsonrpc":"2.0","method":"onEvent","params":{"value":{"data":{"candidate":{"__module__":"kurento","__type__":"IceCandidate","candidate":"candidate:3 1 TCP 1010827519 172.20.0.9 10247 typ host tcptype passive","sdpMLineIndex":0,"sdpMid":"0"},"source":"a640ad43-e1bf-47b9-9421-1b704dc4f1f0_kurento.MediaPipeline/c0c8f7f1-7ee5-4502-a4df-9333855f91ea_kurento.WebRtcEndpoint","tags":[],"timestamp":"1592284873","timestampMillis":"1592284873808","type":"OnIceCandidate"},"object":"a640ad43-e1bf-47b9-9421-1b704dc4f1f0_kurento.MediaPipeline/c0c8f7f1-7ee5-4502-a4df-9333855f91ea_kurento.WebRtcEndpoint","type":"OnIceCandidate"}}}, sessionId: 347df17b-27f3-4864-83bc-7651420f09e4
1:55:10.455975087 [332m   25[00m 0x7f3620001780 [37mDEBUG  [00m [00mKurentoWebSocketEventHandler WebSocketEventHandler.cpp:56:sendEvent:[00m Sending event: {"jsonrpc":"2.0","method":"onEvent","params":{"value":{"data":{"candidate":{"__module__":"kurento","__type__":"IceCandidate","candidate":"candidate:3 1 TCP 1010827519 172.20.0.9 10247 typ host tcptype passive","sdpMLineIndex":1,"sdpMid":"1"},"source":"a640ad43-e1bf-47b9-9421-1b704dc4f1f0_kurento.MediaPipeline/c0c8f7f1-7ee5-4502-a4df-9333855f91ea_kurento.WebRtcEndpoint","tags":[],"timestamp":"1592284873","timestampMillis":"1592284873808","type":"OnIceCandidate"},"object":"a640ad43-e1bf-47b9-9421-1b704dc4f1f0_kurento.MediaPipeline/c0c8f7f1-7ee5-4502-a4df-9333855f91ea_kurento.WebRtcEndpoint","type":"OnIceCandidate"}}}, sessionId: 347df17b-27f3-4864-83bc-7651420f09e4
1:55:10.456291867 [332m   25[00m 0x7f3620001780 [37mDEBUG  [00m [00mKurentoWebSocketEventHandler WebSocketEventHandler.cpp:56:sendEvent:[00m Sending event: {"jsonrpc":"2.0","method":"onEvent","params":{"value":{"data":{"candidate":{"__module__":"kurento","__type__":"IceCandidate","candidate":"candidate:3 1 TCP 1010827519 172.20.0.9 10247 typ host tcptype passive","sdpMLineIndex":2,"sdpMid":"2"},"source":"a640ad43-e1bf-47b9-9421-1b704dc4f1f0_kurento.MediaPipeline/c0c8f7f1-7ee5-4502-a4df-9333855f91ea_kurento.WebRtcEndpoint","tags":[],"timestamp":"1592284873","timestampMillis":"1592284873808","type":"OnIceCandidate"},"object":"a640ad43-e1bf-47b9-9421-1b704dc4f1f0_kurento.MediaPipeline/c0c8f7f1-7ee5-4502-a4df-9333855f91ea_kurento.WebRtcEndpoint","type":"OnIceCandidate"}}}, sessionId: 347df17b-27f3-4864-83bc-7651420f09e4
1:55:10.456392634 [332m   25[00m 0x7f3620001780 [37mDEBUG  [00m [00mKurentoWebSocketEventHandler WebSocketEventHandler.cpp:56:sendEvent:[00m Sending event: {"jsonrpc":"2.0","method":"onEvent","params":{"value":{"data":{"candidate":{"__module__":"kurento","__type__":"IceCandidate","candidate":"candidate:1 2 UDP 2013266430 172.20.0.9 10211 typ host","sdpMLineIndex":0,"sdpMid":"0"},"source":"a640ad43-e1bf-47b9-9421-1b704dc4f1f0_kurento.MediaPipeline/c0c8f7f1-7ee5-4502-a4df-9333855f91ea_kurento.WebRtcEndpoint","tags":[],"timestamp":"1592284873","timestampMillis":"1592284873808","type":"OnIceCandidate"},"object":"a640ad43-e1bf-47b9-9421-1b704dc4f1f0_kurento.MediaPipeline/c0c8f7f1-7ee5-4502-a4df-9333855f91ea_kurento.WebRtcEndpoint","type":"OnIceCandidate"}}}, sessionId: 347df17b-27f3-4864-83bc-7651420f09e4
1:55:10.456488643 [332m   25[00m 0x7f3620001780 [37mDEBUG  [00m [00mKurentoWebSocketEventHandler WebSocketEventHandler.cpp:56:sendEvent:[00m Sending event: {"jsonrpc":"2.0","method":"onEvent","params":{"value":{"data":{"candidate":{"__module__":"kurento","__type__":"IceCandidate","candidate":"candidate:1 2 UDP 2013266430 172.20.0.9 10211 typ host","sdpMLineIndex":1,"sdpMid":"1"},"source":"a640ad43-e1bf-47b9-9421-1b704dc4f1f0_kurento.MediaPipeline/c0c8f7f1-7ee5-4502-a4df-9333855f91ea_kurento.WebRtcEndpoint","tags":[],"timestamp":"1592284873","timestampMillis":"1592284873808","type":"OnIceCandidate"},"object":"a640ad43-e1bf-47b9-9421-1b704dc4f1f0_kurento.MediaPipeline/c0c8f7f1-7ee5-4502-a4df-9333855f91ea_kurento.WebRtcEndpoint","type":"OnIceCandidate"}}}, sessionId: 347df17b-27f3-4864-83bc-7651420f09e4
1:55:10.456597800 [332m   25[00m 0x7f3620001780 [37mDEBUG  [00m [00mKurentoWebSocketEventHandler WebSocketEventHandler.cpp:56:sendEvent:[00m Sending event: {"jsonrpc":"2.0","method":"onEvent","params":{"value":{"data":{"candidate":{"__module__":"kurento","__type__":"IceCandidate","candidate":"candidate:1 2 UDP 2013266430 172.20.0.9 10211 typ host","sdpMLineIndex":2,"sdpMid":"2"},"source":"a640ad43-e1bf-47b9-9421-1b704dc4f1f0_kurento.MediaPipeline/c0c8f7f1-7ee5-4502-a4df-9333855f91ea_kurento.WebRtcEndpoint","tags":[],"timestamp":"1592284873","timestampMillis":"1592284873808","type":"OnIceCandidate"},"object":"a640ad43-e1bf-47b9-9421-1b704dc4f1f0_kurento.MediaPipeline/c0c8f7f1-7ee5-4502-a4df-9333855f91ea_kurento.WebRtcEndpoint","type":"OnIceCandidate"}}}, sessionId: 347df17b-27f3-4864-83bc-7651420f09e4
1:55:10.456701769 [332m   25[00m 0x7f3620001780 [37mDEBUG  [00m [00mKurentoWebSocketEventHandler WebSocketEventHandler.cpp:56:sendEvent:[00m Sending event: {"jsonrpc":"2.0","method":"onEvent","params":{"value":{"data":{"candidate":{"__module__":"kurento","__type__":"IceCandidate","candidate":"candidate:2 2 TCP 1015021822 172.20.0.9 9 typ host tcptype active","sdpMLineIndex":0,"sdpMid":"0"},"source":"a640ad43-e1bf-47b9-9421-1b704dc4f1f0_kurento.MediaPipeline/c0c8f7f1-7ee5-4502-a4df-9333855f91ea_kurento.WebRtcEndpoint","tags":[],"timestamp":"1592284873","timestampMillis":"1592284873809","type":"OnIceCandidate"},"object":"a640ad43-e1bf-47b9-9421-1b704dc4f1f0_kurento.MediaPipeline/c0c8f7f1-7ee5-4502-a4df-9333855f91ea_kurento.WebRtcEndpoint","type":"OnIceCandidate"}}}, sessionId: 347df17b-27f3-4864-83bc-7651420f09e4
1:55:10.456796936 [332m   25[00m 0x7f3620001780 [37mDEBUG  [00m [00mKurentoWebSocketEventHandler WebSocketEventHandler.cpp:56:sendEvent:[00m Sending event: {"jsonrpc":"2.0","method":"onEvent","params":{"value":{"data":{"candidate":{"__module__":"kurento","__type__":"IceCandidate","candidate":"candidate:2 2 TCP 1015021822 172.20.0.9 9 typ host tcptype active","sdpMLineIndex":1,"sdpMid":"1"},"source":"a640ad43-e1bf-47b9-9421-1b704dc4f1f0_kurento.MediaPipeline/c0c8f7f1-7ee5-4502-a4df-9333855f91ea_kurento.WebRtcEndpoint","tags":[],"timestamp":"1592284873","timestampMillis":"1592284873809","type":"OnIceCandidate"},"object":"a640ad43-e1bf-47b9-9421-1b704dc4f1f0_kurento.MediaPipeline/c0c8f7f1-7ee5-4502-a4df-9333855f91ea_kurento.WebRtcEndpoint","type":"OnIceCandidate"}}}, sessionId: 347df17b-27f3-4864-83bc-7651420f09e4
1:55:10.456895887 [332m   25[00m 0x7f3620001780 [37mDEBUG  [00m [00mKurentoWebSocketEventHandler WebSocketEventHandler.cpp:56:sendEvent:[00m Sending event: {"jsonrpc":"2.0","method":"onEvent","params":{"value":{"data":{"candidate":{"__module__":"kurento","__type__":"IceCandidate","candidate":"candidate:2 2 TCP 1015021822 172.20.0.9 9 typ host tcptype active","sdpMLineIndex":2,"sdpMid":"2"},"source":"a640ad43-e1bf-47b9-9421-1b704dc4f1f0_kurento.MediaPipeline/c0c8f7f1-7ee5-4502-a4df-9333855f91ea_kurento.WebRtcEndpoint","tags":[],"timestamp":"1592284873","timestampMillis":"1592284873809","type":"OnIceCandidate"},"object":"a640ad43-e1bf-47b9-9421-1b704dc4f1f0_kurento.MediaPipeline/c0c8f7f1-7ee5-4502-a4df-9333855f91ea_kurento.WebRtcEndpoint","type":"OnIceCandidate"}}}, sessionId: 347df17b-27f3-4864-83bc-7651420f09e4
1:55:10.456950861 [332m   25[00m 0x7f3680001810 [37mDEBUG  [00m [00mKurentoWebSocketTransport WebSocketTransport.cpp:462:processMessage:[00m Response: {"id":224,"jsonrpc":"2.0","result":{"sessionId":"347df17b-27f3-4864-83bc-7651420f09e4","value":null}}
1:55:10.456994269 [332m   25[00m 0x7f3620001780 [37mDEBUG  [00m [00mKurentoWebSocketEventHandler WebSocketEventHandler.cpp:56:sendEvent:[00m Sending event: {"jsonrpc":"2.0","method":"onEvent","params":{"value":{"data":{"candidate":{"__module__":"kurento","__type__":"IceCandidate","candidate":"candidate:3 2 TCP 1010827518 172.20.0.9 10242 typ host tcptype passive","sdpMLineIndex":0,"sdpMid":"0"},"source":"a640ad43-e1bf-47b9-9421-1b704dc4f1f0_kurento.MediaPipeline/c0c8f7f1-7ee5-4502-a4df-9333855f91ea_kurento.WebRtcEndpoint","tags":[],"timestamp":"1592284873","timestampMillis":"1592284873809","type":"OnIceCandidate"},"object":"a640ad43-e1bf-47b9-9421-1b704dc4f1f0_kurento.MediaPipeline/c0c8f7f1-7ee5-4502-a4df-9333855f91ea_kurento.WebRtcEndpoint","type":"OnIceCandidate"}}}, sessionId: 347df17b-27f3-4864-83bc-7651420f09e4
1:55:10.457745310 [332m   25[00m 0x7f3680001810 [37mDEBUG  [00m [00mKurentoWebSocketTransport WebSocketTransport.cpp:460:processMessage:[00m Message: {"jsonrpc":"2.0","method":"invoke","params":{"object":"a640ad43-e1bf-47b9-9421-1b704dc4f1f0_kurento.MediaPipeline/c0c8f7f1-7ee5-4502-a4df-9333855f91ea_kurento.WebRtcEndpoint","operation":"addIceCandidate","operationParams":{"candidate":{"candidate":"candidate:3467446226 1 udp 2113937151 ba8c136d-af94-434f-adc5-f38b1b32136f.local 59141 typ host generation 0 ufrag 7Aj9 network-cost 999","sdpMid":"0","sdpMLineIndex":0,"__module__":"kurento","__type__":"IceCandidate"}},"sessionId":"347df17b-27f3-4864-83bc-7651420f09e4"},"id":225}
1:55:10.457750739 [332m   25[00m 0x7f3620001780 [37mDEBUG  [00m [00mKurentoWebSocketEventHandler WebSocketEventHandler.cpp:56:sendEvent:[00m Sending event: {"jsonrpc":"2.0","method":"onEvent","params":{"value":{"data":{"candidate":{"__module__":"kurento","__type__":"IceCandidate","candidate":"candidate:3 2 TCP 1010827518 172.20.0.9 10242 typ host tcptype passive","sdpMLineIndex":1,"sdpMid":"1"},"source":"a640ad43-e1bf-47b9-9421-1b704dc4f1f0_kurento.MediaPipeline/c0c8f7f1-7ee5-4502-a4df-9333855f91ea_kurento.WebRtcEndpoint","tags":[],"timestamp":"1592284873","timestampMillis":"1592284873809","type":"OnIceCandidate"},"object":"a640ad43-e1bf-47b9-9421-1b704dc4f1f0_kurento.MediaPipeline/c0c8f7f1-7ee5-4502-a4df-9333855f91ea_kurento.WebRtcEndpoint","type":"OnIceCandidate"}}}, sessionId: 347df17b-27f3-4864-83bc-7651420f09e4
1:55:10.457860294 [332m   25[00m 0x7f3620001780 [37mDEBUG  [00m [00mKurentoWebSocketEventHandler WebSocketEventHandler.cpp:56:sendEvent:[00m Sending event: {"jsonrpc":"2.0","method":"onEvent","params":{"value":{"data":{"candidate":{"__module__":"kurento","__type__":"IceCandidate","candidate":"candidate:3 2 TCP 1010827518 172.20.0.9 10242 typ host tcptype passive","sdpMLineIndex":2,"sdpMid":"2"},"source":"a640ad43-e1bf-47b9-9421-1b704dc4f1f0_kurento.MediaPipeline/c0c8f7f1-7ee5-4502-a4df-9333855f91ea_kurento.WebRtcEndpoint","tags":[],"timestamp":"1592284873","timestampMillis":"1592284873809","type":"OnIceCandidate"},"object":"a640ad43-e1bf-47b9-9421-1b704dc4f1f0_kurento.MediaPipeline/c0c8f7f1-7ee5-4502-a4df-9333855f91ea_kurento.WebRtcEndpoint","type":"OnIceCandidate"}}}, sessionId: 347df17b-27f3-4864-83bc-7651420f09e4
1:55:10.458072485 [332m   25[00m 0x7f3680001810 [37mDEBUG  [00m [00mKurentoWebSocketTransport WebSocketTransport.cpp:462:processMessage:[00m Response: {"error":{"code":40401,"data":{"type":"ICE_ADD_CANDIDATE_ERROR"},"message":"Error adding candidate"},"id":225,"jsonrpc":"2.0"}
1:55:10.458286048 [332m   25[00m 0x7f3680001810 [37mDEBUG  [00m [00mKurentoWebSocketTransport WebSocketTransport.cpp:460:processMessage:[00m Message: {"jsonrpc":"2.0","method":"invoke","params":{"object":"a640ad43-e1bf-47b9-9421-1b704dc4f1f0_kurento.MediaPipeline/c0c8f7f1-7ee5-4502-a4df-9333855f91ea_kurento.WebRtcEndpoint","operation":"addIceCandidate","operationParams":{"candidate":{"candidate":"candidate:3467446226 1 udp 2113937151 ba8c136d-af94-434f-adc5-f38b1b32136f.local 59143 typ host generation 0 ufrag 7Aj9 network-cost 999","sdpMid":"1","sdpMLineIndex":1,"__module__":"kurento","__type__":"IceCandidate"}},"sessionId":"347df17b-27f3-4864-83bc-7651420f09e4"},"id":226}
1:55:10.458533531 [332m   25[00m 0x7f3680001810 [37mDEBUG  [00m [00mKurentoWebSocketTransport WebSocketTransport.cpp:462:processMessage:[00m Response: {"error":{"code":40401,"data":{"type":"ICE_ADD_CANDIDATE_ERROR"},"message":"Error adding candidate"},"id":226,"jsonrpc":"2.0"}
1:55:10.458555536 [332m   25[00m 0x7f3680001810 [37mDEBUG  [00m [00mKurentoWebSocketTransport WebSocketTransport.cpp:460:processMessage:[00m Message: {"jsonrpc":"2.0","method":"invoke","params":{"object":"a640ad43-e1bf-47b9-9421-1b704dc4f1f0_kurento.MediaPipeline/c0c8f7f1-7ee5-4502-a4df-9333855f91ea_kurento.WebRtcEndpoint","operation":"addIceCandidate","operationParams":{"candidate":{"candidate":"candidate:3467446226 1 udp 2113937151 ba8c136d-af94-434f-adc5-f38b1b32136f.local 59145 typ host generation 0 ufrag 7Aj9 network-cost 999","sdpMid":"2","sdpMLineIndex":2,"__module__":"kurento","__type__":"IceCandidate"}},"sessionId":"347df17b-27f3-4864-83bc-7651420f09e4"},"id":227}
1:55:10.458787993 [332m   25[00m 0x7f3680001810 [37mDEBUG  [00m [00mKurentoWebSocketTransport WebSocketTransport.cpp:462:processMessage:[00m Response: {"error":{"code":40401,"data":{"type":"ICE_ADD_CANDIDATE_ERROR"},"message":"Error adding candidate"},"id":227,"jsonrpc":"2.0"}
1:55:10.458807812 [332m   25[00m 0x7f3680001810 [37mDEBUG  [00m [00mKurentoWebSocketTransport WebSocketTransport.cpp:460:processMessage:[00m Message: {"jsonrpc":"2.0","method":"invoke","params":{"object":"a640ad43-e1bf-47b9-9421-1b704dc4f1f0_kurento.MediaPipeline/4742738a-537b-4144-8c6a-59d5095bbe4b_datachannelexample.KmsSendData","operation":"connect","operationParams":{"sink":"a640ad43-e1bf-47b9-9421-1b704dc4f1f0_kurento.MediaPipeline/c0c8f7f1-7ee5-4502-a4df-9333855f91ea_kurento.WebRtcEndpoint"},"sessionId":"347df17b-27f3-4864-83bc-7651420f09e4"},"id":228}
1:55:10.458899982 [332m   25[00m 0x7f3680001810 [37mDEBUG  [00m [00mKurentoMediaElementImpl MediaElementImpl.cpp:902:connect:[00m Connecting a640ad43-e1bf-47b9-9421-1b704dc4f1f0_kurento.MediaPipeline/4742738a-537b-4144-8c6a-59d5095bbe4b_datachannelexample.KmsSendData -> a640ad43-e1bf-47b9-9421-1b704dc4f1f0_kurento.MediaPipeline/c0c8f7f1-7ee5-4502-a4df-9333855f91ea_kurento.WebRtcEndpoint params AUDIO default default
1:55:10.459043942 [332m   25[00m 0x7f3680001810 [37mDEBUG  [00m [00mKurentoMediaElementImpl MediaElementImpl.cpp:902:connect:[00m Connecting a640ad43-e1bf-47b9-9421-1b704dc4f1f0_kurento.MediaPipeline/4742738a-537b-4144-8c6a-59d5095bbe4b_datachannelexample.KmsSendData -> a640ad43-e1bf-47b9-9421-1b704dc4f1f0_kurento.MediaPipeline/c0c8f7f1-7ee5-4502-a4df-9333855f91ea_kurento.WebRtcEndpoint params VIDEO default default
1:55:10.459123558 [332m   25[00m 0x7f3680001810 [37mDEBUG  [00m [00mKurentoMediaElementImpl MediaElementImpl.cpp:902:connect:[00m Connecting a640ad43-e1bf-47b9-9421-1b704dc4f1f0_kurento.MediaPipeline/4742738a-537b-4144-8c6a-59d5095bbe4b_datachannelexample.KmsSendData -> a640ad43-e1bf-47b9-9421-1b704dc4f1f0_kurento.MediaPipeline/c0c8f7f1-7ee5-4502-a4df-9333855f91ea_kurento.WebRtcEndpoint params DATA default default
1:55:10.459251780 [332m   25[00m 0x7f3680001810 [37mDEBUG  [00m [00mKurentoWebSocketTransport WebSocketTransport.cpp:462:processMessage:[00m Response: {"id":228,"jsonrpc":"2.0","result":{"sessionId":"347df17b-27f3-4864-83bc-7651420f09e4","value":null}}
1:55:10.554758152 [332m   25[00m 0x7f3620001780 [37mDEBUG  [00m [00mKurentoWebSocketEventHandler WebSocketEventHandler.cpp:56:sendEvent:[00m Sending event: {"jsonrpc":"2.0","method":"onEvent","params":{"value":{"data":{"candidate":{"__module__":"kurento","__type__":"IceCandidate","candidate":"candidate:4 1 UDP 1677722111 203.151.20.94 10266 typ srflx raddr 172.20.0.9 rport 10266","sdpMLineIndex":0,"sdpMid":"0"},"source":"a640ad43-e1bf-47b9-9421-1b704dc4f1f0_kurento.MediaPipeline/c0c8f7f1-7ee5-4502-a4df-9333855f91ea_kurento.WebRtcEndpoint","tags":[],"timestamp":"1592284873","timestampMillis":"1592284873907","type":"OnIceCandidate"},"object":"a640ad43-e1bf-47b9-9421-1b704dc4f1f0_kurento.MediaPipeline/c0c8f7f1-7ee5-4502-a4df-9333855f91ea_kurento.WebRtcEndpoint","type":"OnIceCandidate"}}}, sessionId: 347df17b-27f3-4864-83bc-7651420f09e4
1:55:10.554906841 [332m   25[00m 0x7f3620001780 [37mDEBUG  [00m [00mKurentoWebSocketEventHandler WebSocketEventHandler.cpp:56:sendEvent:[00m Sending event: {"jsonrpc":"2.0","method":"onEvent","params":{"value":{"data":{"candidate":{"__module__":"kurento","__type__":"IceCandidate","candidate":"candidate:4 1 UDP 1677722111 203.151.20.94 10266 typ srflx raddr 172.20.0.9 rport 10266","sdpMLineIndex":1,"sdpMid":"1"},"source":"a640ad43-e1bf-47b9-9421-1b704dc4f1f0_kurento.MediaPipeline/c0c8f7f1-7ee5-4502-a4df-9333855f91ea_kurento.WebRtcEndpoint","tags":[],"timestamp":"1592284873","timestampMillis":"1592284873907","type":"OnIceCandidate"},"object":"a640ad43-e1bf-47b9-9421-1b704dc4f1f0_kurento.MediaPipeline/c0c8f7f1-7ee5-4502-a4df-9333855f91ea_kurento.WebRtcEndpoint","type":"OnIceCandidate"}}}, sessionId: 347df17b-27f3-4864-83bc-7651420f09e4
1:55:10.555027963 [332m   25[00m 0x7f3620001780 [37mDEBUG  [00m [00mKurentoWebSocketEventHandler WebSocketEventHandler.cpp:56:sendEvent:[00m Sending event: {"jsonrpc":"2.0","method":"onEvent","params":{"value":{"data":{"candidate":{"__module__":"kurento","__type__":"IceCandidate","candidate":"candidate:4 1 UDP 1677722111 203.151.20.94 10266 typ srflx raddr 172.20.0.9 rport 10266","sdpMLineIndex":2,"sdpMid":"2"},"source":"a640ad43-e1bf-47b9-9421-1b704dc4f1f0_kurento.MediaPipeline/c0c8f7f1-7ee5-4502-a4df-9333855f91ea_kurento.WebRtcEndpoint","tags":[],"timestamp":"1592284873","timestampMillis":"1592284873907","type":"OnIceCandidate"},"object":"a640ad43-e1bf-47b9-9421-1b704dc4f1f0_kurento.MediaPipeline/c0c8f7f1-7ee5-4502-a4df-9333855f91ea_kurento.WebRtcEndpoint","type":"OnIceCandidate"}}}, sessionId: 347df17b-27f3-4864-83bc-7651420f09e4
1:55:10.555135007 [332m   25[00m 0x7f3620001780 [37mDEBUG  [00m [00mKurentoWebSocketEventHandler WebSocketEventHandler.cpp:56:sendEvent:[00m Sending event: {"jsonrpc":"2.0","method":"onEvent","params":{"value":{"data":{"candidate":{"__module__":"kurento","__type__":"IceCandidate","candidate":"candidate:5 1 TCP 847249663 203.151.20.94 9 typ srflx raddr 172.20.0.9 rport 9 tcptype active","sdpMLineIndex":0,"sdpMid":"0"},"source":"a640ad43-e1bf-47b9-9421-1b704dc4f1f0_kurento.MediaPipeline/c0c8f7f1-7ee5-4502-a4df-9333855f91ea_kurento.WebRtcEndpoint","tags":[],"timestamp":"1592284873","timestampMillis":"1592284873907","type":"OnIceCandidate"},"object":"a640ad43-e1bf-47b9-9421-1b704dc4f1f0_kurento.MediaPipeline/c0c8f7f1-7ee5-4502-a4df-9333855f91ea_kurento.WebRtcEndpoint","type":"OnIceCandidate"}}}, sessionId: 347df17b-27f3-4864-83bc-7651420f09e4
1:55:10.555417356 [332m   25[00m 0x7f3620001780 [37mDEBUG  [00m [00mKurentoWebSocketEventHandler WebSocketEventHandler.cpp:56:sendEvent:[00m Sending event: {"jsonrpc":"2.0","method":"onEvent","params":{"value":{"data":{"candidate":{"__module__":"kurento","__type__":"IceCandidate","candidate":"candidate:5 1 TCP 847249663 203.151.20.94 9 typ srflx raddr 172.20.0.9 rport 9 tcptype active","sdpMLineIndex":1,"sdpMid":"1"},"source":"a640ad43-e1bf-47b9-9421-1b704dc4f1f0_kurento.MediaPipeline/c0c8f7f1-7ee5-4502-a4df-9333855f91ea_kurento.WebRtcEndpoint","tags":[],"timestamp":"1592284873","timestampMillis":"1592284873907","type":"OnIceCandidate"},"object":"a640ad43-e1bf-47b9-9421-1b704dc4f1f0_kurento.MediaPipeline/c0c8f7f1-7ee5-4502-a4df-9333855f91ea_kurento.WebRtcEndpoint","type":"OnIceCandidate"}}}, sessionId: 347df17b-27f3-4864-83bc-7651420f09e4
1:55:10.555518403 [332m   25[00m 0x7f3620001780 [37mDEBUG  [00m [00mKurentoWebSocketEventHandler WebSocketEventHandler.cpp:56:sendEvent:[00m Sending event: {"jsonrpc":"2.0","method":"onEvent","params":{"value":{"data":{"candidate":{"__module__":"kurento","__type__":"IceCandidate","candidate":"candidate:5 1 TCP 847249663 203.151.20.94 9 typ srflx raddr 172.20.0.9 rport 9 tcptype active","sdpMLineIndex":2,"sdpMid":"2"},"source":"a640ad43-e1bf-47b9-9421-1b704dc4f1f0_kurento.MediaPipeline/c0c8f7f1-7ee5-4502-a4df-9333855f91ea_kurento.WebRtcEndpoint","tags":[],"timestamp":"1592284873","timestampMillis":"1592284873907","type":"OnIceCandidate"},"object":"a640ad43-e1bf-47b9-9421-1b704dc4f1f0_kurento.MediaPipeline/c0c8f7f1-7ee5-4502-a4df-9333855f91ea_kurento.WebRtcEndpoint","type":"OnIceCandidate"}}}, sessionId: 347df17b-27f3-4864-83bc-7651420f09e4
1:55:10.555621783 [332m   25[00m 0x7f3620001780 [37mDEBUG  [00m [00mKurentoWebSocketEventHandler WebSocketEventHandler.cpp:56:sendEvent:[00m Sending event: {"jsonrpc":"2.0","method":"onEvent","params":{"value":{"data":{"candidate":{"__module__":"kurento","__type__":"IceCandidate","candidate":"candidate:6 1 TCP 843055359 203.151.20.94 10247 typ srflx raddr 172.20.0.9 rport 10247 tcptype passive","sdpMLineIndex":0,"sdpMid":"0"},"source":"a640ad43-e1bf-47b9-9421-1b704dc4f1f0_kurento.MediaPipeline/c0c8f7f1-7ee5-4502-a4df-9333855f91ea_kurento.WebRtcEndpoint","tags":[],"timestamp":"1592284873","timestampMillis":"1592284873908","type":"OnIceCandidate"},"object":"a640ad43-e1bf-47b9-9421-1b704dc4f1f0_kurento.MediaPipeline/c0c8f7f1-7ee5-4502-a4df-9333855f91ea_kurento.WebRtcEndpoint","type":"OnIceCandidate"}}}, sessionId: 347df17b-27f3-4864-83bc-7651420f09e4
1:55:10.555725127 [332m   25[00m 0x7f3620001780 [37mDEBUG  [00m [00mKurentoWebSocketEventHandler WebSocketEventHandler.cpp:56:sendEvent:[00m Sending event: {"jsonrpc":"2.0","method":"onEvent","params":{"value":{"data":{"candidate":{"__module__":"kurento","__type__":"IceCandidate","candidate":"candidate:6 1 TCP 843055359 203.151.20.94 10247 typ srflx raddr 172.20.0.9 rport 10247 tcptype passive","sdpMLineIndex":1,"sdpMid":"1"},"source":"a640ad43-e1bf-47b9-9421-1b704dc4f1f0_kurento.MediaPipeline/c0c8f7f1-7ee5-4502-a4df-9333855f91ea_kurento.WebRtcEndpoint","tags":[],"timestamp":"1592284873","timestampMillis":"1592284873908","type":"OnIceCandidate"},"object":"a640ad43-e1bf-47b9-9421-1b704dc4f1f0_kurento.MediaPipeline/c0c8f7f1-7ee5-4502-a4df-9333855f91ea_kurento.WebRtcEndpoint","type":"OnIceCandidate"}}}, sessionId: 347df17b-27f3-4864-83bc-7651420f09e4
1:55:10.555824626 [332m   25[00m 0x7f3620001780 [37mDEBUG  [00m [00mKurentoWebSocketEventHandler WebSocketEventHandler.cpp:56:sendEvent:[00m Sending event: {"jsonrpc":"2.0","method":"onEvent","params":{"value":{"data":{"candidate":{"__module__":"kurento","__type__":"IceCandidate","candidate":"candidate:6 1 TCP 843055359 203.151.20.94 10247 typ srflx raddr 172.20.0.9 rport 10247 tcptype passive","sdpMLineIndex":2,"sdpMid":"2"},"source":"a640ad43-e1bf-47b9-9421-1b704dc4f1f0_kurento.MediaPipeline/c0c8f7f1-7ee5-4502-a4df-9333855f91ea_kurento.WebRtcEndpoint","tags":[],"timestamp":"1592284873","timestampMillis":"1592284873908","type":"OnIceCandidate"},"object":"a640ad43-e1bf-47b9-9421-1b704dc4f1f0_kurento.MediaPipeline/c0c8f7f1-7ee5-4502-a4df-9333855f91ea_kurento.WebRtcEndpoint","type":"OnIceCandidate"}}}, sessionId: 347df17b-27f3-4864-83bc-7651420f09e4
1:55:10.589015823 [332m   25[00m 0x7f367c001b20 [37mDEBUG  [00m [00mKurentoWebSocketTransport WebSocketTransport.cpp:460:processMessage:[00m Message: {"jsonrpc":"2.0","method":"invoke","params":{"object":"a640ad43-e1bf-47b9-9421-1b704dc4f1f0_kurento.MediaPipeline/c0c8f7f1-7ee5-4502-a4df-9333855f91ea_kurento.WebRtcEndpoint","operation":"addIceCandidate","operationParams":{"candidate":{"candidate":"candidate:842163049 1 udp 1677729535 49.230.73.26 59141 typ srflx raddr 0.0.0.0 rport 0 generation 0 ufrag 7Aj9 network-cost 999","sdpMid":"0","sdpMLineIndex":0,"__module__":"kurento","__type__":"IceCandidate"}},"sessionId":"347df17b-27f3-4864-83bc-7651420f09e4"},"id":229}
1:55:10.589876332 [332m   25[00m 0x7f367c001b20 [37mDEBUG  [00m [00mKurentoWebSocketTransport WebSocketTransport.cpp:462:processMessage:[00m Response: {"id":229,"jsonrpc":"2.0","result":{"sessionId":"347df17b-27f3-4864-83bc-7651420f09e4","value":null}}
1:55:10.637933370 [332m   25[00m 0x7f359c003540 [37mDEBUG  [00m [00mKurentoWebRtcEndpointImpl WebRtcEndpointImpl.cpp:292:newSelectedPairFull:<kmswebrtcendpoint7>[00m New candidate pair selected, local: 'candidate:4 1 UDP 1677722111 203.151.20.94 10266 typ srflx raddr 172.20.0.9 rport 10266', remote: 'candidate:842163049 1 UDP 1677729535 49.230.73.26 59141 typ srflx', stream_id: '1', component_id: 1
1:55:11.558679814 [332m   25[00m 0x7f35d4005630 [37mDEBUG  [00m [00mKurentoMediaElementImpl MediaElementImpl.cpp:492:mediaFlowInStateChange:<kmswebrtcendpoint7>[00m MediaFlowInStateChange: FLOWING, pad: 'default', type: 'audio'
1:55:11.567267443 [332m   25[00m 0x7f35f82954a0 [37mDEBUG  [00m [00mKurentoMediaElementImpl MediaElementImpl.cpp:492:mediaFlowInStateChange:<kmswebrtcendpoint7>[00m MediaFlowInStateChange: FLOWING, pad: 'default', type: 'video'
1:55:43.587276667 [332m   25[00m 0x7f3680001810 [37mDEBUG  [00m [00mKurentoWebSocketTransport WebSocketTransport.cpp:460:processMessage:[00m Message: {"jsonrpc":"2.0","method":"release","params":{"object":"a640ad43-e1bf-47b9-9421-1b704dc4f1f0_kurento.MediaPipeline/36929a8d-649e-4df0-8d31-02047c8327db_kurento.WebRtcEndpoint","sessionId":"347df17b-27f3-4864-83bc-7651420f09e4"},"id":230}
1:55:43.587601615 [332m   25[00m 0x7f3680001810 [37mDEBUG  [00m [00mKurentoWebSocketTransport WebSocketTransport.cpp:462:processMessage:[00m Response: {"id":230,"jsonrpc":"2.0","result":{"sessionId":"347df17b-27f3-4864-83bc-7651420f09e4"}}
1:55:43.587604351 [332m   25[00m 0x7f36b4001840 [37mDEBUG  [00m [00mKurentoMediaElementImpl MediaElementImpl.cpp:1028:disconnect:[00m Disconnecting a640ad43-e1bf-47b9-9421-1b704dc4f1f0_kurento.MediaPipeline/36929a8d-649e-4df0-8d31-02047c8327db_kurento.WebRtcEndpoint - a640ad43-e1bf-47b9-9421-1b704dc4f1f0_kurento.MediaPipeline/4742738a-537b-4144-8c6a-59d5095bbe4b_datachannelexample.KmsSendData params AUDIO default default
1:55:43.588705292 [332m   25[00m 0x7f36b4001840 [37mDEBUG  [00m [00mKurentoMediaElementImpl MediaElementImpl.cpp:1028:disconnect:[00m Disconnecting a640ad43-e1bf-47b9-9421-1b704dc4f1f0_kurento.MediaPipeline/36929a8d-649e-4df0-8d31-02047c8327db_kurento.WebRtcEndpoint - a640ad43-e1bf-47b9-9421-1b704dc4f1f0_kurento.MediaPipeline/4742738a-537b-4144-8c6a-59d5095bbe4b_datachannelexample.KmsSendData params DATA default default
1:55:43.588757226 [332m   25[00m 0x7f36b4001840 [37mDEBUG  [00m [00mKurentoMediaElementImpl MediaElementImpl.cpp:1028:disconnect:[00m Disconnecting a640ad43-e1bf-47b9-9421-1b704dc4f1f0_kurento.MediaPipeline/36929a8d-649e-4df0-8d31-02047c8327db_kurento.WebRtcEndpoint - a640ad43-e1bf-47b9-9421-1b704dc4f1f0_kurento.MediaPipeline/4742738a-537b-4144-8c6a-59d5095bbe4b_datachannelexample.KmsSendData params VIDEO default default
1:55:43.592205820 [332m   25[00m 0x7f3678002b00 [37mDEBUG  [00m [00mKurentoWebSocketTransport WebSocketTransport.cpp:460:processMessage:[00m Message: {"jsonrpc":"2.0","method":"unsubscribe","params":{"object":"a640ad43-e1bf-47b9-9421-1b704dc4f1f0_kurento.MediaPipeline/36929a8d-649e-4df0-8d31-02047c8327db_kurento.WebRtcEndpoint","subscription":"17f1926b-34c2-435d-9857-df01661e9e1c","sessionId":"347df17b-27f3-4864-83bc-7651420f09e4"},"id":231}
1:55:43.592662958 [332m   25[00m 0x7f3678002b00 [37mDEBUG  [00m [00mKurentoWebSocketTransport WebSocketTransport.cpp:462:processMessage:[00m Response: {"id":231,"jsonrpc":"2.0","result":{"sessionId":"347df17b-27f3-4864-83bc-7651420f09e4"}}
1:55:43.592772801 [332m   25[00m 0x7f3678002b00 [37mDEBUG  [00m [00mKurentoWebSocketTransport WebSocketTransport.cpp:460:processMessage:[00m Message: {"jsonrpc":"2.0","method":"unsubscribe","params":{"object":"a640ad43-e1bf-47b9-9421-1b704dc4f1f0_kurento.MediaPipeline/36929a8d-649e-4df0-8d31-02047c8327db_kurento.WebRtcEndpoint","subscription":"750562e0-b82a-47fe-a9f2-f7ca763839ba","sessionId":"347df17b-27f3-4864-83bc-7651420f09e4"},"id":232}
1:55:43.592918376 [332m   25[00m 0x7f3678002b00 [37mDEBUG  [00m [00mKurentoWebSocketTransport WebSocketTransport.cpp:462:processMessage:[00m Response: {"id":232,"jsonrpc":"2.0","result":{"sessionId":"347df17b-27f3-4864-83bc-7651420f09e4"}}
1:55:43.601922499 [332m   25[00m 0x7f36b4001840 [37mDEBUG  [00m [00m     KurentoMediaSet MediaSet.cpp:470:async_delete:[00m Destroying WebRtcEndpoint -> a640ad43-e1bf-47b9-9421-1b704dc4f1f0_kurento.MediaPipeline/36929a8d-649e-4df0-8d31-02047c8327db_kurento.WebRtcEndpoint
1:55:45.562546551 [332m   25[00m 0x7f3668006280 [37mDEBUG  [00m [00mKurentoMediaElementImpl MediaElementImpl.cpp:496:mediaFlowInStateChange:<kmswebrtcendpoint7>[00m MediaFlowInStateChange: NOT FLOWING, pad: 'default', type: 'audio'
1:55:46.789161061 [332m   25[00m 0x7f3668006280 [37mDEBUG  [00m [00mKurentoMediaElementImpl MediaElementImpl.cpp:464:mediaFlowOutStateChange:<kmssenddata0>[00m MediaFlowOutStateChange: NOT FLOWING, pad: 'default', type: 'video'
1:55:46.789213802 [332m   25[00m 0x7f3668006280 [37mDEBUG  [00m [00mKurentoMediaElementImpl MediaElementImpl.cpp:496:mediaFlowInStateChange:<kmssenddata0>[00m MediaFlowInStateChange: NOT FLOWING, pad: 'default', type: 'video'
1:55:46.789239967 [332m   25[00m 0x7f3668006280 [37mDEBUG  [00m [00mKurentoMediaElementImpl MediaElementImpl.cpp:464:mediaFlowOutStateChange:<kmssenddata0>[00m MediaFlowOutStateChange: NOT FLOWING, pad: 'default', type: 'audio'
1:55:46.789255960 [332m   25[00m 0x7f3668006280 [37mDEBUG  [00m [00mKurentoMediaElementImpl MediaElementImpl.cpp:496:mediaFlowInStateChange:<kmssenddata0>[00m MediaFlowInStateChange: NOT FLOWING, pad: 'default', type: 'audio'
1:55:46.789271856 [332m   25[00m 0x7f3668006280 [37mDEBUG  [00m [00mKurentoMediaElementImpl MediaElementImpl.cpp:496:mediaFlowInStateChange:<kmsrecorderendpoint0>[00m MediaFlowInStateChange: NOT FLOWING, pad: 'default', type: 'audio'
1:55:46.789287659 [332m   25[00m 0x7f3668006280 [37mDEBUG  [00m [00mKurentoMediaElementImpl MediaElementImpl.cpp:496:mediaFlowInStateChange:<kmsrecorderendpoint0>[00m MediaFlowInStateChange: NOT FLOWING, pad: 'default', type: 'video'
1:55:46.789304410 [332m   25[00m 0x7f3668006280 [37mDEBUG  [00m [00mKurentoMediaElementImpl MediaElementImpl.cpp:496:mediaFlowInStateChange:<kmswebrtcendpoint6>[00m MediaFlowInStateChange: NOT FLOWING, pad: 'default', type: 'video'
1:55:46.789328054 [332m   25[00m 0x7f3668006280 [37mDEBUG  [00m [00mKurentoMediaElementImpl MediaElementImpl.cpp:496:mediaFlowInStateChange:<kmswebrtcendpoint6>[00m MediaFlowInStateChange: NOT FLOWING, pad: 'default', type: 'audio'
1:55:47.564193931 [332m   25[00m 0x7f3668006280 [37mDEBUG  [00m [00mKurentoMediaElementImpl MediaElementImpl.cpp:496:mediaFlowInStateChange:<kmswebrtcendpoint7>[00m MediaFlowInStateChange: NOT FLOWING, pad: 'default', type: 'video'
1:56:00.447607884 [332m   25[00m 0x7f35f0036350 [37mDEBUG  [00m [00m     KurentoMediaSet MediaSet.cpp:123:doGarbageCollection:[00m Running garbage collector
1:56:00.476072801 [332m   25[00m 0x7f35f0026980 [36mINFO   [00m [00mKurentoWebSocketTransport WebSocketTransport.cpp:296:keepAliveSessions:[00m Keep alive 347df17b-27f3-4864-83bc-7651420f09e4
1:56:01.298720605 [332m   25[00m 0x7f3648001f60 [37mDEBUG  [00m [00mKurentoWebSocketTransport WebSocketTransport.cpp:460:processMessage:[00m Message: {"jsonrpc":"2.0","method":"ping","id":233}
1:56:01.299039166 [332m   25[00m 0x7f3648001f60 [36mINFO   [00m [00mKurentoServerMethods ServerMethods.cpp:814:ping:[00m WebSocket Ping/Pong with sessionId 347df17b-27f3-4864-83bc-7651420f09e4
1:56:01.299175961 [332m   25[00m 0x7f3648001f60 [37mDEBUG  [00m [00mKurentoWebSocketTransport WebSocketTransport.cpp:462:processMessage:[00m Response: {"id":233,"jsonrpc":"2.0","result":{"sessionId":"347df17b-27f3-4864-83bc-7651420f09e4","value":"pong"}}
1:57:00.476261680 [332m   25[00m 0x7f35f0026980 [36mINFO   [00m [00mKurentoWebSocketTransport WebSocketTransport.cpp:296:keepAliveSessions:[00m Keep alive 347df17b-27f3-4864-83bc-7651420f09e4
1:57:01.305493456 [332m   25[00m 0x7f3674001c60 [37mDEBUG  [00m [00mKurentoWebSocketTransport WebSocketTransport.cpp:460:processMessage:[00m Message: {"jsonrpc":"2.0","method":"ping","id":234}
1:57:01.305649879 [332m   25[00m 0x7f3674001c60 [36mINFO   [00m [00mKurentoServerMethods ServerMethods.cpp:814:ping:[00m WebSocket Ping/Pong with sessionId 347df17b-27f3-4864-83bc-7651420f09e4
1:57:01.305773869 [332m   25[00m 0x7f3674001c60 [37mDEBUG  [00m [00mKurentoWebSocketTransport WebSocketTransport.cpp:462:processMessage:[00m Response: {"id":234,"jsonrpc":"2.0","result":{"sessionId":"347df17b-27f3-4864-83bc-7651420f09e4","value":"pong"}}
1:58:00.476409599 [332m   25[00m 0x7f35f0026980 [36mINFO   [00m [00mKurentoWebSocketTransport WebSocketTransport.cpp:296:keepAliveSessions:[00m Keep alive 347df17b-27f3-4864-83bc-7651420f09e4
1:58:01.312570450 [332m   25[00m 0x7f3648001800 [37mDEBUG  [00m [00mKurentoWebSocketTransport WebSocketTransport.cpp:460:processMessage:[00m Message: {"jsonrpc":"2.0","method":"ping","id":235}
1:58:01.312733241 [332m   25[00m 0x7f3648001800 [36mINFO   [00m [00mKurentoServerMethods ServerMethods.cpp:814:ping:[00m WebSocket Ping/Pong with sessionId 347df17b-27f3-4864-83bc-7651420f09e4
1:58:01.313042064 [332m   25[00m 0x7f3648001800 [37mDEBUG  [00m [00mKurentoWebSocketTransport WebSocketTransport.cpp:462:processMessage:[00m Response: {"id":235,"jsonrpc":"2.0","result":{"sessionId":"347df17b-27f3-4864-83bc-7651420f09e4","value":"pong"}}
1:58:16.256393560 [332m   25[00m 0x7f367c001b20 [37mDEBUG  [00m [00mKurentoWebSocketTransport WebSocketTransport.cpp:460:processMessage:[00m Message: {"jsonrpc":"2.0","method":"create","params":{"type":"WebRtcEndpoint","constructorParams":{"mediaPipeline":"a640ad43-e1bf-47b9-9421-1b704dc4f1f0_kurento.MediaPipeline","useDataChannels":true},"properties":{},"sessionId":"347df17b-27f3-4864-83bc-7651420f09e4"},"id":236}
1:58:16.257928928 [332m   25[00m 0x7f367c001b20 [36mINFO   [00m [00mKurentoWebRtcEndpointImpl WebRtcEndpointImpl.cpp:96:remove_not_supported_codecs_from_array:<kmswebrtcendpoint8>[00m Removing not supported codec 'AMR/8000'
1:58:16.258023408 [332m   25[00m 0x7f367c001b20 [36mINFO   [00m [00mKurentoWebRtcEndpointImpl WebRtcEndpointImpl.cpp:465:WebRtcEndpointImpl:[00m Using STUN reflexive server IP: 203.183.172.196
1:58:16.258035945 [332m   25[00m 0x7f367c001b20 [36mINFO   [00m [00mKurentoWebRtcEndpointImpl WebRtcEndpointImpl.cpp:466:WebRtcEndpointImpl:[00m Using STUN reflexive server Port: 3478
1:58:16.258099172 [332m   25[00m 0x7f367c001b20 [36mINFO   [00m [00mKurentoWebRtcEndpointImpl WebRtcEndpointImpl.cpp:487:WebRtcEndpointImpl:[00m TURN server IP address not found in config; NAT traversal requires either STUN or TURN server
1:58:16.258622754 [332m   25[00m 0x7f367c001b20 [37mDEBUG  [00m [00mKurentoWebSocketTransport WebSocketTransport.cpp:462:processMessage:[00m Response: {"id":236,"jsonrpc":"2.0","result":{"sessionId":"347df17b-27f3-4864-83bc-7651420f09e4","value":"a640ad43-e1bf-47b9-9421-1b704dc4f1f0_kurento.MediaPipeline/032a5930-3e72-457f-9121-2f00a826ba2b_kurento.WebRtcEndpoint"}}
1:58:16.263859803 [332m   25[00m 0x7f3680001810 [37mDEBUG  [00m [00mKurentoWebSocketTransport WebSocketTransport.cpp:460:processMessage:[00m Message: {"jsonrpc":"2.0","method":"invoke","params":{"object":"a640ad43-e1bf-47b9-9421-1b704dc4f1f0_kurento.MediaPipeline/36929a8d-649e-4df0-8d31-02047c8327db_kurento.WebRtcEndpoint","operation":"addIceCandidate","operationParams":{"candidate":{"candidate":"candidate:0 1 UDP 2122252543 172.16.114.213 59698 typ host","sdpMid":"0","sdpMLineIndex":0,"__module__":"kurento","__type__":"IceCandidate"}},"sessionId":"347df17b-27f3-4864-83bc-7651420f09e4"},"id":237}
1:58:16.264200132 [332m   25[00m 0x7f3680001810 [37mDEBUG  [00m [00mKurentoWebSocketTransport WebSocketTransport.cpp:462:processMessage:[00m Response: {"error":{"code":40101,"data":{"type":"MEDIA_OBJECT_NOT_FOUND"},"message":"Object 'a640ad43-e1bf-47b9-9421-1b704dc4f1f0_kurento.MediaPipeline/36929a8d-649e-4df0-8d31-02047c8327db_kurento.WebRtcEndpoint' not found"},"id":237,"jsonrpc":"2.0"}
1:58:16.264699634 [332m   25[00m 0x7f368c007700 [37mDEBUG  [00m [00mKurentoWebSocketTransport WebSocketTransport.cpp:460:processMessage:[00m Message: {"jsonrpc":"2.0","method":"invoke","params":{"object":"a640ad43-e1bf-47b9-9421-1b704dc4f1f0_kurento.MediaPipeline/36929a8d-649e-4df0-8d31-02047c8327db_kurento.WebRtcEndpoint","operation":"addIceCandidate","operationParams":{"candidate":{"candidate":"candidate:3 1 TCP 2105524479 172.16.114.213 9 typ host tcptype active","sdpMid":"0","sdpMLineIndex":0,"__module__":"kurento","__type__":"IceCandidate"}},"sessionId":"347df17b-27f3-4864-83bc-7651420f09e4"},"id":238}
1:58:16.265287872 [332m   25[00m 0x7f368c007700 [37mDEBUG  [00m [00mKurentoWebSocketTransport WebSocketTransport.cpp:462:processMessage:[00m Response: {"error":{"code":40101,"data":{"type":"MEDIA_OBJECT_NOT_FOUND"},"message":"Object 'a640ad43-e1bf-47b9-9421-1b704dc4f1f0_kurento.MediaPipeline/36929a8d-649e-4df0-8d31-02047c8327db_kurento.WebRtcEndpoint' not found"},"id":238,"jsonrpc":"2.0"}
1:58:16.267505275 [332m   25[00m 0x7f3688001840 [37mDEBUG  [00m [00mKurentoWebSocketTransport WebSocketTransport.cpp:460:processMessage:[00m Message: {"jsonrpc":"2.0","method":"invoke","params":{"object":"a640ad43-e1bf-47b9-9421-1b704dc4f1f0_kurento.MediaPipeline/36929a8d-649e-4df0-8d31-02047c8327db_kurento.WebRtcEndpoint","operation":"addIceCandidate","operationParams":{"candidate":{"candidate":"candidate:0 2 UDP 2122252542 172.16.114.213 59699 typ host","sdpMid":"0","sdpMLineIndex":0,"__module__":"kurento","__type__":"IceCandidate"}},"sessionId":"347df17b-27f3-4864-83bc-7651420f09e4"},"id":239}
1:58:16.267803589 [332m   25[00m 0x7f3688001840 [37mDEBUG  [00m [00mKurentoWebSocketTransport WebSocketTransport.cpp:462:processMessage:[00m Response: {"error":{"code":40101,"data":{"type":"MEDIA_OBJECT_NOT_FOUND"},"message":"Object 'a640ad43-e1bf-47b9-9421-1b704dc4f1f0_kurento.MediaPipeline/36929a8d-649e-4df0-8d31-02047c8327db_kurento.WebRtcEndpoint' not found"},"id":239,"jsonrpc":"2.0"}
1:58:16.268560693 [332m   25[00m 0x7f3670001cc0 [37mDEBUG  [00m [00mKurentoWebSocketTransport WebSocketTransport.cpp:460:processMessage:[00m Message: {"jsonrpc":"2.0","method":"invoke","params":{"object":"a640ad43-e1bf-47b9-9421-1b704dc4f1f0_kurento.MediaPipeline/36929a8d-649e-4df0-8d31-02047c8327db_kurento.WebRtcEndpoint","operation":"addIceCandidate","operationParams":{"candidate":{"candidate":"candidate:3 2 TCP 2105524478 172.16.114.213 9 typ host tcptype active","sdpMid":"0","sdpMLineIndex":0,"__module__":"kurento","__type__":"IceCandidate"}},"sessionId":"347df17b-27f3-4864-83bc-7651420f09e4"},"id":240}
1:58:16.269369906 [332m   25[00m 0x7f3670001cc0 [37mDEBUG  [00m [00mKurentoWebSocketTransport WebSocketTransport.cpp:462:processMessage:[00m Response: {"error":{"code":40101,"data":{"type":"MEDIA_OBJECT_NOT_FOUND"},"message":"Object 'a640ad43-e1bf-47b9-9421-1b704dc4f1f0_kurento.MediaPipeline/36929a8d-649e-4df0-8d31-02047c8327db_kurento.WebRtcEndpoint' not found"},"id":240,"jsonrpc":"2.0"}
1:58:16.269853592 [332m   25[00m 0x7f3684002180 [37mDEBUG  [00m [00mKurentoWebSocketTransport WebSocketTransport.cpp:460:processMessage:[00m Message: {"jsonrpc":"2.0","method":"invoke","params":{"object":"a640ad43-e1bf-47b9-9421-1b704dc4f1f0_kurento.MediaPipeline/36929a8d-649e-4df0-8d31-02047c8327db_kurento.WebRtcEndpoint","operation":"addIceCandidate","operationParams":{"candidate":{"candidate":"candidate:0 1 UDP 2122252543 172.16.114.213 59700 typ host","sdpMid":"1","sdpMLineIndex":1,"__module__":"kurento","__type__":"IceCandidate"}},"sessionId":"347df17b-27f3-4864-83bc-7651420f09e4"},"id":241}
1:58:16.270117101 [332m   25[00m 0x7f3684002180 [37mDEBUG  [00m [00mKurentoWebSocketTransport WebSocketTransport.cpp:462:processMessage:[00m Response: {"error":{"code":40101,"data":{"type":"MEDIA_OBJECT_NOT_FOUND"},"message":"Object 'a640ad43-e1bf-47b9-9421-1b704dc4f1f0_kurento.MediaPipeline/36929a8d-649e-4df0-8d31-02047c8327db_kurento.WebRtcEndpoint' not found"},"id":241,"jsonrpc":"2.0"}
1:58:16.270674900 [332m   25[00m 0x7f3678002b00 [37mDEBUG  [00m [00mKurentoWebSocketTransport WebSocketTransport.cpp:460:processMessage:[00m Message: {"jsonrpc":"2.0","method":"invoke","params":{"object":"a640ad43-e1bf-47b9-9421-1b704dc4f1f0_kurento.MediaPipeline/36929a8d-649e-4df0-8d31-02047c8327db_kurento.WebRtcEndpoint","operation":"addIceCandidate","operationParams":{"candidate":{"candidate":"candidate:3 1 TCP 2105524479 172.16.114.213 9 typ host tcptype active","sdpMid":"1","sdpMLineIndex":1,"__module__":"kurento","__type__":"IceCandidate"}},"sessionId":"347df17b-27f3-4864-83bc-7651420f09e4"},"id":242}
1:58:16.270960106 [332m   25[00m 0x7f3678002b00 [37mDEBUG  [00m [00mKurentoWebSocketTransport WebSocketTransport.cpp:462:processMessage:[00m Response: {"error":{"code":40101,"data":{"type":"MEDIA_OBJECT_NOT_FOUND"},"message":"Object 'a640ad43-e1bf-47b9-9421-1b704dc4f1f0_kurento.MediaPipeline/36929a8d-649e-4df0-8d31-02047c8327db_kurento.WebRtcEndpoint' not found"},"id":242,"jsonrpc":"2.0"}
1:58:16.271665612 [332m   25[00m 0x7f3648001f60 [37mDEBUG  [00m [00mKurentoWebSocketTransport WebSocketTransport.cpp:460:processMessage:[00m Message: {"jsonrpc":"2.0","method":"invoke","params":{"object":"a640ad43-e1bf-47b9-9421-1b704dc4f1f0_kurento.MediaPipeline/36929a8d-649e-4df0-8d31-02047c8327db_kurento.WebRtcEndpoint","operation":"addIceCandidate","operationParams":{"candidate":{"candidate":"candidate:0 2 UDP 2122252542 172.16.114.213 54527 typ host","sdpMid":"1","sdpMLineIndex":1,"__module__":"kurento","__type__":"IceCandidate"}},"sessionId":"347df17b-27f3-4864-83bc-7651420f09e4"},"id":243}
1:58:16.271919928 [332m   25[00m 0x7f3648001f60 [37mDEBUG  [00m [00mKurentoWebSocketTransport WebSocketTransport.cpp:462:processMessage:[00m Response: {"error":{"code":40101,"data":{"type":"MEDIA_OBJECT_NOT_FOUND"},"message":"Object 'a640ad43-e1bf-47b9-9421-1b704dc4f1f0_kurento.MediaPipeline/36929a8d-649e-4df0-8d31-02047c8327db_kurento.WebRtcEndpoint' not found"},"id":243,"jsonrpc":"2.0"}
1:58:16.272709459 [332m   25[00m 0x7f3674001c60 [37mDEBUG  [00m [00mKurentoWebSocketTransport WebSocketTransport.cpp:460:processMessage:[00m Message: {"jsonrpc":"2.0","method":"invoke","params":{"object":"a640ad43-e1bf-47b9-9421-1b704dc4f1f0_kurento.MediaPipeline/36929a8d-649e-4df0-8d31-02047c8327db_kurento.WebRtcEndpoint","operation":"addIceCandidate","operationParams":{"candidate":{"candidate":"candidate:3 2 TCP 2105524478 172.16.114.213 9 typ host tcptype active","sdpMid":"1","sdpMLineIndex":1,"__module__":"kurento","__type__":"IceCandidate"}},"sessionId":"347df17b-27f3-4864-83bc-7651420f09e4"},"id":244}
1:58:16.273011557 [332m   25[00m 0x7f3674001c60 [37mDEBUG  [00m [00mKurentoWebSocketTransport WebSocketTransport.cpp:462:processMessage:[00m Response: {"error":{"code":40101,"data":{"type":"MEDIA_OBJECT_NOT_FOUND"},"message":"Object 'a640ad43-e1bf-47b9-9421-1b704dc4f1f0_kurento.MediaPipeline/36929a8d-649e-4df0-8d31-02047c8327db_kurento.WebRtcEndpoint' not found"},"id":244,"jsonrpc":"2.0"}
1:58:16.277911190 [332m   25[00m 0x7f3648001800 [37mDEBUG  [00m [00mKurentoWebSocketTransport WebSocketTransport.cpp:460:processMessage:[00m Message: {"jsonrpc":"2.0","method":"subscribe","params":{"object":"a640ad43-e1bf-47b9-9421-1b704dc4f1f0_kurento.MediaPipeline/032a5930-3e72-457f-9121-2f00a826ba2b_kurento.WebRtcEndpoint","type":"OnIceCandidate","sessionId":"347df17b-27f3-4864-83bc-7651420f09e4"},"id":245}
1:58:16.278176733 [332m   25[00m 0x7f3648001800 [37mDEBUG  [00m [00mKurentoWebSocketTransport WebSocketTransport.cpp:462:processMessage:[00m Response: {"id":245,"jsonrpc":"2.0","result":{"sessionId":"347df17b-27f3-4864-83bc-7651420f09e4","value":"416ac739-16b7-4963-a781-749de3803ad3"}}
1:58:16.278831839 [332m   25[00m 0x7f3648001800 [37mDEBUG  [00m [00mKurentoWebSocketTransport WebSocketTransport.cpp:460:processMessage:[00m Message: {"jsonrpc":"2.0","method":"invoke","params":{"object":"a640ad43-e1bf-47b9-9421-1b704dc4f1f0_kurento.MediaPipeline/032a5930-3e72-457f-9121-2f00a826ba2b_kurento.WebRtcEndpoint","operation":"processOffer","operationParams":{"offer":"v=0\r\no=mozilla...THIS_IS_SDPARTA-66.0.2 1541559096885798050 0 IN IP4 0.0.0.0\r\ns=-\r\nt=0 0\r\na=sendrecv\r\na=fingerprint:sha-256 9D:81:65:36:CA:BA:01:4F:D4:79:35:3D:95:03:22:D7:89:E0:81:FE:2C:AB:AD:8A:09:D5:3F:11:58:3A:14:6E\r\na=group:BUNDLE 0 1\r\na=ice-options:trickle\r\na=msid-semantic:WMS *\r\nm=audio 9 UDP/TLS/RTP/SAVPF 109 9 0 8 101\r\nc=IN IP4 0.0.0.0\r\na=sendonly\r\na=extmap:1 urn:ietf:params:rtp-hdrext:ssrc-audio-level\r\na=extmap:2/recvonly urn:ietf:params:rtp-hdrext:csrc-audio-level\r\na=extmap:3 urn:ietf:params:rtp-hdrext:sdes:mid\r\na=fmtp:109 maxplaybackrate=48000;stereo=1;useinbandfec=1\r\na=fmtp:101 0-15\r\na=ice-pwd:24576a11b10bc669f41cdc84c7d7559d\r\na=ice-ufrag:c37798e2\r\na=mid:0\r\na=msid:{841c91bd-074d-410f-9de1-c5595efbccf3} {b12c10ed-6832-4a60-8811-79199712be9e}\r\na=rtcp-mux\r\na=rtpmap:109 opus/48000/2\r\na=rtpmap:9 G722/8000/1\r\na=rtpmap:0 PCMU/8000\r\na=rtpmap:8 PCMA/8000\r\na=rtpmap:101 telephone-event/8000\r\na=setup:actpass\r\na=ssrc:1138784821 cname:{cdafe521-a4a9-4ce4-9426-de1a0c978dcb}\r\nm=video 9 UDP/TLS/RTP/SAVPF 120 121 126 97\r\nc=IN IP4 0.0.0.0\r\na=sendonly\r\na=extmap:3 urn:ietf:params:rtp-hdrext:sdes:mid\r\na=extmap:4 http://www.webrtc.org/experiments/rtp-hdrext/abs-send-time\r\na=extmap:5 urn:ietf:params:rtp-hdrext:toffset\r\na=fmtp:126 profile-level-id=42e01f;level-asymmetry-allowed=1;packetization-mode=1\r\na=fmtp:97 profile-level-id=42e01f;level-asymmetry-allowed=1\r\na=fmtp:120 max-fs=12288;max-fr=60\r\na=fmtp:121 max-fs=12288;max-fr=60\r\na=ice-pwd:24576a11b10bc669f41cdc84c7d7559d\r\na=ice-ufrag:c37798e2\r\na=mid:1\r\na=msid:{841c91bd-074d-410f-9de1-c5595efbccf3} {3acef8b0-2c7e-4697-8588-e845698e3b0c}\r\na=rtcp-fb:120 nack\r\na=rtcp-fb:120 nack pli\r\na=rtcp-fb:120 ccm fir\r\na=rtcp-fb:120 goog-remb\r\na=rtcp-fb:121 nack\r\na=rtcp-fb:121 nack pli\r\na=rtcp-fb:121 ccm fir\r\na=rtcp-fb:121 goog-remb\r\na=rtcp-fb:126 nack\r\na=rtcp-fb:126 nack pli\r\na=rtcp-fb:126 ccm fir\r\na=rtcp-fb:126 goog-remb\r\na=rtcp-fb:97 nack\r\na=rtcp-fb:97 nack pli\r\na=rtcp-fb:97 ccm fir\r\na=rtcp-fb:97 goog-remb\r\na=rtcp-mux\r\na=rtpmap:120 VP8/90000\r\na=rtpmap:121 VP9/90000\r\na=rtpmap:126 H264/90000\r\na=rtpmap:97 H264/90000\r\na=setup:actpass\r\na=ssrc:2706488341 cname:{cdafe521-a4a9-4ce4-9426-de1a0c978dcb}\r\n"},"sessionId":"347df17b-27f3-4864-83bc-7651420f09e4"},"id":246}
1:58:16.288995584 [332m   25[00m 0x7f3648001800 [37mDEBUG  [00m [00mKurentoWebSocketTransport WebSocketTransport.cpp:462:processMessage:[00m Response: {"id":246,"jsonrpc":"2.0","result":{"sessionId":"347df17b-27f3-4864-83bc-7651420f09e4","value":"v=0\r\no=- 3801273859 3801273859 IN IP4 0.0.0.0\r\ns=Kurento Media Server\r\nc=IN IP4 0.0.0.0\r\nt=0 0\r\na=sendrecv:\r\na=fingerprint:sha-256 9D:81:65:36:CA:BA:01:4F:D4:79:35:3D:95:03:22:D7:89:E0:81:FE:2C:AB:AD:8A:09:D5:3F:11:58:3A:14:6E\r\na=ice-options:trickle\r\na=msid-semantic:WMS *\r\na=group:BUNDLE 0 1\r\nm=audio 1 UDP/TLS/RTP/SAVPF 109 0\r\na=recvonly\r\na=mid:0\r\na=rtcp:9 IN IP4 0.0.0.0\r\na=rtpmap:109 opus/48000/2\r\na=rtpmap:0 PCMU/8000\r\na=fmtp:109 maxplaybackrate=48000;stereo=1;useinbandfec=1\r\na=rtcp-mux\r\na=setup:active\r\na=ssrc:3170605277 cname:user292734991@host-a1e34e47\r\na=ice-ufrag:0kmw\r\na=ice-pwd:OiFQm6kXjcIrfYRd+YbmSY\r\na=fingerprint:sha-256 9E:0E:05:31:B1:1C:C9:07:D8:99:EC:69:74:F1:11:7F:EA:CA:3D:B2:0C:7F:CE:B2:FA:39:78:22:4F:A4:5C:49\r\nm=video 1 UDP/TLS/RTP/SAVPF 120 126 97\r\na=extmap:4 http://www.webrtc.org/experiments/rtp-hdrext/abs-send-time\r\na=recvonly\r\na=mid:1\r\na=rtcp:9 IN IP4 0.0.0.0\r\na=rtpmap:120 VP8/90000\r\na=rtpmap:126 H264/90000\r\na=rtpmap:97 H264/90000\r\na=rtcp-fb:120 nack\r\na=rtcp-fb:120 nack pli\r\na=rtcp-fb:120 ccm fir\r\na=rtcp-fb:120 goog-remb\r\na=rtcp-fb:126 nack\r\na=rtcp-fb:126 nack pli\r\na=rtcp-fb:126 ccm fir\r\na=rtcp-fb:126 goog-remb\r\na=rtcp-fb:97 nack\r\na=rtcp-fb:97 nack pli\r\na=rtcp-fb:97 ccm fir\r\na=rtcp-fb:97 goog-remb\r\na=fmtp:126 profile-level-id=42e01f;level-asymmetry-allowed=1;packetization-mode=1\r\na=fmtp:97 profile-level-id=42e01f;level-asymmetry-allowed=1\r\na=fmtp:120 max-fs=12288;max-fr=60\r\na=rtcp-mux\r\na=setup:active\r\na=ssrc:89856499 cname:user292734991@host-a1e34e47\r\na=ice-ufrag:0kmw\r\na=ice-pwd:OiFQm6kXjcIrfYRd+YbmSY\r\na=fingerprint:sha-256 9E:0E:05:31:B1:1C:C9:07:D8:99:EC:69:74:F1:11:7F:EA:CA:3D:B2:0C:7F:CE:B2:FA:39:78:22:4F:A4:5C:49\r\n"}}
1:58:16.330223913 [332m   25[00m 0x7f367c001b20 [37mDEBUG  [00m [00mKurentoWebSocketTransport WebSocketTransport.cpp:460:processMessage:[00m Message: {"jsonrpc":"2.0","method":"invoke","params":{"object":"a640ad43-e1bf-47b9-9421-1b704dc4f1f0_kurento.MediaPipeline/032a5930-3e72-457f-9121-2f00a826ba2b_kurento.WebRtcEndpoint","operation":"gatherCandidates","sessionId":"347df17b-27f3-4864-83bc-7651420f09e4"},"id":247}
1:58:16.332418362 [332m   25[00m 0x7f3620001780 [37mDEBUG  [00m [00mKurentoWebSocketEventHandler WebSocketEventHandler.cpp:56:sendEvent:[00m Sending event: {"jsonrpc":"2.0","method":"onEvent","params":{"value":{"data":{"candidate":{"__module__":"kurento","__type__":"IceCandidate","candidate":"candidate:1 1 UDP 2013266431 172.20.0.9 10216 typ host","sdpMLineIndex":0,"sdpMid":"0"},"source":"a640ad43-e1bf-47b9-9421-1b704dc4f1f0_kurento.MediaPipeline/032a5930-3e72-457f-9121-2f00a826ba2b_kurento.WebRtcEndpoint","tags":[],"timestamp":"1592285059","timestampMillis":"1592285059685","type":"OnIceCandidate"},"object":"a640ad43-e1bf-47b9-9421-1b704dc4f1f0_kurento.MediaPipeline/032a5930-3e72-457f-9121-2f00a826ba2b_kurento.WebRtcEndpoint","type":"OnIceCandidate"}}}, sessionId: 347df17b-27f3-4864-83bc-7651420f09e4
