2:38:33.986118131 [333m   32[00m 0x7fe894001790 [37mDEBUG  [00m [00mKurentoWebSocketEventHandler WebSocketEventHandler.cpp:56:sendEvent:[00m Sending event: {"jsonrpc":"2.0","method":"onEvent","params":{"value":{"data":{"candidate":{"__module__":"kurento","__type__":"IceCandidate","candidate":"candidate:2 2 TCP 1015021822 172.20.0.9 9 typ host tcptype active","sdpMLineIndex":0,"sdpMid":"0"},"source":"4131a861-543a-4276-9274-52a19df74423_kurento.MediaPipeline/c170e879-7516-4269-b8e3-566cbcb1aa03_kurento.WebRtcEndpoint","tags":[],"timestamp":"1596444589","timestampMillis":"1596444589529","type":"OnIceCandidate"},"object":"4131a861-543a-4276-9274-52a19df74423_kurento.MediaPipeline/c170e879-7516-4269-b8e3-566cbcb1aa03_kurento.WebRtcEndpoint","type":"OnIceCandidate"}}}, sessionId: f6ce446e-f2a9-496f-94c5-83dbde0fb5f9
2:38:33.986215481 [333m   32[00m 0x7fe894001790 [37mDEBUG  [00m [00mKurentoWebSocketEventHandler WebSocketEventHandler.cpp:56:sendEvent:[00m Sending event: {"jsonrpc":"2.0","method":"onEvent","params":{"value":{"data":{"candidate":{"__module__":"kurento","__type__":"IceCandidate","candidate":"candidate:2 2 TCP 1015021822 172.20.0.9 9 typ host tcptype active","sdpMLineIndex":1,"sdpMid":"1"},"source":"4131a861-543a-4276-9274-52a19df74423_kurento.MediaPipeline/c170e879-7516-4269-b8e3-566cbcb1aa03_kurento.WebRtcEndpoint","tags":[],"timestamp":"1596444589","timestampMillis":"1596444589529","type":"OnIceCandidate"},"object":"4131a861-543a-4276-9274-52a19df74423_kurento.MediaPipeline/c170e879-7516-4269-b8e3-566cbcb1aa03_kurento.WebRtcEndpoint","type":"OnIceCandidate"}}}, sessionId: f6ce446e-f2a9-496f-94c5-83dbde0fb5f9
2:38:33.986311661 [333m   32[00m 0x7fe894001790 [37mDEBUG  [00m [00mKurentoWebSocketEventHandler WebSocketEventHandler.cpp:56:sendEvent:[00m Sending event: {"jsonrpc":"2.0","method":"onEvent","params":{"value":{"data":{"candidate":{"__module__":"kurento","__type__":"IceCandidate","candidate":"candidate:2 2 TCP 1015021822 172.20.0.9 9 typ host tcptype active","sdpMLineIndex":2,"sdpMid":"2"},"source":"4131a861-543a-4276-9274-52a19df74423_kurento.MediaPipeline/c170e879-7516-4269-b8e3-566cbcb1aa03_kurento.WebRtcEndpoint","tags":[],"timestamp":"1596444589","timestampMillis":"1596444589529","type":"OnIceCandidate"},"object":"4131a861-543a-4276-9274-52a19df74423_kurento.MediaPipeline/c170e879-7516-4269-b8e3-566cbcb1aa03_kurento.WebRtcEndpoint","type":"OnIceCandidate"}}}, sessionId: f6ce446e-f2a9-496f-94c5-83dbde0fb5f9
2:38:33.986412954 [333m   32[00m 0x7fe894001790 [37mDEBUG  [00m [00mKurentoWebSocketEventHandler WebSocketEventHandler.cpp:56:sendEvent:[00m Sending event: {"jsonrpc":"2.0","method":"onEvent","params":{"value":{"data":{"candidate":{"__module__":"kurento","__type__":"IceCandidate","candidate":"candidate:3 2 TCP 1010827518 172.20.0.9 10411 typ host tcptype passive","sdpMLineIndex":0,"sdpMid":"0"},"source":"4131a861-543a-4276-9274-52a19df74423_kurento.MediaPipeline/c170e879-7516-4269-b8e3-566cbcb1aa03_kurento.WebRtcEndpoint","tags":[],"timestamp":"1596444589","timestampMillis":"1596444589529","type":"OnIceCandidate"},"object":"4131a861-543a-4276-9274-52a19df74423_kurento.MediaPipeline/c170e879-7516-4269-b8e3-566cbcb1aa03_kurento.WebRtcEndpoint","type":"OnIceCandidate"}}}, sessionId: f6ce446e-f2a9-496f-94c5-83dbde0fb5f9
2:38:33.986740285 [333m   32[00m 0x7fe8f8002180 [37mDEBUG  [00m [00mKurentoWebSocketTransport WebSocketTransport.cpp:462:processMessage:[00m Response: {"id":382,"jsonrpc":"2.0","result":{"sessionId":"f6ce446e-f2a9-496f-94c5-83dbde0fb5f9","value":null}}
2:38:33.986752179 [333m   32[00m 0x7fe894001790 [37mDEBUG  [00m [00mKurentoWebSocketEventHandler WebSocketEventHandler.cpp:56:sendEvent:[00m Sending event: {"jsonrpc":"2.0","method":"onEvent","params":{"value":{"data":{"candidate":{"__module__":"kurento","__type__":"IceCandidate","candidate":"candidate:3 2 TCP 1010827518 172.20.0.9 10411 typ host tcptype passive","sdpMLineIndex":1,"sdpMid":"1"},"source":"4131a861-543a-4276-9274-52a19df74423_kurento.MediaPipeline/c170e879-7516-4269-b8e3-566cbcb1aa03_kurento.WebRtcEndpoint","tags":[],"timestamp":"1596444589","timestampMillis":"1596444589529","type":"OnIceCandidate"},"object":"4131a861-543a-4276-9274-52a19df74423_kurento.MediaPipeline/c170e879-7516-4269-b8e3-566cbcb1aa03_kurento.WebRtcEndpoint","type":"OnIceCandidate"}}}, sessionId: f6ce446e-f2a9-496f-94c5-83dbde0fb5f9
2:38:33.986884174 [333m   32[00m 0x7fe894001790 [37mDEBUG  [00m [00mKurentoWebSocketEventHandler WebSocketEventHandler.cpp:56:sendEvent:[00m Sending event: {"jsonrpc":"2.0","method":"onEvent","params":{"value":{"data":{"candidate":{"__module__":"kurento","__type__":"IceCandidate","candidate":"candidate:3 2 TCP 1010827518 172.20.0.9 10411 typ host tcptype passive","sdpMLineIndex":2,"sdpMid":"2"},"source":"4131a861-543a-4276-9274-52a19df74423_kurento.MediaPipeline/c170e879-7516-4269-b8e3-566cbcb1aa03_kurento.WebRtcEndpoint","tags":[],"timestamp":"1596444589","timestampMillis":"1596444589529","type":"OnIceCandidate"},"object":"4131a861-543a-4276-9274-52a19df74423_kurento.MediaPipeline/c170e879-7516-4269-b8e3-566cbcb1aa03_kurento.WebRtcEndpoint","type":"OnIceCandidate"}}}, sessionId: f6ce446e-f2a9-496f-94c5-83dbde0fb5f9
2:38:33.987178683 [333m   32[00m 0x7fe8f8002180 [37mDEBUG  [00m [00mKurentoWebSocketTransport WebSocketTransport.cpp:460:processMessage:[00m Message: {"jsonrpc":"2.0","method":"invoke","params":{"object":"4131a861-543a-4276-9274-52a19df74423_kurento.MediaPipeline/c170e879-7516-4269-b8e3-566cbcb1aa03_kurento.WebRtcEndpoint","operation":"addIceCandidate","operationParams":{"candidate":{"candidate":"candidate:0 1 UDP 2122252543 6b494dcc-71fa-4841-9ec3-3a5193b18ffe.local 65059 typ host","sdpMid":"2","sdpMLineIndex":2,"__module__":"kurento","__type__":"IceCandidate"}},"sessionId":"f6ce446e-f2a9-496f-94c5-83dbde0fb5f9"},"id":383}
2:38:33.987606717 [333m   32[00m 0x7fe8f8002180 [37mDEBUG  [00m [00mKurentoWebSocketTransport WebSocketTransport.cpp:462:processMessage:[00m Response: {"error":{"code":40401,"data":{"type":"ICE_ADD_CANDIDATE_ERROR"},"message":"Error adding candidate"},"id":383,"jsonrpc":"2.0"}
2:38:33.987646596 [333m   32[00m 0x7fe8f8002180 [37mDEBUG  [00m [00mKurentoWebSocketTransport WebSocketTransport.cpp:460:processMessage:[00m Message: {"jsonrpc":"2.0","method":"invoke","params":{"object":"4131a861-543a-4276-9274-52a19df74423_kurento.MediaPipeline/c170e879-7516-4269-b8e3-566cbcb1aa03_kurento.WebRtcEndpoint","operation":"addIceCandidate","operationParams":{"candidate":{"candidate":"candidate:2 1 TCP 2105524479 6b494dcc-71fa-4841-9ec3-3a5193b18ffe.local 9 typ host tcptype active","sdpMid":"2","sdpMLineIndex":2,"__module__":"kurento","__type__":"IceCandidate"}},"sessionId":"f6ce446e-f2a9-496f-94c5-83dbde0fb5f9"},"id":384}
2:38:33.988008607 [333m   32[00m 0x7fe8f8002180 [37mDEBUG  [00m [00mKurentoWebSocketTransport WebSocketTransport.cpp:462:processMessage:[00m Response: {"error":{"code":40401,"data":{"type":"ICE_ADD_CANDIDATE_ERROR"},"message":"Error adding candidate"},"id":384,"jsonrpc":"2.0"}
2:38:33.988040640 [333m   32[00m 0x7fe8f8002180 [37mDEBUG  [00m [00mKurentoWebSocketTransport WebSocketTransport.cpp:460:processMessage:[00m Message: {"jsonrpc":"2.0","method":"invoke","params":{"object":"4131a861-543a-4276-9274-52a19df74423_kurento.MediaPipeline/c170e879-7516-4269-b8e3-566cbcb1aa03_kurento.WebRtcEndpoint","operation":"addIceCandidate","operationParams":{"candidate":{"candidate":"candidate:0 1 UDP 2122252543 6b494dcc-71fa-4841-9ec3-3a5193b18ffe.local 65060 typ host","sdpMid":"0","sdpMLineIndex":0,"__module__":"kurento","__type__":"IceCandidate"}},"sessionId":"f6ce446e-f2a9-496f-94c5-83dbde0fb5f9"},"id":385}
2:38:33.988375874 [333m   32[00m 0x7fe8f8002180 [37mDEBUG  [00m [00mKurentoWebSocketTransport WebSocketTransport.cpp:462:processMessage:[00m Response: {"error":{"code":40401,"data":{"type":"ICE_ADD_CANDIDATE_ERROR"},"message":"Error adding candidate"},"id":385,"jsonrpc":"2.0"}
2:38:33.988411081 [333m   32[00m 0x7fe8f8002180 [37mDEBUG  [00m [00mKurentoWebSocketTransport WebSocketTransport.cpp:460:processMessage:[00m Message: {"jsonrpc":"2.0","method":"invoke","params":{"object":"4131a861-543a-4276-9274-52a19df74423_kurento.MediaPipeline/c170e879-7516-4269-b8e3-566cbcb1aa03_kurento.WebRtcEndpoint","operation":"addIceCandidate","operationParams":{"candidate":{"candidate":"candidate:2 1 TCP 2105524479 6b494dcc-71fa-4841-9ec3-3a5193b18ffe.local 9 typ host tcptype active","sdpMid":"0","sdpMLineIndex":0,"__module__":"kurento","__type__":"IceCandidate"}},"sessionId":"f6ce446e-f2a9-496f-94c5-83dbde0fb5f9"},"id":386}
2:38:33.988755932 [333m   32[00m 0x7fe8f8002180 [37mDEBUG  [00m [00mKurentoWebSocketTransport WebSocketTransport.cpp:462:processMessage:[00m Response: {"error":{"code":40401,"data":{"type":"ICE_ADD_CANDIDATE_ERROR"},"message":"Error adding candidate"},"id":386,"jsonrpc":"2.0"}
2:38:33.988786087 [333m   32[00m 0x7fe8f8002180 [37mDEBUG  [00m [00mKurentoWebSocketTransport WebSocketTransport.cpp:460:processMessage:[00m Message: {"jsonrpc":"2.0","method":"invoke","params":{"object":"4131a861-543a-4276-9274-52a19df74423_kurento.MediaPipeline/c170e879-7516-4269-b8e3-566cbcb1aa03_kurento.WebRtcEndpoint","operation":"addIceCandidate","operationParams":{"candidate":{"candidate":"candidate:0 2 UDP 2122252542 6b494dcc-71fa-4841-9ec3-3a5193b18ffe.local 63731 typ host","sdpMid":"0","sdpMLineIndex":0,"__module__":"kurento","__type__":"IceCandidate"}},"sessionId":"f6ce446e-f2a9-496f-94c5-83dbde0fb5f9"},"id":387}
2:38:33.989117799 [333m   32[00m 0x7fe8f8002180 [37mDEBUG  [00m [00mKurentoWebSocketTransport WebSocketTransport.cpp:462:processMessage:[00m Response: {"error":{"code":40401,"data":{"type":"ICE_ADD_CANDIDATE_ERROR"},"message":"Error adding candidate"},"id":387,"jsonrpc":"2.0"}
2:38:33.989151788 [333m   32[00m 0x7fe8f8002180 [37mDEBUG  [00m [00mKurentoWebSocketTransport WebSocketTransport.cpp:460:processMessage:[00m Message: {"jsonrpc":"2.0","method":"invoke","params":{"object":"4131a861-543a-4276-9274-52a19df74423_kurento.MediaPipeline/c170e879-7516-4269-b8e3-566cbcb1aa03_kurento.WebRtcEndpoint","operation":"addIceCandidate","operationParams":{"candidate":{"candidate":"candidate:2 2 TCP 2105524478 6b494dcc-71fa-4841-9ec3-3a5193b18ffe.local 9 typ host tcptype active","sdpMid":"0","sdpMLineIndex":0,"__module__":"kurento","__type__":"IceCandidate"}},"sessionId":"f6ce446e-f2a9-496f-94c5-83dbde0fb5f9"},"id":388}
2:38:33.989490338 [333m   32[00m 0x7fe8f8002180 [37mDEBUG  [00m [00mKurentoWebSocketTransport WebSocketTransport.cpp:462:processMessage:[00m Response: {"error":{"code":40401,"data":{"type":"ICE_ADD_CANDIDATE_ERROR"},"message":"Error adding candidate"},"id":388,"jsonrpc":"2.0"}
2:38:33.989520507 [333m   32[00m 0x7fe8f8002180 [37mDEBUG  [00m [00mKurentoWebSocketTransport WebSocketTransport.cpp:460:processMessage:[00m Message: {"jsonrpc":"2.0","method":"invoke","params":{"object":"4131a861-543a-4276-9274-52a19df74423_kurento.MediaPipeline/c170e879-7516-4269-b8e3-566cbcb1aa03_kurento.WebRtcEndpoint","operation":"addIceCandidate","operationParams":{"candidate":{"candidate":"candidate:0 1 UDP 2122252543 6b494dcc-71fa-4841-9ec3-3a5193b18ffe.local 63732 typ host","sdpMid":"1","sdpMLineIndex":1,"__module__":"kurento","__type__":"IceCandidate"}},"sessionId":"f6ce446e-f2a9-496f-94c5-83dbde0fb5f9"},"id":389}
2:38:33.989849336 [333m   32[00m 0x7fe8f8002180 [37mDEBUG  [00m [00mKurentoWebSocketTransport WebSocketTransport.cpp:462:processMessage:[00m Response: {"error":{"code":40401,"data":{"type":"ICE_ADD_CANDIDATE_ERROR"},"message":"Error adding candidate"},"id":389,"jsonrpc":"2.0"}
2:38:33.989883358 [333m   32[00m 0x7fe8f8002180 [37mDEBUG  [00m [00mKurentoWebSocketTransport WebSocketTransport.cpp:460:processMessage:[00m Message: {"jsonrpc":"2.0","method":"invoke","params":{"object":"4131a861-543a-4276-9274-52a19df74423_kurento.MediaPipeline/c170e879-7516-4269-b8e3-566cbcb1aa03_kurento.WebRtcEndpoint","operation":"addIceCandidate","operationParams":{"candidate":{"candidate":"candidate:2 1 TCP 2105524479 6b494dcc-71fa-4841-9ec3-3a5193b18ffe.local 9 typ host tcptype active","sdpMid":"1","sdpMLineIndex":1,"__module__":"kurento","__type__":"IceCandidate"}},"sessionId":"f6ce446e-f2a9-496f-94c5-83dbde0fb5f9"},"id":390}
2:38:33.990220904 [333m   32[00m 0x7fe8f8002180 [37mDEBUG  [00m [00mKurentoWebSocketTransport WebSocketTransport.cpp:462:processMessage:[00m Response: {"error":{"code":40401,"data":{"type":"ICE_ADD_CANDIDATE_ERROR"},"message":"Error adding candidate"},"id":390,"jsonrpc":"2.0"}
2:38:33.990249781 [333m   32[00m 0x7fe8f8002180 [37mDEBUG  [00m [00mKurentoWebSocketTransport WebSocketTransport.cpp:460:processMessage:[00m Message: {"jsonrpc":"2.0","method":"invoke","params":{"object":"4131a861-543a-4276-9274-52a19df74423_kurento.MediaPipeline/c170e879-7516-4269-b8e3-566cbcb1aa03_kurento.WebRtcEndpoint","operation":"addIceCandidate","operationParams":{"candidate":{"candidate":"candidate:0 2 UDP 2122252542 6b494dcc-71fa-4841-9ec3-3a5193b18ffe.local 63733 typ host","sdpMid":"1","sdpMLineIndex":1,"__module__":"kurento","__type__":"IceCandidate"}},"sessionId":"f6ce446e-f2a9-496f-94c5-83dbde0fb5f9"},"id":391}
2:38:33.990877357 [333m   32[00m 0x7fe8f8002180 [37mDEBUG  [00m [00mKurentoWebSocketTransport WebSocketTransport.cpp:462:processMessage:[00m Response: {"error":{"code":40401,"data":{"type":"ICE_ADD_CANDIDATE_ERROR"},"message":"Error adding candidate"},"id":391,"jsonrpc":"2.0"}
2:38:33.991201833 [333m   32[00m 0x7fe8f8002180 [37mDEBUG  [00m [00mKurentoWebSocketTransport WebSocketTransport.cpp:460:processMessage:[00m Message: {"jsonrpc":"2.0","method":"invoke","params":{"object":"4131a861-543a-4276-9274-52a19df74423_kurento.MediaPipeline/c170e879-7516-4269-b8e3-566cbcb1aa03_kurento.WebRtcEndpoint","operation":"addIceCandidate","operationParams":{"candidate":{"candidate":"candidate:2 2 TCP 2105524478 6b494dcc-71fa-4841-9ec3-3a5193b18ffe.local 9 typ host tcptype active","sdpMid":"1","sdpMLineIndex":1,"__module__":"kurento","__type__":"IceCandidate"}},"sessionId":"f6ce446e-f2a9-496f-94c5-83dbde0fb5f9"},"id":392}
2:38:33.991588099 [333m   32[00m 0x7fe8f8002180 [37mDEBUG  [00m [00mKurentoWebSocketTransport WebSocketTransport.cpp:462:processMessage:[00m Response: {"error":{"code":40401,"data":{"type":"ICE_ADD_CANDIDATE_ERROR"},"message":"Error adding candidate"},"id":392,"jsonrpc":"2.0"}
2:38:33.991607239 [333m   32[00m 0x7fe8f8002180 [37mDEBUG  [00m [00mKurentoWebSocketTransport WebSocketTransport.cpp:460:processMessage:[00m Message: {"jsonrpc":"2.0","method":"invoke","params":{"object":"4131a861-543a-4276-9274-52a19df74423_kurento.MediaPipeline/7a615fc3-9c98-4379-96bc-86324953e62e_datachannelexample.KmsSendData","operation":"connect","operationParams":{"sink":"4131a861-543a-4276-9274-52a19df74423_kurento.MediaPipeline/c170e879-7516-4269-b8e3-566cbcb1aa03_kurento.WebRtcEndpoint"},"sessionId":"f6ce446e-f2a9-496f-94c5-83dbde0fb5f9"},"id":393}
2:38:33.991677917 [333m   32[00m 0x7fe8f8002180 [37mDEBUG  [00m [00mKurentoMediaElementImpl MediaElementImpl.cpp:902:connect:[00m Connecting 4131a861-543a-4276-9274-52a19df74423_kurento.MediaPipeline/7a615fc3-9c98-4379-96bc-86324953e62e_datachannelexample.KmsSendData -> 4131a861-543a-4276-9274-52a19df74423_kurento.MediaPipeline/c170e879-7516-4269-b8e3-566cbcb1aa03_kurento.WebRtcEndpoint params AUDIO default default
2:38:33.991818271 [333m   32[00m 0x7fe8f8002180 [37mDEBUG  [00m [00mKurentoMediaElementImpl MediaElementImpl.cpp:902:connect:[00m Connecting 4131a861-543a-4276-9274-52a19df74423_kurento.MediaPipeline/7a615fc3-9c98-4379-96bc-86324953e62e_datachannelexample.KmsSendData -> 4131a861-543a-4276-9274-52a19df74423_kurento.MediaPipeline/c170e879-7516-4269-b8e3-566cbcb1aa03_kurento.WebRtcEndpoint params VIDEO default default
2:38:33.991886469 [333m   32[00m 0x7fe8f8002180 [37mDEBUG  [00m [00mKurentoMediaElementImpl MediaElementImpl.cpp:902:connect:[00m Connecting 4131a861-543a-4276-9274-52a19df74423_kurento.MediaPipeline/7a615fc3-9c98-4379-96bc-86324953e62e_datachannelexample.KmsSendData -> 4131a861-543a-4276-9274-52a19df74423_kurento.MediaPipeline/c170e879-7516-4269-b8e3-566cbcb1aa03_kurento.WebRtcEndpoint params DATA default default
2:38:33.991986566 [333m   32[00m 0x7fe8f8002180 [37mDEBUG  [00m [00mKurentoWebSocketTransport WebSocketTransport.cpp:462:processMessage:[00m Response: {"id":393,"jsonrpc":"2.0","result":{"sessionId":"f6ce446e-f2a9-496f-94c5-83dbde0fb5f9","value":null}}
2:38:34.073204197 [333m   32[00m 0x7fe894001790 [37mDEBUG  [00m [00mKurentoWebSocketEventHandler WebSocketEventHandler.cpp:56:sendEvent:[00m Sending event: {"jsonrpc":"2.0","method":"onEvent","params":{"value":{"data":{"candidate":{"__module__":"kurento","__type__":"IceCandidate","candidate":"candidate:4 1 UDP 1677722111 203.151.20.94 10394 typ srflx raddr 172.20.0.9 rport 10394","sdpMLineIndex":0,"sdpMid":"0"},"source":"4131a861-543a-4276-9274-52a19df74423_kurento.MediaPipeline/c170e879-7516-4269-b8e3-566cbcb1aa03_kurento.WebRtcEndpoint","tags":[],"timestamp":"1596444589","timestampMillis":"1596444589616","type":"OnIceCandidate"},"object":"4131a861-543a-4276-9274-52a19df74423_kurento.MediaPipeline/c170e879-7516-4269-b8e3-566cbcb1aa03_kurento.WebRtcEndpoint","type":"OnIceCandidate"}}}, sessionId: f6ce446e-f2a9-496f-94c5-83dbde0fb5f9
2:38:34.073387692 [333m   32[00m 0x7fe894001790 [37mDEBUG  [00m [00mKurentoWebSocketEventHandler WebSocketEventHandler.cpp:56:sendEvent:[00m Sending event: {"jsonrpc":"2.0","method":"onEvent","params":{"value":{"data":{"candidate":{"__module__":"kurento","__type__":"IceCandidate","candidate":"candidate:4 1 UDP 1677722111 203.151.20.94 10394 typ srflx raddr 172.20.0.9 rport 10394","sdpMLineIndex":1,"sdpMid":"1"},"source":"4131a861-543a-4276-9274-52a19df74423_kurento.MediaPipeline/c170e879-7516-4269-b8e3-566cbcb1aa03_kurento.WebRtcEndpoint","tags":[],"timestamp":"1596444589","timestampMillis":"1596444589616","type":"OnIceCandidate"},"object":"4131a861-543a-4276-9274-52a19df74423_kurento.MediaPipeline/c170e879-7516-4269-b8e3-566cbcb1aa03_kurento.WebRtcEndpoint","type":"OnIceCandidate"}}}, sessionId: f6ce446e-f2a9-496f-94c5-83dbde0fb5f9
2:38:34.073765234 [333m   32[00m 0x7fe894001790 [37mDEBUG  [00m [00mKurentoWebSocketEventHandler WebSocketEventHandler.cpp:56:sendEvent:[00m Sending event: {"jsonrpc":"2.0","method":"onEvent","params":{"value":{"data":{"candidate":{"__module__":"kurento","__type__":"IceCandidate","candidate":"candidate:4 1 UDP 1677722111 203.151.20.94 10394 typ srflx raddr 172.20.0.9 rport 10394","sdpMLineIndex":2,"sdpMid":"2"},"source":"4131a861-543a-4276-9274-52a19df74423_kurento.MediaPipeline/c170e879-7516-4269-b8e3-566cbcb1aa03_kurento.WebRtcEndpoint","tags":[],"timestamp":"1596444589","timestampMillis":"1596444589616","type":"OnIceCandidate"},"object":"4131a861-543a-4276-9274-52a19df74423_kurento.MediaPipeline/c170e879-7516-4269-b8e3-566cbcb1aa03_kurento.WebRtcEndpoint","type":"OnIceCandidate"}}}, sessionId: f6ce446e-f2a9-496f-94c5-83dbde0fb5f9
2:38:34.073932167 [333m   32[00m 0x7fe894001790 [37mDEBUG  [00m [00mKurentoWebSocketEventHandler WebSocketEventHandler.cpp:56:sendEvent:[00m Sending event: {"jsonrpc":"2.0","method":"onEvent","params":{"value":{"data":{"candidate":{"__module__":"kurento","__type__":"IceCandidate","candidate":"candidate:5 1 TCP 847249663 203.151.20.94 9 typ srflx raddr 172.20.0.9 rport 9 tcptype active","sdpMLineIndex":0,"sdpMid":"0"},"source":"4131a861-543a-4276-9274-52a19df74423_kurento.MediaPipeline/c170e879-7516-4269-b8e3-566cbcb1aa03_kurento.WebRtcEndpoint","tags":[],"timestamp":"1596444589","timestampMillis":"1596444589617","type":"OnIceCandidate"},"object":"4131a861-543a-4276-9274-52a19df74423_kurento.MediaPipeline/c170e879-7516-4269-b8e3-566cbcb1aa03_kurento.WebRtcEndpoint","type":"OnIceCandidate"}}}, sessionId: f6ce446e-f2a9-496f-94c5-83dbde0fb5f9
2:38:34.074060825 [333m   32[00m 0x7fe894001790 [37mDEBUG  [00m [00mKurentoWebSocketEventHandler WebSocketEventHandler.cpp:56:sendEvent:[00m Sending event: {"jsonrpc":"2.0","method":"onEvent","params":{"value":{"data":{"candidate":{"__module__":"kurento","__type__":"IceCandidate","candidate":"candidate:5 1 TCP 847249663 203.151.20.94 9 typ srflx raddr 172.20.0.9 rport 9 tcptype active","sdpMLineIndex":1,"sdpMid":"1"},"source":"4131a861-543a-4276-9274-52a19df74423_kurento.MediaPipeline/c170e879-7516-4269-b8e3-566cbcb1aa03_kurento.WebRtcEndpoint","tags":[],"timestamp":"1596444589","timestampMillis":"1596444589617","type":"OnIceCandidate"},"object":"4131a861-543a-4276-9274-52a19df74423_kurento.MediaPipeline/c170e879-7516-4269-b8e3-566cbcb1aa03_kurento.WebRtcEndpoint","type":"OnIceCandidate"}}}, sessionId: f6ce446e-f2a9-496f-94c5-83dbde0fb5f9
2:38:34.074225395 [333m   32[00m 0x7fe894001790 [37mDEBUG  [00m [00mKurentoWebSocketEventHandler WebSocketEventHandler.cpp:56:sendEvent:[00m Sending event: {"jsonrpc":"2.0","method":"onEvent","params":{"value":{"data":{"candidate":{"__module__":"kurento","__type__":"IceCandidate","candidate":"candidate:5 1 TCP 847249663 203.151.20.94 9 typ srflx raddr 172.20.0.9 rport 9 tcptype active","sdpMLineIndex":2,"sdpMid":"2"},"source":"4131a861-543a-4276-9274-52a19df74423_kurento.MediaPipeline/c170e879-7516-4269-b8e3-566cbcb1aa03_kurento.WebRtcEndpoint","tags":[],"timestamp":"1596444589","timestampMillis":"1596444589617","type":"OnIceCandidate"},"object":"4131a861-543a-4276-9274-52a19df74423_kurento.MediaPipeline/c170e879-7516-4269-b8e3-566cbcb1aa03_kurento.WebRtcEndpoint","type":"OnIceCandidate"}}}, sessionId: f6ce446e-f2a9-496f-94c5-83dbde0fb5f9
2:38:34.074352875 [333m   32[00m 0x7fe894001790 [37mDEBUG  [00m [00mKurentoWebSocketEventHandler WebSocketEventHandler.cpp:56:sendEvent:[00m Sending event: {"jsonrpc":"2.0","method":"onEvent","params":{"value":{"data":{"candidate":{"__module__":"kurento","__type__":"IceCandidate","candidate":"candidate:6 1 TCP 843055359 203.151.20.94 10467 typ srflx raddr 172.20.0.9 rport 10467 tcptype passive","sdpMLineIndex":0,"sdpMid":"0"},"source":"4131a861-543a-4276-9274-52a19df74423_kurento.MediaPipeline/c170e879-7516-4269-b8e3-566cbcb1aa03_kurento.WebRtcEndpoint","tags":[],"timestamp":"1596444589","timestampMillis":"1596444589617","type":"OnIceCandidate"},"object":"4131a861-543a-4276-9274-52a19df74423_kurento.MediaPipeline/c170e879-7516-4269-b8e3-566cbcb1aa03_kurento.WebRtcEndpoint","type":"OnIceCandidate"}}}, sessionId: f6ce446e-f2a9-496f-94c5-83dbde0fb5f9
2:38:34.074959084 [333m   32[00m 0x7fe894001790 [37mDEBUG  [00m [00mKurentoWebSocketEventHandler WebSocketEventHandler.cpp:56:sendEvent:[00m Sending event: {"jsonrpc":"2.0","method":"onEvent","params":{"value":{"data":{"candidate":{"__module__":"kurento","__type__":"IceCandidate","candidate":"candidate:6 1 TCP 843055359 203.151.20.94 10467 typ srflx raddr 172.20.0.9 rport 10467 tcptype passive","sdpMLineIndex":1,"sdpMid":"1"},"source":"4131a861-543a-4276-9274-52a19df74423_kurento.MediaPipeline/c170e879-7516-4269-b8e3-566cbcb1aa03_kurento.WebRtcEndpoint","tags":[],"timestamp":"1596444589","timestampMillis":"1596444589617","type":"OnIceCandidate"},"object":"4131a861-543a-4276-9274-52a19df74423_kurento.MediaPipeline/c170e879-7516-4269-b8e3-566cbcb1aa03_kurento.WebRtcEndpoint","type":"OnIceCandidate"}}}, sessionId: f6ce446e-f2a9-496f-94c5-83dbde0fb5f9
2:38:34.075131933 [333m   32[00m 0x7fe894001790 [37mDEBUG  [00m [00mKurentoWebSocketEventHandler WebSocketEventHandler.cpp:56:sendEvent:[00m Sending event: {"jsonrpc":"2.0","method":"onEvent","params":{"value":{"data":{"candidate":{"__module__":"kurento","__type__":"IceCandidate","candidate":"candidate:6 1 TCP 843055359 203.151.20.94 10467 typ srflx raddr 172.20.0.9 rport 10467 tcptype passive","sdpMLineIndex":2,"sdpMid":"2"},"source":"4131a861-543a-4276-9274-52a19df74423_kurento.MediaPipeline/c170e879-7516-4269-b8e3-566cbcb1aa03_kurento.WebRtcEndpoint","tags":[],"timestamp":"1596444589","timestampMillis":"1596444589617","type":"OnIceCandidate"},"object":"4131a861-543a-4276-9274-52a19df74423_kurento.MediaPipeline/c170e879-7516-4269-b8e3-566cbcb1aa03_kurento.WebRtcEndpoint","type":"OnIceCandidate"}}}, sessionId: f6ce446e-f2a9-496f-94c5-83dbde0fb5f9
2:38:34.143018661 [333m   32[00m 0x7fe8fc006c00 [37mDEBUG  [00m [00mKurentoWebSocketTransport WebSocketTransport.cpp:460:processMessage:[00m Message: {"jsonrpc":"2.0","method":"invoke","params":{"object":"4131a861-543a-4276-9274-52a19df74423_kurento.MediaPipeline/c170e879-7516-4269-b8e3-566cbcb1aa03_kurento.WebRtcEndpoint","operation":"addIceCandidate","operationParams":{"candidate":{"candidate":"candidate:1 1 UDP 1686052863 182.232.168.10 65060 typ srflx raddr 0.0.0.0 rport 0","sdpMid":"0","sdpMLineIndex":0,"__module__":"kurento","__type__":"IceCandidate"}},"sessionId":"f6ce446e-f2a9-496f-94c5-83dbde0fb5f9"},"id":394}
2:38:34.143838305 [333m   32[00m 0x7fe8fc006c00 [37mDEBUG  [00m [00mKurentoWebSocketTransport WebSocketTransport.cpp:462:processMessage:[00m Response: {"id":394,"jsonrpc":"2.0","result":{"sessionId":"f6ce446e-f2a9-496f-94c5-83dbde0fb5f9","value":null}}
2:38:34.144432453 [333m   32[00m 0x7fe8ec001d00 [37mDEBUG  [00m [00mKurentoWebSocketTransport WebSocketTransport.cpp:460:processMessage:[00m Message: {"jsonrpc":"2.0","method":"invoke","params":{"object":"4131a861-543a-4276-9274-52a19df74423_kurento.MediaPipeline/c170e879-7516-4269-b8e3-566cbcb1aa03_kurento.WebRtcEndpoint","operation":"addIceCandidate","operationParams":{"candidate":{"candidate":"candidate:1 2 UDP 1686052862 182.232.168.10 63731 typ srflx raddr 0.0.0.0 rport 0","sdpMid":"0","sdpMLineIndex":0,"__module__":"kurento","__type__":"IceCandidate"}},"sessionId":"f6ce446e-f2a9-496f-94c5-83dbde0fb5f9"},"id":395}
2:38:34.144986681 [333m   32[00m 0x7fe8ec001d00 [37mDEBUG  [00m [00mKurentoWebSocketTransport WebSocketTransport.cpp:462:processMessage:[00m Response: {"id":395,"jsonrpc":"2.0","result":{"sessionId":"f6ce446e-f2a9-496f-94c5-83dbde0fb5f9","value":null}}
2:38:34.145614558 [333m   32[00m 0x7fe8e0001c60 [37mDEBUG  [00m [00mKurentoWebSocketTransport WebSocketTransport.cpp:460:processMessage:[00m Message: {"jsonrpc":"2.0","method":"invoke","params":{"object":"4131a861-543a-4276-9274-52a19df74423_kurento.MediaPipeline/c170e879-7516-4269-b8e3-566cbcb1aa03_kurento.WebRtcEndpoint","operation":"addIceCandidate","operationParams":{"candidate":{"candidate":"","sdpMid":"0","sdpMLineIndex":0,"__module__":"kurento","__type__":"IceCandidate"}},"sessionId":"f6ce446e-f2a9-496f-94c5-83dbde0fb5f9"},"id":396}
2:38:34.146527495 [333m   32[00m 0x7fe8e0001c60 [37mDEBUG  [00m [00mKurentoWebSocketTransport WebSocketTransport.cpp:462:processMessage:[00m Response: {"error":{"code":40401,"data":{"type":"ICE_ADD_CANDIDATE_ERROR"},"message":"Error adding candidate"},"id":396,"jsonrpc":"2.0"}
2:38:34.287415483 [333m   32[00m 0x7fe8dc030ca0 [37mDEBUG  [00m [00mKurentoWebRtcEndpointImpl WebRtcEndpointImpl.cpp:292:newSelectedPairFull:<kmswebrtcendpoint14>[00m New candidate pair selected, local: 'candidate:4 1 UDP 1677722111 203.151.20.94 10394 typ srflx raddr 172.20.0.9 rport 10394', remote: 'candidate:1 1 UDP 1686052863 182.232.168.10 65060 typ srflx', stream_id: '1', component_id: 1
2:39:00.700058617 [333m   32[00m 0x7fe8c0001860 [36mINFO   [00m [00mKurentoWebSocketTransport WebSocketTransport.cpp:296:keepAliveSessions:[00m Keep alive f6ce446e-f2a9-496f-94c5-83dbde0fb5f9
2:39:01.331894668 [333m   32[00m 0x7fe8f0001b20 [37mDEBUG  [00m [00mKurentoWebSocketTransport WebSocketTransport.cpp:460:processMessage:[00m Message: {"jsonrpc":"2.0","method":"ping","id":397}
2:39:01.332284387 [333m   32[00m 0x7fe8f0001b20 [36mINFO   [00m [00mKurentoServerMethods ServerMethods.cpp:814:ping:[00m WebSocket Ping/Pong with sessionId f6ce446e-f2a9-496f-94c5-83dbde0fb5f9
2:39:01.332406948 [333m   32[00m 0x7fe8f0001b20 [37mDEBUG  [00m [00mKurentoWebSocketTransport WebSocketTransport.cpp:462:processMessage:[00m Response: {"id":397,"jsonrpc":"2.0","result":{"sessionId":"f6ce446e-f2a9-496f-94c5-83dbde0fb5f9","value":"pong"}}
2:40:00.671443031 [333m   32[00m 0x7fe8f4001ca0 [37mDEBUG  [00m [00m     KurentoMediaSet MediaSet.cpp:123:doGarbageCollection:[00m Running garbage collector
2:40:00.700233210 [333m   32[00m 0x7fe8c0001860 [36mINFO   [00m [00mKurentoWebSocketTransport WebSocketTransport.cpp:296:keepAliveSessions:[00m Keep alive f6ce446e-f2a9-496f-94c5-83dbde0fb5f9
2:40:01.334945021 [333m   32[00m 0x7fe8b8001840 [37mDEBUG  [00m [00mKurentoWebSocketTransport WebSocketTransport.cpp:460:processMessage:[00m Message: {"jsonrpc":"2.0","method":"ping","id":398}
2:40:01.335313186 [333m   32[00m 0x7fe8b8001840 [36mINFO   [00m [00mKurentoServerMethods ServerMethods.cpp:814:ping:[00m WebSocket Ping/Pong with sessionId f6ce446e-f2a9-496f-94c5-83dbde0fb5f9
2:40:01.335460446 [333m   32[00m 0x7fe8b8001840 [37mDEBUG  [00m [00mKurentoWebSocketTransport WebSocketTransport.cpp:462:processMessage:[00m Response: {"id":398,"jsonrpc":"2.0","result":{"sessionId":"f6ce446e-f2a9-496f-94c5-83dbde0fb5f9","value":"pong"}}
2:40:16.455472503 [333m   32[00m 0x7fe904001840 [37mDEBUG  [00m [00mKurentoWebSocketTransport WebSocketTransport.cpp:460:processMessage:[00m Message: {"jsonrpc":"2.0","method":"release","params":{"object":"4131a861-543a-4276-9274-52a19df74423_kurento.MediaPipeline/c170e879-7516-4269-b8e3-566cbcb1aa03_kurento.WebRtcEndpoint","sessionId":"f6ce446e-f2a9-496f-94c5-83dbde0fb5f9"},"id":399}
2:40:16.455808232 [333m   32[00m 0x7fe91c001860 [37mDEBUG  [00m [00mKurentoMediaElementImpl MediaElementImpl.cpp:1028:disconnect:[00m Disconnecting 4131a861-543a-4276-9274-52a19df74423_kurento.MediaPipeline/7a615fc3-9c98-4379-96bc-86324953e62e_datachannelexample.KmsSendData - 4131a861-543a-4276-9274-52a19df74423_kurento.MediaPipeline/c170e879-7516-4269-b8e3-566cbcb1aa03_kurento.WebRtcEndpoint params AUDIO default default
2:40:16.455843885 [333m   32[00m 0x7fe904001840 [37mDEBUG  [00m [00mKurentoWebSocketTransport WebSocketTransport.cpp:462:processMessage:[00m Response: {"id":399,"jsonrpc":"2.0","result":{"sessionId":"f6ce446e-f2a9-496f-94c5-83dbde0fb5f9"}}
2:40:16.456763410 [333m   32[00m 0x7fe91c001860 [37mDEBUG  [00m [00mKurentoMediaElementImpl MediaElementImpl.cpp:1028:disconnect:[00m Disconnecting 4131a861-543a-4276-9274-52a19df74423_kurento.MediaPipeline/7a615fc3-9c98-4379-96bc-86324953e62e_datachannelexample.KmsSendData - 4131a861-543a-4276-9274-52a19df74423_kurento.MediaPipeline/c170e879-7516-4269-b8e3-566cbcb1aa03_kurento.WebRtcEndpoint params DATA default default
2:40:16.456938435 [333m   32[00m 0x7fe91c001860 [37mDEBUG  [00m [00mKurentoMediaElementImpl MediaElementImpl.cpp:1028:disconnect:[00m Disconnecting 4131a861-543a-4276-9274-52a19df74423_kurento.MediaPipeline/7a615fc3-9c98-4379-96bc-86324953e62e_datachannelexample.KmsSendData - 4131a861-543a-4276-9274-52a19df74423_kurento.MediaPipeline/c170e879-7516-4269-b8e3-566cbcb1aa03_kurento.WebRtcEndpoint params VIDEO default default
2:40:16.457099494 [333m   32[00m 0x7fe91c001860 [37mDEBUG  [00m [00m     KurentoMediaSet MediaSet.cpp:470:async_delete:[00m Destroying WebRtcEndpoint -> 4131a861-543a-4276-9274-52a19df74423_kurento.MediaPipeline/c170e879-7516-4269-b8e3-566cbcb1aa03_kurento.WebRtcEndpoint
2:40:16.457284787 [333m   32[00m 0x7fe8f8002180 [37mDEBUG  [00m [00mKurentoWebSocketTransport WebSocketTransport.cpp:460:processMessage:[00m Message: {"jsonrpc":"2.0","method":"unsubscribe","params":{"object":"4131a861-543a-4276-9274-52a19df74423_kurento.MediaPipeline/c170e879-7516-4269-b8e3-566cbcb1aa03_kurento.WebRtcEndpoint","subscription":"7d3a529a-ff7f-4714-adec-c4cafb95b37e","sessionId":"f6ce446e-f2a9-496f-94c5-83dbde0fb5f9"},"id":400}
2:40:16.457923087 [333m   32[00m 0x7fe8f8002180 [37mDEBUG  [00m [00mKurentoWebSocketTransport WebSocketTransport.cpp:462:processMessage:[00m Response: {"id":400,"jsonrpc":"2.0","result":{"sessionId":"f6ce446e-f2a9-496f-94c5-83dbde0fb5f9"}}
2:41:00.700401690 [333m   32[00m 0x7fe8c0001860 [36mINFO   [00m [00mKurentoWebSocketTransport WebSocketTransport.cpp:296:keepAliveSessions:[00m Keep alive f6ce446e-f2a9-496f-94c5-83dbde0fb5f9
2:41:01.342935143 [333m   32[00m 0x7fe8fc007360 [37mDEBUG  [00m [00mKurentoWebSocketTransport WebSocketTransport.cpp:460:processMessage:[00m Message: {"jsonrpc":"2.0","method":"ping","id":401}
2:41:01.343331167 [333m   32[00m 0x7fe8fc007360 [36mINFO   [00m [00mKurentoServerMethods ServerMethods.cpp:814:ping:[00m WebSocket Ping/Pong with sessionId f6ce446e-f2a9-496f-94c5-83dbde0fb5f9
2:41:01.343488034 [333m   32[00m 0x7fe8fc007360 [37mDEBUG  [00m [00mKurentoWebSocketTransport WebSocketTransport.cpp:462:processMessage:[00m Response: {"id":401,"jsonrpc":"2.0","result":{"sessionId":"f6ce446e-f2a9-496f-94c5-83dbde0fb5f9","value":"pong"}}
2:42:00.700583549 [333m   32[00m 0x7fe8c0001860 [36mINFO   [00m [00mKurentoWebSocketTransport WebSocketTransport.cpp:296:keepAliveSessions:[00m Keep alive f6ce446e-f2a9-496f-94c5-83dbde0fb5f9
2:42:01.348884890 [333m   32[00m 0x7fe8dc001cc0 [37mDEBUG  [00m [00mKurentoWebSocketTransport WebSocketTransport.cpp:460:processMessage:[00m Message: {"jsonrpc":"2.0","method":"ping","id":402}
2:42:01.349037712 [333m   32[00m 0x7fe8dc001cc0 [36mINFO   [00m [00mKurentoServerMethods ServerMethods.cpp:814:ping:[00m WebSocket Ping/Pong with sessionId f6ce446e-f2a9-496f-94c5-83dbde0fb5f9
2:42:01.349161526 [333m   32[00m 0x7fe8dc001cc0 [37mDEBUG  [00m [00mKurentoWebSocketTransport WebSocketTransport.cpp:462:processMessage:[00m Response: {"id":402,"jsonrpc":"2.0","result":{"sessionId":"f6ce446e-f2a9-496f-94c5-83dbde0fb5f9","value":"pong"}}
2:43:00.700759150 [333m   32[00m 0x7fe8c0001860 [36mINFO   [00m [00mKurentoWebSocketTransport WebSocketTransport.cpp:296:keepAliveSessions:[00m Keep alive f6ce446e-f2a9-496f-94c5-83dbde0fb5f9
2:43:01.356464311 [333m   32[00m 0x7fe8ac001d80 [37mDEBUG  [00m [00mKurentoWebSocketTransport WebSocketTransport.cpp:460:processMessage:[00m Message: {"jsonrpc":"2.0","method":"ping","id":403}
2:43:01.356643348 [333m   32[00m 0x7fe8ac001d80 [36mINFO   [00m [00mKurentoServerMethods ServerMethods.cpp:814:ping:[00m WebSocket Ping/Pong with sessionId f6ce446e-f2a9-496f-94c5-83dbde0fb5f9
2:43:01.356776818 [333m   32[00m 0x7fe8ac001d80 [37mDEBUG  [00m [00mKurentoWebSocketTransport WebSocketTransport.cpp:462:processMessage:[00m Response: {"id":403,"jsonrpc":"2.0","result":{"sessionId":"f6ce446e-f2a9-496f-94c5-83dbde0fb5f9","value":"pong"}}
2:44:00.671620391 [333m   32[00m 0x7fe8f4001ca0 [37mDEBUG  [00m [00m     KurentoMediaSet MediaSet.cpp:123:doGarbageCollection:[00m Running garbage collector
2:44:00.700944922 [333m   32[00m 0x7fe8c0001860 [36mINFO   [00m [00mKurentoWebSocketTransport WebSocketTransport.cpp:296:keepAliveSessions:[00m Keep alive f6ce446e-f2a9-496f-94c5-83dbde0fb5f9
2:44:01.359680163 [333m   32[00m 0x7fe8fc006c00 [37mDEBUG  [00m [00mKurentoWebSocketTransport WebSocketTransport.cpp:460:processMessage:[00m Message: {"jsonrpc":"2.0","method":"ping","id":404}
2:44:01.359834184 [333m   32[00m 0x7fe8fc006c00 [36mINFO   [00m [00mKurentoServerMethods ServerMethods.cpp:814:ping:[00m WebSocket Ping/Pong with sessionId f6ce446e-f2a9-496f-94c5-83dbde0fb5f9
2:44:01.359965609 [333m   32[00m 0x7fe8fc006c00 [37mDEBUG  [00m [00mKurentoWebSocketTransport WebSocketTransport.cpp:462:processMessage:[00m Response: {"id":404,"jsonrpc":"2.0","result":{"sessionId":"f6ce446e-f2a9-496f-94c5-83dbde0fb5f9","value":"pong"}}
2:45:00.701108661 [333m   32[00m 0x7fe8c0001860 [36mINFO   [00m [00mKurentoWebSocketTransport WebSocketTransport.cpp:296:keepAliveSessions:[00m Keep alive f6ce446e-f2a9-496f-94c5-83dbde0fb5f9
2:45:01.367332610 [333m   32[00m 0x7fe8ec001d00 [37mDEBUG  [00m [00mKurentoWebSocketTransport WebSocketTransport.cpp:460:processMessage:[00m Message: {"jsonrpc":"2.0","method":"ping","id":405}
2:45:01.367486491 [333m   32[00m 0x7fe8ec001d00 [36mINFO   [00m [00mKurentoServerMethods ServerMethods.cpp:814:ping:[00m WebSocket Ping/Pong with sessionId f6ce446e-f2a9-496f-94c5-83dbde0fb5f9
2:45:01.367616541 [333m   32[00m 0x7fe8ec001d00 [37mDEBUG  [00m [00mKurentoWebSocketTransport WebSocketTransport.cpp:462:processMessage:[00m Response: {"id":405,"jsonrpc":"2.0","result":{"sessionId":"f6ce446e-f2a9-496f-94c5-83dbde0fb5f9","value":"pong"}}
2:46:00.701287965 [333m   32[00m 0x7fe8c0001860 [36mINFO   [00m [00mKurentoWebSocketTransport WebSocketTransport.cpp:296:keepAliveSessions:[00m Keep alive f6ce446e-f2a9-496f-94c5-83dbde0fb5f9
2:46:01.374064103 [333m   32[00m 0x7fe8e0001c60 [37mDEBUG  [00m [00mKurentoWebSocketTransport WebSocketTransport.cpp:460:processMessage:[00m Message: {"jsonrpc":"2.0","method":"ping","id":406}
2:46:01.374332003 [333m   32[00m 0x7fe8e0001c60 [36mINFO   [00m [00mKurentoServerMethods ServerMethods.cpp:814:ping:[00m WebSocket Ping/Pong with sessionId f6ce446e-f2a9-496f-94c5-83dbde0fb5f9
2:46:01.374782953 [333m   32[00m 0x7fe8e0001c60 [37mDEBUG  [00m [00mKurentoWebSocketTransport WebSocketTransport.cpp:462:processMessage:[00m Response: {"id":406,"jsonrpc":"2.0","result":{"sessionId":"f6ce446e-f2a9-496f-94c5-83dbde0fb5f9","value":"pong"}}
2:47:00.701477500 [333m   32[00m 0x7fe8c0001860 [36mINFO   [00m [00mKurentoWebSocketTransport WebSocketTransport.cpp:296:keepAliveSessions:[00m Keep alive f6ce446e-f2a9-496f-94c5-83dbde0fb5f9
2:47:01.381422077 [333m   32[00m 0x7fe8f0001b20 [37mDEBUG  [00m [00mKurentoWebSocketTransport WebSocketTransport.cpp:460:processMessage:[00m Message: {"jsonrpc":"2.0","method":"ping","id":407}
2:47:01.381805973 [333m   32[00m 0x7fe8f0001b20 [36mINFO   [00m [00mKurentoServerMethods ServerMethods.cpp:814:ping:[00m WebSocket Ping/Pong with sessionId f6ce446e-f2a9-496f-94c5-83dbde0fb5f9
2:47:01.381944519 [333m   32[00m 0x7fe8f0001b20 [37mDEBUG  [00m [00mKurentoWebSocketTransport WebSocketTransport.cpp:462:processMessage:[00m Response: {"id":407,"jsonrpc":"2.0","result":{"sessionId":"f6ce446e-f2a9-496f-94c5-83dbde0fb5f9","value":"pong"}}
2:48:00.671779895 [333m   32[00m 0x7fe8f4001ca0 [37mDEBUG  [00m [00m     KurentoMediaSet MediaSet.cpp:123:doGarbageCollection:[00m Running garbage collector
2:48:00.701638480 [333m   32[00m 0x7fe8c0001860 [36mINFO   [00m [00mKurentoWebSocketTransport WebSocketTransport.cpp:296:keepAliveSessions:[00m Keep alive f6ce446e-f2a9-496f-94c5-83dbde0fb5f9
2:48:01.387862077 [333m   32[00m 0x7fe8b8001840 [37mDEBUG  [00m [00mKurentoWebSocketTransport WebSocketTransport.cpp:460:processMessage:[00m Message: {"jsonrpc":"2.0","method":"ping","id":408}
2:48:01.388022606 [333m   32[00m 0x7fe8b8001840 [36mINFO   [00m [00mKurentoServerMethods ServerMethods.cpp:814:ping:[00m WebSocket Ping/Pong with sessionId f6ce446e-f2a9-496f-94c5-83dbde0fb5f9
2:48:01.388149602 [333m   32[00m 0x7fe8b8001840 [37mDEBUG  [00m [00mKurentoWebSocketTransport WebSocketTransport.cpp:462:processMessage:[00m Response: {"id":408,"jsonrpc":"2.0","result":{"sessionId":"f6ce446e-f2a9-496f-94c5-83dbde0fb5f9","value":"pong"}}
2:49:00.701799891 [333m   32[00m 0x7fe8c0001860 [36mINFO   [00m [00mKurentoWebSocketTransport WebSocketTransport.cpp:296:keepAliveSessions:[00m Keep alive f6ce446e-f2a9-496f-94c5-83dbde0fb5f9
2:49:01.391735499 [333m   32[00m 0x7fe904001840 [37mDEBUG  [00m [00mKurentoWebSocketTransport WebSocketTransport.cpp:460:processMessage:[00m Message: {"jsonrpc":"2.0","method":"ping","id":409}
2:49:01.391901110 [333m   32[00m 0x7fe904001840 [36mINFO   [00m [00mKurentoServerMethods ServerMethods.cpp:814:ping:[00m WebSocket Ping/Pong with sessionId f6ce446e-f2a9-496f-94c5-83dbde0fb5f9
2:49:01.392049174 [333m   32[00m 0x7fe904001840 [37mDEBUG  [00m [00mKurentoWebSocketTransport WebSocketTransport.cpp:462:processMessage:[00m Response: {"id":409,"jsonrpc":"2.0","result":{"sessionId":"f6ce446e-f2a9-496f-94c5-83dbde0fb5f9","value":"pong"}}
2:50:00.701980912 [333m   32[00m 0x7fe8c0001860 [36mINFO   [00m [00mKurentoWebSocketTransport WebSocketTransport.cpp:296:keepAliveSessions:[00m Keep alive f6ce446e-f2a9-496f-94c5-83dbde0fb5f9
2:50:01.397971251 [333m   32[00m 0x7fe8f8002180 [37mDEBUG  [00m [00mKurentoWebSocketTransport WebSocketTransport.cpp:460:processMessage:[00m Message: {"jsonrpc":"2.0","method":"ping","id":410}
2:50:01.398379755 [333m   32[00m 0x7fe8f8002180 [36mINFO   [00m [00mKurentoServerMethods ServerMethods.cpp:814:ping:[00m WebSocket Ping/Pong with sessionId f6ce446e-f2a9-496f-94c5-83dbde0fb5f9
2:50:01.398533860 [333m   32[00m 0x7fe8f8002180 [37mDEBUG  [00m [00mKurentoWebSocketTransport WebSocketTransport.cpp:462:processMessage:[00m Response: {"id":410,"jsonrpc":"2.0","result":{"sessionId":"f6ce446e-f2a9-496f-94c5-83dbde0fb5f9","value":"pong"}}
2:51:00.702156275 [333m   32[00m 0x7fe8c0001860 [36mINFO   [00m [00mKurentoWebSocketTransport WebSocketTransport.cpp:296:keepAliveSessions:[00m Keep alive f6ce446e-f2a9-496f-94c5-83dbde0fb5f9
2:51:01.405138247 [333m   32[00m 0x7fe8fc007360 [37mDEBUG  [00m [00mKurentoWebSocketTransport WebSocketTransport.cpp:460:processMessage:[00m Message: {"jsonrpc":"2.0","method":"ping","id":411}
2:51:01.405303124 [333m   32[00m 0x7fe8fc007360 [36mINFO   [00m [00mKurentoServerMethods ServerMethods.cpp:814:ping:[00m WebSocket Ping/Pong with sessionId f6ce446e-f2a9-496f-94c5-83dbde0fb5f9
2:51:01.405433964 [333m   32[00m 0x7fe8fc007360 [37mDEBUG  [00m [00mKurentoWebSocketTransport WebSocketTransport.cpp:462:processMessage:[00m Response: {"id":411,"jsonrpc":"2.0","result":{"sessionId":"f6ce446e-f2a9-496f-94c5-83dbde0fb5f9","value":"pong"}}
2:52:00.671951780 [333m   32[00m 0x7fe8f4001ca0 [37mDEBUG  [00m [00m     KurentoMediaSet MediaSet.cpp:123:doGarbageCollection:[00m Running garbage collector
2:52:00.702334552 [333m   32[00m 0x7fe8c0001860 [36mINFO   [00m [00mKurentoWebSocketTransport WebSocketTransport.cpp:296:keepAliveSessions:[00m Keep alive f6ce446e-f2a9-496f-94c5-83dbde0fb5f9
2:52:01.412413983 [333m   32[00m 0x7fe8dc001cc0 [37mDEBUG  [00m [00mKurentoWebSocketTransport WebSocketTransport.cpp:460:processMessage:[00m Message: {"jsonrpc":"2.0","method":"ping","id":412}
2:52:01.412581286 [333m   32[00m 0x7fe8dc001cc0 [36mINFO   [00m [00mKurentoServerMethods ServerMethods.cpp:814:ping:[00m WebSocket Ping/Pong with sessionId f6ce446e-f2a9-496f-94c5-83dbde0fb5f9
2:52:01.412710021 [333m   32[00m 0x7fe8dc001cc0 [37mDEBUG  [00m [00mKurentoWebSocketTransport WebSocketTransport.cpp:462:processMessage:[00m Response: {"id":412,"jsonrpc":"2.0","result":{"sessionId":"f6ce446e-f2a9-496f-94c5-83dbde0fb5f9","value":"pong"}}
2:53:00.702531856 [333m   32[00m 0x7fe8c0001860 [36mINFO   [00m [00mKurentoWebSocketTransport WebSocketTransport.cpp:296:keepAliveSessions:[00m Keep alive f6ce446e-f2a9-496f-94c5-83dbde0fb5f9
2:53:01.416783714 [333m   32[00m 0x7fe8ac001d80 [37mDEBUG  [00m [00mKurentoWebSocketTransport WebSocketTransport.cpp:460:processMessage:[00m Message: {"jsonrpc":"2.0","method":"ping","id":413}
2:53:01.417195505 [333m   32[00m 0x7fe8ac001d80 [36mINFO   [00m [00mKurentoServerMethods ServerMethods.cpp:814:ping:[00m WebSocket Ping/Pong with sessionId f6ce446e-f2a9-496f-94c5-83dbde0fb5f9
2:53:01.417336618 [333m   32[00m 0x7fe8ac001d80 [37mDEBUG  [00m [00mKurentoWebSocketTransport WebSocketTransport.cpp:462:processMessage:[00m Response: {"id":413,"jsonrpc":"2.0","result":{"sessionId":"f6ce446e-f2a9-496f-94c5-83dbde0fb5f9","value":"pong"}}
2:54:00.702709533 [333m   32[00m 0x7fe8c0001860 [36mINFO   [00m [00mKurentoWebSocketTransport WebSocketTransport.cpp:296:keepAliveSessions:[00m Keep alive f6ce446e-f2a9-496f-94c5-83dbde0fb5f9
2:54:01.419834813 [333m   32[00m 0x7fe8fc006c00 [37mDEBUG  [00m [00mKurentoWebSocketTransport WebSocketTransport.cpp:460:processMessage:[00m Message: {"jsonrpc":"2.0","method":"ping","id":414}
2:54:01.420040049 [333m   32[00m 0x7fe8fc006c00 [36mINFO   [00m [00mKurentoServerMethods ServerMethods.cpp:814:ping:[00m WebSocket Ping/Pong with sessionId f6ce446e-f2a9-496f-94c5-83dbde0fb5f9
2:54:01.420192255 [333m   32[00m 0x7fe8fc006c00 [37mDEBUG  [00m [00mKurentoWebSocketTransport WebSocketTransport.cpp:462:processMessage:[00m Response: {"id":414,"jsonrpc":"2.0","result":{"sessionId":"f6ce446e-f2a9-496f-94c5-83dbde0fb5f9","value":"pong"}}
2:55:00.703072585 [333m   32[00m 0x7fe8c0001860 [36mINFO   [00m [00mKurentoWebSocketTransport WebSocketTransport.cpp:296:keepAliveSessions:[00m Keep alive f6ce446e-f2a9-496f-94c5-83dbde0fb5f9
2:55:01.427037915 [333m   32[00m 0x7fe8ec001d00 [37mDEBUG  [00m [00mKurentoWebSocketTransport WebSocketTransport.cpp:460:processMessage:[00m Message: {"jsonrpc":"2.0","method":"ping","id":415}
2:55:01.427219778 [333m   32[00m 0x7fe8ec001d00 [36mINFO   [00m [00mKurentoServerMethods ServerMethods.cpp:814:ping:[00m WebSocket Ping/Pong with sessionId f6ce446e-f2a9-496f-94c5-83dbde0fb5f9
2:55:01.427357634 [333m   32[00m 0x7fe8ec001d00 [37mDEBUG  [00m [00mKurentoWebSocketTransport WebSocketTransport.cpp:462:processMessage:[00m Response: {"id":415,"jsonrpc":"2.0","result":{"sessionId":"f6ce446e-f2a9-496f-94c5-83dbde0fb5f9","value":"pong"}}
2:56:00.672145445 [333m   32[00m 0x7fe8f4001ca0 [37mDEBUG  [00m [00m     KurentoMediaSet MediaSet.cpp:123:doGarbageCollection:[00m Running garbage collector
2:56:00.703204999 [333m   32[00m 0x7fe8c0001860 [36mINFO   [00m [00mKurentoWebSocketTransport WebSocketTransport.cpp:296:keepAliveSessions:[00m Keep alive f6ce446e-f2a9-496f-94c5-83dbde0fb5f9
2:56:01.434452981 [333m   32[00m 0x7fe8e0001c60 [37mDEBUG  [00m [00mKurentoWebSocketTransport WebSocketTransport.cpp:460:processMessage:[00m Message: {"jsonrpc":"2.0","method":"ping","id":416}
2:56:01.434889034 [333m   32[00m 0x7fe8e0001c60 [36mINFO   [00m [00mKurentoServerMethods ServerMethods.cpp:814:ping:[00m WebSocket Ping/Pong with sessionId f6ce446e-f2a9-496f-94c5-83dbde0fb5f9
2:56:01.435034952 [333m   32[00m 0x7fe8e0001c60 [37mDEBUG  [00m [00mKurentoWebSocketTransport WebSocketTransport.cpp:462:processMessage:[00m Response: {"id":416,"jsonrpc":"2.0","result":{"sessionId":"f6ce446e-f2a9-496f-94c5-83dbde0fb5f9","value":"pong"}}
2:57:00.703377966 [333m   32[00m 0x7fe8c0001860 [36mINFO   [00m [00mKurentoWebSocketTransport WebSocketTransport.cpp:296:keepAliveSessions:[00m Keep alive f6ce446e-f2a9-496f-94c5-83dbde0fb5f9
2:57:01.440762127 [333m   32[00m 0x7fe8f0001b20 [37mDEBUG  [00m [00mKurentoWebSocketTransport WebSocketTransport.cpp:460:processMessage:[00m Message: {"jsonrpc":"2.0","method":"ping","id":417}
2:57:01.440943493 [333m   32[00m 0x7fe8f0001b20 [36mINFO   [00m [00mKurentoServerMethods ServerMethods.cpp:814:ping:[00m WebSocket Ping/Pong with sessionId f6ce446e-f2a9-496f-94c5-83dbde0fb5f9
2:57:01.441083204 [333m   32[00m 0x7fe8f0001b20 [37mDEBUG  [00m [00mKurentoWebSocketTransport WebSocketTransport.cpp:462:processMessage:[00m Response: {"id":417,"jsonrpc":"2.0","result":{"sessionId":"f6ce446e-f2a9-496f-94c5-83dbde0fb5f9","value":"pong"}}
2:58:00.703586776 [333m   32[00m 0x7fe8c0001860 [36mINFO   [00m [00mKurentoWebSocketTransport WebSocketTransport.cpp:296:keepAliveSessions:[00m Keep alive f6ce446e-f2a9-496f-94c5-83dbde0fb5f9
2:58:01.448335752 [333m   32[00m 0x7fe8b8001840 [37mDEBUG  [00m [00mKurentoWebSocketTransport WebSocketTransport.cpp:460:processMessage:[00m Message: {"jsonrpc":"2.0","method":"ping","id":418}
2:58:01.448509519 [333m   32[00m 0x7fe8b8001840 [36mINFO   [00m [00mKurentoServerMethods ServerMethods.cpp:814:ping:[00m WebSocket Ping/Pong with sessionId f6ce446e-f2a9-496f-94c5-83dbde0fb5f9
2:58:01.448640747 [333m   32[00m 0x7fe8b8001840 [37mDEBUG  [00m [00mKurentoWebSocketTransport WebSocketTransport.cpp:462:processMessage:[00m Response: {"id":418,"jsonrpc":"2.0","result":{"sessionId":"f6ce446e-f2a9-496f-94c5-83dbde0fb5f9","value":"pong"}}
2:59:00.703794893 [333m   32[00m 0x7fe8c0001860 [36mINFO   [00m [00mKurentoWebSocketTransport WebSocketTransport.cpp:296:keepAliveSessions:[00m Keep alive f6ce446e-f2a9-496f-94c5-83dbde0fb5f9
2:59:01.450347597 [333m   32[00m 0x7fe904001840 [37mDEBUG  [00m [00mKurentoWebSocketTransport WebSocketTransport.cpp:460:processMessage:[00m Message: {"jsonrpc":"2.0","method":"ping","id":419}
2:59:01.450552633 [333m   32[00m 0x7fe904001840 [36mINFO   [00m [00mKurentoServerMethods ServerMethods.cpp:814:ping:[00m WebSocket Ping/Pong with sessionId f6ce446e-f2a9-496f-94c5-83dbde0fb5f9
2:59:01.450692314 [333m   32[00m 0x7fe904001840 [37mDEBUG  [00m [00mKurentoWebSocketTransport WebSocketTransport.cpp:462:processMessage:[00m Response: {"id":419,"jsonrpc":"2.0","result":{"sessionId":"f6ce446e-f2a9-496f-94c5-83dbde0fb5f9","value":"pong"}}
3:00:00.672352770 [333m   32[00m 0x7fe8f4001ca0 [37mDEBUG  [00m [00m     KurentoMediaSet MediaSet.cpp:123:doGarbageCollection:[00m Running garbage collector
3:00:00.703970955 [333m   32[00m 0x7fe8c0001860 [36mINFO   [00m [00mKurentoWebSocketTransport WebSocketTransport.cpp:296:keepAliveSessions:[00m Keep alive f6ce446e-f2a9-496f-94c5-83dbde0fb5f9
3:00:01.456493579 [333m   32[00m 0x7fe8f8002180 [37mDEBUG  [00m [00mKurentoWebSocketTransport WebSocketTransport.cpp:460:processMessage:[00m Message: {"jsonrpc":"2.0","method":"ping","id":420}
3:00:01.456646522 [333m   32[00m 0x7fe8f8002180 [36mINFO   [00m [00mKurentoServerMethods ServerMethods.cpp:814:ping:[00m WebSocket Ping/Pong with sessionId f6ce446e-f2a9-496f-94c5-83dbde0fb5f9
