0:51:11.496853340 [333m   32[00m 0x7fe894001790 [37mDEBUG  [00m [00mKurentoWebSocketEventHandler WebSocketEventHandler.cpp:56:sendEvent:[00m Sending event: {"jsonrpc":"2.0","method":"onEvent","params":{"value":{"data":{"candidate":{"__module__":"kurento","__type__":"IceCandidate","candidate":"candidate:6 1 TCP 843055359 203.151.20.94 10429 typ srflx raddr 172.20.0.9 rport 10429 tcptype passive","sdpMLineIndex":0,"sdpMid":"0"},"source":"4131a861-543a-4276-9274-52a19df74423_kurento.MediaPipeline/30583c4f-c89d-4983-a81b-1cfb391c69e3_kurento.WebRtcEndpoint","tags":[],"timestamp":"1596438147","timestampMillis":"1596438147040","type":"OnIceCandidate"},"object":"4131a861-543a-4276-9274-52a19df74423_kurento.MediaPipeline/30583c4f-c89d-4983-a81b-1cfb391c69e3_kurento.WebRtcEndpoint","type":"OnIceCandidate"}}}, sessionId: f6ce446e-f2a9-496f-94c5-83dbde0fb5f9
0:51:11.496952652 [333m   32[00m 0x7fe894001790 [37mDEBUG  [00m [00mKurentoWebSocketEventHandler WebSocketEventHandler.cpp:56:sendEvent:[00m Sending event: {"jsonrpc":"2.0","method":"onEvent","params":{"value":{"data":{"candidate":{"__module__":"kurento","__type__":"IceCandidate","candidate":"candidate:6 1 TCP 843055359 203.151.20.94 10429 typ srflx raddr 172.20.0.9 rport 10429 tcptype passive","sdpMLineIndex":1,"sdpMid":"1"},"source":"4131a861-543a-4276-9274-52a19df74423_kurento.MediaPipeline/30583c4f-c89d-4983-a81b-1cfb391c69e3_kurento.WebRtcEndpoint","tags":[],"timestamp":"1596438147","timestampMillis":"1596438147040","type":"OnIceCandidate"},"object":"4131a861-543a-4276-9274-52a19df74423_kurento.MediaPipeline/30583c4f-c89d-4983-a81b-1cfb391c69e3_kurento.WebRtcEndpoint","type":"OnIceCandidate"}}}, sessionId: f6ce446e-f2a9-496f-94c5-83dbde0fb5f9
0:51:11.497041958 [333m   32[00m 0x7fe894001790 [37mDEBUG  [00m [00mKurentoWebSocketEventHandler WebSocketEventHandler.cpp:56:sendEvent:[00m Sending event: {"jsonrpc":"2.0","method":"onEvent","params":{"value":{"data":{"candidate":{"__module__":"kurento","__type__":"IceCandidate","candidate":"candidate:6 1 TCP 843055359 203.151.20.94 10429 typ srflx raddr 172.20.0.9 rport 10429 tcptype passive","sdpMLineIndex":2,"sdpMid":"2"},"source":"4131a861-543a-4276-9274-52a19df74423_kurento.MediaPipeline/30583c4f-c89d-4983-a81b-1cfb391c69e3_kurento.WebRtcEndpoint","tags":[],"timestamp":"1596438147","timestampMillis":"1596438147040","type":"OnIceCandidate"},"object":"4131a861-543a-4276-9274-52a19df74423_kurento.MediaPipeline/30583c4f-c89d-4983-a81b-1cfb391c69e3_kurento.WebRtcEndpoint","type":"OnIceCandidate"}}}, sessionId: f6ce446e-f2a9-496f-94c5-83dbde0fb5f9
0:51:11.635370099 [333m   32[00m 0x7fe8f0001b20 [37mDEBUG  [00m [00mKurentoWebSocketTransport WebSocketTransport.cpp:460:processMessage:[00m Message: {"jsonrpc":"2.0","method":"invoke","params":{"object":"4131a861-543a-4276-9274-52a19df74423_kurento.MediaPipeline/30583c4f-c89d-4983-a81b-1cfb391c69e3_kurento.WebRtcEndpoint","operation":"addIceCandidate","operationParams":{"candidate":{"candidate":"candidate:842163049 1 udp 1677729535 202.29.24.207 55513 typ srflx raddr 10.13.201.10 rport 55513 generation 0 ufrag yFT4 network-cost 999","sdpMid":"0","sdpMLineIndex":0,"__module__":"kurento","__type__":"IceCandidate"}},"sessionId":"f6ce446e-f2a9-496f-94c5-83dbde0fb5f9"},"id":169}
0:51:11.636500457 [333m   32[00m 0x7fe8f0001b20 [37mDEBUG  [00m [00mKurentoWebSocketTransport WebSocketTransport.cpp:462:processMessage:[00m Response: {"id":169,"jsonrpc":"2.0","result":{"sessionId":"f6ce446e-f2a9-496f-94c5-83dbde0fb5f9","value":null}}
0:51:11.681253994 [333m   32[00m 0x7fe80c0029e0 [37mDEBUG  [00m [00mKurentoWebRtcEndpointImpl WebRtcEndpointImpl.cpp:292:newSelectedPairFull:<kmswebrtcendpoint7>[00m New candidate pair selected, local: 'candidate:4 1 UDP 1677722111 203.151.20.94 10433 typ srflx raddr 172.20.0.9 rport 10433', remote: 'candidate:842163049 1 UDP 1677729535 202.29.24.207 55513 typ srflx raddr 10.13.201.10 rport 55513', stream_id: '1', component_id: 1
0:51:12.461074653 [333m   32[00m 0x7fe798005ed0 [37mDEBUG  [00m [00mKurentoMediaElementImpl MediaElementImpl.cpp:492:mediaFlowInStateChange:<kmswebrtcendpoint7>[00m MediaFlowInStateChange: FLOWING, pad: 'default', type: 'audio'
0:52:00.663408809 [333m   32[00m 0x7fe8f4001ca0 [37mDEBUG  [00m [00m     KurentoMediaSet MediaSet.cpp:123:doGarbageCollection:[00m Running garbage collector
0:52:00.674157671 [333m   32[00m 0x7fe8c0001860 [36mINFO   [00m [00mKurentoWebSocketTransport WebSocketTransport.cpp:296:keepAliveSessions:[00m Keep alive f6ce446e-f2a9-496f-94c5-83dbde0fb5f9
0:52:01.104577837 [333m   32[00m 0x7fe8dc001cc0 [37mDEBUG  [00m [00mKurentoWebSocketTransport WebSocketTransport.cpp:460:processMessage:[00m Message: {"jsonrpc":"2.0","method":"ping","id":170}
0:52:01.104947604 [333m   32[00m 0x7fe8dc001cc0 [36mINFO   [00m [00mKurentoServerMethods ServerMethods.cpp:814:ping:[00m WebSocket Ping/Pong with sessionId f6ce446e-f2a9-496f-94c5-83dbde0fb5f9
0:52:01.105083790 [333m   32[00m 0x7fe8dc001cc0 [37mDEBUG  [00m [00mKurentoWebSocketTransport WebSocketTransport.cpp:462:processMessage:[00m Response: {"id":170,"jsonrpc":"2.0","result":{"sessionId":"f6ce446e-f2a9-496f-94c5-83dbde0fb5f9","value":"pong"}}
0:53:00.674429688 [333m   32[00m 0x7fe8c0001860 [36mINFO   [00m [00mKurentoWebSocketTransport WebSocketTransport.cpp:296:keepAliveSessions:[00m Keep alive f6ce446e-f2a9-496f-94c5-83dbde0fb5f9
0:53:01.104792666 [333m   32[00m 0x7fe8e0001c60 [37mDEBUG  [00m [00mKurentoWebSocketTransport WebSocketTransport.cpp:460:processMessage:[00m Message: {"jsonrpc":"2.0","method":"ping","id":171}
0:53:01.105120019 [333m   32[00m 0x7fe8e0001c60 [36mINFO   [00m [00mKurentoServerMethods ServerMethods.cpp:814:ping:[00m WebSocket Ping/Pong with sessionId f6ce446e-f2a9-496f-94c5-83dbde0fb5f9
0:53:01.105506142 [333m   32[00m 0x7fe8e0001c60 [37mDEBUG  [00m [00mKurentoWebSocketTransport WebSocketTransport.cpp:462:processMessage:[00m Response: {"id":171,"jsonrpc":"2.0","result":{"sessionId":"f6ce446e-f2a9-496f-94c5-83dbde0fb5f9","value":"pong"}}
0:53:28.208401686 [333m   32[00m 0x7fe8ac001d80 [37mDEBUG  [00m [00mKurentoWebSocketTransport WebSocketTransport.cpp:460:processMessage:[00m Message: {"jsonrpc":"2.0","method":"create","params":{"type":"WebRtcEndpoint","constructorParams":{"mediaPipeline":"4131a861-543a-4276-9274-52a19df74423_kurento.MediaPipeline","useDataChannels":true},"properties":{},"sessionId":"f6ce446e-f2a9-496f-94c5-83dbde0fb5f9"},"id":172}
0:53:28.211037282 [333m   32[00m 0x7fe8ac001d80 [36mINFO   [00m [00mKurentoWebRtcEndpointImpl WebRtcEndpointImpl.cpp:96:remove_not_supported_codecs_from_array:<kmswebrtcendpoint8>[00m Removing not supported codec 'AMR/8000'
0:53:28.211135402 [333m   32[00m 0x7fe8ac001d80 [36mINFO   [00m [00mKurentoWebRtcEndpointImpl WebRtcEndpointImpl.cpp:465:WebRtcEndpointImpl:[00m Using STUN reflexive server IP: 203.183.172.196
0:53:28.211149115 [333m   32[00m 0x7fe8ac001d80 [36mINFO   [00m [00mKurentoWebRtcEndpointImpl WebRtcEndpointImpl.cpp:466:WebRtcEndpointImpl:[00m Using STUN reflexive server Port: 3478
0:53:28.211223073 [333m   32[00m 0x7fe8ac001d80 [36mINFO   [00m [00mKurentoWebRtcEndpointImpl WebRtcEndpointImpl.cpp:487:WebRtcEndpointImpl:[00m TURN server IP address not found in config; NAT traversal requires either STUN or TURN server
0:53:28.211822144 [333m   32[00m 0x7fe8ac001d80 [37mDEBUG  [00m [00mKurentoWebSocketTransport WebSocketTransport.cpp:462:processMessage:[00m Response: {"id":172,"jsonrpc":"2.0","result":{"sessionId":"f6ce446e-f2a9-496f-94c5-83dbde0fb5f9","value":"4131a861-543a-4276-9274-52a19df74423_kurento.MediaPipeline/0882dbb6-3842-4ab4-8358-9912e59f27f5_kurento.WebRtcEndpoint"}}
0:53:28.215008218 [333m   32[00m 0x7fe8ec001d00 [37mDEBUG  [00m [00mKurentoWebSocketTransport WebSocketTransport.cpp:460:processMessage:[00m Message: {"jsonrpc":"2.0","method":"subscribe","params":{"object":"4131a861-543a-4276-9274-52a19df74423_kurento.MediaPipeline/0882dbb6-3842-4ab4-8358-9912e59f27f5_kurento.WebRtcEndpoint","type":"OnIceCandidate","sessionId":"f6ce446e-f2a9-496f-94c5-83dbde0fb5f9"},"id":173}
0:53:28.215303618 [333m   32[00m 0x7fe8ec001d00 [37mDEBUG  [00m [00mKurentoWebSocketTransport WebSocketTransport.cpp:462:processMessage:[00m Response: {"id":173,"jsonrpc":"2.0","result":{"sessionId":"f6ce446e-f2a9-496f-94c5-83dbde0fb5f9","value":"98ee2a33-dfd8-4b1a-96e4-fed0ef398cc3"}}
0:53:28.216026086 [333m   32[00m 0x7fe8fc007360 [37mDEBUG  [00m [00mKurentoWebSocketTransport WebSocketTransport.cpp:460:processMessage:[00m Message: {"jsonrpc":"2.0","method":"invoke","params":{"object":"4131a861-543a-4276-9274-52a19df74423_kurento.MediaPipeline/0882dbb6-3842-4ab4-8358-9912e59f27f5_kurento.WebRtcEndpoint","operation":"processOffer","operationParams":{"offer":"v=0\r\no=mozilla...THIS_IS_SDPARTA-72.0.2 1064594068150539644 0 IN IP4 0.0.0.0\r\ns=-\r\nt=0 0\r\na=fingerprint:sha-256 96:32:72:C2:C1:90:22:B7:BD:10:28:14:8C:1E:05:D6:EF:AC:F1:85:6B:EA:35:22:D5:04:EC:F3:87:FB:3F:7E\r\na=group:BUNDLE 0 1 2\r\na=ice-options:trickle\r\na=msid-semantic:WMS *\r\nm=video 9 UDP/TLS/RTP/SAVPF 120 121 126 97\r\nc=IN IP4 0.0.0.0\r\na=recvonly\r\na=extmap:3 urn:ietf:params:rtp-hdrext:sdes:mid\r\na=extmap:4 http://www.webrtc.org/experiments/rtp-hdrext/abs-send-time\r\na=extmap:5 urn:ietf:params:rtp-hdrext:toffset\r\na=extmap:6/recvonly http://www.webrtc.org/experiments/rtp-hdrext/playout-delay\r\na=fmtp:126 profile-level-id=42e01f;level-asymmetry-allowed=1;packetization-mode=1\r\na=fmtp:97 profile-level-id=42e01f;level-asymmetry-allowed=1\r\na=fmtp:120 max-fs=12288;max-fr=60\r\na=fmtp:121 max-fs=12288;max-fr=60\r\na=ice-pwd:f41d6ee2752e5102d6c8555dca9b92c6\r\na=ice-ufrag:f35a5dd5\r\na=mid:0\r\na=rtcp-fb:120 nack\r\na=rtcp-fb:120 nack pli\r\na=rtcp-fb:120 ccm fir\r\na=rtcp-fb:120 goog-remb\r\na=rtcp-fb:121 nack\r\na=rtcp-fb:121 nack pli\r\na=rtcp-fb:121 ccm fir\r\na=rtcp-fb:121 goog-remb\r\na=rtcp-fb:126 nack\r\na=rtcp-fb:126 nack pli\r\na=rtcp-fb:126 ccm fir\r\na=rtcp-fb:126 goog-remb\r\na=rtcp-fb:97 nack\r\na=rtcp-fb:97 nack pli\r\na=rtcp-fb:97 ccm fir\r\na=rtcp-fb:97 goog-remb\r\na=rtcp-mux\r\na=rtpmap:120 VP8/90000\r\na=rtpmap:121 VP9/90000\r\na=rtpmap:126 H264/90000\r\na=rtpmap:97 H264/90000\r\na=setup:actpass\r\na=ssrc:4237371920 cname:{94c6a9a6-54f2-4c04-ba80-f2f4bc5e272b}\r\nm=audio 9 UDP/TLS/RTP/SAVPF 109 9 0 8 101\r\nc=IN IP4 0.0.0.0\r\na=recvonly\r\na=extmap:1 urn:ietf:params:rtp-hdrext:ssrc-audio-level\r\na=extmap:2/recvonly urn:ietf:params:rtp-hdrext:csrc-audio-level\r\na=extmap:3 urn:ietf:params:rtp-hdrext:sdes:mid\r\na=fmtp:109 maxplaybackrate=48000;stereo=1;useinbandfec=1\r\na=fmtp:101 0-15\r\na=ice-pwd:f41d6ee2752e5102d6c8555dca9b92c6\r\na=ice-ufrag:f35a5dd5\r\na=mid:1\r\na=rtcp-mux\r\na=rtpmap:109 opus/48000/2\r\na=rtpmap:9 G722/8000/1\r\na=rtpmap:0 PCMU/8000\r\na=rtpmap:8 PCMA/8000\r\na=rtpmap:101 telephone-event/8000/1\r\na=setup:actpass\r\na=ssrc:3116364768 cname:{94c6a9a6-54f2-4c04-ba80-f2f4bc5e272b}\r\nm=application 9 UDP/DTLS/SCTP webrtc-datachannel\r\nc=IN IP4 0.0.0.0\r\na=sendrecv\r\na=ice-pwd:f41d6ee2752e5102d6c8555dca9b92c6\r\na=ice-ufrag:f35a5dd5\r\na=mid:2\r\na=setup:actpass\r\na=sctp-port:5000\r\na=max-message-size:1073741823\r\n"},"sessionId":"f6ce446e-f2a9-496f-94c5-83dbde0fb5f9"},"id":174}
0:53:28.225620524 [333m   32[00m 0x7fe8fc007360 [37mDEBUG  [00m [00mKurentoWebSocketTransport WebSocketTransport.cpp:462:processMessage:[00m Response: {"id":174,"jsonrpc":"2.0","result":{"sessionId":"f6ce446e-f2a9-496f-94c5-83dbde0fb5f9","value":"v=0\r\no=- 3805427083 3805427083 IN IP4 0.0.0.0\r\ns=Kurento Media Server\r\nc=IN IP4 0.0.0.0\r\nt=0 0\r\na=fingerprint:sha-256 96:32:72:C2:C1:90:22:B7:BD:10:28:14:8C:1E:05:D6:EF:AC:F1:85:6B:EA:35:22:D5:04:EC:F3:87:FB:3F:7E\r\na=ice-options:trickle\r\na=msid-semantic:WMS *\r\na=group:BUNDLE 0 1 2\r\nm=video 1 UDP/TLS/RTP/SAVPF 120 126 97\r\na=extmap:4 http://www.webrtc.org/experiments/rtp-hdrext/abs-send-time\r\na=sendonly\r\na=mid:0\r\na=rtcp:9 IN IP4 0.0.0.0\r\na=rtpmap:120 VP8/90000\r\na=rtpmap:126 H264/90000\r\na=rtpmap:97 H264/90000\r\na=rtcp-fb:120 nack\r\na=rtcp-fb:120 nack pli\r\na=rtcp-fb:120 ccm fir\r\na=rtcp-fb:120 goog-remb\r\na=rtcp-fb:126 nack\r\na=rtcp-fb:126 nack pli\r\na=rtcp-fb:126 ccm fir\r\na=rtcp-fb:126 goog-remb\r\na=rtcp-fb:97 nack\r\na=rtcp-fb:97 nack pli\r\na=rtcp-fb:97 ccm fir\r\na=rtcp-fb:97 goog-remb\r\na=fmtp:126 profile-level-id=42e01f;level-asymmetry-allowed=1;packetization-mode=1\r\na=fmtp:97 profile-level-id=42e01f;level-asymmetry-allowed=1\r\na=fmtp:120 max-fs=12288;max-fr=60\r\na=rtcp-mux\r\na=setup:active\r\na=ssrc:3858558868 cname:user2730601915@host-dc8c7967\r\na=ice-ufrag:P9ZF\r\na=ice-pwd:XRpM8AHFgDh2ZawbvHMJjG\r\na=fingerprint:sha-256 87:AE:B2:04:24:F8:9D:75:D9:3D:76:1F:47:46:04:CD:0D:F8:A2:B8:7B:CA:90:89:8A:88:02:03:E5:17:1F:01\r\nm=audio 1 UDP/TLS/RTP/SAVPF 109 0\r\na=sendonly\r\na=mid:1\r\na=rtcp:9 IN IP4 0.0.0.0\r\na=rtpmap:109 opus/48000/2\r\na=rtpmap:0 PCMU/8000\r\na=fmtp:109 maxplaybackrate=48000;stereo=1;useinbandfec=1\r\na=rtcp-mux\r\na=setup:active\r\na=ssrc:3054698226 cname:user2730601915@host-dc8c7967\r\na=ice-ufrag:P9ZF\r\na=ice-pwd:XRpM8AHFgDh2ZawbvHMJjG\r\na=fingerprint:sha-256 87:AE:B2:04:24:F8:9D:75:D9:3D:76:1F:47:46:04:CD:0D:F8:A2:B8:7B:CA:90:89:8A:88:02:03:E5:17:1F:01\r\nm=application 1 UDP/DTLS/SCTP webrtc-datachannel\r\na=mid:2\r\na=sctp-port:5000\r\na=setup:active\r\na=ice-ufrag:P9ZF\r\na=ice-pwd:XRpM8AHFgDh2ZawbvHMJjG\r\na=fingerprint:sha-256 87:AE:B2:04:24:F8:9D:75:D9:3D:76:1F:47:46:04:CD:0D:F8:A2:B8:7B:CA:90:89:8A:88:02:03:E5:17:1F:01\r\n"}}
0:53:28.225734571 [333m   32[00m 0x7fe8fc007360 [37mDEBUG  [00m [00mKurentoWebSocketTransport WebSocketTransport.cpp:460:processMessage:[00m Message: {"jsonrpc":"2.0","method":"invoke","params":{"object":"4131a861-543a-4276-9274-52a19df74423_kurento.MediaPipeline/0882dbb6-3842-4ab4-8358-9912e59f27f5_kurento.WebRtcEndpoint","operation":"addIceCandidate","operationParams":{"candidate":{"candidate":"candidate:0 1 UDP 2122252543 192.168.1.133 56490 typ host","sdpMid":"2","sdpMLineIndex":2,"__module__":"kurento","__type__":"IceCandidate"}},"sessionId":"f6ce446e-f2a9-496f-94c5-83dbde0fb5f9"},"id":175}
0:53:28.226022403 [333m   32[00m 0x7fe8fc007360 [37mDEBUG  [00m [00mKurentoWebSocketTransport WebSocketTransport.cpp:462:processMessage:[00m Response: {"id":175,"jsonrpc":"2.0","result":{"sessionId":"f6ce446e-f2a9-496f-94c5-83dbde0fb5f9","value":null}}
0:53:28.226400505 [333m   32[00m 0x7fe904001840 [37mDEBUG  [00m [00mKurentoWebSocketTransport WebSocketTransport.cpp:460:processMessage:[00m Message: {"jsonrpc":"2.0","method":"invoke","params":{"object":"4131a861-543a-4276-9274-52a19df74423_kurento.MediaPipeline/0882dbb6-3842-4ab4-8358-9912e59f27f5_kurento.WebRtcEndpoint","operation":"addIceCandidate","operationParams":{"candidate":{"candidate":"candidate:2 1 TCP 2105524479 192.168.1.133 9 typ host tcptype active","sdpMid":"2","sdpMLineIndex":2,"__module__":"kurento","__type__":"IceCandidate"}},"sessionId":"f6ce446e-f2a9-496f-94c5-83dbde0fb5f9"},"id":176}
0:53:28.226926227 [333m   32[00m 0x7fe904001840 [37mDEBUG  [00m [00mKurentoWebSocketTransport WebSocketTransport.cpp:462:processMessage:[00m Response: {"id":176,"jsonrpc":"2.0","result":{"sessionId":"f6ce446e-f2a9-496f-94c5-83dbde0fb5f9","value":null}}
0:53:28.228746873 [333m   32[00m 0x7fe8dc001cc0 [37mDEBUG  [00m [00mKurentoWebSocketTransport WebSocketTransport.cpp:460:processMessage:[00m Message: {"jsonrpc":"2.0","method":"invoke","params":{"object":"4131a861-543a-4276-9274-52a19df74423_kurento.MediaPipeline/0882dbb6-3842-4ab4-8358-9912e59f27f5_kurento.WebRtcEndpoint","operation":"gatherCandidates","sessionId":"f6ce446e-f2a9-496f-94c5-83dbde0fb5f9"},"id":177}
0:53:28.230912542 [333m   32[00m 0x7fe894001790 [37mDEBUG  [00m [00mKurentoWebSocketEventHandler WebSocketEventHandler.cpp:56:sendEvent:[00m Sending event: {"jsonrpc":"2.0","method":"onEvent","params":{"value":{"data":{"candidate":{"__module__":"kurento","__type__":"IceCandidate","candidate":"candidate:2 1 UDP 2013266431 172.20.0.9 10434 typ host","sdpMLineIndex":0,"sdpMid":"0"},"source":"4131a861-543a-4276-9274-52a19df74423_kurento.MediaPipeline/0882dbb6-3842-4ab4-8358-9912e59f27f5_kurento.WebRtcEndpoint","tags":[],"timestamp":"1596438283","timestampMillis":"1596438283773","type":"OnIceCandidate"},"object":"4131a861-543a-4276-9274-52a19df74423_kurento.MediaPipeline/0882dbb6-3842-4ab4-8358-9912e59f27f5_kurento.WebRtcEndpoint","type":"OnIceCandidate"}}}, sessionId: f6ce446e-f2a9-496f-94c5-83dbde0fb5f9
0:53:28.231067810 [333m   32[00m 0x7fe894001790 [37mDEBUG  [00m [00mKurentoWebSocketEventHandler WebSocketEventHandler.cpp:56:sendEvent:[00m Sending event: {"jsonrpc":"2.0","method":"onEvent","params":{"value":{"data":{"candidate":{"__module__":"kurento","__type__":"IceCandidate","candidate":"candidate:2 1 UDP 2013266431 172.20.0.9 10434 typ host","sdpMLineIndex":1,"sdpMid":"1"},"source":"4131a861-543a-4276-9274-52a19df74423_kurento.MediaPipeline/0882dbb6-3842-4ab4-8358-9912e59f27f5_kurento.WebRtcEndpoint","tags":[],"timestamp":"1596438283","timestampMillis":"1596438283773","type":"OnIceCandidate"},"object":"4131a861-543a-4276-9274-52a19df74423_kurento.MediaPipeline/0882dbb6-3842-4ab4-8358-9912e59f27f5_kurento.WebRtcEndpoint","type":"OnIceCandidate"}}}, sessionId: f6ce446e-f2a9-496f-94c5-83dbde0fb5f9
0:53:28.231185314 [333m   32[00m 0x7fe894001790 [37mDEBUG  [00m [00mKurentoWebSocketEventHandler WebSocketEventHandler.cpp:56:sendEvent:[00m Sending event: {"jsonrpc":"2.0","method":"onEvent","params":{"value":{"data":{"candidate":{"__module__":"kurento","__type__":"IceCandidate","candidate":"candidate:2 1 UDP 2013266431 172.20.0.9 10434 typ host","sdpMLineIndex":2,"sdpMid":"2"},"source":"4131a861-543a-4276-9274-52a19df74423_kurento.MediaPipeline/0882dbb6-3842-4ab4-8358-9912e59f27f5_kurento.WebRtcEndpoint","tags":[],"timestamp":"1596438283","timestampMillis":"1596438283773","type":"OnIceCandidate"},"object":"4131a861-543a-4276-9274-52a19df74423_kurento.MediaPipeline/0882dbb6-3842-4ab4-8358-9912e59f27f5_kurento.WebRtcEndpoint","type":"OnIceCandidate"}}}, sessionId: f6ce446e-f2a9-496f-94c5-83dbde0fb5f9
0:53:28.231289660 [333m   32[00m 0x7fe894001790 [37mDEBUG  [00m [00mKurentoWebSocketEventHandler WebSocketEventHandler.cpp:56:sendEvent:[00m Sending event: {"jsonrpc":"2.0","method":"onEvent","params":{"value":{"data":{"candidate":{"__module__":"kurento","__type__":"IceCandidate","candidate":"candidate:3 1 TCP 1015021823 172.20.0.9 9 typ host tcptype active","sdpMLineIndex":0,"sdpMid":"0"},"source":"4131a861-543a-4276-9274-52a19df74423_kurento.MediaPipeline/0882dbb6-3842-4ab4-8358-9912e59f27f5_kurento.WebRtcEndpoint","tags":[],"timestamp":"1596438283","timestampMillis":"1596438283774","type":"OnIceCandidate"},"object":"4131a861-543a-4276-9274-52a19df74423_kurento.MediaPipeline/0882dbb6-3842-4ab4-8358-9912e59f27f5_kurento.WebRtcEndpoint","type":"OnIceCandidate"}}}, sessionId: f6ce446e-f2a9-496f-94c5-83dbde0fb5f9
0:53:28.231388551 [333m   32[00m 0x7fe894001790 [37mDEBUG  [00m [00mKurentoWebSocketEventHandler WebSocketEventHandler.cpp:56:sendEvent:[00m Sending event: {"jsonrpc":"2.0","method":"onEvent","params":{"value":{"data":{"candidate":{"__module__":"kurento","__type__":"IceCandidate","candidate":"candidate:3 1 TCP 1015021823 172.20.0.9 9 typ host tcptype active","sdpMLineIndex":1,"sdpMid":"1"},"source":"4131a861-543a-4276-9274-52a19df74423_kurento.MediaPipeline/0882dbb6-3842-4ab4-8358-9912e59f27f5_kurento.WebRtcEndpoint","tags":[],"timestamp":"1596438283","timestampMillis":"1596438283774","type":"OnIceCandidate"},"object":"4131a861-543a-4276-9274-52a19df74423_kurento.MediaPipeline/0882dbb6-3842-4ab4-8358-9912e59f27f5_kurento.WebRtcEndpoint","type":"OnIceCandidate"}}}, sessionId: f6ce446e-f2a9-496f-94c5-83dbde0fb5f9
0:53:28.231484802 [333m   32[00m 0x7fe894001790 [37mDEBUG  [00m [00mKurentoWebSocketEventHandler WebSocketEventHandler.cpp:56:sendEvent:[00m Sending event: {"jsonrpc":"2.0","method":"onEvent","params":{"value":{"data":{"candidate":{"__module__":"kurento","__type__":"IceCandidate","candidate":"candidate:3 1 TCP 1015021823 172.20.0.9 9 typ host tcptype active","sdpMLineIndex":2,"sdpMid":"2"},"source":"4131a861-543a-4276-9274-52a19df74423_kurento.MediaPipeline/0882dbb6-3842-4ab4-8358-9912e59f27f5_kurento.WebRtcEndpoint","tags":[],"timestamp":"1596438283","timestampMillis":"1596438283774","type":"OnIceCandidate"},"object":"4131a861-543a-4276-9274-52a19df74423_kurento.MediaPipeline/0882dbb6-3842-4ab4-8358-9912e59f27f5_kurento.WebRtcEndpoint","type":"OnIceCandidate"}}}, sessionId: f6ce446e-f2a9-496f-94c5-83dbde0fb5f9
0:53:28.231590021 [333m   32[00m 0x7fe894001790 [37mDEBUG  [00m [00mKurentoWebSocketEventHandler WebSocketEventHandler.cpp:56:sendEvent:[00m Sending event: {"jsonrpc":"2.0","method":"onEvent","params":{"value":{"data":{"candidate":{"__module__":"kurento","__type__":"IceCandidate","candidate":"candidate:4 1 TCP 1010827519 172.20.0.9 10444 typ host tcptype passive","sdpMLineIndex":0,"sdpMid":"0"},"source":"4131a861-543a-4276-9274-52a19df74423_kurento.MediaPipeline/0882dbb6-3842-4ab4-8358-9912e59f27f5_kurento.WebRtcEndpoint","tags":[],"timestamp":"1596438283","timestampMillis":"1596438283774","type":"OnIceCandidate"},"object":"4131a861-543a-4276-9274-52a19df74423_kurento.MediaPipeline/0882dbb6-3842-4ab4-8358-9912e59f27f5_kurento.WebRtcEndpoint","type":"OnIceCandidate"}}}, sessionId: f6ce446e-f2a9-496f-94c5-83dbde0fb5f9
0:53:28.231688978 [333m   32[00m 0x7fe894001790 [37mDEBUG  [00m [00mKurentoWebSocketEventHandler WebSocketEventHandler.cpp:56:sendEvent:[00m Sending event: {"jsonrpc":"2.0","method":"onEvent","params":{"value":{"data":{"candidate":{"__module__":"kurento","__type__":"IceCandidate","candidate":"candidate:4 1 TCP 1010827519 172.20.0.9 10444 typ host tcptype passive","sdpMLineIndex":1,"sdpMid":"1"},"source":"4131a861-543a-4276-9274-52a19df74423_kurento.MediaPipeline/0882dbb6-3842-4ab4-8358-9912e59f27f5_kurento.WebRtcEndpoint","tags":[],"timestamp":"1596438283","timestampMillis":"1596438283774","type":"OnIceCandidate"},"object":"4131a861-543a-4276-9274-52a19df74423_kurento.MediaPipeline/0882dbb6-3842-4ab4-8358-9912e59f27f5_kurento.WebRtcEndpoint","type":"OnIceCandidate"}}}, sessionId: f6ce446e-f2a9-496f-94c5-83dbde0fb5f9
0:53:28.231783830 [333m   32[00m 0x7fe894001790 [37mDEBUG  [00m [00mKurentoWebSocketEventHandler WebSocketEventHandler.cpp:56:sendEvent:[00m Sending event: {"jsonrpc":"2.0","method":"onEvent","params":{"value":{"data":{"candidate":{"__module__":"kurento","__type__":"IceCandidate","candidate":"candidate:4 1 TCP 1010827519 172.20.0.9 10444 typ host tcptype passive","sdpMLineIndex":2,"sdpMid":"2"},"source":"4131a861-543a-4276-9274-52a19df74423_kurento.MediaPipeline/0882dbb6-3842-4ab4-8358-9912e59f27f5_kurento.WebRtcEndpoint","tags":[],"timestamp":"1596438283","timestampMillis":"1596438283774","type":"OnIceCandidate"},"object":"4131a861-543a-4276-9274-52a19df74423_kurento.MediaPipeline/0882dbb6-3842-4ab4-8358-9912e59f27f5_kurento.WebRtcEndpoint","type":"OnIceCandidate"}}}, sessionId: f6ce446e-f2a9-496f-94c5-83dbde0fb5f9
0:53:28.231879528 [333m   32[00m 0x7fe894001790 [37mDEBUG  [00m [00mKurentoWebSocketEventHandler WebSocketEventHandler.cpp:56:sendEvent:[00m Sending event: {"jsonrpc":"2.0","method":"onEvent","params":{"value":{"data":{"candidate":{"__module__":"kurento","__type__":"IceCandidate","candidate":"candidate:2 2 UDP 2013266430 172.20.0.9 10444 typ host","sdpMLineIndex":0,"sdpMid":"0"},"source":"4131a861-543a-4276-9274-52a19df74423_kurento.MediaPipeline/0882dbb6-3842-4ab4-8358-9912e59f27f5_kurento.WebRtcEndpoint","tags":[],"timestamp":"1596438283","timestampMillis":"1596438283775","type":"OnIceCandidate"},"object":"4131a861-543a-4276-9274-52a19df74423_kurento.MediaPipeline/0882dbb6-3842-4ab4-8358-9912e59f27f5_kurento.WebRtcEndpoint","type":"OnIceCandidate"}}}, sessionId: f6ce446e-f2a9-496f-94c5-83dbde0fb5f9
0:53:28.231980041 [333m   32[00m 0x7fe894001790 [37mDEBUG  [00m [00mKurentoWebSocketEventHandler WebSocketEventHandler.cpp:56:sendEvent:[00m Sending event: {"jsonrpc":"2.0","method":"onEvent","params":{"value":{"data":{"candidate":{"__module__":"kurento","__type__":"IceCandidate","candidate":"candidate:2 2 UDP 2013266430 172.20.0.9 10444 typ host","sdpMLineIndex":1,"sdpMid":"1"},"source":"4131a861-543a-4276-9274-52a19df74423_kurento.MediaPipeline/0882dbb6-3842-4ab4-8358-9912e59f27f5_kurento.WebRtcEndpoint","tags":[],"timestamp":"1596438283","timestampMillis":"1596438283775","type":"OnIceCandidate"},"object":"4131a861-543a-4276-9274-52a19df74423_kurento.MediaPipeline/0882dbb6-3842-4ab4-8358-9912e59f27f5_kurento.WebRtcEndpoint","type":"OnIceCandidate"}}}, sessionId: f6ce446e-f2a9-496f-94c5-83dbde0fb5f9
0:53:28.232073801 [333m   32[00m 0x7fe894001790 [37mDEBUG  [00m [00mKurentoWebSocketEventHandler WebSocketEventHandler.cpp:56:sendEvent:[00m Sending event: {"jsonrpc":"2.0","method":"onEvent","params":{"value":{"data":{"candidate":{"__module__":"kurento","__type__":"IceCandidate","candidate":"candidate:2 2 UDP 2013266430 172.20.0.9 10444 typ host","sdpMLineIndex":2,"sdpMid":"2"},"source":"4131a861-543a-4276-9274-52a19df74423_kurento.MediaPipeline/0882dbb6-3842-4ab4-8358-9912e59f27f5_kurento.WebRtcEndpoint","tags":[],"timestamp":"1596438283","timestampMillis":"1596438283775","type":"OnIceCandidate"},"object":"4131a861-543a-4276-9274-52a19df74423_kurento.MediaPipeline/0882dbb6-3842-4ab4-8358-9912e59f27f5_kurento.WebRtcEndpoint","type":"OnIceCandidate"}}}, sessionId: f6ce446e-f2a9-496f-94c5-83dbde0fb5f9
0:53:28.232167718 [333m   32[00m 0x7fe894001790 [37mDEBUG  [00m [00mKurentoWebSocketEventHandler WebSocketEventHandler.cpp:56:sendEvent:[00m Sending event: {"jsonrpc":"2.0","method":"onEvent","params":{"value":{"data":{"candidate":{"__module__":"kurento","__type__":"IceCandidate","candidate":"candidate:3 2 TCP 1015021822 172.20.0.9 9 typ host tcptype active","sdpMLineIndex":0,"sdpMid":"0"},"source":"4131a861-543a-4276-9274-52a19df74423_kurento.MediaPipeline/0882dbb6-3842-4ab4-8358-9912e59f27f5_kurento.WebRtcEndpoint","tags":[],"timestamp":"1596438283","timestampMillis":"1596438283775","type":"OnIceCandidate"},"object":"4131a861-543a-4276-9274-52a19df74423_kurento.MediaPipeline/0882dbb6-3842-4ab4-8358-9912e59f27f5_kurento.WebRtcEndpoint","type":"OnIceCandidate"}}}, sessionId: f6ce446e-f2a9-496f-94c5-83dbde0fb5f9
0:53:28.232260628 [333m   32[00m 0x7fe894001790 [37mDEBUG  [00m [00mKurentoWebSocketEventHandler WebSocketEventHandler.cpp:56:sendEvent:[00m Sending event: {"jsonrpc":"2.0","method":"onEvent","params":{"value":{"data":{"candidate":{"__module__":"kurento","__type__":"IceCandidate","candidate":"candidate:3 2 TCP 1015021822 172.20.0.9 9 typ host tcptype active","sdpMLineIndex":1,"sdpMid":"1"},"source":"4131a861-543a-4276-9274-52a19df74423_kurento.MediaPipeline/0882dbb6-3842-4ab4-8358-9912e59f27f5_kurento.WebRtcEndpoint","tags":[],"timestamp":"1596438283","timestampMillis":"1596438283775","type":"OnIceCandidate"},"object":"4131a861-543a-4276-9274-52a19df74423_kurento.MediaPipeline/0882dbb6-3842-4ab4-8358-9912e59f27f5_kurento.WebRtcEndpoint","type":"OnIceCandidate"}}}, sessionId: f6ce446e-f2a9-496f-94c5-83dbde0fb5f9
0:53:28.232354823 [333m   32[00m 0x7fe894001790 [37mDEBUG  [00m [00mKurentoWebSocketEventHandler WebSocketEventHandler.cpp:56:sendEvent:[00m Sending event: {"jsonrpc":"2.0","method":"onEvent","params":{"value":{"data":{"candidate":{"__module__":"kurento","__type__":"IceCandidate","candidate":"candidate:3 2 TCP 1015021822 172.20.0.9 9 typ host tcptype active","sdpMLineIndex":2,"sdpMid":"2"},"source":"4131a861-543a-4276-9274-52a19df74423_kurento.MediaPipeline/0882dbb6-3842-4ab4-8358-9912e59f27f5_kurento.WebRtcEndpoint","tags":[],"timestamp":"1596438283","timestampMillis":"1596438283775","type":"OnIceCandidate"},"object":"4131a861-543a-4276-9274-52a19df74423_kurento.MediaPipeline/0882dbb6-3842-4ab4-8358-9912e59f27f5_kurento.WebRtcEndpoint","type":"OnIceCandidate"}}}, sessionId: f6ce446e-f2a9-496f-94c5-83dbde0fb5f9
0:53:28.232399242 [333m   32[00m 0x7fe8dc001cc0 [37mDEBUG  [00m [00mKurentoWebSocketTransport WebSocketTransport.cpp:462:processMessage:[00m Response: {"id":177,"jsonrpc":"2.0","result":{"sessionId":"f6ce446e-f2a9-496f-94c5-83dbde0fb5f9","value":null}}
0:53:28.232459223 [333m   32[00m 0x7fe894001790 [37mDEBUG  [00m [00mKurentoWebSocketEventHandler WebSocketEventHandler.cpp:56:sendEvent:[00m Sending event: {"jsonrpc":"2.0","method":"onEvent","params":{"value":{"data":{"candidate":{"__module__":"kurento","__type__":"IceCandidate","candidate":"candidate:4 2 TCP 1010827518 172.20.0.9 10433 typ host tcptype passive","sdpMLineIndex":0,"sdpMid":"0"},"source":"4131a861-543a-4276-9274-52a19df74423_kurento.MediaPipeline/0882dbb6-3842-4ab4-8358-9912e59f27f5_kurento.WebRtcEndpoint","tags":[],"timestamp":"1596438283","timestampMillis":"1596438283775","type":"OnIceCandidate"},"object":"4131a861-543a-4276-9274-52a19df74423_kurento.MediaPipeline/0882dbb6-3842-4ab4-8358-9912e59f27f5_kurento.WebRtcEndpoint","type":"OnIceCandidate"}}}, sessionId: f6ce446e-f2a9-496f-94c5-83dbde0fb5f9
0:53:28.232544245 [333m   32[00m 0x7fe8dc001cc0 [37mDEBUG  [00m [00mKurentoWebSocketTransport WebSocketTransport.cpp:460:processMessage:[00m Message: {"jsonrpc":"2.0","method":"invoke","params":{"object":"4131a861-543a-4276-9274-52a19df74423_kurento.MediaPipeline/7a615fc3-9c98-4379-96bc-86324953e62e_datachannelexample.KmsSendData","operation":"connect","operationParams":{"sink":"4131a861-543a-4276-9274-52a19df74423_kurento.MediaPipeline/0882dbb6-3842-4ab4-8358-9912e59f27f5_kurento.WebRtcEndpoint"},"sessionId":"f6ce446e-f2a9-496f-94c5-83dbde0fb5f9"},"id":178}
0:53:28.232557162 [333m   32[00m 0x7fe894001790 [37mDEBUG  [00m [00mKurentoWebSocketEventHandler WebSocketEventHandler.cpp:56:sendEvent:[00m Sending event: {"jsonrpc":"2.0","method":"onEvent","params":{"value":{"data":{"candidate":{"__module__":"kurento","__type__":"IceCandidate","candidate":"candidate:4 2 TCP 1010827518 172.20.0.9 10433 typ host tcptype passive","sdpMLineIndex":1,"sdpMid":"1"},"source":"4131a861-543a-4276-9274-52a19df74423_kurento.MediaPipeline/0882dbb6-3842-4ab4-8358-9912e59f27f5_kurento.WebRtcEndpoint","tags":[],"timestamp":"1596438283","timestampMillis":"1596438283775","type":"OnIceCandidate"},"object":"4131a861-543a-4276-9274-52a19df74423_kurento.MediaPipeline/0882dbb6-3842-4ab4-8358-9912e59f27f5_kurento.WebRtcEndpoint","type":"OnIceCandidate"}}}, sessionId: f6ce446e-f2a9-496f-94c5-83dbde0fb5f9
0:53:28.232834813 [333m   32[00m 0x7fe894001790 [37mDEBUG  [00m [00mKurentoWebSocketEventHandler WebSocketEventHandler.cpp:56:sendEvent:[00m Sending event: {"jsonrpc":"2.0","method":"onEvent","params":{"value":{"data":{"candidate":{"__module__":"kurento","__type__":"IceCandidate","candidate":"candidate:4 2 TCP 1010827518 172.20.0.9 10433 typ host tcptype passive","sdpMLineIndex":2,"sdpMid":"2"},"source":"4131a861-543a-4276-9274-52a19df74423_kurento.MediaPipeline/0882dbb6-3842-4ab4-8358-9912e59f27f5_kurento.WebRtcEndpoint","tags":[],"timestamp":"1596438283","timestampMillis":"1596438283775","type":"OnIceCandidate"},"object":"4131a861-543a-4276-9274-52a19df74423_kurento.MediaPipeline/0882dbb6-3842-4ab4-8358-9912e59f27f5_kurento.WebRtcEndpoint","type":"OnIceCandidate"}}}, sessionId: f6ce446e-f2a9-496f-94c5-83dbde0fb5f9
0:53:28.232848598 [333m   32[00m 0x7fe8dc001cc0 [37mDEBUG  [00m [00mKurentoMediaElementImpl MediaElementImpl.cpp:902:connect:[00m Connecting 4131a861-543a-4276-9274-52a19df74423_kurento.MediaPipeline/7a615fc3-9c98-4379-96bc-86324953e62e_datachannelexample.KmsSendData -> 4131a861-543a-4276-9274-52a19df74423_kurento.MediaPipeline/0882dbb6-3842-4ab4-8358-9912e59f27f5_kurento.WebRtcEndpoint params AUDIO default default
0:53:28.233192052 [333m   32[00m 0x7fe8dc001cc0 [37mDEBUG  [00m [00mKurentoMediaElementImpl MediaElementImpl.cpp:902:connect:[00m Connecting 4131a861-543a-4276-9274-52a19df74423_kurento.MediaPipeline/7a615fc3-9c98-4379-96bc-86324953e62e_datachannelexample.KmsSendData -> 4131a861-543a-4276-9274-52a19df74423_kurento.MediaPipeline/0882dbb6-3842-4ab4-8358-9912e59f27f5_kurento.WebRtcEndpoint params VIDEO default default
0:53:28.233304326 [333m   32[00m 0x7fe8dc001cc0 [37mDEBUG  [00m [00mKurentoMediaElementImpl MediaElementImpl.cpp:902:connect:[00m Connecting 4131a861-543a-4276-9274-52a19df74423_kurento.MediaPipeline/7a615fc3-9c98-4379-96bc-86324953e62e_datachannelexample.KmsSendData -> 4131a861-543a-4276-9274-52a19df74423_kurento.MediaPipeline/0882dbb6-3842-4ab4-8358-9912e59f27f5_kurento.WebRtcEndpoint params DATA default default
0:53:28.233474540 [333m   32[00m 0x7fe8dc001cc0 [37mDEBUG  [00m [00mKurentoWebSocketTransport WebSocketTransport.cpp:462:processMessage:[00m Response: {"id":178,"jsonrpc":"2.0","result":{"sessionId":"f6ce446e-f2a9-496f-94c5-83dbde0fb5f9","value":null}}
0:53:28.238644658 [333m   32[00m 0x7fe8e0001c60 [37mDEBUG  [00m [00mKurentoWebSocketTransport WebSocketTransport.cpp:460:processMessage:[00m Message: {"jsonrpc":"2.0","method":"invoke","params":{"object":"4131a861-543a-4276-9274-52a19df74423_kurento.MediaPipeline/0882dbb6-3842-4ab4-8358-9912e59f27f5_kurento.WebRtcEndpoint","operation":"addIceCandidate","operationParams":{"candidate":{"candidate":"candidate:0 1 UDP 2122252543 192.168.1.133 56491 typ host","sdpMid":"0","sdpMLineIndex":0,"__module__":"kurento","__type__":"IceCandidate"}},"sessionId":"f6ce446e-f2a9-496f-94c5-83dbde0fb5f9"},"id":179}
0:53:28.239453116 [333m   32[00m 0x7fe8e0001c60 [37mDEBUG  [00m [00mKurentoWebSocketTransport WebSocketTransport.cpp:462:processMessage:[00m Response: {"id":179,"jsonrpc":"2.0","result":{"sessionId":"f6ce446e-f2a9-496f-94c5-83dbde0fb5f9","value":null}}
0:53:28.240098370 [333m   32[00m 0x7fe8f8002180 [37mDEBUG  [00m [00mKurentoWebSocketTransport WebSocketTransport.cpp:460:processMessage:[00m Message: {"jsonrpc":"2.0","method":"invoke","params":{"object":"4131a861-543a-4276-9274-52a19df74423_kurento.MediaPipeline/0882dbb6-3842-4ab4-8358-9912e59f27f5_kurento.WebRtcEndpoint","operation":"addIceCandidate","operationParams":{"candidate":{"candidate":"candidate:2 1 TCP 2105524479 192.168.1.133 9 typ host tcptype active","sdpMid":"0","sdpMLineIndex":0,"__module__":"kurento","__type__":"IceCandidate"}},"sessionId":"f6ce446e-f2a9-496f-94c5-83dbde0fb5f9"},"id":180}
0:53:28.240533471 [333m   32[00m 0x7fe8f8002180 [37mDEBUG  [00m [00mKurentoWebSocketTransport WebSocketTransport.cpp:462:processMessage:[00m Response: {"id":180,"jsonrpc":"2.0","result":{"sessionId":"f6ce446e-f2a9-496f-94c5-83dbde0fb5f9","value":null}}
0:53:28.241682587 [333m   32[00m 0x7fe8fc007360 [37mDEBUG  [00m [00mKurentoWebSocketTransport WebSocketTransport.cpp:460:processMessage:[00m Message: {"jsonrpc":"2.0","method":"invoke","params":{"object":"4131a861-543a-4276-9274-52a19df74423_kurento.MediaPipeline/0882dbb6-3842-4ab4-8358-9912e59f27f5_kurento.WebRtcEndpoint","operation":"addIceCandidate","operationParams":{"candidate":{"candidate":"candidate:0 2 UDP 2122252542 192.168.1.133 49816 typ host","sdpMid":"0","sdpMLineIndex":0,"__module__":"kurento","__type__":"IceCandidate"}},"sessionId":"f6ce446e-f2a9-496f-94c5-83dbde0fb5f9"},"id":181}
0:53:28.242154702 [333m   32[00m 0x7fe8fc007360 [37mDEBUG  [00m [00mKurentoWebSocketTransport WebSocketTransport.cpp:462:processMessage:[00m Response: {"id":181,"jsonrpc":"2.0","result":{"sessionId":"f6ce446e-f2a9-496f-94c5-83dbde0fb5f9","value":null}}
0:53:28.244955952 [333m   32[00m 0x7fe8f0001b20 [37mDEBUG  [00m [00mKurentoWebSocketTransport WebSocketTransport.cpp:460:processMessage:[00m Message: {"jsonrpc":"2.0","method":"invoke","params":{"object":"4131a861-543a-4276-9274-52a19df74423_kurento.MediaPipeline/0882dbb6-3842-4ab4-8358-9912e59f27f5_kurento.WebRtcEndpoint","operation":"addIceCandidate","operationParams":{"candidate":{"candidate":"candidate:2 2 TCP 2105524478 192.168.1.133 9 typ host tcptype active","sdpMid":"0","sdpMLineIndex":0,"__module__":"kurento","__type__":"IceCandidate"}},"sessionId":"f6ce446e-f2a9-496f-94c5-83dbde0fb5f9"},"id":182}
0:53:28.245426738 [333m   32[00m 0x7fe8f0001b20 [37mDEBUG  [00m [00mKurentoWebSocketTransport WebSocketTransport.cpp:462:processMessage:[00m Response: {"id":182,"jsonrpc":"2.0","result":{"sessionId":"f6ce446e-f2a9-496f-94c5-83dbde0fb5f9","value":null}}
0:53:28.245718517 [333m   32[00m 0x7fe904001840 [37mDEBUG  [00m [00mKurentoWebSocketTransport WebSocketTransport.cpp:460:processMessage:[00m Message: {"jsonrpc":"2.0","method":"invoke","params":{"object":"4131a861-543a-4276-9274-52a19df74423_kurento.MediaPipeline/0882dbb6-3842-4ab4-8358-9912e59f27f5_kurento.WebRtcEndpoint","operation":"addIceCandidate","operationParams":{"candidate":{"candidate":"candidate:0 1 UDP 2122252543 192.168.1.133 49817 typ host","sdpMid":"1","sdpMLineIndex":1,"__module__":"kurento","__type__":"IceCandidate"}},"sessionId":"f6ce446e-f2a9-496f-94c5-83dbde0fb5f9"},"id":183}
0:53:28.246294801 [333m   32[00m 0x7fe904001840 [37mDEBUG  [00m [00mKurentoWebSocketTransport WebSocketTransport.cpp:462:processMessage:[00m Response: {"id":183,"jsonrpc":"2.0","result":{"sessionId":"f6ce446e-f2a9-496f-94c5-83dbde0fb5f9","value":null}}
0:53:28.246975126 [333m   32[00m 0x7fe8ec001d00 [37mDEBUG  [00m [00mKurentoWebSocketTransport WebSocketTransport.cpp:460:processMessage:[00m Message: {"jsonrpc":"2.0","method":"invoke","params":{"object":"4131a861-543a-4276-9274-52a19df74423_kurento.MediaPipeline/0882dbb6-3842-4ab4-8358-9912e59f27f5_kurento.WebRtcEndpoint","operation":"addIceCandidate","operationParams":{"candidate":{"candidate":"candidate:2 1 TCP 2105524479 192.168.1.133 9 typ host tcptype active","sdpMid":"1","sdpMLineIndex":1,"__module__":"kurento","__type__":"IceCandidate"}},"sessionId":"f6ce446e-f2a9-496f-94c5-83dbde0fb5f9"},"id":184}
0:53:28.247403665 [333m   32[00m 0x7fe8ec001d00 [37mDEBUG  [00m [00mKurentoWebSocketTransport WebSocketTransport.cpp:462:processMessage:[00m Response: {"id":184,"jsonrpc":"2.0","result":{"sessionId":"f6ce446e-f2a9-496f-94c5-83dbde0fb5f9","value":null}}
0:53:28.247747252 [333m   32[00m 0x7fe8ac001d80 [37mDEBUG  [00m [00mKurentoWebSocketTransport WebSocketTransport.cpp:460:processMessage:[00m Message: {"jsonrpc":"2.0","method":"invoke","params":{"object":"4131a861-543a-4276-9274-52a19df74423_kurento.MediaPipeline/0882dbb6-3842-4ab4-8358-9912e59f27f5_kurento.WebRtcEndpoint","operation":"addIceCandidate","operationParams":{"candidate":{"candidate":"candidate:0 2 UDP 2122252542 192.168.1.133 49818 typ host","sdpMid":"1","sdpMLineIndex":1,"__module__":"kurento","__type__":"IceCandidate"}},"sessionId":"f6ce446e-f2a9-496f-94c5-83dbde0fb5f9"},"id":185}
0:53:28.248354434 [333m   32[00m 0x7fe8ac001d80 [37mDEBUG  [00m [00mKurentoWebSocketTransport WebSocketTransport.cpp:462:processMessage:[00m Response: {"id":185,"jsonrpc":"2.0","result":{"sessionId":"f6ce446e-f2a9-496f-94c5-83dbde0fb5f9","value":null}}
0:53:28.248755926 [333m   32[00m 0x7fe8b8001840 [37mDEBUG  [00m [00mKurentoWebSocketTransport WebSocketTransport.cpp:460:processMessage:[00m Message: {"jsonrpc":"2.0","method":"invoke","params":{"object":"4131a861-543a-4276-9274-52a19df74423_kurento.MediaPipeline/0882dbb6-3842-4ab4-8358-9912e59f27f5_kurento.WebRtcEndpoint","operation":"addIceCandidate","operationParams":{"candidate":{"candidate":"candidate:2 2 TCP 2105524478 192.168.1.133 9 typ host tcptype active","sdpMid":"1","sdpMLineIndex":1,"__module__":"kurento","__type__":"IceCandidate"}},"sessionId":"f6ce446e-f2a9-496f-94c5-83dbde0fb5f9"},"id":186}
0:53:28.249219947 [333m   32[00m 0x7fe8b8001840 [37mDEBUG  [00m [00mKurentoWebSocketTransport WebSocketTransport.cpp:462:processMessage:[00m Response: {"id":186,"jsonrpc":"2.0","result":{"sessionId":"f6ce446e-f2a9-496f-94c5-83dbde0fb5f9","value":null}}
0:53:28.320280286 [333m   32[00m 0x7fe894001790 [37mDEBUG  [00m [00mKurentoWebSocketEventHandler WebSocketEventHandler.cpp:56:sendEvent:[00m Sending event: {"jsonrpc":"2.0","method":"onEvent","params":{"value":{"data":{"candidate":{"__module__":"kurento","__type__":"IceCandidate","candidate":"candidate:5 1 UDP 1677722111 203.151.20.94 10434 typ srflx raddr 172.20.0.9 rport 10434","sdpMLineIndex":0,"sdpMid":"0"},"source":"4131a861-543a-4276-9274-52a19df74423_kurento.MediaPipeline/0882dbb6-3842-4ab4-8358-9912e59f27f5_kurento.WebRtcEndpoint","tags":[],"timestamp":"1596438283","timestampMillis":"1596438283863","type":"OnIceCandidate"},"object":"4131a861-543a-4276-9274-52a19df74423_kurento.MediaPipeline/0882dbb6-3842-4ab4-8358-9912e59f27f5_kurento.WebRtcEndpoint","type":"OnIceCandidate"}}}, sessionId: f6ce446e-f2a9-496f-94c5-83dbde0fb5f9
0:53:28.320614368 [333m   32[00m 0x7fe894001790 [37mDEBUG  [00m [00mKurentoWebSocketEventHandler WebSocketEventHandler.cpp:56:sendEvent:[00m Sending event: {"jsonrpc":"2.0","method":"onEvent","params":{"value":{"data":{"candidate":{"__module__":"kurento","__type__":"IceCandidate","candidate":"candidate:5 1 UDP 1677722111 203.151.20.94 10434 typ srflx raddr 172.20.0.9 rport 10434","sdpMLineIndex":1,"sdpMid":"1"},"source":"4131a861-543a-4276-9274-52a19df74423_kurento.MediaPipeline/0882dbb6-3842-4ab4-8358-9912e59f27f5_kurento.WebRtcEndpoint","tags":[],"timestamp":"1596438283","timestampMillis":"1596438283863","type":"OnIceCandidate"},"object":"4131a861-543a-4276-9274-52a19df74423_kurento.MediaPipeline/0882dbb6-3842-4ab4-8358-9912e59f27f5_kurento.WebRtcEndpoint","type":"OnIceCandidate"}}}, sessionId: f6ce446e-f2a9-496f-94c5-83dbde0fb5f9
0:53:28.320913927 [333m   32[00m 0x7fe894001790 [37mDEBUG  [00m [00mKurentoWebSocketEventHandler WebSocketEventHandler.cpp:56:sendEvent:[00m Sending event: {"jsonrpc":"2.0","method":"onEvent","params":{"value":{"data":{"candidate":{"__module__":"kurento","__type__":"IceCandidate","candidate":"candidate:5 1 UDP 1677722111 203.151.20.94 10434 typ srflx raddr 172.20.0.9 rport 10434","sdpMLineIndex":2,"sdpMid":"2"},"source":"4131a861-543a-4276-9274-52a19df74423_kurento.MediaPipeline/0882dbb6-3842-4ab4-8358-9912e59f27f5_kurento.WebRtcEndpoint","tags":[],"timestamp":"1596438283","timestampMillis":"1596438283863","type":"OnIceCandidate"},"object":"4131a861-543a-4276-9274-52a19df74423_kurento.MediaPipeline/0882dbb6-3842-4ab4-8358-9912e59f27f5_kurento.WebRtcEndpoint","type":"OnIceCandidate"}}}, sessionId: f6ce446e-f2a9-496f-94c5-83dbde0fb5f9
0:53:28.321039769 [333m   32[00m 0x7fe894001790 [37mDEBUG  [00m [00mKurentoWebSocketEventHandler WebSocketEventHandler.cpp:56:sendEvent:[00m Sending event: {"jsonrpc":"2.0","method":"onEvent","params":{"value":{"data":{"candidate":{"__module__":"kurento","__type__":"IceCandidate","candidate":"candidate:6 1 TCP 847249663 203.151.20.94 9 typ srflx raddr 172.20.0.9 rport 9 tcptype active","sdpMLineIndex":0,"sdpMid":"0"},"source":"4131a861-543a-4276-9274-52a19df74423_kurento.MediaPipeline/0882dbb6-3842-4ab4-8358-9912e59f27f5_kurento.WebRtcEndpoint","tags":[],"timestamp":"1596438283","timestampMillis":"1596438283864","type":"OnIceCandidate"},"object":"4131a861-543a-4276-9274-52a19df74423_kurento.MediaPipeline/0882dbb6-3842-4ab4-8358-9912e59f27f5_kurento.WebRtcEndpoint","type":"OnIceCandidate"}}}, sessionId: f6ce446e-f2a9-496f-94c5-83dbde0fb5f9
0:53:28.321154868 [333m   32[00m 0x7fe894001790 [37mDEBUG  [00m [00mKurentoWebSocketEventHandler WebSocketEventHandler.cpp:56:sendEvent:[00m Sending event: {"jsonrpc":"2.0","method":"onEvent","params":{"value":{"data":{"candidate":{"__module__":"kurento","__type__":"IceCandidate","candidate":"candidate:6 1 TCP 847249663 203.151.20.94 9 typ srflx raddr 172.20.0.9 rport 9 tcptype active","sdpMLineIndex":1,"sdpMid":"1"},"source":"4131a861-543a-4276-9274-52a19df74423_kurento.MediaPipeline/0882dbb6-3842-4ab4-8358-9912e59f27f5_kurento.WebRtcEndpoint","tags":[],"timestamp":"1596438283","timestampMillis":"1596438283864","type":"OnIceCandidate"},"object":"4131a861-543a-4276-9274-52a19df74423_kurento.MediaPipeline/0882dbb6-3842-4ab4-8358-9912e59f27f5_kurento.WebRtcEndpoint","type":"OnIceCandidate"}}}, sessionId: f6ce446e-f2a9-496f-94c5-83dbde0fb5f9
0:53:28.321269323 [333m   32[00m 0x7fe894001790 [37mDEBUG  [00m [00mKurentoWebSocketEventHandler WebSocketEventHandler.cpp:56:sendEvent:[00m Sending event: {"jsonrpc":"2.0","method":"onEvent","params":{"value":{"data":{"candidate":{"__module__":"kurento","__type__":"IceCandidate","candidate":"candidate:6 1 TCP 847249663 203.151.20.94 9 typ srflx raddr 172.20.0.9 rport 9 tcptype active","sdpMLineIndex":2,"sdpMid":"2"},"source":"4131a861-543a-4276-9274-52a19df74423_kurento.MediaPipeline/0882dbb6-3842-4ab4-8358-9912e59f27f5_kurento.WebRtcEndpoint","tags":[],"timestamp":"1596438283","timestampMillis":"1596438283864","type":"OnIceCandidate"},"object":"4131a861-543a-4276-9274-52a19df74423_kurento.MediaPipeline/0882dbb6-3842-4ab4-8358-9912e59f27f5_kurento.WebRtcEndpoint","type":"OnIceCandidate"}}}, sessionId: f6ce446e-f2a9-496f-94c5-83dbde0fb5f9
0:53:28.321379053 [333m   32[00m 0x7fe894001790 [37mDEBUG  [00m [00mKurentoWebSocketEventHandler WebSocketEventHandler.cpp:56:sendEvent:[00m Sending event: {"jsonrpc":"2.0","method":"onEvent","params":{"value":{"data":{"candidate":{"__module__":"kurento","__type__":"IceCandidate","candidate":"candidate:7 1 TCP 843055359 203.151.20.94 10444 typ srflx raddr 172.20.0.9 rport 10444 tcptype passive","sdpMLineIndex":0,"sdpMid":"0"},"source":"4131a861-543a-4276-9274-52a19df74423_kurento.MediaPipeline/0882dbb6-3842-4ab4-8358-9912e59f27f5_kurento.WebRtcEndpoint","tags":[],"timestamp":"1596438283","timestampMillis":"1596438283864","type":"OnIceCandidate"},"object":"4131a861-543a-4276-9274-52a19df74423_kurento.MediaPipeline/0882dbb6-3842-4ab4-8358-9912e59f27f5_kurento.WebRtcEndpoint","type":"OnIceCandidate"}}}, sessionId: f6ce446e-f2a9-496f-94c5-83dbde0fb5f9
0:53:28.321489691 [333m   32[00m 0x7fe894001790 [37mDEBUG  [00m [00mKurentoWebSocketEventHandler WebSocketEventHandler.cpp:56:sendEvent:[00m Sending event: {"jsonrpc":"2.0","method":"onEvent","params":{"value":{"data":{"candidate":{"__module__":"kurento","__type__":"IceCandidate","candidate":"candidate:7 1 TCP 843055359 203.151.20.94 10444 typ srflx raddr 172.20.0.9 rport 10444 tcptype passive","sdpMLineIndex":1,"sdpMid":"1"},"source":"4131a861-543a-4276-9274-52a19df74423_kurento.MediaPipeline/0882dbb6-3842-4ab4-8358-9912e59f27f5_kurento.WebRtcEndpoint","tags":[],"timestamp":"1596438283","timestampMillis":"1596438283864","type":"OnIceCandidate"},"object":"4131a861-543a-4276-9274-52a19df74423_kurento.MediaPipeline/0882dbb6-3842-4ab4-8358-9912e59f27f5_kurento.WebRtcEndpoint","type":"OnIceCandidate"}}}, sessionId: f6ce446e-f2a9-496f-94c5-83dbde0fb5f9
0:53:28.321598159 [333m   32[00m 0x7fe894001790 [37mDEBUG  [00m [00mKurentoWebSocketEventHandler WebSocketEventHandler.cpp:56:sendEvent:[00m Sending event: {"jsonrpc":"2.0","method":"onEvent","params":{"value":{"data":{"candidate":{"__module__":"kurento","__type__":"IceCandidate","candidate":"candidate:7 1 TCP 843055359 203.151.20.94 10444 typ srflx raddr 172.20.0.9 rport 10444 tcptype passive","sdpMLineIndex":2,"sdpMid":"2"},"source":"4131a861-543a-4276-9274-52a19df74423_kurento.MediaPipeline/0882dbb6-3842-4ab4-8358-9912e59f27f5_kurento.WebRtcEndpoint","tags":[],"timestamp":"1596438283","timestampMillis":"1596438283864","type":"OnIceCandidate"},"object":"4131a861-543a-4276-9274-52a19df74423_kurento.MediaPipeline/0882dbb6-3842-4ab4-8358-9912e59f27f5_kurento.WebRtcEndpoint","type":"OnIceCandidate"}}}, sessionId: f6ce446e-f2a9-496f-94c5-83dbde0fb5f9
0:53:28.433427639 [333m   32[00m 0x7fe8fc006c00 [37mDEBUG  [00m [00mKurentoWebSocketTransport WebSocketTransport.cpp:460:processMessage:[00m Message: {"jsonrpc":"2.0","method":"invoke","params":{"object":"4131a861-543a-4276-9274-52a19df74423_kurento.MediaPipeline/0882dbb6-3842-4ab4-8358-9912e59f27f5_kurento.WebRtcEndpoint","operation":"addIceCandidate","operationParams":{"candidate":{"candidate":"candidate:1 1 UDP 1686052863 182.232.168.10 56491 typ srflx raddr 192.168.1.133 rport 56491","sdpMid":"0","sdpMLineIndex":0,"__module__":"kurento","__type__":"IceCandidate"}},"sessionId":"f6ce446e-f2a9-496f-94c5-83dbde0fb5f9"},"id":187}
0:53:28.433923434 [333m   32[00m 0x7fe8fc006c00 [37mDEBUG  [00m [00mKurentoWebSocketTransport WebSocketTransport.cpp:462:processMessage:[00m Response: {"id":187,"jsonrpc":"2.0","result":{"sessionId":"f6ce446e-f2a9-496f-94c5-83dbde0fb5f9","value":null}}
0:53:28.435354361 [333m   32[00m 0x7fe8dc001cc0 [37mDEBUG  [00m [00mKurentoWebSocketTransport WebSocketTransport.cpp:460:processMessage:[00m Message: {"jsonrpc":"2.0","method":"invoke","params":{"object":"4131a861-543a-4276-9274-52a19df74423_kurento.MediaPipeline/0882dbb6-3842-4ab4-8358-9912e59f27f5_kurento.WebRtcEndpoint","operation":"addIceCandidate","operationParams":{"candidate":{"candidate":"candidate:1 2 UDP 1686052862 182.232.168.10 49816 typ srflx raddr 192.168.1.133 rport 49816","sdpMid":"0","sdpMLineIndex":0,"__module__":"kurento","__type__":"IceCandidate"}},"sessionId":"f6ce446e-f2a9-496f-94c5-83dbde0fb5f9"},"id":188}
0:53:28.436040329 [333m   32[00m 0x7fe8dc001cc0 [37mDEBUG  [00m [00mKurentoWebSocketTransport WebSocketTransport.cpp:462:processMessage:[00m Response: {"id":188,"jsonrpc":"2.0","result":{"sessionId":"f6ce446e-f2a9-496f-94c5-83dbde0fb5f9","value":null}}
