1:11:31.295315310 [333m   32[00m 0x7fe8ec001d00 [37mDEBUG  [00m [00mKurentoWebSocketTransport WebSocketTransport.cpp:462:processMessage:[00m Response: {"id":224,"jsonrpc":"2.0","result":{"sessionId":"f6ce446e-f2a9-496f-94c5-83dbde0fb5f9","value":null}}
1:11:31.323772056 [333m   32[00m 0x7fe8f8099b20 [37mDEBUG  [00m [00mKurentoWebRtcEndpointImpl WebRtcEndpointImpl.cpp:292:newSelectedPairFull:<kmswebrtcendpoint9>[00m New candidate pair selected, local: 'candidate:5 1 UDP 1845494269 203.151.20.94 10406 typ prflx raddr 172.20.0.9 rport 10406', remote: 'candidate:0 1 UDP 2122252543 49.229.17.243 53991 typ host', stream_id: '1', component_id: 1
1:11:31.353980278 [333m   32[00m 0x7fe8b8001840 [37mDEBUG  [00m [00mKurentoWebSocketTransport WebSocketTransport.cpp:460:processMessage:[00m Message: {"jsonrpc":"2.0","method":"invoke","params":{"object":"4131a861-543a-4276-9274-52a19df74423_kurento.MediaPipeline/7396cb69-c606-4cae-b0ad-7794d2ea1b0c_kurento.WebRtcEndpoint","operation":"addIceCandidate","operationParams":{"candidate":{"candidate":"","sdpMid":"0","sdpMLineIndex":0,"__module__":"kurento","__type__":"IceCandidate"}},"sessionId":"f6ce446e-f2a9-496f-94c5-83dbde0fb5f9"},"id":225}
1:11:31.354897746 [333m   32[00m 0x7fe8b8001840 [37mDEBUG  [00m [00mKurentoWebSocketTransport WebSocketTransport.cpp:462:processMessage:[00m Response: {"error":{"code":40401,"data":{"type":"ICE_ADD_CANDIDATE_ERROR"},"message":"Error adding candidate"},"id":225,"jsonrpc":"2.0"}
1:11:31.377626500 [333m   32[00m 0x7fe894001790 [37mDEBUG  [00m [00mKurentoWebSocketEventHandler WebSocketEventHandler.cpp:56:sendEvent:[00m Sending event: {"jsonrpc":"2.0","method":"onEvent","params":{"value":{"data":{"candidate":{"__module__":"kurento","__type__":"IceCandidate","candidate":"candidate:7 1 TCP 847249663 203.151.20.94 9 typ srflx raddr 172.20.0.9 rport 9 tcptype active","sdpMLineIndex":0,"sdpMid":"0"},"source":"4131a861-543a-4276-9274-52a19df74423_kurento.MediaPipeline/7396cb69-c606-4cae-b0ad-7794d2ea1b0c_kurento.WebRtcEndpoint","tags":[],"timestamp":"1596439366","timestampMillis":"1596439366921","type":"OnIceCandidate"},"object":"4131a861-543a-4276-9274-52a19df74423_kurento.MediaPipeline/7396cb69-c606-4cae-b0ad-7794d2ea1b0c_kurento.WebRtcEndpoint","type":"OnIceCandidate"}}}, sessionId: f6ce446e-f2a9-496f-94c5-83dbde0fb5f9
1:11:31.377794891 [333m   32[00m 0x7fe894001790 [37mDEBUG  [00m [00mKurentoWebSocketEventHandler WebSocketEventHandler.cpp:56:sendEvent:[00m Sending event: {"jsonrpc":"2.0","method":"onEvent","params":{"value":{"data":{"candidate":{"__module__":"kurento","__type__":"IceCandidate","candidate":"candidate:7 1 TCP 847249663 203.151.20.94 9 typ srflx raddr 172.20.0.9 rport 9 tcptype active","sdpMLineIndex":1,"sdpMid":"1"},"source":"4131a861-543a-4276-9274-52a19df74423_kurento.MediaPipeline/7396cb69-c606-4cae-b0ad-7794d2ea1b0c_kurento.WebRtcEndpoint","tags":[],"timestamp":"1596439366","timestampMillis":"1596439366921","type":"OnIceCandidate"},"object":"4131a861-543a-4276-9274-52a19df74423_kurento.MediaPipeline/7396cb69-c606-4cae-b0ad-7794d2ea1b0c_kurento.WebRtcEndpoint","type":"OnIceCandidate"}}}, sessionId: f6ce446e-f2a9-496f-94c5-83dbde0fb5f9
1:11:31.377922204 [333m   32[00m 0x7fe894001790 [37mDEBUG  [00m [00mKurentoWebSocketEventHandler WebSocketEventHandler.cpp:56:sendEvent:[00m Sending event: {"jsonrpc":"2.0","method":"onEvent","params":{"value":{"data":{"candidate":{"__module__":"kurento","__type__":"IceCandidate","candidate":"candidate:8 1 TCP 843055359 203.151.20.94 10445 typ srflx raddr 172.20.0.9 rport 10445 tcptype passive","sdpMLineIndex":0,"sdpMid":"0"},"source":"4131a861-543a-4276-9274-52a19df74423_kurento.MediaPipeline/7396cb69-c606-4cae-b0ad-7794d2ea1b0c_kurento.WebRtcEndpoint","tags":[],"timestamp":"1596439366","timestampMillis":"1596439366921","type":"OnIceCandidate"},"object":"4131a861-543a-4276-9274-52a19df74423_kurento.MediaPipeline/7396cb69-c606-4cae-b0ad-7794d2ea1b0c_kurento.WebRtcEndpoint","type":"OnIceCandidate"}}}, sessionId: f6ce446e-f2a9-496f-94c5-83dbde0fb5f9
1:11:31.378038575 [333m   32[00m 0x7fe894001790 [37mDEBUG  [00m [00mKurentoWebSocketEventHandler WebSocketEventHandler.cpp:56:sendEvent:[00m Sending event: {"jsonrpc":"2.0","method":"onEvent","params":{"value":{"data":{"candidate":{"__module__":"kurento","__type__":"IceCandidate","candidate":"candidate:8 1 TCP 843055359 203.151.20.94 10445 typ srflx raddr 172.20.0.9 rport 10445 tcptype passive","sdpMLineIndex":1,"sdpMid":"1"},"source":"4131a861-543a-4276-9274-52a19df74423_kurento.MediaPipeline/7396cb69-c606-4cae-b0ad-7794d2ea1b0c_kurento.WebRtcEndpoint","tags":[],"timestamp":"1596439366","timestampMillis":"1596439366921","type":"OnIceCandidate"},"object":"4131a861-543a-4276-9274-52a19df74423_kurento.MediaPipeline/7396cb69-c606-4cae-b0ad-7794d2ea1b0c_kurento.WebRtcEndpoint","type":"OnIceCandidate"}}}, sessionId: f6ce446e-f2a9-496f-94c5-83dbde0fb5f9
1:11:32.304157167 [333m   32[00m 0x7fe810002680 [37mDEBUG  [00m [00mKurentoMediaElementImpl MediaElementImpl.cpp:492:mediaFlowInStateChange:<kmswebrtcendpoint9>[00m MediaFlowInStateChange: FLOWING, pad: 'default', type: 'audio'
1:12:00.664574945 [333m   32[00m 0x7fe8f4001ca0 [37mDEBUG  [00m [00m     KurentoMediaSet MediaSet.cpp:123:doGarbageCollection:[00m Running garbage collector
1:12:00.679124545 [333m   32[00m 0x7fe8c0001860 [36mINFO   [00m [00mKurentoWebSocketTransport WebSocketTransport.cpp:296:keepAliveSessions:[00m Keep alive f6ce446e-f2a9-496f-94c5-83dbde0fb5f9
1:12:01.120741175 [333m   32[00m 0x7fe8dc001cc0 [37mDEBUG  [00m [00mKurentoWebSocketTransport WebSocketTransport.cpp:460:processMessage:[00m Message: {"jsonrpc":"2.0","method":"ping","id":226}
1:12:01.120914261 [333m   32[00m 0x7fe8dc001cc0 [36mINFO   [00m [00mKurentoServerMethods ServerMethods.cpp:814:ping:[00m WebSocket Ping/Pong with sessionId f6ce446e-f2a9-496f-94c5-83dbde0fb5f9
1:12:01.121066677 [333m   32[00m 0x7fe8dc001cc0 [37mDEBUG  [00m [00mKurentoWebSocketTransport WebSocketTransport.cpp:462:processMessage:[00m Response: {"id":226,"jsonrpc":"2.0","result":{"sessionId":"f6ce446e-f2a9-496f-94c5-83dbde0fb5f9","value":"pong"}}
1:13:00.679330308 [333m   32[00m 0x7fe8c0001860 [36mINFO   [00m [00mKurentoWebSocketTransport WebSocketTransport.cpp:296:keepAliveSessions:[00m Keep alive f6ce446e-f2a9-496f-94c5-83dbde0fb5f9
1:13:01.123130852 [333m   32[00m 0x7fe8f0001b20 [37mDEBUG  [00m [00mKurentoWebSocketTransport WebSocketTransport.cpp:460:processMessage:[00m Message: {"jsonrpc":"2.0","method":"ping","id":227}
1:13:01.123338428 [333m   32[00m 0x7fe8f0001b20 [36mINFO   [00m [00mKurentoServerMethods ServerMethods.cpp:814:ping:[00m WebSocket Ping/Pong with sessionId f6ce446e-f2a9-496f-94c5-83dbde0fb5f9
1:13:01.123759406 [333m   32[00m 0x7fe8f0001b20 [37mDEBUG  [00m [00mKurentoWebSocketTransport WebSocketTransport.cpp:462:processMessage:[00m Response: {"id":227,"jsonrpc":"2.0","result":{"sessionId":"f6ce446e-f2a9-496f-94c5-83dbde0fb5f9","value":"pong"}}
1:14:00.679934732 [333m   32[00m 0x7fe8c0001860 [36mINFO   [00m [00mKurentoWebSocketTransport WebSocketTransport.cpp:296:keepAliveSessions:[00m Keep alive f6ce446e-f2a9-496f-94c5-83dbde0fb5f9
1:14:01.123570067 [333m   32[00m 0x7fe8f8002180 [37mDEBUG  [00m [00mKurentoWebSocketTransport WebSocketTransport.cpp:460:processMessage:[00m Message: {"jsonrpc":"2.0","method":"ping","id":228}
1:14:01.123753658 [333m   32[00m 0x7fe8f8002180 [36mINFO   [00m [00mKurentoServerMethods ServerMethods.cpp:814:ping:[00m WebSocket Ping/Pong with sessionId f6ce446e-f2a9-496f-94c5-83dbde0fb5f9
1:14:01.123890186 [333m   32[00m 0x7fe8f8002180 [37mDEBUG  [00m [00mKurentoWebSocketTransport WebSocketTransport.cpp:462:processMessage:[00m Response: {"id":228,"jsonrpc":"2.0","result":{"sessionId":"f6ce446e-f2a9-496f-94c5-83dbde0fb5f9","value":"pong"}}
1:15:00.680105224 [333m   32[00m 0x7fe8c0001860 [36mINFO   [00m [00mKurentoWebSocketTransport WebSocketTransport.cpp:296:keepAliveSessions:[00m Keep alive f6ce446e-f2a9-496f-94c5-83dbde0fb5f9
1:15:01.124617510 [333m   32[00m 0x7fe8fc007360 [37mDEBUG  [00m [00mKurentoWebSocketTransport WebSocketTransport.cpp:460:processMessage:[00m Message: {"jsonrpc":"2.0","method":"ping","id":229}
1:15:01.124840057 [333m   32[00m 0x7fe8fc007360 [36mINFO   [00m [00mKurentoServerMethods ServerMethods.cpp:814:ping:[00m WebSocket Ping/Pong with sessionId f6ce446e-f2a9-496f-94c5-83dbde0fb5f9
1:15:01.124983308 [333m   32[00m 0x7fe8fc007360 [37mDEBUG  [00m [00mKurentoWebSocketTransport WebSocketTransport.cpp:462:processMessage:[00m Response: {"id":229,"jsonrpc":"2.0","result":{"sessionId":"f6ce446e-f2a9-496f-94c5-83dbde0fb5f9","value":"pong"}}
1:16:00.664997473 [333m   32[00m 0x7fe8f4001ca0 [37mDEBUG  [00m [00m     KurentoMediaSet MediaSet.cpp:123:doGarbageCollection:[00m Running garbage collector
1:16:00.680277604 [333m   32[00m 0x7fe8c0001860 [36mINFO   [00m [00mKurentoWebSocketTransport WebSocketTransport.cpp:296:keepAliveSessions:[00m Keep alive f6ce446e-f2a9-496f-94c5-83dbde0fb5f9
1:16:01.125006684 [333m   32[00m 0x7fe8ec001d00 [37mDEBUG  [00m [00mKurentoWebSocketTransport WebSocketTransport.cpp:460:processMessage:[00m Message: {"jsonrpc":"2.0","method":"ping","id":230}
1:16:01.125213182 [333m   32[00m 0x7fe8ec001d00 [36mINFO   [00m [00mKurentoServerMethods ServerMethods.cpp:814:ping:[00m WebSocket Ping/Pong with sessionId f6ce446e-f2a9-496f-94c5-83dbde0fb5f9
1:16:01.125351194 [333m   32[00m 0x7fe8ec001d00 [37mDEBUG  [00m [00mKurentoWebSocketTransport WebSocketTransport.cpp:462:processMessage:[00m Response: {"id":230,"jsonrpc":"2.0","result":{"sessionId":"f6ce446e-f2a9-496f-94c5-83dbde0fb5f9","value":"pong"}}
1:17:00.680425382 [333m   32[00m 0x7fe8c0001860 [36mINFO   [00m [00mKurentoWebSocketTransport WebSocketTransport.cpp:296:keepAliveSessions:[00m Keep alive f6ce446e-f2a9-496f-94c5-83dbde0fb5f9
1:17:01.126102529 [333m   32[00m 0x7fe8b8001840 [37mDEBUG  [00m [00mKurentoWebSocketTransport WebSocketTransport.cpp:460:processMessage:[00m Message: {"jsonrpc":"2.0","method":"ping","id":231}
1:17:01.126287096 [333m   32[00m 0x7fe8b8001840 [36mINFO   [00m [00mKurentoServerMethods ServerMethods.cpp:814:ping:[00m WebSocket Ping/Pong with sessionId f6ce446e-f2a9-496f-94c5-83dbde0fb5f9
1:17:01.126423865 [333m   32[00m 0x7fe8b8001840 [37mDEBUG  [00m [00mKurentoWebSocketTransport WebSocketTransport.cpp:462:processMessage:[00m Response: {"id":231,"jsonrpc":"2.0","result":{"sessionId":"f6ce446e-f2a9-496f-94c5-83dbde0fb5f9","value":"pong"}}
1:18:00.680597857 [333m   32[00m 0x7fe8c0001860 [36mINFO   [00m [00mKurentoWebSocketTransport WebSocketTransport.cpp:296:keepAliveSessions:[00m Keep alive f6ce446e-f2a9-496f-94c5-83dbde0fb5f9
1:18:01.127227107 [333m   32[00m 0x7fe8e0001c60 [37mDEBUG  [00m [00mKurentoWebSocketTransport WebSocketTransport.cpp:460:processMessage:[00m Message: {"jsonrpc":"2.0","method":"ping","id":232}
1:18:01.127420072 [333m   32[00m 0x7fe8e0001c60 [36mINFO   [00m [00mKurentoServerMethods ServerMethods.cpp:814:ping:[00m WebSocket Ping/Pong with sessionId f6ce446e-f2a9-496f-94c5-83dbde0fb5f9
1:18:01.127819000 [333m   32[00m 0x7fe8e0001c60 [37mDEBUG  [00m [00mKurentoWebSocketTransport WebSocketTransport.cpp:462:processMessage:[00m Response: {"id":232,"jsonrpc":"2.0","result":{"sessionId":"f6ce446e-f2a9-496f-94c5-83dbde0fb5f9","value":"pong"}}
1:19:00.681151205 [333m   32[00m 0x7fe8c0001860 [36mINFO   [00m [00mKurentoWebSocketTransport WebSocketTransport.cpp:296:keepAliveSessions:[00m Keep alive f6ce446e-f2a9-496f-94c5-83dbde0fb5f9
1:19:01.127856855 [333m   32[00m 0x7fe8ac001d80 [37mDEBUG  [00m [00mKurentoWebSocketTransport WebSocketTransport.cpp:460:processMessage:[00m Message: {"jsonrpc":"2.0","method":"ping","id":233}
1:19:01.128010369 [333m   32[00m 0x7fe8ac001d80 [36mINFO   [00m [00mKurentoServerMethods ServerMethods.cpp:814:ping:[00m WebSocket Ping/Pong with sessionId f6ce446e-f2a9-496f-94c5-83dbde0fb5f9
1:19:01.128798239 [333m   32[00m 0x7fe8ac001d80 [37mDEBUG  [00m [00mKurentoWebSocketTransport WebSocketTransport.cpp:462:processMessage:[00m Response: {"id":233,"jsonrpc":"2.0","result":{"sessionId":"f6ce446e-f2a9-496f-94c5-83dbde0fb5f9","value":"pong"}}
1:20:00.665444905 [333m   32[00m 0x7fe8f4001ca0 [37mDEBUG  [00m [00m     KurentoMediaSet MediaSet.cpp:123:doGarbageCollection:[00m Running garbage collector
1:20:00.681325658 [333m   32[00m 0x7fe8c0001860 [36mINFO   [00m [00mKurentoWebSocketTransport WebSocketTransport.cpp:296:keepAliveSessions:[00m Keep alive f6ce446e-f2a9-496f-94c5-83dbde0fb5f9
1:20:01.129449216 [333m   32[00m 0x7fe904001840 [37mDEBUG  [00m [00mKurentoWebSocketTransport WebSocketTransport.cpp:460:processMessage:[00m Message: {"jsonrpc":"2.0","method":"ping","id":234}
1:20:01.129631136 [333m   32[00m 0x7fe904001840 [36mINFO   [00m [00mKurentoServerMethods ServerMethods.cpp:814:ping:[00m WebSocket Ping/Pong with sessionId f6ce446e-f2a9-496f-94c5-83dbde0fb5f9
1:20:01.129767293 [333m   32[00m 0x7fe904001840 [37mDEBUG  [00m [00mKurentoWebSocketTransport WebSocketTransport.cpp:462:processMessage:[00m Response: {"id":234,"jsonrpc":"2.0","result":{"sessionId":"f6ce446e-f2a9-496f-94c5-83dbde0fb5f9","value":"pong"}}
1:21:00.681493584 [333m   32[00m 0x7fe8c0001860 [36mINFO   [00m [00mKurentoWebSocketTransport WebSocketTransport.cpp:296:keepAliveSessions:[00m Keep alive f6ce446e-f2a9-496f-94c5-83dbde0fb5f9
1:21:01.129843916 [333m   32[00m 0x7fe8fc006c00 [37mDEBUG  [00m [00mKurentoWebSocketTransport WebSocketTransport.cpp:460:processMessage:[00m Message: {"jsonrpc":"2.0","method":"ping","id":235}
1:21:01.130052497 [333m   32[00m 0x7fe8fc006c00 [36mINFO   [00m [00mKurentoServerMethods ServerMethods.cpp:814:ping:[00m WebSocket Ping/Pong with sessionId f6ce446e-f2a9-496f-94c5-83dbde0fb5f9
1:21:01.130199683 [333m   32[00m 0x7fe8fc006c00 [37mDEBUG  [00m [00mKurentoWebSocketTransport WebSocketTransport.cpp:462:processMessage:[00m Response: {"id":235,"jsonrpc":"2.0","result":{"sessionId":"f6ce446e-f2a9-496f-94c5-83dbde0fb5f9","value":"pong"}}
1:22:00.681926860 [333m   32[00m 0x7fe8c0001860 [36mINFO   [00m [00mKurentoWebSocketTransport WebSocketTransport.cpp:296:keepAliveSessions:[00m Keep alive f6ce446e-f2a9-496f-94c5-83dbde0fb5f9
1:22:01.130916102 [333m   32[00m 0x7fe8dc001cc0 [37mDEBUG  [00m [00mKurentoWebSocketTransport WebSocketTransport.cpp:460:processMessage:[00m Message: {"jsonrpc":"2.0","method":"ping","id":236}
1:22:01.131117911 [333m   32[00m 0x7fe8dc001cc0 [36mINFO   [00m [00mKurentoServerMethods ServerMethods.cpp:814:ping:[00m WebSocket Ping/Pong with sessionId f6ce446e-f2a9-496f-94c5-83dbde0fb5f9
1:22:01.131509285 [333m   32[00m 0x7fe8dc001cc0 [37mDEBUG  [00m [00mKurentoWebSocketTransport WebSocketTransport.cpp:462:processMessage:[00m Response: {"id":236,"jsonrpc":"2.0","result":{"sessionId":"f6ce446e-f2a9-496f-94c5-83dbde0fb5f9","value":"pong"}}
1:22:03.519980466 [333m   32[00m 0x7fe8f0001b20 [37mDEBUG  [00m [00mKurentoWebSocketTransport WebSocketTransport.cpp:460:processMessage:[00m Message: {"jsonrpc":"2.0","method":"create","params":{"type":"WebRtcEndpoint","constructorParams":{"mediaPipeline":"4131a861-543a-4276-9274-52a19df74423_kurento.MediaPipeline","useDataChannels":true},"properties":{},"sessionId":"f6ce446e-f2a9-496f-94c5-83dbde0fb5f9"},"id":237}
1:22:03.522685602 [333m   32[00m 0x7fe8f0001b20 [36mINFO   [00m [00mKurentoWebRtcEndpointImpl WebRtcEndpointImpl.cpp:96:remove_not_supported_codecs_from_array:<kmswebrtcendpoint10>[00m Removing not supported codec 'AMR/8000'
1:22:03.522779072 [333m   32[00m 0x7fe8f0001b20 [36mINFO   [00m [00mKurentoWebRtcEndpointImpl WebRtcEndpointImpl.cpp:465:WebRtcEndpointImpl:[00m Using STUN reflexive server IP: 203.183.172.196
1:22:03.522792517 [333m   32[00m 0x7fe8f0001b20 [36mINFO   [00m [00mKurentoWebRtcEndpointImpl WebRtcEndpointImpl.cpp:466:WebRtcEndpointImpl:[00m Using STUN reflexive server Port: 3478
1:22:03.522859067 [333m   32[00m 0x7fe8f0001b20 [36mINFO   [00m [00mKurentoWebRtcEndpointImpl WebRtcEndpointImpl.cpp:487:WebRtcEndpointImpl:[00m TURN server IP address not found in config; NAT traversal requires either STUN or TURN server
1:22:03.523390234 [333m   32[00m 0x7fe8f0001b20 [37mDEBUG  [00m [00mKurentoWebSocketTransport WebSocketTransport.cpp:462:processMessage:[00m Response: {"id":237,"jsonrpc":"2.0","result":{"sessionId":"f6ce446e-f2a9-496f-94c5-83dbde0fb5f9","value":"4131a861-543a-4276-9274-52a19df74423_kurento.MediaPipeline/ed8bb3f4-46ec-4370-931d-445b87163c72_kurento.WebRtcEndpoint"}}
1:22:03.526782649 [333m   32[00m 0x7fe8f8002180 [37mDEBUG  [00m [00mKurentoWebSocketTransport WebSocketTransport.cpp:460:processMessage:[00m Message: {"jsonrpc":"2.0","method":"subscribe","params":{"object":"4131a861-543a-4276-9274-52a19df74423_kurento.MediaPipeline/ed8bb3f4-46ec-4370-931d-445b87163c72_kurento.WebRtcEndpoint","type":"OnIceCandidate","sessionId":"f6ce446e-f2a9-496f-94c5-83dbde0fb5f9"},"id":238}
1:22:03.527085808 [333m   32[00m 0x7fe8f8002180 [37mDEBUG  [00m [00mKurentoWebSocketTransport WebSocketTransport.cpp:462:processMessage:[00m Response: {"id":238,"jsonrpc":"2.0","result":{"sessionId":"f6ce446e-f2a9-496f-94c5-83dbde0fb5f9","value":"eeec4349-2fbb-4796-a846-f32a7e8cb63f"}}
1:22:03.527641501 [333m   32[00m 0x7fe8fc007360 [37mDEBUG  [00m [00mKurentoWebSocketTransport WebSocketTransport.cpp:460:processMessage:[00m Message: {"jsonrpc":"2.0","method":"invoke","params":{"object":"4131a861-543a-4276-9274-52a19df74423_kurento.MediaPipeline/ed8bb3f4-46ec-4370-931d-445b87163c72_kurento.WebRtcEndpoint","operation":"processOffer","operationParams":{"offer":"v=0\r\no=- 4434143869428838848 2 IN IP4 127.0.0.1\r\ns=-\r\nt=0 0\r\na=group:BUNDLE 0 1 2\r\na=msid-semantic: WMS\r\nm=video 9 UDP/TLS/RTP/SAVPF 96 97 98 99 100 101 102 122 127 121 125 107 108 109 124 120 123 119 114 115 116\r\nc=IN IP4 0.0.0.0\r\na=rtcp:9 IN IP4 0.0.0.0\r\na=ice-ufrag:luTo\r\na=ice-pwd:hhfzLXZvbmBb1N3iuDrODqXI\r\na=ice-options:trickle\r\na=fingerprint:sha-256 39:BA:D0:8E:C2:F6:63:43:81:95:8F:4C:BB:DC:1F:21:D6:E7:9B:F8:33:9B:66:BD:F4:67:71:AD:BF:35:46:15\r\na=setup:actpass\r\na=mid:0\r\na=extmap:14 urn:ietf:params:rtp-hdrext:toffset\r\na=extmap:2 http://www.webrtc.org/experiments/rtp-hdrext/abs-send-time\r\na=extmap:13 urn:3gpp:video-orientation\r\na=extmap:3 http://www.ietf.org/id/draft-holmer-rmcat-transport-wide-cc-extensions-01\r\na=extmap:12 http://www.webrtc.org/experiments/rtp-hdrext/playout-delay\r\na=extmap:11 http://www.webrtc.org/experiments/rtp-hdrext/video-content-type\r\na=extmap:7 http://www.webrtc.org/experiments/rtp-hdrext/video-timing\r\na=extmap:8 http://tools.ietf.org/html/draft-ietf-avtext-framemarking-07\r\na=extmap:9 http://www.webrtc.org/experiments/rtp-hdrext/color-space\r\na=extmap:4 urn:ietf:params:rtp-hdrext:sdes:mid\r\na=extmap:5 urn:ietf:params:rtp-hdrext:sdes:rtp-stream-id\r\na=extmap:6 urn:ietf:params:rtp-hdrext:sdes:repaired-rtp-stream-id\r\na=recvonly\r\na=rtcp-mux\r\na=rtcp-rsize\r\na=rtpmap:96 VP8/90000\r\na=rtcp-fb:96 goog-remb\r\na=rtcp-fb:96 transport-cc\r\na=rtcp-fb:96 ccm fir\r\na=rtcp-fb:96 nack\r\na=rtcp-fb:96 nack pli\r\na=rtpmap:97 rtx/90000\r\na=fmtp:97 apt=96\r\na=rtpmap:98 VP9/90000\r\na=rtcp-fb:98 goog-remb\r\na=rtcp-fb:98 transport-cc\r\na=rtcp-fb:98 ccm fir\r\na=rtcp-fb:98 nack\r\na=rtcp-fb:98 nack pli\r\na=fmtp:98 profile-id=0\r\na=rtpmap:99 rtx/90000\r\na=fmtp:99 apt=98\r\na=rtpmap:100 VP9/90000\r\na=rtcp-fb:100 goog-remb\r\na=rtcp-fb:100 transport-cc\r\na=rtcp-fb:100 ccm fir\r\na=rtcp-fb:100 nack\r\na=rtcp-fb:100 nack pli\r\na=fmtp:100 profile-id=2\r\na=rtpmap:101 rtx/90000\r\na=fmtp:101 apt=100\r\na=rtpmap:102 H264/90000\r\na=rtcp-fb:102 goog-remb\r\na=rtcp-fb:102 transport-cc\r\na=rtcp-fb:102 ccm fir\r\na=rtcp-fb:102 nack\r\na=rtcp-fb:102 nack pli\r\na=fmtp:102 level-asymmetry-allowed=1;packetization-mode=1;profile-level-id=42001f\r\na=rtpmap:122 rtx/90000\r\na=fmtp:122 apt=102\r\na=rtpmap:127 H264/90000\r\na=rtcp-fb:127 goog-remb\r\na=rtcp-fb:127 transport-cc\r\na=rtcp-fb:127 ccm fir\r\na=rtcp-fb:127 nack\r\na=rtcp-fb:127 nack pli\r\na=fmtp:127 level-asymmetry-allowed=1;packetization-mode=0;profile-level-id=42001f\r\na=rtpmap:121 rtx/90000\r\na=fmtp:121 apt=127\r\na=rtpmap:125 H264/90000\r\na=rtcp-fb:125 goog-remb\r\na=rtcp-fb:125 transport-cc\r\na=rtcp-fb:125 ccm fir\r\na=rtcp-fb:125 nack\r\na=rtcp-fb:125 nack pli\r\na=fmtp:125 level-asymmetry-allowed=1;packetization-mode=1;profile-level-id=42e01f\r\na=rtpmap:107 rtx/90000\r\na=fmtp:107 apt=125\r\na=rtpmap:108 H264/90000\r\na=rtcp-fb:108 goog-remb\r\na=rtcp-fb:108 transport-cc\r\na=rtcp-fb:108 ccm fir\r\na=rtcp-fb:108 nack\r\na=rtcp-fb:108 nack pli\r\na=fmtp:108 level-asymmetry-allowed=1;packetization-mode=0;profile-level-id=42e01f\r\na=rtpmap:109 rtx/90000\r\na=fmtp:109 apt=108\r\na=rtpmap:124 H264/90000\r\na=rtcp-fb:124 goog-remb\r\na=rtcp-fb:124 transport-cc\r\na=rtcp-fb:124 ccm fir\r\na=rtcp-fb:124 nack\r\na=rtcp-fb:124 nack pli\r\na=fmtp:124 level-asymmetry-allowed=1;packetization-mode=1;profile-level-id=4d0032\r\na=rtpmap:120 rtx/90000\r\na=fmtp:120 apt=124\r\na=rtpmap:123 H264/90000\r\na=rtcp-fb:123 goog-remb\r\na=rtcp-fb:123 transport-cc\r\na=rtcp-fb:123 ccm fir\r\na=rtcp-fb:123 nack\r\na=rtcp-fb:123 nack pli\r\na=fmtp:123 level-asymmetry-allowed=1;packetization-mode=1;profile-level-id=640032\r\na=rtpmap:119 rtx/90000\r\na=fmtp:119 apt=123\r\na=rtpmap:114 red/90000\r\na=rtpmap:115 rtx/90000\r\na=fmtp:115 apt=114\r\na=rtpmap:116 ulpfec/90000\r\nm=audio 9 UDP/TLS/RTP/SAVPF 111 103 104 9 0 8 106 105 13 110 112 113 126\r\nc=IN IP4 0.0.0.0\r\na=rtcp:9 IN IP4 0.0.0.0\r\na=ice-ufrag:luTo\r\na=ice-pwd:hhfzLXZvbmBb1N3iuDrODqXI\r\na=ice-options:trickle\r\na=fingerprint:sha-256 39:BA:D0:8E:C2:F6:63:43:81:95:8F:4C:BB:DC:1F:21:D6:E7:9B:F8:33:9B:66:BD:F4:67:71:AD:BF:35:46:15\r\na=setup:actpass\r\na=mid:1\r\na=extmap:1 urn:ietf:params:rtp-hdrext:ssrc-audio-level\r\na=extmap:2 http://www.webrtc.org/experiments/rtp-hdrext/abs-send-time\r\na=extmap:3 http://www.ietf.org/id/draft-holmer-rmcat-transport-wide-cc-extensions-01\r\na=extmap:4 urn:ietf:params:rtp-hdrext:sdes:mid\r\na=extmap:5 urn:ietf:params:rtp-hdrext:sdes:rtp-stream-id\r\na=extmap:6 urn:ietf:params:rtp-hdrext:sdes:repaired-rtp-stream-id\r\na=recvonly\r\na=rtcp-mux\r\na=rtpmap:111 opus/48000/2\r\na=rtcp-fb:111 transport-cc\r\na=fmtp:111 minptime=10;useinbandfec=1\r\na=rtpmap:103 ISAC/16000\r\na=rtpmap:104 ISAC/32000\r\na=rtpmap:9 G722/8000\r\na=rtpmap:0 PCMU/8000\r\na=rtpmap:8 PCMA/8000\r\na=rtpmap:106 CN/32000\r\na=rtpmap:105 CN/16000\r\na=rtpmap:13 CN/8000\r\na=rtpmap:110 telephone-event/48000\r\na=rtpmap:112 telephone-event/32000\r\na=rtpmap:113 telephone-event/16000\r\na=rtpmap:126 telephone-event/8000\r\nm=application 9 UDP/DTLS/SCTP webrtc-datachannel\r\nc=IN IP4 0.0.0.0\r\na=ice-ufrag:luTo\r\na=ice-pwd:hhfzLXZvbmBb1N3iuDrODqXI\r\na=ice-options:trickle\r\na=fingerprint:sha-256 39:BA:D0:8E:C2:F6:63:43:81:95:8F:4C:BB:DC:1F:21:D6:E7:9B:F8:33:9B:66:BD:F4:67:71:AD:BF:35:46:15\r\na=setup:actpass\r\na=mid:2\r\na=sctp-port:5000\r\na=max-message-size:262144\r\n"},"sessionId":"f6ce446e-f2a9-496f-94c5-83dbde0fb5f9"},"id":239}
1:22:03.538368400 [333m   32[00m 0x7fe8fc007360 [37mDEBUG  [00m [00mKurentoWebSocketTransport WebSocketTransport.cpp:462:processMessage:[00m Response: {"id":239,"jsonrpc":"2.0","result":{"sessionId":"f6ce446e-f2a9-496f-94c5-83dbde0fb5f9","value":"v=0\r\no=- 3805428799 3805428799 IN IP4 0.0.0.0\r\ns=Kurento Media Server\r\nc=IN IP4 0.0.0.0\r\nt=0 0\r\na=msid-semantic: WMS\r\na=group:BUNDLE 0 1 2\r\nm=video 1 UDP/TLS/RTP/SAVPF 96 102 127 125 108 124 123\r\na=extmap:2 http://www.webrtc.org/experiments/rtp-hdrext/abs-send-time\r\na=sendonly\r\na=mid:0\r\na=rtcp:9 IN IP4 0.0.0.0\r\na=rtpmap:96 VP8/90000\r\na=rtpmap:102 H264/90000\r\na=rtpmap:127 H264/90000\r\na=rtpmap:125 H264/90000\r\na=rtpmap:108 H264/90000\r\na=rtpmap:124 H264/90000\r\na=rtpmap:123 H264/90000\r\na=rtcp-fb:96 goog-remb\r\na=rtcp-fb:96 ccm fir\r\na=rtcp-fb:96 nack\r\na=rtcp-fb:96 nack pli\r\na=rtcp-fb:102 goog-remb\r\na=rtcp-fb:102 ccm fir\r\na=rtcp-fb:102 nack\r\na=rtcp-fb:102 nack pli\r\na=rtcp-fb:127 goog-remb\r\na=rtcp-fb:127 ccm fir\r\na=rtcp-fb:127 nack\r\na=rtcp-fb:127 nack pli\r\na=rtcp-fb:125 goog-remb\r\na=rtcp-fb:125 ccm fir\r\na=rtcp-fb:125 nack\r\na=rtcp-fb:125 nack pli\r\na=rtcp-fb:108 goog-remb\r\na=rtcp-fb:108 ccm fir\r\na=rtcp-fb:108 nack\r\na=rtcp-fb:108 nack pli\r\na=rtcp-fb:124 goog-remb\r\na=rtcp-fb:124 ccm fir\r\na=rtcp-fb:124 nack\r\na=rtcp-fb:124 nack pli\r\na=rtcp-fb:123 goog-remb\r\na=rtcp-fb:123 ccm fir\r\na=rtcp-fb:123 nack\r\na=rtcp-fb:123 nack pli\r\na=setup:active\r\na=rtcp-mux\r\na=fmtp:102 level-asymmetry-allowed=1;packetization-mode=1;profile-level-id=42001f\r\na=fmtp:127 level-asymmetry-allowed=1;packetization-mode=0;profile-level-id=42001f\r\na=fmtp:125 level-asymmetry-allowed=1;packetization-mode=1;profile-level-id=42e01f\r\na=fmtp:108 level-asymmetry-allowed=1;packetization-mode=0;profile-level-id=42e01f\r\na=fmtp:124 level-asymmetry-allowed=1;packetization-mode=1;profile-level-id=4d0032\r\na=fmtp:123 level-asymmetry-allowed=1;packetization-mode=1;profile-level-id=640032\r\na=ssrc:1679580248 cname:user4000627985@host-9fec277b\r\na=ice-ufrag:Kp4V\r\na=ice-pwd:w7ML3YaxDSeneevACmqcMw\r\na=fingerprint:sha-256 87:AE:B2:04:24:F8:9D:75:D9:3D:76:1F:47:46:04:CD:0D:F8:A2:B8:7B:CA:90:89:8A:88:02:03:E5:17:1F:01\r\nm=audio 1 UDP/TLS/RTP/SAVPF 111 0\r\na=extmap:2 http://www.webrtc.org/experiments/rtp-hdrext/abs-send-time\r\na=sendonly\r\na=mid:1\r\na=rtcp:9 IN IP4 0.0.0.0\r\na=rtpmap:111 opus/48000/2\r\na=rtpmap:0 PCMU/8000\r\na=setup:active\r\na=rtcp-mux\r\na=fmtp:111 minptime=10;useinbandfec=1\r\na=ssrc:3805089981 cname:user4000627985@host-9fec277b\r\na=ice-ufrag:Kp4V\r\na=ice-pwd:w7ML3YaxDSeneevACmqcMw\r\na=fingerprint:sha-256 87:AE:B2:04:24:F8:9D:75:D9:3D:76:1F:47:46:04:CD:0D:F8:A2:B8:7B:CA:90:89:8A:88:02:03:E5:17:1F:01\r\nm=application 1 UDP/DTLS/SCTP webrtc-datachannel\r\na=mid:2\r\na=sctp-port:5000\r\na=setup:active\r\na=ice-ufrag:Kp4V\r\na=ice-pwd:w7ML3YaxDSeneevACmqcMw\r\na=fingerprint:sha-256 87:AE:B2:04:24:F8:9D:75:D9:3D:76:1F:47:46:04:CD:0D:F8:A2:B8:7B:CA:90:89:8A:88:02:03:E5:17:1F:01\r\n"}}
1:22:03.577837454 [333m   32[00m 0x7fe8ec001d00 [37mDEBUG  [00m [00mKurentoWebSocketTransport WebSocketTransport.cpp:460:processMessage:[00m Message: {"jsonrpc":"2.0","method":"invoke","params":{"object":"4131a861-543a-4276-9274-52a19df74423_kurento.MediaPipeline/ed8bb3f4-46ec-4370-931d-445b87163c72_kurento.WebRtcEndpoint","operation":"gatherCandidates","sessionId":"f6ce446e-f2a9-496f-94c5-83dbde0fb5f9"},"id":240}
1:22:03.580054673 [333m   32[00m 0x7fe894001790 [37mDEBUG  [00m [00mKurentoWebSocketEventHandler WebSocketEventHandler.cpp:56:sendEvent:[00m Sending event: {"jsonrpc":"2.0","method":"onEvent","params":{"value":{"data":{"candidate":{"__module__":"kurento","__type__":"IceCandidate","candidate":"candidate:1 1 UDP 2013266431 172.20.0.9 10394 typ host","sdpMLineIndex":0,"sdpMid":"0"},"source":"4131a861-543a-4276-9274-52a19df74423_kurento.MediaPipeline/ed8bb3f4-46ec-4370-931d-445b87163c72_kurento.WebRtcEndpoint","tags":[],"timestamp":"1596439999","timestampMillis":"1596439999123","type":"OnIceCandidate"},"object":"4131a861-543a-4276-9274-52a19df74423_kurento.MediaPipeline/ed8bb3f4-46ec-4370-931d-445b87163c72_kurento.WebRtcEndpoint","type":"OnIceCandidate"}}}, sessionId: f6ce446e-f2a9-496f-94c5-83dbde0fb5f9
1:22:03.580366562 [333m   32[00m 0x7fe894001790 [37mDEBUG  [00m [00mKurentoWebSocketEventHandler WebSocketEventHandler.cpp:56:sendEvent:[00m Sending event: {"jsonrpc":"2.0","method":"onEvent","params":{"value":{"data":{"candidate":{"__module__":"kurento","__type__":"IceCandidate","candidate":"candidate:1 1 UDP 2013266431 172.20.0.9 10394 typ host","sdpMLineIndex":1,"sdpMid":"1"},"source":"4131a861-543a-4276-9274-52a19df74423_kurento.MediaPipeline/ed8bb3f4-46ec-4370-931d-445b87163c72_kurento.WebRtcEndpoint","tags":[],"timestamp":"1596439999","timestampMillis":"1596439999123","type":"OnIceCandidate"},"object":"4131a861-543a-4276-9274-52a19df74423_kurento.MediaPipeline/ed8bb3f4-46ec-4370-931d-445b87163c72_kurento.WebRtcEndpoint","type":"OnIceCandidate"}}}, sessionId: f6ce446e-f2a9-496f-94c5-83dbde0fb5f9
1:22:03.580470042 [333m   32[00m 0x7fe894001790 [37mDEBUG  [00m [00mKurentoWebSocketEventHandler WebSocketEventHandler.cpp:56:sendEvent:[00m Sending event: {"jsonrpc":"2.0","method":"onEvent","params":{"value":{"data":{"candidate":{"__module__":"kurento","__type__":"IceCandidate","candidate":"candidate:1 1 UDP 2013266431 172.20.0.9 10394 typ host","sdpMLineIndex":2,"sdpMid":"2"},"source":"4131a861-543a-4276-9274-52a19df74423_kurento.MediaPipeline/ed8bb3f4-46ec-4370-931d-445b87163c72_kurento.WebRtcEndpoint","tags":[],"timestamp":"1596439999","timestampMillis":"1596439999123","type":"OnIceCandidate"},"object":"4131a861-543a-4276-9274-52a19df74423_kurento.MediaPipeline/ed8bb3f4-46ec-4370-931d-445b87163c72_kurento.WebRtcEndpoint","type":"OnIceCandidate"}}}, sessionId: f6ce446e-f2a9-496f-94c5-83dbde0fb5f9
1:22:03.580562921 [333m   32[00m 0x7fe894001790 [37mDEBUG  [00m [00mKurentoWebSocketEventHandler WebSocketEventHandler.cpp:56:sendEvent:[00m Sending event: {"jsonrpc":"2.0","method":"onEvent","params":{"value":{"data":{"candidate":{"__module__":"kurento","__type__":"IceCandidate","candidate":"candidate:2 1 TCP 1015021823 172.20.0.9 9 typ host tcptype active","sdpMLineIndex":0,"sdpMid":"0"},"source":"4131a861-543a-4276-9274-52a19df74423_kurento.MediaPipeline/ed8bb3f4-46ec-4370-931d-445b87163c72_kurento.WebRtcEndpoint","tags":[],"timestamp":"1596439999","timestampMillis":"1596439999123","type":"OnIceCandidate"},"object":"4131a861-543a-4276-9274-52a19df74423_kurento.MediaPipeline/ed8bb3f4-46ec-4370-931d-445b87163c72_kurento.WebRtcEndpoint","type":"OnIceCandidate"}}}, sessionId: f6ce446e-f2a9-496f-94c5-83dbde0fb5f9
1:22:03.580651078 [333m   32[00m 0x7fe894001790 [37mDEBUG  [00m [00mKurentoWebSocketEventHandler WebSocketEventHandler.cpp:56:sendEvent:[00m Sending event: {"jsonrpc":"2.0","method":"onEvent","params":{"value":{"data":{"candidate":{"__module__":"kurento","__type__":"IceCandidate","candidate":"candidate:2 1 TCP 1015021823 172.20.0.9 9 typ host tcptype active","sdpMLineIndex":1,"sdpMid":"1"},"source":"4131a861-543a-4276-9274-52a19df74423_kurento.MediaPipeline/ed8bb3f4-46ec-4370-931d-445b87163c72_kurento.WebRtcEndpoint","tags":[],"timestamp":"1596439999","timestampMillis":"1596439999123","type":"OnIceCandidate"},"object":"4131a861-543a-4276-9274-52a19df74423_kurento.MediaPipeline/ed8bb3f4-46ec-4370-931d-445b87163c72_kurento.WebRtcEndpoint","type":"OnIceCandidate"}}}, sessionId: f6ce446e-f2a9-496f-94c5-83dbde0fb5f9
1:22:03.580738819 [333m   32[00m 0x7fe894001790 [37mDEBUG  [00m [00mKurentoWebSocketEventHandler WebSocketEventHandler.cpp:56:sendEvent:[00m Sending event: {"jsonrpc":"2.0","method":"onEvent","params":{"value":{"data":{"candidate":{"__module__":"kurento","__type__":"IceCandidate","candidate":"candidate:2 1 TCP 1015021823 172.20.0.9 9 typ host tcptype active","sdpMLineIndex":2,"sdpMid":"2"},"source":"4131a861-543a-4276-9274-52a19df74423_kurento.MediaPipeline/ed8bb3f4-46ec-4370-931d-445b87163c72_kurento.WebRtcEndpoint","tags":[],"timestamp":"1596439999","timestampMillis":"1596439999123","type":"OnIceCandidate"},"object":"4131a861-543a-4276-9274-52a19df74423_kurento.MediaPipeline/ed8bb3f4-46ec-4370-931d-445b87163c72_kurento.WebRtcEndpoint","type":"OnIceCandidate"}}}, sessionId: f6ce446e-f2a9-496f-94c5-83dbde0fb5f9
1:22:03.580824080 [333m   32[00m 0x7fe894001790 [37mDEBUG  [00m [00mKurentoWebSocketEventHandler WebSocketEventHandler.cpp:56:sendEvent:[00m Sending event: {"jsonrpc":"2.0","method":"onEvent","params":{"value":{"data":{"candidate":{"__module__":"kurento","__type__":"IceCandidate","candidate":"candidate:4 1 TCP 1010827519 172.20.0.9 10446 typ host tcptype passive","sdpMLineIndex":0,"sdpMid":"0"},"source":"4131a861-543a-4276-9274-52a19df74423_kurento.MediaPipeline/ed8bb3f4-46ec-4370-931d-445b87163c72_kurento.WebRtcEndpoint","tags":[],"timestamp":"1596439999","timestampMillis":"1596439999124","type":"OnIceCandidate"},"object":"4131a861-543a-4276-9274-52a19df74423_kurento.MediaPipeline/ed8bb3f4-46ec-4370-931d-445b87163c72_kurento.WebRtcEndpoint","type":"OnIceCandidate"}}}, sessionId: f6ce446e-f2a9-496f-94c5-83dbde0fb5f9
1:22:03.580911931 [333m   32[00m 0x7fe894001790 [37mDEBUG  [00m [00mKurentoWebSocketEventHandler WebSocketEventHandler.cpp:56:sendEvent:[00m Sending event: {"jsonrpc":"2.0","method":"onEvent","params":{"value":{"data":{"candidate":{"__module__":"kurento","__type__":"IceCandidate","candidate":"candidate:4 1 TCP 1010827519 172.20.0.9 10446 typ host tcptype passive","sdpMLineIndex":1,"sdpMid":"1"},"source":"4131a861-543a-4276-9274-52a19df74423_kurento.MediaPipeline/ed8bb3f4-46ec-4370-931d-445b87163c72_kurento.WebRtcEndpoint","tags":[],"timestamp":"1596439999","timestampMillis":"1596439999124","type":"OnIceCandidate"},"object":"4131a861-543a-4276-9274-52a19df74423_kurento.MediaPipeline/ed8bb3f4-46ec-4370-931d-445b87163c72_kurento.WebRtcEndpoint","type":"OnIceCandidate"}}}, sessionId: f6ce446e-f2a9-496f-94c5-83dbde0fb5f9
1:22:03.580999780 [333m   32[00m 0x7fe894001790 [37mDEBUG  [00m [00mKurentoWebSocketEventHandler WebSocketEventHandler.cpp:56:sendEvent:[00m Sending event: {"jsonrpc":"2.0","method":"onEvent","params":{"value":{"data":{"candidate":{"__module__":"kurento","__type__":"IceCandidate","candidate":"candidate:4 1 TCP 1010827519 172.20.0.9 10446 typ host tcptype passive","sdpMLineIndex":2,"sdpMid":"2"},"source":"4131a861-543a-4276-9274-52a19df74423_kurento.MediaPipeline/ed8bb3f4-46ec-4370-931d-445b87163c72_kurento.WebRtcEndpoint","tags":[],"timestamp":"1596439999","timestampMillis":"1596439999124","type":"OnIceCandidate"},"object":"4131a861-543a-4276-9274-52a19df74423_kurento.MediaPipeline/ed8bb3f4-46ec-4370-931d-445b87163c72_kurento.WebRtcEndpoint","type":"OnIceCandidate"}}}, sessionId: f6ce446e-f2a9-496f-94c5-83dbde0fb5f9
1:22:03.581081877 [333m   32[00m 0x7fe894001790 [37mDEBUG  [00m [00mKurentoWebSocketEventHandler WebSocketEventHandler.cpp:56:sendEvent:[00m Sending event: {"jsonrpc":"2.0","method":"onEvent","params":{"value":{"data":{"candidate":{"__module__":"kurento","__type__":"IceCandidate","candidate":"candidate:1 2 UDP 2013266430 172.20.0.9 10420 typ host","sdpMLineIndex":0,"sdpMid":"0"},"source":"4131a861-543a-4276-9274-52a19df74423_kurento.MediaPipeline/ed8bb3f4-46ec-4370-931d-445b87163c72_kurento.WebRtcEndpoint","tags":[],"timestamp":"1596439999","timestampMillis":"1596439999124","type":"OnIceCandidate"},"object":"4131a861-543a-4276-9274-52a19df74423_kurento.MediaPipeline/ed8bb3f4-46ec-4370-931d-445b87163c72_kurento.WebRtcEndpoint","type":"OnIceCandidate"}}}, sessionId: f6ce446e-f2a9-496f-94c5-83dbde0fb5f9
1:22:03.581165491 [333m   32[00m 0x7fe894001790 [37mDEBUG  [00m [00mKurentoWebSocketEventHandler WebSocketEventHandler.cpp:56:sendEvent:[00m Sending event: {"jsonrpc":"2.0","method":"onEvent","params":{"value":{"data":{"candidate":{"__module__":"kurento","__type__":"IceCandidate","candidate":"candidate:1 2 UDP 2013266430 172.20.0.9 10420 typ host","sdpMLineIndex":1,"sdpMid":"1"},"source":"4131a861-543a-4276-9274-52a19df74423_kurento.MediaPipeline/ed8bb3f4-46ec-4370-931d-445b87163c72_kurento.WebRtcEndpoint","tags":[],"timestamp":"1596439999","timestampMillis":"1596439999124","type":"OnIceCandidate"},"object":"4131a861-543a-4276-9274-52a19df74423_kurento.MediaPipeline/ed8bb3f4-46ec-4370-931d-445b87163c72_kurento.WebRtcEndpoint","type":"OnIceCandidate"}}}, sessionId: f6ce446e-f2a9-496f-94c5-83dbde0fb5f9
1:22:03.581212501 [333m   32[00m 0x7fe8ec001d00 [37mDEBUG  [00m [00mKurentoWebSocketTransport WebSocketTransport.cpp:462:processMessage:[00m Response: {"id":240,"jsonrpc":"2.0","result":{"sessionId":"f6ce446e-f2a9-496f-94c5-83dbde0fb5f9","value":null}}
1:22:03.581249520 [333m   32[00m 0x7fe894001790 [37mDEBUG  [00m [00mKurentoWebSocketEventHandler WebSocketEventHandler.cpp:56:sendEvent:[00m Sending event: {"jsonrpc":"2.0","method":"onEvent","params":{"value":{"data":{"candidate":{"__module__":"kurento","__type__":"IceCandidate","candidate":"candidate:1 2 UDP 2013266430 172.20.0.9 10420 typ host","sdpMLineIndex":2,"sdpMid":"2"},"source":"4131a861-543a-4276-9274-52a19df74423_kurento.MediaPipeline/ed8bb3f4-46ec-4370-931d-445b87163c72_kurento.WebRtcEndpoint","tags":[],"timestamp":"1596439999","timestampMillis":"1596439999124","type":"OnIceCandidate"},"object":"4131a861-543a-4276-9274-52a19df74423_kurento.MediaPipeline/ed8bb3f4-46ec-4370-931d-445b87163c72_kurento.WebRtcEndpoint","type":"OnIceCandidate"}}}, sessionId: f6ce446e-f2a9-496f-94c5-83dbde0fb5f9
1:22:03.581328291 [333m   32[00m 0x7fe8ec001d00 [37mDEBUG  [00m [00mKurentoWebSocketTransport WebSocketTransport.cpp:460:processMessage:[00m Message: {"jsonrpc":"2.0","method":"invoke","params":{"object":"4131a861-543a-4276-9274-52a19df74423_kurento.MediaPipeline/ed8bb3f4-46ec-4370-931d-445b87163c72_kurento.WebRtcEndpoint","operation":"addIceCandidate","operationParams":{"candidate":{"candidate":"candidate:430735571 1 udp 2122260223 192.168.1.102 54891 typ host generation 0 ufrag luTo network-id 1 network-cost 10","sdpMid":"0","sdpMLineIndex":0,"__module__":"kurento","__type__":"IceCandidate"}},"sessionId":"f6ce446e-f2a9-496f-94c5-83dbde0fb5f9"},"id":241}
1:22:03.581338280 [333m   32[00m 0x7fe894001790 [37mDEBUG  [00m [00mKurentoWebSocketEventHandler WebSocketEventHandler.cpp:56:sendEvent:[00m Sending event: {"jsonrpc":"2.0","method":"onEvent","params":{"value":{"data":{"candidate":{"__module__":"kurento","__type__":"IceCandidate","candidate":"candidate:2 2 TCP 1015021822 172.20.0.9 9 typ host tcptype active","sdpMLineIndex":0,"sdpMid":"0"},"source":"4131a861-543a-4276-9274-52a19df74423_kurento.MediaPipeline/ed8bb3f4-46ec-4370-931d-445b87163c72_kurento.WebRtcEndpoint","tags":[],"timestamp":"1596439999","timestampMillis":"1596439999124","type":"OnIceCandidate"},"object":"4131a861-543a-4276-9274-52a19df74423_kurento.MediaPipeline/ed8bb3f4-46ec-4370-931d-445b87163c72_kurento.WebRtcEndpoint","type":"OnIceCandidate"}}}, sessionId: f6ce446e-f2a9-496f-94c5-83dbde0fb5f9
1:22:03.581438475 [333m   32[00m 0x7fe894001790 [37mDEBUG  [00m [00mKurentoWebSocketEventHandler WebSocketEventHandler.cpp:56:sendEvent:[00m Sending event: {"jsonrpc":"2.0","method":"onEvent","params":{"value":{"data":{"candidate":{"__module__":"kurento","__type__":"IceCandidate","candidate":"candidate:2 2 TCP 1015021822 172.20.0.9 9 typ host tcptype active","sdpMLineIndex":1,"sdpMid":"1"},"source":"4131a861-543a-4276-9274-52a19df74423_kurento.MediaPipeline/ed8bb3f4-46ec-4370-931d-445b87163c72_kurento.WebRtcEndpoint","tags":[],"timestamp":"1596439999","timestampMillis":"1596439999124","type":"OnIceCandidate"},"object":"4131a861-543a-4276-9274-52a19df74423_kurento.MediaPipeline/ed8bb3f4-46ec-4370-931d-445b87163c72_kurento.WebRtcEndpoint","type":"OnIceCandidate"}}}, sessionId: f6ce446e-f2a9-496f-94c5-83dbde0fb5f9
1:22:03.581515221 [333m   32[00m 0x7fe894001790 [37mDEBUG  [00m [00mKurentoWebSocketEventHandler WebSocketEventHandler.cpp:56:sendEvent:[00m Sending event: {"jsonrpc":"2.0","method":"onEvent","params":{"value":{"data":{"candidate":{"__module__":"kurento","__type__":"IceCandidate","candidate":"candidate:2 2 TCP 1015021822 172.20.0.9 9 typ host tcptype active","sdpMLineIndex":2,"sdpMid":"2"},"source":"4131a861-543a-4276-9274-52a19df74423_kurento.MediaPipeline/ed8bb3f4-46ec-4370-931d-445b87163c72_kurento.WebRtcEndpoint","tags":[],"timestamp":"1596439999","timestampMillis":"1596439999124","type":"OnIceCandidate"},"object":"4131a861-543a-4276-9274-52a19df74423_kurento.MediaPipeline/ed8bb3f4-46ec-4370-931d-445b87163c72_kurento.WebRtcEndpoint","type":"OnIceCandidate"}}}, sessionId: f6ce446e-f2a9-496f-94c5-83dbde0fb5f9
1:22:03.581590586 [333m   32[00m 0x7fe894001790 [37mDEBUG  [00m [00mKurentoWebSocketEventHandler WebSocketEventHandler.cpp:56:sendEvent:[00m Sending event: {"jsonrpc":"2.0","method":"onEvent","params":{"value":{"data":{"candidate":{"__module__":"kurento","__type__":"IceCandidate","candidate":"candidate:4 2 TCP 1010827518 172.20.0.9 10470 typ host tcptype passive","sdpMLineIndex":0,"sdpMid":"0"},"source":"4131a861-543a-4276-9274-52a19df74423_kurento.MediaPipeline/ed8bb3f4-46ec-4370-931d-445b87163c72_kurento.WebRtcEndpoint","tags":[],"timestamp":"1596439999","timestampMillis":"1596439999124","type":"OnIceCandidate"},"object":"4131a861-543a-4276-9274-52a19df74423_kurento.MediaPipeline/ed8bb3f4-46ec-4370-931d-445b87163c72_kurento.WebRtcEndpoint","type":"OnIceCandidate"}}}, sessionId: f6ce446e-f2a9-496f-94c5-83dbde0fb5f9
1:22:03.581669594 [333m   32[00m 0x7fe894001790 [37mDEBUG  [00m [00mKurentoWebSocketEventHandler WebSocketEventHandler.cpp:56:sendEvent:[00m Sending event: {"jsonrpc":"2.0","method":"onEvent","params":{"value":{"data":{"candidate":{"__module__":"kurento","__type__":"IceCandidate","candidate":"candidate:4 2 TCP 1010827518 172.20.0.9 10470 typ host tcptype passive","sdpMLineIndex":1,"sdpMid":"1"},"source":"4131a861-543a-4276-9274-52a19df74423_kurento.MediaPipeline/ed8bb3f4-46ec-4370-931d-445b87163c72_kurento.WebRtcEndpoint","tags":[],"timestamp":"1596439999","timestampMillis":"1596439999124","type":"OnIceCandidate"},"object":"4131a861-543a-4276-9274-52a19df74423_kurento.MediaPipeline/ed8bb3f4-46ec-4370-931d-445b87163c72_kurento.WebRtcEndpoint","type":"OnIceCandidate"}}}, sessionId: f6ce446e-f2a9-496f-94c5-83dbde0fb5f9
1:22:03.581705594 [333m   32[00m 0x7fe8ec001d00 [37mDEBUG  [00m [00mKurentoWebSocketTransport WebSocketTransport.cpp:462:processMessage:[00m Response: {"id":241,"jsonrpc":"2.0","result":{"sessionId":"f6ce446e-f2a9-496f-94c5-83dbde0fb5f9","value":null}}
1:22:03.581732051 [333m   32[00m 0x7fe8ec001d00 [37mDEBUG  [00m [00mKurentoWebSocketTransport WebSocketTransport.cpp:460:processMessage:[00m Message: {"jsonrpc":"2.0","method":"invoke","params":{"object":"4131a861-543a-4276-9274-52a19df74423_kurento.MediaPipeline/ed8bb3f4-46ec-4370-931d-445b87163c72_kurento.WebRtcEndpoint","operation":"addIceCandidate","operationParams":{"candidate":{"candidate":"candidate:430735571 1 udp 2122260223 192.168.1.102 54892 typ host generation 0 ufrag luTo network-id 1 network-cost 10","sdpMid":"1","sdpMLineIndex":1,"__module__":"kurento","__type__":"IceCandidate"}},"sessionId":"f6ce446e-f2a9-496f-94c5-83dbde0fb5f9"},"id":242}
1:22:03.581746700 [333m   32[00m 0x7fe894001790 [37mDEBUG  [00m [00mKurentoWebSocketEventHandler WebSocketEventHandler.cpp:56:sendEvent:[00m Sending event: {"jsonrpc":"2.0","method":"onEvent","params":{"value":{"data":{"candidate":{"__module__":"kurento","__type__":"IceCandidate","candidate":"candidate:4 2 TCP 1010827518 172.20.0.9 10470 typ host tcptype passive","sdpMLineIndex":2,"sdpMid":"2"},"source":"4131a861-543a-4276-9274-52a19df74423_kurento.MediaPipeline/ed8bb3f4-46ec-4370-931d-445b87163c72_kurento.WebRtcEndpoint","tags":[],"timestamp":"1596439999","timestampMillis":"1596439999124","type":"OnIceCandidate"},"object":"4131a861-543a-4276-9274-52a19df74423_kurento.MediaPipeline/ed8bb3f4-46ec-4370-931d-445b87163c72_kurento.WebRtcEndpoint","type":"OnIceCandidate"}}}, sessionId: f6ce446e-f2a9-496f-94c5-83dbde0fb5f9
1:22:03.581988770 [333m   32[00m 0x7fe8ec001d00 [37mDEBUG  [00m [00mKurentoWebSocketTransport WebSocketTransport.cpp:462:processMessage:[00m Response: {"id":242,"jsonrpc":"2.0","result":{"sessionId":"f6ce446e-f2a9-496f-94c5-83dbde0fb5f9","value":null}}
1:22:03.582012683 [333m   32[00m 0x7fe8ec001d00 [37mDEBUG  [00m [00mKurentoWebSocketTransport WebSocketTransport.cpp:460:processMessage:[00m Message: {"jsonrpc":"2.0","method":"invoke","params":{"object":"4131a861-543a-4276-9274-52a19df74423_kurento.MediaPipeline/ed8bb3f4-46ec-4370-931d-445b87163c72_kurento.WebRtcEndpoint","operation":"addIceCandidate","operationParams":{"candidate":{"candidate":"candidate:430735571 1 udp 2122260223 192.168.1.102 54893 typ host generation 0 ufrag luTo network-id 1 network-cost 10","sdpMid":"2","sdpMLineIndex":2,"__module__":"kurento","__type__":"IceCandidate"}},"sessionId":"f6ce446e-f2a9-496f-94c5-83dbde0fb5f9"},"id":243}
1:22:03.582248568 [333m   32[00m 0x7fe8ec001d00 [37mDEBUG  [00m [00mKurentoWebSocketTransport WebSocketTransport.cpp:462:processMessage:[00m Response: {"id":243,"jsonrpc":"2.0","result":{"sessionId":"f6ce446e-f2a9-496f-94c5-83dbde0fb5f9","value":null}}
1:22:03.582271192 [333m   32[00m 0x7fe8ec001d00 [37mDEBUG  [00m [00mKurentoWebSocketTransport WebSocketTransport.cpp:460:processMessage:[00m Message: {"jsonrpc":"2.0","method":"invoke","params":{"object":"4131a861-543a-4276-9274-52a19df74423_kurento.MediaPipeline/7a615fc3-9c98-4379-96bc-86324953e62e_datachannelexample.KmsSendData","operation":"connect","operationParams":{"sink":"4131a861-543a-4276-9274-52a19df74423_kurento.MediaPipeline/ed8bb3f4-46ec-4370-931d-445b87163c72_kurento.WebRtcEndpoint"},"sessionId":"f6ce446e-f2a9-496f-94c5-83dbde0fb5f9"},"id":244}
1:22:03.582351867 [333m   32[00m 0x7fe8ec001d00 [37mDEBUG  [00m [00mKurentoMediaElementImpl MediaElementImpl.cpp:902:connect:[00m Connecting 4131a861-543a-4276-9274-52a19df74423_kurento.MediaPipeline/7a615fc3-9c98-4379-96bc-86324953e62e_datachannelexample.KmsSendData -> 4131a861-543a-4276-9274-52a19df74423_kurento.MediaPipeline/ed8bb3f4-46ec-4370-931d-445b87163c72_kurento.WebRtcEndpoint params AUDIO default default
1:22:03.582718858 [333m   32[00m 0x7fe8ec001d00 [37mDEBUG  [00m [00mKurentoMediaElementImpl MediaElementImpl.cpp:902:connect:[00m Connecting 4131a861-543a-4276-9274-52a19df74423_kurento.MediaPipeline/7a615fc3-9c98-4379-96bc-86324953e62e_datachannelexample.KmsSendData -> 4131a861-543a-4276-9274-52a19df74423_kurento.MediaPipeline/ed8bb3f4-46ec-4370-931d-445b87163c72_kurento.WebRtcEndpoint params VIDEO default default
1:22:03.582818356 [333m   32[00m 0x7fe8ec001d00 [37mDEBUG  [00m [00mKurentoMediaElementImpl MediaElementImpl.cpp:902:connect:[00m Connecting 4131a861-543a-4276-9274-52a19df74423_kurento.MediaPipeline/7a615fc3-9c98-4379-96bc-86324953e62e_datachannelexample.KmsSendData -> 4131a861-543a-4276-9274-52a19df74423_kurento.MediaPipeline/ed8bb3f4-46ec-4370-931d-445b87163c72_kurento.WebRtcEndpoint params DATA default default
1:22:03.582960089 [333m   32[00m 0x7fe8ec001d00 [37mDEBUG  [00m [00mKurentoWebSocketTransport WebSocketTransport.cpp:462:processMessage:[00m Response: {"id":244,"jsonrpc":"2.0","result":{"sessionId":"f6ce446e-f2a9-496f-94c5-83dbde0fb5f9","value":null}}
1:22:03.612328981 [333m   32[00m 0x7fe8b8001840 [37mDEBUG  [00m [00mKurentoWebSocketTransport WebSocketTransport.cpp:460:processMessage:[00m Message: {"jsonrpc":"2.0","method":"invoke","params":{"object":"4131a861-543a-4276-9274-52a19df74423_kurento.MediaPipeline/ed8bb3f4-46ec-4370-931d-445b87163c72_kurento.WebRtcEndpoint","operation":"addIceCandidate","operationParams":{"candidate":{"candidate":"candidate:2565113447 1 udp 1686052607 182.232.168.10 54891 typ srflx raddr 192.168.1.102 rport 54891 generation 0 ufrag luTo network-id 1 network-cost 10","sdpMid":"0","sdpMLineIndex":0,"__module__":"kurento","__type__":"IceCandidate"}},"sessionId":"f6ce446e-f2a9-496f-94c5-83dbde0fb5f9"},"id":245}
1:22:03.612941884 [333m   32[00m 0x7fe8b8001840 [37mDEBUG  [00m [00mKurentoWebSocketTransport WebSocketTransport.cpp:462:processMessage:[00m Response: {"id":245,"jsonrpc":"2.0","result":{"sessionId":"f6ce446e-f2a9-496f-94c5-83dbde0fb5f9","value":null}}
1:22:03.667708562 [333m   32[00m 0x7fe894001790 [37mDEBUG  [00m [00mKurentoWebSocketEventHandler WebSocketEventHandler.cpp:56:sendEvent:[00m Sending event: {"jsonrpc":"2.0","method":"onEvent","params":{"value":{"data":{"candidate":{"__module__":"kurento","__type__":"IceCandidate","candidate":"candidate:5 1 UDP 1677722111 203.151.20.94 10394 typ srflx raddr 172.20.0.9 rport 10394","sdpMLineIndex":0,"sdpMid":"0"},"source":"4131a861-543a-4276-9274-52a19df74423_kurento.MediaPipeline/ed8bb3f4-46ec-4370-931d-445b87163c72_kurento.WebRtcEndpoint","tags":[],"timestamp":"1596439999","timestampMillis":"1596439999211","type":"OnIceCandidate"},"object":"4131a861-543a-4276-9274-52a19df74423_kurento.MediaPipeline/ed8bb3f4-46ec-4370-931d-445b87163c72_kurento.WebRtcEndpoint","type":"OnIceCandidate"}}}, sessionId: f6ce446e-f2a9-496f-94c5-83dbde0fb5f9
1:22:03.667856561 [333m   32[00m 0x7fe894001790 [37mDEBUG  [00m [00mKurentoWebSocketEventHandler WebSocketEventHandler.cpp:56:sendEvent:[00m Sending event: {"jsonrpc":"2.0","method":"onEvent","params":{"value":{"data":{"candidate":{"__module__":"kurento","__type__":"IceCandidate","candidate":"candidate:5 1 UDP 1677722111 203.151.20.94 10394 typ srflx raddr 172.20.0.9 rport 10394","sdpMLineIndex":1,"sdpMid":"1"},"source":"4131a861-543a-4276-9274-52a19df74423_kurento.MediaPipeline/ed8bb3f4-46ec-4370-931d-445b87163c72_kurento.WebRtcEndpoint","tags":[],"timestamp":"1596439999","timestampMillis":"1596439999211","type":"OnIceCandidate"},"object":"4131a861-543a-4276-9274-52a19df74423_kurento.MediaPipeline/ed8bb3f4-46ec-4370-931d-445b87163c72_kurento.WebRtcEndpoint","type":"OnIceCandidate"}}}, sessionId: f6ce446e-f2a9-496f-94c5-83dbde0fb5f9
