1:22:14.077036082 [333m   32[00m 0x7fe894001790 [37mDEBUG  [00m [00mKurentoWebSocketEventHandler WebSocketEventHandler.cpp:56:sendEvent:[00m Sending event: {"jsonrpc":"2.0","method":"onEvent","params":{"value":{"data":{"candidate":{"__module__":"kurento","__type__":"IceCandidate","candidate":"candidate:6 1 TCP 843055359 203.151.20.94 10449 typ srflx raddr 172.20.0.9 rport 10449 tcptype passive","sdpMLineIndex":0,"sdpMid":"0"},"source":"4131a861-543a-4276-9274-52a19df74423_kurento.MediaPipeline/78662ab6-97fc-417d-8cc1-a154885ac10b_kurento.WebRtcEndpoint","tags":[],"timestamp":"1596440009","timestampMillis":"1596440009620","type":"OnIceCandidate"},"object":"4131a861-543a-4276-9274-52a19df74423_kurento.MediaPipeline/78662ab6-97fc-417d-8cc1-a154885ac10b_kurento.WebRtcEndpoint","type":"OnIceCandidate"}}}, sessionId: f6ce446e-f2a9-496f-94c5-83dbde0fb5f9
1:22:14.077144081 [333m   32[00m 0x7fe894001790 [37mDEBUG  [00m [00mKurentoWebSocketEventHandler WebSocketEventHandler.cpp:56:sendEvent:[00m Sending event: {"jsonrpc":"2.0","method":"onEvent","params":{"value":{"data":{"candidate":{"__module__":"kurento","__type__":"IceCandidate","candidate":"candidate:6 1 TCP 843055359 203.151.20.94 10449 typ srflx raddr 172.20.0.9 rport 10449 tcptype passive","sdpMLineIndex":1,"sdpMid":"1"},"source":"4131a861-543a-4276-9274-52a19df74423_kurento.MediaPipeline/78662ab6-97fc-417d-8cc1-a154885ac10b_kurento.WebRtcEndpoint","tags":[],"timestamp":"1596440009","timestampMillis":"1596440009620","type":"OnIceCandidate"},"object":"4131a861-543a-4276-9274-52a19df74423_kurento.MediaPipeline/78662ab6-97fc-417d-8cc1-a154885ac10b_kurento.WebRtcEndpoint","type":"OnIceCandidate"}}}, sessionId: f6ce446e-f2a9-496f-94c5-83dbde0fb5f9
1:22:14.077249743 [333m   32[00m 0x7fe894001790 [37mDEBUG  [00m [00mKurentoWebSocketEventHandler WebSocketEventHandler.cpp:56:sendEvent:[00m Sending event: {"jsonrpc":"2.0","method":"onEvent","params":{"value":{"data":{"candidate":{"__module__":"kurento","__type__":"IceCandidate","candidate":"candidate:6 1 TCP 843055359 203.151.20.94 10449 typ srflx raddr 172.20.0.9 rport 10449 tcptype passive","sdpMLineIndex":2,"sdpMid":"2"},"source":"4131a861-543a-4276-9274-52a19df74423_kurento.MediaPipeline/78662ab6-97fc-417d-8cc1-a154885ac10b_kurento.WebRtcEndpoint","tags":[],"timestamp":"1596440009","timestampMillis":"1596440009620","type":"OnIceCandidate"},"object":"4131a861-543a-4276-9274-52a19df74423_kurento.MediaPipeline/78662ab6-97fc-417d-8cc1-a154885ac10b_kurento.WebRtcEndpoint","type":"OnIceCandidate"}}}, sessionId: f6ce446e-f2a9-496f-94c5-83dbde0fb5f9
1:22:14.081602098 [333m   32[00m 0x7fe8b8001840 [37mDEBUG  [00m [00mKurentoWebSocketTransport WebSocketTransport.cpp:460:processMessage:[00m Message: {"jsonrpc":"2.0","method":"invoke","params":{"object":"4131a861-543a-4276-9274-52a19df74423_kurento.MediaPipeline/78662ab6-97fc-417d-8cc1-a154885ac10b_kurento.WebRtcEndpoint","operation":"addIceCandidate","operationParams":{"candidate":{"candidate":"candidate:1462729763 1 tcp 1518280447 192.168.1.102 9 typ host tcptype active generation 0 ufrag Bw6+ network-id 1 network-cost 10","sdpMid":"0","sdpMLineIndex":0,"__module__":"kurento","__type__":"IceCandidate"}},"sessionId":"f6ce446e-f2a9-496f-94c5-83dbde0fb5f9"},"id":259}
1:22:14.082078426 [333m   32[00m 0x7fe8b8001840 [37mDEBUG  [00m [00mKurentoWebSocketTransport WebSocketTransport.cpp:462:processMessage:[00m Response: {"id":259,"jsonrpc":"2.0","result":{"sessionId":"f6ce446e-f2a9-496f-94c5-83dbde0fb5f9","value":null}}
1:22:14.083097527 [333m   32[00m 0x7fe8e0001c60 [37mDEBUG  [00m [00mKurentoWebSocketTransport WebSocketTransport.cpp:460:processMessage:[00m Message: {"jsonrpc":"2.0","method":"invoke","params":{"object":"4131a861-543a-4276-9274-52a19df74423_kurento.MediaPipeline/78662ab6-97fc-417d-8cc1-a154885ac10b_kurento.WebRtcEndpoint","operation":"addIceCandidate","operationParams":{"candidate":{"candidate":"candidate:2565113447 1 udp 1686052607 182.232.168.10 57760 typ srflx raddr 192.168.1.102 rport 57760 generation 0 ufrag Bw6+ network-id 1 network-cost 10","sdpMid":"0","sdpMLineIndex":0,"__module__":"kurento","__type__":"IceCandidate"}},"sessionId":"f6ce446e-f2a9-496f-94c5-83dbde0fb5f9"},"id":260}
1:22:14.083609894 [333m   32[00m 0x7fe8e0001c60 [37mDEBUG  [00m [00mKurentoWebSocketTransport WebSocketTransport.cpp:462:processMessage:[00m Response: {"id":260,"jsonrpc":"2.0","result":{"sessionId":"f6ce446e-f2a9-496f-94c5-83dbde0fb5f9","value":null}}
1:22:14.188325881 [333m   32[00m 0x7fe8e4071e30 [37mDEBUG  [00m [00mKurentoWebRtcEndpointImpl WebRtcEndpointImpl.cpp:292:newSelectedPairFull:<kmswebrtcendpoint11>[00m New candidate pair selected, local: 'candidate:4 1 UDP 1677722111 203.151.20.94 10404 typ srflx raddr 172.20.0.9 rport 10404', remote: 'candidate:2565113447 1 UDP 1686052607 182.232.168.10 57760 typ srflx raddr 192.168.1.102 rport 57760', stream_id: '1', component_id: 1
1:22:15.066959447 [333m   32[00m 0x7fe7cc003190 [37mDEBUG  [00m [00mKurentoMediaElementImpl MediaElementImpl.cpp:492:mediaFlowInStateChange:<kmswebrtcendpoint11>[00m MediaFlowInStateChange: FLOWING, pad: 'default', type: 'audio'
1:23:00.682098522 [333m   32[00m 0x7fe8c0001860 [36mINFO   [00m [00mKurentoWebSocketTransport WebSocketTransport.cpp:296:keepAliveSessions:[00m Keep alive f6ce446e-f2a9-496f-94c5-83dbde0fb5f9
1:23:01.133608447 [333m   32[00m 0x7fe8ec001d00 [37mDEBUG  [00m [00mKurentoWebSocketTransport WebSocketTransport.cpp:460:processMessage:[00m Message: {"jsonrpc":"2.0","method":"ping","id":261}
1:23:01.133783509 [333m   32[00m 0x7fe8ec001d00 [36mINFO   [00m [00mKurentoServerMethods ServerMethods.cpp:814:ping:[00m WebSocket Ping/Pong with sessionId f6ce446e-f2a9-496f-94c5-83dbde0fb5f9
1:23:01.133904394 [333m   32[00m 0x7fe8ec001d00 [37mDEBUG  [00m [00mKurentoWebSocketTransport WebSocketTransport.cpp:462:processMessage:[00m Response: {"id":261,"jsonrpc":"2.0","result":{"sessionId":"f6ce446e-f2a9-496f-94c5-83dbde0fb5f9","value":"pong"}}
1:24:00.665634033 [333m   32[00m 0x7fe8f4001ca0 [37mDEBUG  [00m [00m     KurentoMediaSet MediaSet.cpp:123:doGarbageCollection:[00m Running garbage collector
1:24:00.682286257 [333m   32[00m 0x7fe8c0001860 [36mINFO   [00m [00mKurentoWebSocketTransport WebSocketTransport.cpp:296:keepAliveSessions:[00m Keep alive f6ce446e-f2a9-496f-94c5-83dbde0fb5f9
1:24:01.136618082 [333m   32[00m 0x7fe8fc006c00 [37mDEBUG  [00m [00mKurentoWebSocketTransport WebSocketTransport.cpp:460:processMessage:[00m Message: {"jsonrpc":"2.0","method":"ping","id":262}
1:24:01.136779931 [333m   32[00m 0x7fe8fc006c00 [36mINFO   [00m [00mKurentoServerMethods ServerMethods.cpp:814:ping:[00m WebSocket Ping/Pong with sessionId f6ce446e-f2a9-496f-94c5-83dbde0fb5f9
1:24:01.138225915 [333m   32[00m 0x7fe8fc006c00 [37mDEBUG  [00m [00mKurentoWebSocketTransport WebSocketTransport.cpp:462:processMessage:[00m Response: {"id":262,"jsonrpc":"2.0","result":{"sessionId":"f6ce446e-f2a9-496f-94c5-83dbde0fb5f9","value":"pong"}}
1:25:00.682730360 [333m   32[00m 0x7fe8c0001860 [36mINFO   [00m [00mKurentoWebSocketTransport WebSocketTransport.cpp:296:keepAliveSessions:[00m Keep alive f6ce446e-f2a9-496f-94c5-83dbde0fb5f9
1:25:01.141770068 [333m   32[00m 0x7fe8dc001cc0 [37mDEBUG  [00m [00mKurentoWebSocketTransport WebSocketTransport.cpp:460:processMessage:[00m Message: {"jsonrpc":"2.0","method":"ping","id":263}
1:25:01.141949174 [333m   32[00m 0x7fe8dc001cc0 [36mINFO   [00m [00mKurentoServerMethods ServerMethods.cpp:814:ping:[00m WebSocket Ping/Pong with sessionId f6ce446e-f2a9-496f-94c5-83dbde0fb5f9
1:25:01.142095296 [333m   32[00m 0x7fe8dc001cc0 [37mDEBUG  [00m [00mKurentoWebSocketTransport WebSocketTransport.cpp:462:processMessage:[00m Response: {"id":263,"jsonrpc":"2.0","result":{"sessionId":"f6ce446e-f2a9-496f-94c5-83dbde0fb5f9","value":"pong"}}
1:26:00.682937131 [333m   32[00m 0x7fe8c0001860 [36mINFO   [00m [00mKurentoWebSocketTransport WebSocketTransport.cpp:296:keepAliveSessions:[00m Keep alive f6ce446e-f2a9-496f-94c5-83dbde0fb5f9
1:26:01.145878929 [333m   32[00m 0x7fe8f0001b20 [37mDEBUG  [00m [00mKurentoWebSocketTransport WebSocketTransport.cpp:460:processMessage:[00m Message: {"jsonrpc":"2.0","method":"ping","id":264}
1:26:01.146177891 [333m   32[00m 0x7fe8f0001b20 [36mINFO   [00m [00mKurentoServerMethods ServerMethods.cpp:814:ping:[00m WebSocket Ping/Pong with sessionId f6ce446e-f2a9-496f-94c5-83dbde0fb5f9
1:26:01.146418415 [333m   32[00m 0x7fe8f0001b20 [37mDEBUG  [00m [00mKurentoWebSocketTransport WebSocketTransport.cpp:462:processMessage:[00m Response: {"id":264,"jsonrpc":"2.0","result":{"sessionId":"f6ce446e-f2a9-496f-94c5-83dbde0fb5f9","value":"pong"}}
1:27:00.683128079 [333m   32[00m 0x7fe8c0001860 [36mINFO   [00m [00mKurentoWebSocketTransport WebSocketTransport.cpp:296:keepAliveSessions:[00m Keep alive f6ce446e-f2a9-496f-94c5-83dbde0fb5f9
1:27:01.151297509 [333m   32[00m 0x7fe8f8002180 [37mDEBUG  [00m [00mKurentoWebSocketTransport WebSocketTransport.cpp:460:processMessage:[00m Message: {"jsonrpc":"2.0","method":"ping","id":265}
1:27:01.151487802 [333m   32[00m 0x7fe8f8002180 [36mINFO   [00m [00mKurentoServerMethods ServerMethods.cpp:814:ping:[00m WebSocket Ping/Pong with sessionId f6ce446e-f2a9-496f-94c5-83dbde0fb5f9
1:27:01.151626719 [333m   32[00m 0x7fe8f8002180 [37mDEBUG  [00m [00mKurentoWebSocketTransport WebSocketTransport.cpp:462:processMessage:[00m Response: {"id":265,"jsonrpc":"2.0","result":{"sessionId":"f6ce446e-f2a9-496f-94c5-83dbde0fb5f9","value":"pong"}}
1:28:00.665948584 [333m   32[00m 0x7fe8f4001ca0 [37mDEBUG  [00m [00m     KurentoMediaSet MediaSet.cpp:123:doGarbageCollection:[00m Running garbage collector
1:28:00.683307680 [333m   32[00m 0x7fe8c0001860 [36mINFO   [00m [00mKurentoWebSocketTransport WebSocketTransport.cpp:296:keepAliveSessions:[00m Keep alive f6ce446e-f2a9-496f-94c5-83dbde0fb5f9
1:28:01.151100519 [333m   32[00m 0x7fe8ac001d80 [37mDEBUG  [00m [00mKurentoWebSocketTransport WebSocketTransport.cpp:460:processMessage:[00m Message: {"jsonrpc":"2.0","method":"ping","id":266}
1:28:01.151260501 [333m   32[00m 0x7fe8ac001d80 [36mINFO   [00m [00mKurentoServerMethods ServerMethods.cpp:814:ping:[00m WebSocket Ping/Pong with sessionId f6ce446e-f2a9-496f-94c5-83dbde0fb5f9
1:28:01.151392475 [333m   32[00m 0x7fe8ac001d80 [37mDEBUG  [00m [00mKurentoWebSocketTransport WebSocketTransport.cpp:462:processMessage:[00m Response: {"id":266,"jsonrpc":"2.0","result":{"sessionId":"f6ce446e-f2a9-496f-94c5-83dbde0fb5f9","value":"pong"}}
1:29:00.683490794 [333m   32[00m 0x7fe8c0001860 [36mINFO   [00m [00mKurentoWebSocketTransport WebSocketTransport.cpp:296:keepAliveSessions:[00m Keep alive f6ce446e-f2a9-496f-94c5-83dbde0fb5f9
1:29:01.155908136 [333m   32[00m 0x7fe8fc007360 [37mDEBUG  [00m [00mKurentoWebSocketTransport WebSocketTransport.cpp:460:processMessage:[00m Message: {"jsonrpc":"2.0","method":"ping","id":267}
1:29:01.156381556 [333m   32[00m 0x7fe8fc007360 [36mINFO   [00m [00mKurentoServerMethods ServerMethods.cpp:814:ping:[00m WebSocket Ping/Pong with sessionId f6ce446e-f2a9-496f-94c5-83dbde0fb5f9
1:29:01.156548271 [333m   32[00m 0x7fe8fc007360 [37mDEBUG  [00m [00mKurentoWebSocketTransport WebSocketTransport.cpp:462:processMessage:[00m Response: {"id":267,"jsonrpc":"2.0","result":{"sessionId":"f6ce446e-f2a9-496f-94c5-83dbde0fb5f9","value":"pong"}}
1:30:00.683690573 [333m   32[00m 0x7fe8c0001860 [36mINFO   [00m [00mKurentoWebSocketTransport WebSocketTransport.cpp:296:keepAliveSessions:[00m Keep alive f6ce446e-f2a9-496f-94c5-83dbde0fb5f9
1:30:01.157237675 [333m   32[00m 0x7fe904001840 [37mDEBUG  [00m [00mKurentoWebSocketTransport WebSocketTransport.cpp:460:processMessage:[00m Message: {"jsonrpc":"2.0","method":"ping","id":268}
1:30:01.157489557 [333m   32[00m 0x7fe904001840 [36mINFO   [00m [00mKurentoServerMethods ServerMethods.cpp:814:ping:[00m WebSocket Ping/Pong with sessionId f6ce446e-f2a9-496f-94c5-83dbde0fb5f9
1:30:01.157638057 [333m   32[00m 0x7fe904001840 [37mDEBUG  [00m [00mKurentoWebSocketTransport WebSocketTransport.cpp:462:processMessage:[00m Response: {"id":268,"jsonrpc":"2.0","result":{"sessionId":"f6ce446e-f2a9-496f-94c5-83dbde0fb5f9","value":"pong"}}
1:31:00.683858503 [333m   32[00m 0x7fe8c0001860 [36mINFO   [00m [00mKurentoWebSocketTransport WebSocketTransport.cpp:296:keepAliveSessions:[00m Keep alive f6ce446e-f2a9-496f-94c5-83dbde0fb5f9
1:31:01.157836466 [333m   32[00m 0x7fe8b8001840 [37mDEBUG  [00m [00mKurentoWebSocketTransport WebSocketTransport.cpp:460:processMessage:[00m Message: {"jsonrpc":"2.0","method":"ping","id":269}
1:31:01.158226893 [333m   32[00m 0x7fe8b8001840 [36mINFO   [00m [00mKurentoServerMethods ServerMethods.cpp:814:ping:[00m WebSocket Ping/Pong with sessionId f6ce446e-f2a9-496f-94c5-83dbde0fb5f9
1:31:01.158375053 [333m   32[00m 0x7fe8b8001840 [37mDEBUG  [00m [00mKurentoWebSocketTransport WebSocketTransport.cpp:462:processMessage:[00m Response: {"id":269,"jsonrpc":"2.0","result":{"sessionId":"f6ce446e-f2a9-496f-94c5-83dbde0fb5f9","value":"pong"}}
1:32:00.666332602 [333m   32[00m 0x7fe8f4001ca0 [37mDEBUG  [00m [00m     KurentoMediaSet MediaSet.cpp:123:doGarbageCollection:[00m Running garbage collector
1:32:00.684269000 [333m   32[00m 0x7fe8c0001860 [36mINFO   [00m [00mKurentoWebSocketTransport WebSocketTransport.cpp:296:keepAliveSessions:[00m Keep alive f6ce446e-f2a9-496f-94c5-83dbde0fb5f9
1:32:01.158954895 [333m   32[00m 0x7fe8e0001c60 [37mDEBUG  [00m [00mKurentoWebSocketTransport WebSocketTransport.cpp:460:processMessage:[00m Message: {"jsonrpc":"2.0","method":"ping","id":270}
1:32:01.159160844 [333m   32[00m 0x7fe8e0001c60 [36mINFO   [00m [00mKurentoServerMethods ServerMethods.cpp:814:ping:[00m WebSocket Ping/Pong with sessionId f6ce446e-f2a9-496f-94c5-83dbde0fb5f9
1:32:01.159355059 [333m   32[00m 0x7fe8e0001c60 [37mDEBUG  [00m [00mKurentoWebSocketTransport WebSocketTransport.cpp:462:processMessage:[00m Response: {"id":270,"jsonrpc":"2.0","result":{"sessionId":"f6ce446e-f2a9-496f-94c5-83dbde0fb5f9","value":"pong"}}
1:33:00.684435596 [333m   32[00m 0x7fe8c0001860 [36mINFO   [00m [00mKurentoWebSocketTransport WebSocketTransport.cpp:296:keepAliveSessions:[00m Keep alive f6ce446e-f2a9-496f-94c5-83dbde0fb5f9
1:33:01.159755931 [333m   32[00m 0x7fe8ec001d00 [37mDEBUG  [00m [00mKurentoWebSocketTransport WebSocketTransport.cpp:460:processMessage:[00m Message: {"jsonrpc":"2.0","method":"ping","id":271}
1:33:01.159929577 [333m   32[00m 0x7fe8ec001d00 [36mINFO   [00m [00mKurentoServerMethods ServerMethods.cpp:814:ping:[00m WebSocket Ping/Pong with sessionId f6ce446e-f2a9-496f-94c5-83dbde0fb5f9
1:33:01.160058139 [333m   32[00m 0x7fe8ec001d00 [37mDEBUG  [00m [00mKurentoWebSocketTransport WebSocketTransport.cpp:462:processMessage:[00m Response: {"id":271,"jsonrpc":"2.0","result":{"sessionId":"f6ce446e-f2a9-496f-94c5-83dbde0fb5f9","value":"pong"}}
1:34:00.684895803 [333m   32[00m 0x7fe8c0001860 [36mINFO   [00m [00mKurentoWebSocketTransport WebSocketTransport.cpp:296:keepAliveSessions:[00m Keep alive f6ce446e-f2a9-496f-94c5-83dbde0fb5f9
1:34:01.169472885 [333m   32[00m 0x7fe8fc006c00 [37mDEBUG  [00m [00mKurentoWebSocketTransport WebSocketTransport.cpp:460:processMessage:[00m Message: {"jsonrpc":"2.0","method":"ping","id":272}
1:34:01.169643212 [333m   32[00m 0x7fe8fc006c00 [36mINFO   [00m [00mKurentoServerMethods ServerMethods.cpp:814:ping:[00m WebSocket Ping/Pong with sessionId f6ce446e-f2a9-496f-94c5-83dbde0fb5f9
1:34:01.169825518 [333m   32[00m 0x7fe8fc006c00 [37mDEBUG  [00m [00mKurentoWebSocketTransport WebSocketTransport.cpp:462:processMessage:[00m Response: {"id":272,"jsonrpc":"2.0","result":{"sessionId":"f6ce446e-f2a9-496f-94c5-83dbde0fb5f9","value":"pong"}}
1:35:00.685335277 [333m   32[00m 0x7fe8c0001860 [36mINFO   [00m [00mKurentoWebSocketTransport WebSocketTransport.cpp:296:keepAliveSessions:[00m Keep alive f6ce446e-f2a9-496f-94c5-83dbde0fb5f9
1:35:01.178089214 [333m   32[00m 0x7fe8dc001cc0 [37mDEBUG  [00m [00mKurentoWebSocketTransport WebSocketTransport.cpp:460:processMessage:[00m Message: {"jsonrpc":"2.0","method":"ping","id":273}
1:35:01.178759631 [333m   32[00m 0x7fe8dc001cc0 [36mINFO   [00m [00mKurentoServerMethods ServerMethods.cpp:814:ping:[00m WebSocket Ping/Pong with sessionId f6ce446e-f2a9-496f-94c5-83dbde0fb5f9
1:35:01.178915340 [333m   32[00m 0x7fe8dc001cc0 [37mDEBUG  [00m [00mKurentoWebSocketTransport WebSocketTransport.cpp:462:processMessage:[00m Response: {"id":273,"jsonrpc":"2.0","result":{"sessionId":"f6ce446e-f2a9-496f-94c5-83dbde0fb5f9","value":"pong"}}
1:35:10.771733837 [333m   32[00m 0x7fe8f0001b20 [37mDEBUG  [00m [00mKurentoWebSocketTransport WebSocketTransport.cpp:460:processMessage:[00m Message: {"jsonrpc":"2.0","method":"create","params":{"type":"WebRtcEndpoint","constructorParams":{"mediaPipeline":"4131a861-543a-4276-9274-52a19df74423_kurento.MediaPipeline","useDataChannels":true},"properties":{},"sessionId":"f6ce446e-f2a9-496f-94c5-83dbde0fb5f9"},"id":274}
1:35:10.773898122 [333m   32[00m 0x7fe8f0001b20 [36mINFO   [00m [00mKurentoWebRtcEndpointImpl WebRtcEndpointImpl.cpp:96:remove_not_supported_codecs_from_array:<kmswebrtcendpoint12>[00m Removing not supported codec 'AMR/8000'
1:35:10.773999186 [333m   32[00m 0x7fe8f0001b20 [36mINFO   [00m [00mKurentoWebRtcEndpointImpl WebRtcEndpointImpl.cpp:465:WebRtcEndpointImpl:[00m Using STUN reflexive server IP: 203.183.172.196
1:35:10.774012735 [333m   32[00m 0x7fe8f0001b20 [36mINFO   [00m [00mKurentoWebRtcEndpointImpl WebRtcEndpointImpl.cpp:466:WebRtcEndpointImpl:[00m Using STUN reflexive server Port: 3478
1:35:10.774083256 [333m   32[00m 0x7fe8f0001b20 [36mINFO   [00m [00mKurentoWebRtcEndpointImpl WebRtcEndpointImpl.cpp:487:WebRtcEndpointImpl:[00m TURN server IP address not found in config; NAT traversal requires either STUN or TURN server
1:35:10.775256215 [333m   32[00m 0x7fe8f0001b20 [37mDEBUG  [00m [00mKurentoWebSocketTransport WebSocketTransport.cpp:462:processMessage:[00m Response: {"id":274,"jsonrpc":"2.0","result":{"sessionId":"f6ce446e-f2a9-496f-94c5-83dbde0fb5f9","value":"4131a861-543a-4276-9274-52a19df74423_kurento.MediaPipeline/db6ba9b7-7ab6-4226-a0bc-c3ca80e8556a_kurento.WebRtcEndpoint"}}
1:35:10.780836354 [333m   32[00m 0x7fe8f8002180 [37mDEBUG  [00m [00mKurentoWebSocketTransport WebSocketTransport.cpp:460:processMessage:[00m Message: {"jsonrpc":"2.0","method":"subscribe","params":{"object":"4131a861-543a-4276-9274-52a19df74423_kurento.MediaPipeline/db6ba9b7-7ab6-4226-a0bc-c3ca80e8556a_kurento.WebRtcEndpoint","type":"OnIceCandidate","sessionId":"f6ce446e-f2a9-496f-94c5-83dbde0fb5f9"},"id":275}
1:35:10.781238291 [333m   32[00m 0x7fe8f8002180 [37mDEBUG  [00m [00mKurentoWebSocketTransport WebSocketTransport.cpp:462:processMessage:[00m Response: {"id":275,"jsonrpc":"2.0","result":{"sessionId":"f6ce446e-f2a9-496f-94c5-83dbde0fb5f9","value":"afe984a4-e760-4667-8bc4-741d60e3256d"}}
1:35:10.781882153 [333m   32[00m 0x7fe8f8002180 [37mDEBUG  [00m [00mKurentoWebSocketTransport WebSocketTransport.cpp:460:processMessage:[00m Message: {"jsonrpc":"2.0","method":"invoke","params":{"object":"4131a861-543a-4276-9274-52a19df74423_kurento.MediaPipeline/db6ba9b7-7ab6-4226-a0bc-c3ca80e8556a_kurento.WebRtcEndpoint","operation":"processOffer","operationParams":{"offer":"v=0\r\no=mozilla...THIS_IS_SDPARTA-72.0.2 7650212229851080831 0 IN IP4 0.0.0.0\r\ns=-\r\nt=0 0\r\na=fingerprint:sha-256 02:4D:3D:92:B2:2E:6D:D4:1C:CF:92:2D:61:64:48:63:7E:0E:6A:8B:AA:C5:F2:C4:3A:06:5F:01:DE:8B:98:D7\r\na=group:BUNDLE 0 1 2\r\na=ice-options:trickle\r\na=msid-semantic:WMS *\r\nm=video 9 UDP/TLS/RTP/SAVPF 120 121 126 97\r\nc=IN IP4 0.0.0.0\r\na=recvonly\r\na=extmap:3 urn:ietf:params:rtp-hdrext:sdes:mid\r\na=extmap:4 http://www.webrtc.org/experiments/rtp-hdrext/abs-send-time\r\na=extmap:5 urn:ietf:params:rtp-hdrext:toffset\r\na=extmap:6/recvonly http://www.webrtc.org/experiments/rtp-hdrext/playout-delay\r\na=fmtp:126 profile-level-id=42e01f;level-asymmetry-allowed=1;packetization-mode=1\r\na=fmtp:97 profile-level-id=42e01f;level-asymmetry-allowed=1\r\na=fmtp:120 max-fs=12288;max-fr=60\r\na=fmtp:121 max-fs=12288;max-fr=60\r\na=ice-pwd:ccfd09c5b5a2c10414dc4cec80d6bc1d\r\na=ice-ufrag:84ed8beb\r\na=mid:0\r\na=rtcp-fb:120 nack\r\na=rtcp-fb:120 nack pli\r\na=rtcp-fb:120 ccm fir\r\na=rtcp-fb:120 goog-remb\r\na=rtcp-fb:121 nack\r\na=rtcp-fb:121 nack pli\r\na=rtcp-fb:121 ccm fir\r\na=rtcp-fb:121 goog-remb\r\na=rtcp-fb:126 nack\r\na=rtcp-fb:126 nack pli\r\na=rtcp-fb:126 ccm fir\r\na=rtcp-fb:126 goog-remb\r\na=rtcp-fb:97 nack\r\na=rtcp-fb:97 nack pli\r\na=rtcp-fb:97 ccm fir\r\na=rtcp-fb:97 goog-remb\r\na=rtcp-mux\r\na=rtpmap:120 VP8/90000\r\na=rtpmap:121 VP9/90000\r\na=rtpmap:126 H264/90000\r\na=rtpmap:97 H264/90000\r\na=setup:actpass\r\na=ssrc:695032282 cname:{224c33bb-bdba-498a-884a-5e9e53f806a3}\r\nm=audio 9 UDP/TLS/RTP/SAVPF 109 9 0 8 101\r\nc=IN IP4 0.0.0.0\r\na=recvonly\r\na=extmap:1 urn:ietf:params:rtp-hdrext:ssrc-audio-level\r\na=extmap:2/recvonly urn:ietf:params:rtp-hdrext:csrc-audio-level\r\na=extmap:3 urn:ietf:params:rtp-hdrext:sdes:mid\r\na=fmtp:109 maxplaybackrate=48000;stereo=1;useinbandfec=1\r\na=fmtp:101 0-15\r\na=ice-pwd:ccfd09c5b5a2c10414dc4cec80d6bc1d\r\na=ice-ufrag:84ed8beb\r\na=mid:1\r\na=rtcp-mux\r\na=rtpmap:109 opus/48000/2\r\na=rtpmap:9 G722/8000/1\r\na=rtpmap:0 PCMU/8000\r\na=rtpmap:8 PCMA/8000\r\na=rtpmap:101 telephone-event/8000/1\r\na=setup:actpass\r\na=ssrc:3435403726 cname:{224c33bb-bdba-498a-884a-5e9e53f806a3}\r\nm=application 9 UDP/DTLS/SCTP webrtc-datachannel\r\nc=IN IP4 0.0.0.0\r\na=sendrecv\r\na=ice-pwd:ccfd09c5b5a2c10414dc4cec80d6bc1d\r\na=ice-ufrag:84ed8beb\r\na=mid:2\r\na=setup:actpass\r\na=sctp-port:5000\r\na=max-message-size:1073741823\r\n"},"sessionId":"f6ce446e-f2a9-496f-94c5-83dbde0fb5f9"},"id":276}
1:35:10.793876324 [333m   32[00m 0x7fe8f8002180 [37mDEBUG  [00m [00mKurentoWebSocketTransport WebSocketTransport.cpp:462:processMessage:[00m Response: {"id":276,"jsonrpc":"2.0","result":{"sessionId":"f6ce446e-f2a9-496f-94c5-83dbde0fb5f9","value":"v=0\r\no=- 3805429586 3805429586 IN IP4 0.0.0.0\r\ns=Kurento Media Server\r\nc=IN IP4 0.0.0.0\r\nt=0 0\r\na=fingerprint:sha-256 02:4D:3D:92:B2:2E:6D:D4:1C:CF:92:2D:61:64:48:63:7E:0E:6A:8B:AA:C5:F2:C4:3A:06:5F:01:DE:8B:98:D7\r\na=ice-options:trickle\r\na=msid-semantic:WMS *\r\na=group:BUNDLE 0 1 2\r\nm=video 1 UDP/TLS/RTP/SAVPF 120 126 97\r\na=extmap:4 http://www.webrtc.org/experiments/rtp-hdrext/abs-send-time\r\na=sendonly\r\na=mid:0\r\na=rtcp:9 IN IP4 0.0.0.0\r\na=rtpmap:120 VP8/90000\r\na=rtpmap:126 H264/90000\r\na=rtpmap:97 H264/90000\r\na=rtcp-fb:120 nack\r\na=rtcp-fb:120 nack pli\r\na=rtcp-fb:120 ccm fir\r\na=rtcp-fb:120 goog-remb\r\na=rtcp-fb:126 nack\r\na=rtcp-fb:126 nack pli\r\na=rtcp-fb:126 ccm fir\r\na=rtcp-fb:126 goog-remb\r\na=rtcp-fb:97 nack\r\na=rtcp-fb:97 nack pli\r\na=rtcp-fb:97 ccm fir\r\na=rtcp-fb:97 goog-remb\r\na=fmtp:126 profile-level-id=42e01f;level-asymmetry-allowed=1;packetization-mode=1\r\na=fmtp:97 profile-level-id=42e01f;level-asymmetry-allowed=1\r\na=fmtp:120 max-fs=12288;max-fr=60\r\na=rtcp-mux\r\na=setup:active\r\na=ssrc:2954604902 cname:user1924844442@host-f01a97ab\r\na=ice-ufrag:Y0vw\r\na=ice-pwd:2uuxQxhqYkoq/G4KNZaqFS\r\na=fingerprint:sha-256 87:AE:B2:04:24:F8:9D:75:D9:3D:76:1F:47:46:04:CD:0D:F8:A2:B8:7B:CA:90:89:8A:88:02:03:E5:17:1F:01\r\nm=audio 1 UDP/TLS/RTP/SAVPF 109 0\r\na=sendonly\r\na=mid:1\r\na=rtcp:9 IN IP4 0.0.0.0\r\na=rtpmap:109 opus/48000/2\r\na=rtpmap:0 PCMU/8000\r\na=fmtp:109 maxplaybackrate=48000;stereo=1;useinbandfec=1\r\na=rtcp-mux\r\na=setup:active\r\na=ssrc:2529226502 cname:user1924844442@host-f01a97ab\r\na=ice-ufrag:Y0vw\r\na=ice-pwd:2uuxQxhqYkoq/G4KNZaqFS\r\na=fingerprint:sha-256 87:AE:B2:04:24:F8:9D:75:D9:3D:76:1F:47:46:04:CD:0D:F8:A2:B8:7B:CA:90:89:8A:88:02:03:E5:17:1F:01\r\nm=application 1 UDP/DTLS/SCTP webrtc-datachannel\r\na=mid:2\r\na=sctp-port:5000\r\na=setup:active\r\na=ice-ufrag:Y0vw\r\na=ice-pwd:2uuxQxhqYkoq/G4KNZaqFS\r\na=fingerprint:sha-256 87:AE:B2:04:24:F8:9D:75:D9:3D:76:1F:47:46:04:CD:0D:F8:A2:B8:7B:CA:90:89:8A:88:02:03:E5:17:1F:01\r\n"}}
1:35:10.793975802 [333m   32[00m 0x7fe8f8002180 [37mDEBUG  [00m [00mKurentoWebSocketTransport WebSocketTransport.cpp:460:processMessage:[00m Message: {"jsonrpc":"2.0","method":"invoke","params":{"object":"4131a861-543a-4276-9274-52a19df74423_kurento.MediaPipeline/db6ba9b7-7ab6-4226-a0bc-c3ca80e8556a_kurento.WebRtcEndpoint","operation":"addIceCandidate","operationParams":{"candidate":{"candidate":"candidate:0 1 UDP 2122252543 49.229.17.245 60295 typ host","sdpMid":"2","sdpMLineIndex":2,"__module__":"kurento","__type__":"IceCandidate"}},"sessionId":"f6ce446e-f2a9-496f-94c5-83dbde0fb5f9"},"id":277}
1:35:10.794647298 [333m   32[00m 0x7fe8f8002180 [37mDEBUG  [00m [00mKurentoWebSocketTransport WebSocketTransport.cpp:462:processMessage:[00m Response: {"id":277,"jsonrpc":"2.0","result":{"sessionId":"f6ce446e-f2a9-496f-94c5-83dbde0fb5f9","value":null}}
1:35:10.794671983 [333m   32[00m 0x7fe8f8002180 [37mDEBUG  [00m [00mKurentoWebSocketTransport WebSocketTransport.cpp:460:processMessage:[00m Message: {"jsonrpc":"2.0","method":"invoke","params":{"object":"4131a861-543a-4276-9274-52a19df74423_kurento.MediaPipeline/db6ba9b7-7ab6-4226-a0bc-c3ca80e8556a_kurento.WebRtcEndpoint","operation":"addIceCandidate","operationParams":{"candidate":{"candidate":"candidate:2 1 TCP 2105524479 49.229.17.245 9 typ host tcptype active","sdpMid":"2","sdpMLineIndex":2,"__module__":"kurento","__type__":"IceCandidate"}},"sessionId":"f6ce446e-f2a9-496f-94c5-83dbde0fb5f9"},"id":278}
1:35:10.794851227 [333m   32[00m 0x7fe8f8002180 [37mDEBUG  [00m [00mKurentoWebSocketTransport WebSocketTransport.cpp:462:processMessage:[00m Response: {"id":278,"jsonrpc":"2.0","result":{"sessionId":"f6ce446e-f2a9-496f-94c5-83dbde0fb5f9","value":null}}
1:35:10.794871248 [333m   32[00m 0x7fe8f8002180 [37mDEBUG  [00m [00mKurentoWebSocketTransport WebSocketTransport.cpp:460:processMessage:[00m Message: {"jsonrpc":"2.0","method":"invoke","params":{"object":"4131a861-543a-4276-9274-52a19df74423_kurento.MediaPipeline/db6ba9b7-7ab6-4226-a0bc-c3ca80e8556a_kurento.WebRtcEndpoint","operation":"addIceCandidate","operationParams":{"candidate":{"candidate":"candidate:0 1 UDP 2122252543 49.229.17.245 60296 typ host","sdpMid":"0","sdpMLineIndex":0,"__module__":"kurento","__type__":"IceCandidate"}},"sessionId":"f6ce446e-f2a9-496f-94c5-83dbde0fb5f9"},"id":279}
1:35:10.795039852 [333m   32[00m 0x7fe8f8002180 [37mDEBUG  [00m [00mKurentoWebSocketTransport WebSocketTransport.cpp:462:processMessage:[00m Response: {"id":279,"jsonrpc":"2.0","result":{"sessionId":"f6ce446e-f2a9-496f-94c5-83dbde0fb5f9","value":null}}
1:35:10.795059582 [333m   32[00m 0x7fe8f8002180 [37mDEBUG  [00m [00mKurentoWebSocketTransport WebSocketTransport.cpp:460:processMessage:[00m Message: {"jsonrpc":"2.0","method":"invoke","params":{"object":"4131a861-543a-4276-9274-52a19df74423_kurento.MediaPipeline/db6ba9b7-7ab6-4226-a0bc-c3ca80e8556a_kurento.WebRtcEndpoint","operation":"addIceCandidate","operationParams":{"candidate":{"candidate":"candidate:2 1 TCP 2105524479 49.229.17.245 9 typ host tcptype active","sdpMid":"0","sdpMLineIndex":0,"__module__":"kurento","__type__":"IceCandidate"}},"sessionId":"f6ce446e-f2a9-496f-94c5-83dbde0fb5f9"},"id":280}
1:35:10.795224639 [333m   32[00m 0x7fe8f8002180 [37mDEBUG  [00m [00mKurentoWebSocketTransport WebSocketTransport.cpp:462:processMessage:[00m Response: {"id":280,"jsonrpc":"2.0","result":{"sessionId":"f6ce446e-f2a9-496f-94c5-83dbde0fb5f9","value":null}}
1:35:10.795243911 [333m   32[00m 0x7fe8f8002180 [37mDEBUG  [00m [00mKurentoWebSocketTransport WebSocketTransport.cpp:460:processMessage:[00m Message: {"jsonrpc":"2.0","method":"invoke","params":{"object":"4131a861-543a-4276-9274-52a19df74423_kurento.MediaPipeline/db6ba9b7-7ab6-4226-a0bc-c3ca80e8556a_kurento.WebRtcEndpoint","operation":"addIceCandidate","operationParams":{"candidate":{"candidate":"candidate:0 2 UDP 2122252542 49.229.17.245 62517 typ host","sdpMid":"0","sdpMLineIndex":0,"__module__":"kurento","__type__":"IceCandidate"}},"sessionId":"f6ce446e-f2a9-496f-94c5-83dbde0fb5f9"},"id":281}
1:35:10.795407565 [333m   32[00m 0x7fe8f8002180 [37mDEBUG  [00m [00mKurentoWebSocketTransport WebSocketTransport.cpp:462:processMessage:[00m Response: {"id":281,"jsonrpc":"2.0","result":{"sessionId":"f6ce446e-f2a9-496f-94c5-83dbde0fb5f9","value":null}}
1:35:10.795426707 [333m   32[00m 0x7fe8f8002180 [37mDEBUG  [00m [00mKurentoWebSocketTransport WebSocketTransport.cpp:460:processMessage:[00m Message: {"jsonrpc":"2.0","method":"invoke","params":{"object":"4131a861-543a-4276-9274-52a19df74423_kurento.MediaPipeline/db6ba9b7-7ab6-4226-a0bc-c3ca80e8556a_kurento.WebRtcEndpoint","operation":"addIceCandidate","operationParams":{"candidate":{"candidate":"candidate:2 2 TCP 2105524478 49.229.17.245 9 typ host tcptype active","sdpMid":"0","sdpMLineIndex":0,"__module__":"kurento","__type__":"IceCandidate"}},"sessionId":"f6ce446e-f2a9-496f-94c5-83dbde0fb5f9"},"id":282}
1:35:10.795589905 [333m   32[00m 0x7fe8f8002180 [37mDEBUG  [00m [00mKurentoWebSocketTransport WebSocketTransport.cpp:462:processMessage:[00m Response: {"id":282,"jsonrpc":"2.0","result":{"sessionId":"f6ce446e-f2a9-496f-94c5-83dbde0fb5f9","value":null}}
1:35:10.795608862 [333m   32[00m 0x7fe8f8002180 [37mDEBUG  [00m [00mKurentoWebSocketTransport WebSocketTransport.cpp:460:processMessage:[00m Message: {"jsonrpc":"2.0","method":"invoke","params":{"object":"4131a861-543a-4276-9274-52a19df74423_kurento.MediaPipeline/db6ba9b7-7ab6-4226-a0bc-c3ca80e8556a_kurento.WebRtcEndpoint","operation":"addIceCandidate","operationParams":{"candidate":{"candidate":"candidate:0 1 UDP 2122252543 49.229.17.245 62518 typ host","sdpMid":"1","sdpMLineIndex":1,"__module__":"kurento","__type__":"IceCandidate"}},"sessionId":"f6ce446e-f2a9-496f-94c5-83dbde0fb5f9"},"id":283}
1:35:10.795771314 [333m   32[00m 0x7fe8f8002180 [37mDEBUG  [00m [00mKurentoWebSocketTransport WebSocketTransport.cpp:462:processMessage:[00m Response: {"id":283,"jsonrpc":"2.0","result":{"sessionId":"f6ce446e-f2a9-496f-94c5-83dbde0fb5f9","value":null}}
1:35:10.795790293 [333m   32[00m 0x7fe8f8002180 [37mDEBUG  [00m [00mKurentoWebSocketTransport WebSocketTransport.cpp:460:processMessage:[00m Message: {"jsonrpc":"2.0","method":"invoke","params":{"object":"4131a861-543a-4276-9274-52a19df74423_kurento.MediaPipeline/db6ba9b7-7ab6-4226-a0bc-c3ca80e8556a_kurento.WebRtcEndpoint","operation":"addIceCandidate","operationParams":{"candidate":{"candidate":"candidate:2 1 TCP 2105524479 49.229.17.245 9 typ host tcptype active","sdpMid":"1","sdpMLineIndex":1,"__module__":"kurento","__type__":"IceCandidate"}},"sessionId":"f6ce446e-f2a9-496f-94c5-83dbde0fb5f9"},"id":284}
1:35:10.795952054 [333m   32[00m 0x7fe8f8002180 [37mDEBUG  [00m [00mKurentoWebSocketTransport WebSocketTransport.cpp:462:processMessage:[00m Response: {"id":284,"jsonrpc":"2.0","result":{"sessionId":"f6ce446e-f2a9-496f-94c5-83dbde0fb5f9","value":null}}
1:35:10.796366585 [333m   32[00m 0x7fe8fc007360 [37mDEBUG  [00m [00mKurentoWebSocketTransport WebSocketTransport.cpp:460:processMessage:[00m Message: {"jsonrpc":"2.0","method":"invoke","params":{"object":"4131a861-543a-4276-9274-52a19df74423_kurento.MediaPipeline/db6ba9b7-7ab6-4226-a0bc-c3ca80e8556a_kurento.WebRtcEndpoint","operation":"addIceCandidate","operationParams":{"candidate":{"candidate":"candidate:0 2 UDP 2122252542 49.229.17.245 62519 typ host","sdpMid":"1","sdpMLineIndex":1,"__module__":"kurento","__type__":"IceCandidate"}},"sessionId":"f6ce446e-f2a9-496f-94c5-83dbde0fb5f9"},"id":285}
1:35:10.797201147 [333m   32[00m 0x7fe8fc007360 [37mDEBUG  [00m [00mKurentoWebSocketTransport WebSocketTransport.cpp:462:processMessage:[00m Response: {"id":285,"jsonrpc":"2.0","result":{"sessionId":"f6ce446e-f2a9-496f-94c5-83dbde0fb5f9","value":null}}
1:35:10.797243666 [333m   32[00m 0x7fe8fc007360 [37mDEBUG  [00m [00mKurentoWebSocketTransport WebSocketTransport.cpp:460:processMessage:[00m Message: {"jsonrpc":"2.0","method":"invoke","params":{"object":"4131a861-543a-4276-9274-52a19df74423_kurento.MediaPipeline/db6ba9b7-7ab6-4226-a0bc-c3ca80e8556a_kurento.WebRtcEndpoint","operation":"addIceCandidate","operationParams":{"candidate":{"candidate":"candidate:2 2 TCP 2105524478 49.229.17.245 9 typ host tcptype active","sdpMid":"1","sdpMLineIndex":1,"__module__":"kurento","__type__":"IceCandidate"}},"sessionId":"f6ce446e-f2a9-496f-94c5-83dbde0fb5f9"},"id":286}
1:35:10.797515495 [333m   32[00m 0x7fe8fc007360 [37mDEBUG  [00m [00mKurentoWebSocketTransport WebSocketTransport.cpp:462:processMessage:[00m Response: {"id":286,"jsonrpc":"2.0","result":{"sessionId":"f6ce446e-f2a9-496f-94c5-83dbde0fb5f9","value":null}}
1:35:10.799130312 [333m   32[00m 0x7fe8ac001d80 [37mDEBUG  [00m [00mKurentoWebSocketTransport WebSocketTransport.cpp:460:processMessage:[00m Message: {"jsonrpc":"2.0","method":"invoke","params":{"object":"4131a861-543a-4276-9274-52a19df74423_kurento.MediaPipeline/db6ba9b7-7ab6-4226-a0bc-c3ca80e8556a_kurento.WebRtcEndpoint","operation":"gatherCandidates","sessionId":"f6ce446e-f2a9-496f-94c5-83dbde0fb5f9"},"id":287}
1:35:10.801738423 [333m   32[00m 0x7fe894001790 [37mDEBUG  [00m [00mKurentoWebSocketEventHandler WebSocketEventHandler.cpp:56:sendEvent:[00m Sending event: {"jsonrpc":"2.0","method":"onEvent","params":{"value":{"data":{"candidate":{"__module__":"kurento","__type__":"IceCandidate","candidate":"candidate:1 1 UDP 2013266431 172.20.0.9 10441 typ host","sdpMLineIndex":0,"sdpMid":"0"},"source":"4131a861-543a-4276-9274-52a19df74423_kurento.MediaPipeline/db6ba9b7-7ab6-4226-a0bc-c3ca80e8556a_kurento.WebRtcEndpoint","tags":[],"timestamp":"1596440786","timestampMillis":"1596440786344","type":"OnIceCandidate"},"object":"4131a861-543a-4276-9274-52a19df74423_kurento.MediaPipeline/db6ba9b7-7ab6-4226-a0bc-c3ca80e8556a_kurento.WebRtcEndpoint","type":"OnIceCandidate"}}}, sessionId: f6ce446e-f2a9-496f-94c5-83dbde0fb5f9
1:35:10.801919665 [333m   32[00m 0x7fe894001790 [37mDEBUG  [00m [00mKurentoWebSocketEventHandler WebSocketEventHandler.cpp:56:sendEvent:[00m Sending event: {"jsonrpc":"2.0","method":"onEvent","params":{"value":{"data":{"candidate":{"__module__":"kurento","__type__":"IceCandidate","candidate":"candidate:1 1 UDP 2013266431 172.20.0.9 10441 typ host","sdpMLineIndex":1,"sdpMid":"1"},"source":"4131a861-543a-4276-9274-52a19df74423_kurento.MediaPipeline/db6ba9b7-7ab6-4226-a0bc-c3ca80e8556a_kurento.WebRtcEndpoint","tags":[],"timestamp":"1596440786","timestampMillis":"1596440786344","type":"OnIceCandidate"},"object":"4131a861-543a-4276-9274-52a19df74423_kurento.MediaPipeline/db6ba9b7-7ab6-4226-a0bc-c3ca80e8556a_kurento.WebRtcEndpoint","type":"OnIceCandidate"}}}, sessionId: f6ce446e-f2a9-496f-94c5-83dbde0fb5f9
1:35:10.802042607 [333m   32[00m 0x7fe894001790 [37mDEBUG  [00m [00mKurentoWebSocketEventHandler WebSocketEventHandler.cpp:56:sendEvent:[00m Sending event: {"jsonrpc":"2.0","method":"onEvent","params":{"value":{"data":{"candidate":{"__module__":"kurento","__type__":"IceCandidate","candidate":"candidate:1 1 UDP 2013266431 172.20.0.9 10441 typ host","sdpMLineIndex":2,"sdpMid":"2"},"source":"4131a861-543a-4276-9274-52a19df74423_kurento.MediaPipeline/db6ba9b7-7ab6-4226-a0bc-c3ca80e8556a_kurento.WebRtcEndpoint","tags":[],"timestamp":"1596440786","timestampMillis":"1596440786344","type":"OnIceCandidate"},"object":"4131a861-543a-4276-9274-52a19df74423_kurento.MediaPipeline/db6ba9b7-7ab6-4226-a0bc-c3ca80e8556a_kurento.WebRtcEndpoint","type":"OnIceCandidate"}}}, sessionId: f6ce446e-f2a9-496f-94c5-83dbde0fb5f9
1:35:10.802169363 [333m   32[00m 0x7fe894001790 [37mDEBUG  [00m [00mKurentoWebSocketEventHandler WebSocketEventHandler.cpp:56:sendEvent:[00m Sending event: {"jsonrpc":"2.0","method":"onEvent","params":{"value":{"data":{"candidate":{"__module__":"kurento","__type__":"IceCandidate","candidate":"candidate:2 1 TCP 1015021823 172.20.0.9 9 typ host tcptype active","sdpMLineIndex":0,"sdpMid":"0"},"source":"4131a861-543a-4276-9274-52a19df74423_kurento.MediaPipeline/db6ba9b7-7ab6-4226-a0bc-c3ca80e8556a_kurento.WebRtcEndpoint","tags":[],"timestamp":"1596440786","timestampMillis":"1596440786345","type":"OnIceCandidate"},"object":"4131a861-543a-4276-9274-52a19df74423_kurento.MediaPipeline/db6ba9b7-7ab6-4226-a0bc-c3ca80e8556a_kurento.WebRtcEndpoint","type":"OnIceCandidate"}}}, sessionId: f6ce446e-f2a9-496f-94c5-83dbde0fb5f9
1:35:10.802289284 [333m   32[00m 0x7fe894001790 [37mDEBUG  [00m [00mKurentoWebSocketEventHandler WebSocketEventHandler.cpp:56:sendEvent:[00m Sending event: {"jsonrpc":"2.0","method":"onEvent","params":{"value":{"data":{"candidate":{"__module__":"kurento","__type__":"IceCandidate","candidate":"candidate:2 1 TCP 1015021823 172.20.0.9 9 typ host tcptype active","sdpMLineIndex":1,"sdpMid":"1"},"source":"4131a861-543a-4276-9274-52a19df74423_kurento.MediaPipeline/db6ba9b7-7ab6-4226-a0bc-c3ca80e8556a_kurento.WebRtcEndpoint","tags":[],"timestamp":"1596440786","timestampMillis":"1596440786345","type":"OnIceCandidate"},"object":"4131a861-543a-4276-9274-52a19df74423_kurento.MediaPipeline/db6ba9b7-7ab6-4226-a0bc-c3ca80e8556a_kurento.WebRtcEndpoint","type":"OnIceCandidate"}}}, sessionId: f6ce446e-f2a9-496f-94c5-83dbde0fb5f9
1:35:10.802401203 [333m   32[00m 0x7fe894001790 [37mDEBUG  [00m [00mKurentoWebSocketEventHandler WebSocketEventHandler.cpp:56:sendEvent:[00m Sending event: {"jsonrpc":"2.0","method":"onEvent","params":{"value":{"data":{"candidate":{"__module__":"kurento","__type__":"IceCandidate","candidate":"candidate:2 1 TCP 1015021823 172.20.0.9 9 typ host tcptype active","sdpMLineIndex":2,"sdpMid":"2"},"source":"4131a861-543a-4276-9274-52a19df74423_kurento.MediaPipeline/db6ba9b7-7ab6-4226-a0bc-c3ca80e8556a_kurento.WebRtcEndpoint","tags":[],"timestamp":"1596440786","timestampMillis":"1596440786345","type":"OnIceCandidate"},"object":"4131a861-543a-4276-9274-52a19df74423_kurento.MediaPipeline/db6ba9b7-7ab6-4226-a0bc-c3ca80e8556a_kurento.WebRtcEndpoint","type":"OnIceCandidate"}}}, sessionId: f6ce446e-f2a9-496f-94c5-83dbde0fb5f9
1:35:10.803367537 [333m   32[00m 0x7fe894001790 [37mDEBUG  [00m [00mKurentoWebSocketEventHandler WebSocketEventHandler.cpp:56:sendEvent:[00m Sending event: {"jsonrpc":"2.0","method":"onEvent","params":{"value":{"data":{"candidate":{"__module__":"kurento","__type__":"IceCandidate","candidate":"candidate:3 1 TCP 1010827519 172.20.0.9 10459 typ host tcptype passive","sdpMLineIndex":0,"sdpMid":"0"},"source":"4131a861-543a-4276-9274-52a19df74423_kurento.MediaPipeline/db6ba9b7-7ab6-4226-a0bc-c3ca80e8556a_kurento.WebRtcEndpoint","tags":[],"timestamp":"1596440786","timestampMillis":"1596440786345","type":"OnIceCandidate"},"object":"4131a861-543a-4276-9274-52a19df74423_kurento.MediaPipeline/db6ba9b7-7ab6-4226-a0bc-c3ca80e8556a_kurento.WebRtcEndpoint","type":"OnIceCandidate"}}}, sessionId: f6ce446e-f2a9-496f-94c5-83dbde0fb5f9
1:35:10.803493541 [333m   32[00m 0x7fe894001790 [37mDEBUG  [00m [00mKurentoWebSocketEventHandler WebSocketEventHandler.cpp:56:sendEvent:[00m Sending event: {"jsonrpc":"2.0","method":"onEvent","params":{"value":{"data":{"candidate":{"__module__":"kurento","__type__":"IceCandidate","candidate":"candidate:3 1 TCP 1010827519 172.20.0.9 10459 typ host tcptype passive","sdpMLineIndex":1,"sdpMid":"1"},"source":"4131a861-543a-4276-9274-52a19df74423_kurento.MediaPipeline/db6ba9b7-7ab6-4226-a0bc-c3ca80e8556a_kurento.WebRtcEndpoint","tags":[],"timestamp":"1596440786","timestampMillis":"1596440786345","type":"OnIceCandidate"},"object":"4131a861-543a-4276-9274-52a19df74423_kurento.MediaPipeline/db6ba9b7-7ab6-4226-a0bc-c3ca80e8556a_kurento.WebRtcEndpoint","type":"OnIceCandidate"}}}, sessionId: f6ce446e-f2a9-496f-94c5-83dbde0fb5f9
1:35:10.803591229 [333m   32[00m 0x7fe894001790 [37mDEBUG  [00m [00mKurentoWebSocketEventHandler WebSocketEventHandler.cpp:56:sendEvent:[00m Sending event: {"jsonrpc":"2.0","method":"onEvent","params":{"value":{"data":{"candidate":{"__module__":"kurento","__type__":"IceCandidate","candidate":"candidate:3 1 TCP 1010827519 172.20.0.9 10459 typ host tcptype passive","sdpMLineIndex":2,"sdpMid":"2"},"source":"4131a861-543a-4276-9274-52a19df74423_kurento.MediaPipeline/db6ba9b7-7ab6-4226-a0bc-c3ca80e8556a_kurento.WebRtcEndpoint","tags":[],"timestamp":"1596440786","timestampMillis":"1596440786345","type":"OnIceCandidate"},"object":"4131a861-543a-4276-9274-52a19df74423_kurento.MediaPipeline/db6ba9b7-7ab6-4226-a0bc-c3ca80e8556a_kurento.WebRtcEndpoint","type":"OnIceCandidate"}}}, sessionId: f6ce446e-f2a9-496f-94c5-83dbde0fb5f9
1:35:10.803685670 [333m   32[00m 0x7fe894001790 [37mDEBUG  [00m [00mKurentoWebSocketEventHandler WebSocketEventHandler.cpp:56:sendEvent:[00m Sending event: {"jsonrpc":"2.0","method":"onEvent","params":{"value":{"data":{"candidate":{"__module__":"kurento","__type__":"IceCandidate","candidate":"candidate:1 2 UDP 2013266430 172.20.0.9 10427 typ host","sdpMLineIndex":0,"sdpMid":"0"},"source":"4131a861-543a-4276-9274-52a19df74423_kurento.MediaPipeline/db6ba9b7-7ab6-4226-a0bc-c3ca80e8556a_kurento.WebRtcEndpoint","tags":[],"timestamp":"1596440786","timestampMillis":"1596440786346","type":"OnIceCandidate"},"object":"4131a861-543a-4276-9274-52a19df74423_kurento.MediaPipeline/db6ba9b7-7ab6-4226-a0bc-c3ca80e8556a_kurento.WebRtcEndpoint","type":"OnIceCandidate"}}}, sessionId: f6ce446e-f2a9-496f-94c5-83dbde0fb5f9
1:35:10.803780827 [333m   32[00m 0x7fe894001790 [37mDEBUG  [00m [00mKurentoWebSocketEventHandler WebSocketEventHandler.cpp:56:sendEvent:[00m Sending event: {"jsonrpc":"2.0","method":"onEvent","params":{"value":{"data":{"candidate":{"__module__":"kurento","__type__":"IceCandidate","candidate":"candidate:1 2 UDP 2013266430 172.20.0.9 10427 typ host","sdpMLineIndex":1,"sdpMid":"1"},"source":"4131a861-543a-4276-9274-52a19df74423_kurento.MediaPipeline/db6ba9b7-7ab6-4226-a0bc-c3ca80e8556a_kurento.WebRtcEndpoint","tags":[],"timestamp":"1596440786","timestampMillis":"1596440786346","type":"OnIceCandidate"},"object":"4131a861-543a-4276-9274-52a19df74423_kurento.MediaPipeline/db6ba9b7-7ab6-4226-a0bc-c3ca80e8556a_kurento.WebRtcEndpoint","type":"OnIceCandidate"}}}, sessionId: f6ce446e-f2a9-496f-94c5-83dbde0fb5f9
1:35:10.803881000 [333m   32[00m 0x7fe894001790 [37mDEBUG  [00m [00mKurentoWebSocketEventHandler WebSocketEventHandler.cpp:56:sendEvent:[00m Sending event: {"jsonrpc":"2.0","method":"onEvent","params":{"value":{"data":{"candidate":{"__module__":"kurento","__type__":"IceCandidate","candidate":"candidate:1 2 UDP 2013266430 172.20.0.9 10427 typ host","sdpMLineIndex":2,"sdpMid":"2"},"source":"4131a861-543a-4276-9274-52a19df74423_kurento.MediaPipeline/db6ba9b7-7ab6-4226-a0bc-c3ca80e8556a_kurento.WebRtcEndpoint","tags":[],"timestamp":"1596440786","timestampMillis":"1596440786346","type":"OnIceCandidate"},"object":"4131a861-543a-4276-9274-52a19df74423_kurento.MediaPipeline/db6ba9b7-7ab6-4226-a0bc-c3ca80e8556a_kurento.WebRtcEndpoint","type":"OnIceCandidate"}}}, sessionId: f6ce446e-f2a9-496f-94c5-83dbde0fb5f9
1:35:10.803976633 [333m   32[00m 0x7fe894001790 [37mDEBUG  [00m [00mKurentoWebSocketEventHandler WebSocketEventHandler.cpp:56:sendEvent:[00m Sending event: {"jsonrpc":"2.0","method":"onEvent","params":{"value":{"data":{"candidate":{"__module__":"kurento","__type__":"IceCandidate","candidate":"candidate:2 2 TCP 1015021822 172.20.0.9 9 typ host tcptype active","sdpMLineIndex":0,"sdpMid":"0"},"source":"4131a861-543a-4276-9274-52a19df74423_kurento.MediaPipeline/db6ba9b7-7ab6-4226-a0bc-c3ca80e8556a_kurento.WebRtcEndpoint","tags":[],"timestamp":"1596440786","timestampMillis":"1596440786347","type":"OnIceCandidate"},"object":"4131a861-543a-4276-9274-52a19df74423_kurento.MediaPipeline/db6ba9b7-7ab6-4226-a0bc-c3ca80e8556a_kurento.WebRtcEndpoint","type":"OnIceCandidate"}}}, sessionId: f6ce446e-f2a9-496f-94c5-83dbde0fb5f9
1:35:10.804073775 [333m   32[00m 0x7fe894001790 [37mDEBUG  [00m [00mKurentoWebSocketEventHandler WebSocketEventHandler.cpp:56:sendEvent:[00m Sending event: {"jsonrpc":"2.0","method":"onEvent","params":{"value":{"data":{"candidate":{"__module__":"kurento","__type__":"IceCandidate","candidate":"candidate:2 2 TCP 1015021822 172.20.0.9 9 typ host tcptype active","sdpMLineIndex":1,"sdpMid":"1"},"source":"4131a861-543a-4276-9274-52a19df74423_kurento.MediaPipeline/db6ba9b7-7ab6-4226-a0bc-c3ca80e8556a_kurento.WebRtcEndpoint","tags":[],"timestamp":"1596440786","timestampMillis":"1596440786347","type":"OnIceCandidate"},"object":"4131a861-543a-4276-9274-52a19df74423_kurento.MediaPipeline/db6ba9b7-7ab6-4226-a0bc-c3ca80e8556a_kurento.WebRtcEndpoint","type":"OnIceCandidate"}}}, sessionId: f6ce446e-f2a9-496f-94c5-83dbde0fb5f9
1:35:10.804411589 [333m   32[00m 0x7fe894001790 [37mDEBUG  [00m [00mKurentoWebSocketEventHandler WebSocketEventHandler.cpp:56:sendEvent:[00m Sending event: {"jsonrpc":"2.0","method":"onEvent","params":{"value":{"data":{"candidate":{"__module__":"kurento","__type__":"IceCandidate","candidate":"candidate:2 2 TCP 1015021822 172.20.0.9 9 typ host tcptype active","sdpMLineIndex":2,"sdpMid":"2"},"source":"4131a861-543a-4276-9274-52a19df74423_kurento.MediaPipeline/db6ba9b7-7ab6-4226-a0bc-c3ca80e8556a_kurento.WebRtcEndpoint","tags":[],"timestamp":"1596440786","timestampMillis":"1596440786347","type":"OnIceCandidate"},"object":"4131a861-543a-4276-9274-52a19df74423_kurento.MediaPipeline/db6ba9b7-7ab6-4226-a0bc-c3ca80e8556a_kurento.WebRtcEndpoint","type":"OnIceCandidate"}}}, sessionId: f6ce446e-f2a9-496f-94c5-83dbde0fb5f9
1:35:10.804453708 [333m   32[00m 0x7fe8ac001d80 [37mDEBUG  [00m [00mKurentoWebSocketTransport WebSocketTransport.cpp:462:processMessage:[00m Response: {"id":287,"jsonrpc":"2.0","result":{"sessionId":"f6ce446e-f2a9-496f-94c5-83dbde0fb5f9","value":null}}
1:35:10.804523238 [333m   32[00m 0x7fe894001790 [37mDEBUG  [00m [00mKurentoWebSocketEventHandler WebSocketEventHandler.cpp:56:sendEvent:[00m Sending event: {"jsonrpc":"2.0","method":"onEvent","params":{"value":{"data":{"candidate":{"__module__":"kurento","__type__":"IceCandidate","candidate":"candidate:3 2 TCP 1010827518 172.20.0.9 10432 typ host tcptype passive","sdpMLineIndex":0,"sdpMid":"0"},"source":"4131a861-543a-4276-9274-52a19df74423_kurento.MediaPipeline/db6ba9b7-7ab6-4226-a0bc-c3ca80e8556a_kurento.WebRtcEndpoint","tags":[],"timestamp":"1596440786","timestampMillis":"1596440786347","type":"OnIceCandidate"},"object":"4131a861-543a-4276-9274-52a19df74423_kurento.MediaPipeline/db6ba9b7-7ab6-4226-a0bc-c3ca80e8556a_kurento.WebRtcEndpoint","type":"OnIceCandidate"}}}, sessionId: f6ce446e-f2a9-496f-94c5-83dbde0fb5f9
1:35:10.804796416 [333m   32[00m 0x7fe8ac001d80 [37mDEBUG  [00m [00mKurentoWebSocketTransport WebSocketTransport.cpp:460:processMessage:[00m Message: {"jsonrpc":"2.0","method":"invoke","params":{"object":"4131a861-543a-4276-9274-52a19df74423_kurento.MediaPipeline/7a615fc3-9c98-4379-96bc-86324953e62e_datachannelexample.KmsSendData","operation":"connect","operationParams":{"sink":"4131a861-543a-4276-9274-52a19df74423_kurento.MediaPipeline/db6ba9b7-7ab6-4226-a0bc-c3ca80e8556a_kurento.WebRtcEndpoint"},"sessionId":"f6ce446e-f2a9-496f-94c5-83dbde0fb5f9"},"id":288}
1:35:10.804836131 [333m   32[00m 0x7fe894001790 [37mDEBUG  [00m [00mKurentoWebSocketEventHandler WebSocketEventHandler.cpp:56:sendEvent:[00m Sending event: {"jsonrpc":"2.0","method":"onEvent","params":{"value":{"data":{"candidate":{"__module__":"kurento","__type__":"IceCandidate","candidate":"candidate:3 2 TCP 1010827518 172.20.0.9 10432 typ host tcptype passive","sdpMLineIndex":1,"sdpMid":"1"},"source":"4131a861-543a-4276-9274-52a19df74423_kurento.MediaPipeline/db6ba9b7-7ab6-4226-a0bc-c3ca80e8556a_kurento.WebRtcEndpoint","tags":[],"timestamp":"1596440786","timestampMillis":"1596440786347","type":"OnIceCandidate"},"object":"4131a861-543a-4276-9274-52a19df74423_kurento.MediaPipeline/db6ba9b7-7ab6-4226-a0bc-c3ca80e8556a_kurento.WebRtcEndpoint","type":"OnIceCandidate"}}}, sessionId: f6ce446e-f2a9-496f-94c5-83dbde0fb5f9
1:35:10.804920686 [333m   32[00m 0x7fe8ac001d80 [37mDEBUG  [00m [00mKurentoMediaElementImpl MediaElementImpl.cpp:902:connect:[00m Connecting 4131a861-543a-4276-9274-52a19df74423_kurento.MediaPipeline/7a615fc3-9c98-4379-96bc-86324953e62e_datachannelexample.KmsSendData -> 4131a861-543a-4276-9274-52a19df74423_kurento.MediaPipeline/db6ba9b7-7ab6-4226-a0bc-c3ca80e8556a_kurento.WebRtcEndpoint params AUDIO default default
1:35:10.804924673 [333m   32[00m 0x7fe894001790 [37mDEBUG  [00m [00mKurentoWebSocketEventHandler WebSocketEventHandler.cpp:56:sendEvent:[00m Sending event: {"jsonrpc":"2.0","method":"onEvent","params":{"value":{"data":{"candidate":{"__module__":"kurento","__type__":"IceCandidate","candidate":"candidate:3 2 TCP 1010827518 172.20.0.9 10432 typ host tcptype passive","sdpMLineIndex":2,"sdpMid":"2"},"source":"4131a861-543a-4276-9274-52a19df74423_kurento.MediaPipeline/db6ba9b7-7ab6-4226-a0bc-c3ca80e8556a_kurento.WebRtcEndpoint","tags":[],"timestamp":"1596440786","timestampMillis":"1596440786347","type":"OnIceCandidate"},"object":"4131a861-543a-4276-9274-52a19df74423_kurento.MediaPipeline/db6ba9b7-7ab6-4226-a0bc-c3ca80e8556a_kurento.WebRtcEndpoint","type":"OnIceCandidate"}}}, sessionId: f6ce446e-f2a9-496f-94c5-83dbde0fb5f9
