2:25:00.697000031 [333m   32[00m 0x7fe8c0001860 [36mINFO   [00m [00mKurentoWebSocketTransport WebSocketTransport.cpp:296:keepAliveSessions:[00m Keep alive f6ce446e-f2a9-496f-94c5-83dbde0fb5f9
2:25:01.297276994 [333m   32[00m 0x7fe8ec001d00 [37mDEBUG  [00m [00mKurentoWebSocketTransport WebSocketTransport.cpp:460:processMessage:[00m Message: {"jsonrpc":"2.0","method":"ping","id":353}
2:25:01.297463640 [333m   32[00m 0x7fe8ec001d00 [36mINFO   [00m [00mKurentoServerMethods ServerMethods.cpp:814:ping:[00m WebSocket Ping/Pong with sessionId f6ce446e-f2a9-496f-94c5-83dbde0fb5f9
2:25:01.297594437 [333m   32[00m 0x7fe8ec001d00 [37mDEBUG  [00m [00mKurentoWebSocketTransport WebSocketTransport.cpp:462:processMessage:[00m Response: {"id":353,"jsonrpc":"2.0","result":{"sessionId":"f6ce446e-f2a9-496f-94c5-83dbde0fb5f9","value":"pong"}}
2:26:00.697159101 [333m   32[00m 0x7fe8c0001860 [36mINFO   [00m [00mKurentoWebSocketTransport WebSocketTransport.cpp:296:keepAliveSessions:[00m Keep alive f6ce446e-f2a9-496f-94c5-83dbde0fb5f9
2:26:01.297609914 [333m   32[00m 0x7fe8fc006c00 [37mDEBUG  [00m [00mKurentoWebSocketTransport WebSocketTransport.cpp:460:processMessage:[00m Message: {"jsonrpc":"2.0","method":"ping","id":354}
2:26:01.297776373 [333m   32[00m 0x7fe8fc006c00 [36mINFO   [00m [00mKurentoServerMethods ServerMethods.cpp:814:ping:[00m WebSocket Ping/Pong with sessionId f6ce446e-f2a9-496f-94c5-83dbde0fb5f9
2:26:01.297907668 [333m   32[00m 0x7fe8fc006c00 [37mDEBUG  [00m [00mKurentoWebSocketTransport WebSocketTransport.cpp:462:processMessage:[00m Response: {"id":354,"jsonrpc":"2.0","result":{"sessionId":"f6ce446e-f2a9-496f-94c5-83dbde0fb5f9","value":"pong"}}
2:27:00.697642277 [333m   32[00m 0x7fe8c0001860 [36mINFO   [00m [00mKurentoWebSocketTransport WebSocketTransport.cpp:296:keepAliveSessions:[00m Keep alive f6ce446e-f2a9-496f-94c5-83dbde0fb5f9
2:27:01.298844393 [333m   32[00m 0x7fe8b8001840 [37mDEBUG  [00m [00mKurentoWebSocketTransport WebSocketTransport.cpp:460:processMessage:[00m Message: {"jsonrpc":"2.0","method":"ping","id":355}
2:27:01.299024495 [333m   32[00m 0x7fe8b8001840 [36mINFO   [00m [00mKurentoServerMethods ServerMethods.cpp:814:ping:[00m WebSocket Ping/Pong with sessionId f6ce446e-f2a9-496f-94c5-83dbde0fb5f9
2:27:01.299155106 [333m   32[00m 0x7fe8b8001840 [37mDEBUG  [00m [00mKurentoWebSocketTransport WebSocketTransport.cpp:462:processMessage:[00m Response: {"id":355,"jsonrpc":"2.0","result":{"sessionId":"f6ce446e-f2a9-496f-94c5-83dbde0fb5f9","value":"pong"}}
2:28:00.670489290 [333m   32[00m 0x7fe8f4001ca0 [37mDEBUG  [00m [00m     KurentoMediaSet MediaSet.cpp:123:doGarbageCollection:[00m Running garbage collector
2:28:00.697798095 [333m   32[00m 0x7fe8c0001860 [36mINFO   [00m [00mKurentoWebSocketTransport WebSocketTransport.cpp:296:keepAliveSessions:[00m Keep alive f6ce446e-f2a9-496f-94c5-83dbde0fb5f9
2:28:01.302597692 [333m   32[00m 0x7fe8e0001c60 [37mDEBUG  [00m [00mKurentoWebSocketTransport WebSocketTransport.cpp:460:processMessage:[00m Message: {"jsonrpc":"2.0","method":"ping","id":356}
2:28:01.302782115 [333m   32[00m 0x7fe8e0001c60 [36mINFO   [00m [00mKurentoServerMethods ServerMethods.cpp:814:ping:[00m WebSocket Ping/Pong with sessionId f6ce446e-f2a9-496f-94c5-83dbde0fb5f9
2:28:01.303628626 [333m   32[00m 0x7fe8e0001c60 [37mDEBUG  [00m [00mKurentoWebSocketTransport WebSocketTransport.cpp:462:processMessage:[00m Response: {"id":356,"jsonrpc":"2.0","result":{"sessionId":"f6ce446e-f2a9-496f-94c5-83dbde0fb5f9","value":"pong"}}
2:29:00.697989577 [333m   32[00m 0x7fe8c0001860 [36mINFO   [00m [00mKurentoWebSocketTransport WebSocketTransport.cpp:296:keepAliveSessions:[00m Keep alive f6ce446e-f2a9-496f-94c5-83dbde0fb5f9
2:29:01.303099332 [333m   32[00m 0x7fe904001840 [37mDEBUG  [00m [00mKurentoWebSocketTransport WebSocketTransport.cpp:460:processMessage:[00m Message: {"jsonrpc":"2.0","method":"ping","id":357}
2:29:01.303723788 [333m   32[00m 0x7fe904001840 [36mINFO   [00m [00mKurentoServerMethods ServerMethods.cpp:814:ping:[00m WebSocket Ping/Pong with sessionId f6ce446e-f2a9-496f-94c5-83dbde0fb5f9
2:29:01.303876361 [333m   32[00m 0x7fe904001840 [37mDEBUG  [00m [00mKurentoWebSocketTransport WebSocketTransport.cpp:462:processMessage:[00m Response: {"id":357,"jsonrpc":"2.0","result":{"sessionId":"f6ce446e-f2a9-496f-94c5-83dbde0fb5f9","value":"pong"}}
2:30:00.698138394 [333m   32[00m 0x7fe8c0001860 [36mINFO   [00m [00mKurentoWebSocketTransport WebSocketTransport.cpp:296:keepAliveSessions:[00m Keep alive f6ce446e-f2a9-496f-94c5-83dbde0fb5f9
2:30:01.303037185 [333m   32[00m 0x7fe8fc007360 [37mDEBUG  [00m [00mKurentoWebSocketTransport WebSocketTransport.cpp:460:processMessage:[00m Message: {"jsonrpc":"2.0","method":"ping","id":358}
2:30:01.303214330 [333m   32[00m 0x7fe8fc007360 [36mINFO   [00m [00mKurentoServerMethods ServerMethods.cpp:814:ping:[00m WebSocket Ping/Pong with sessionId f6ce446e-f2a9-496f-94c5-83dbde0fb5f9
2:30:01.303349958 [333m   32[00m 0x7fe8fc007360 [37mDEBUG  [00m [00mKurentoWebSocketTransport WebSocketTransport.cpp:462:processMessage:[00m Response: {"id":358,"jsonrpc":"2.0","result":{"sessionId":"f6ce446e-f2a9-496f-94c5-83dbde0fb5f9","value":"pong"}}
2:31:00.698684580 [333m   32[00m 0x7fe8c0001860 [36mINFO   [00m [00mKurentoWebSocketTransport WebSocketTransport.cpp:296:keepAliveSessions:[00m Keep alive f6ce446e-f2a9-496f-94c5-83dbde0fb5f9
2:31:01.304299134 [333m   32[00m 0x7fe8dc001cc0 [37mDEBUG  [00m [00mKurentoWebSocketTransport WebSocketTransport.cpp:460:processMessage:[00m Message: {"jsonrpc":"2.0","method":"ping","id":359}
2:31:01.304478101 [333m   32[00m 0x7fe8dc001cc0 [36mINFO   [00m [00mKurentoServerMethods ServerMethods.cpp:814:ping:[00m WebSocket Ping/Pong with sessionId f6ce446e-f2a9-496f-94c5-83dbde0fb5f9
2:31:01.304838605 [333m   32[00m 0x7fe8dc001cc0 [37mDEBUG  [00m [00mKurentoWebSocketTransport WebSocketTransport.cpp:462:processMessage:[00m Response: {"id":359,"jsonrpc":"2.0","result":{"sessionId":"f6ce446e-f2a9-496f-94c5-83dbde0fb5f9","value":"pong"}}
2:32:00.671087968 [333m   32[00m 0x7fe8f4001ca0 [37mDEBUG  [00m [00m     KurentoMediaSet MediaSet.cpp:123:doGarbageCollection:[00m Running garbage collector
2:32:00.698868272 [333m   32[00m 0x7fe8c0001860 [36mINFO   [00m [00mKurentoWebSocketTransport WebSocketTransport.cpp:296:keepAliveSessions:[00m Keep alive f6ce446e-f2a9-496f-94c5-83dbde0fb5f9
2:32:01.304852815 [333m   32[00m 0x7fe8f0001b20 [37mDEBUG  [00m [00mKurentoWebSocketTransport WebSocketTransport.cpp:460:processMessage:[00m Message: {"jsonrpc":"2.0","method":"ping","id":360}
2:32:01.305161227 [333m   32[00m 0x7fe8f0001b20 [36mINFO   [00m [00mKurentoServerMethods ServerMethods.cpp:814:ping:[00m WebSocket Ping/Pong with sessionId f6ce446e-f2a9-496f-94c5-83dbde0fb5f9
2:32:01.305355998 [333m   32[00m 0x7fe8f0001b20 [37mDEBUG  [00m [00mKurentoWebSocketTransport WebSocketTransport.cpp:462:processMessage:[00m Response: {"id":360,"jsonrpc":"2.0","result":{"sessionId":"f6ce446e-f2a9-496f-94c5-83dbde0fb5f9","value":"pong"}}
2:32:59.058487700 [333m   32[00m 0x7fe8f8002180 [37mDEBUG  [00m [00mKurentoWebSocketTransport WebSocketTransport.cpp:460:processMessage:[00m Message: {"jsonrpc":"2.0","method":"release","params":{"object":"4131a861-543a-4276-9274-52a19df74423_kurento.MediaPipeline/e9b4e306-8d81-47cb-9725-75a04a0ca2a7_kurento.WebRtcEndpoint","sessionId":"f6ce446e-f2a9-496f-94c5-83dbde0fb5f9"},"id":361}
2:32:59.059159090 [333m   32[00m 0x7fe8f8002180 [37mDEBUG  [00m [00mKurentoWebSocketTransport WebSocketTransport.cpp:462:processMessage:[00m Response: {"id":361,"jsonrpc":"2.0","result":{"sessionId":"f6ce446e-f2a9-496f-94c5-83dbde0fb5f9"}}
2:32:59.059194544 [333m   32[00m 0x7fe91c001860 [37mDEBUG  [00m [00mKurentoMediaElementImpl MediaElementImpl.cpp:1028:disconnect:[00m Disconnecting 4131a861-543a-4276-9274-52a19df74423_kurento.MediaPipeline/7a615fc3-9c98-4379-96bc-86324953e62e_datachannelexample.KmsSendData - 4131a861-543a-4276-9274-52a19df74423_kurento.MediaPipeline/e9b4e306-8d81-47cb-9725-75a04a0ca2a7_kurento.WebRtcEndpoint params AUDIO default default
2:32:59.059967415 [333m   32[00m 0x7fe91c001860 [37mDEBUG  [00m [00mKurentoMediaElementImpl MediaElementImpl.cpp:1028:disconnect:[00m Disconnecting 4131a861-543a-4276-9274-52a19df74423_kurento.MediaPipeline/7a615fc3-9c98-4379-96bc-86324953e62e_datachannelexample.KmsSendData - 4131a861-543a-4276-9274-52a19df74423_kurento.MediaPipeline/e9b4e306-8d81-47cb-9725-75a04a0ca2a7_kurento.WebRtcEndpoint params DATA default default
2:32:59.060143782 [333m   32[00m 0x7fe91c001860 [37mDEBUG  [00m [00mKurentoMediaElementImpl MediaElementImpl.cpp:1028:disconnect:[00m Disconnecting 4131a861-543a-4276-9274-52a19df74423_kurento.MediaPipeline/7a615fc3-9c98-4379-96bc-86324953e62e_datachannelexample.KmsSendData - 4131a861-543a-4276-9274-52a19df74423_kurento.MediaPipeline/e9b4e306-8d81-47cb-9725-75a04a0ca2a7_kurento.WebRtcEndpoint params VIDEO default default
2:32:59.060289714 [333m   32[00m 0x7fe91c001860 [37mDEBUG  [00m [00m     KurentoMediaSet MediaSet.cpp:470:async_delete:[00m Destroying WebRtcEndpoint -> 4131a861-543a-4276-9274-52a19df74423_kurento.MediaPipeline/e9b4e306-8d81-47cb-9725-75a04a0ca2a7_kurento.WebRtcEndpoint
2:32:59.061430317 [333m   32[00m 0x7fe8ac001d80 [37mDEBUG  [00m [00mKurentoWebSocketTransport WebSocketTransport.cpp:460:processMessage:[00m Message: {"jsonrpc":"2.0","method":"unsubscribe","params":{"object":"4131a861-543a-4276-9274-52a19df74423_kurento.MediaPipeline/e9b4e306-8d81-47cb-9725-75a04a0ca2a7_kurento.WebRtcEndpoint","subscription":"9ea99780-d36f-4682-8850-1a716c28071a","sessionId":"f6ce446e-f2a9-496f-94c5-83dbde0fb5f9"},"id":362}
2:32:59.062292042 [333m   32[00m 0x7fe8ac001d80 [37mDEBUG  [00m [00mKurentoWebSocketTransport WebSocketTransport.cpp:462:processMessage:[00m Response: {"id":362,"jsonrpc":"2.0","result":{"sessionId":"f6ce446e-f2a9-496f-94c5-83dbde0fb5f9"}}
2:32:59.268656928 [333m   32[00m 0x7fe8ec001d00 [37mDEBUG  [00m [00mKurentoWebSocketTransport WebSocketTransport.cpp:460:processMessage:[00m Message: {"jsonrpc":"2.0","method":"release","params":{"object":"4131a861-543a-4276-9274-52a19df74423_kurento.MediaPipeline/6b78625e-5d92-4bc9-81a8-d2488cdb7e48_kurento.WebRtcEndpoint","sessionId":"f6ce446e-f2a9-496f-94c5-83dbde0fb5f9"},"id":363}
2:32:59.269583790 [333m   32[00m 0x7fe8ec001d00 [37mDEBUG  [00m [00mKurentoWebSocketTransport WebSocketTransport.cpp:462:processMessage:[00m Response: {"id":363,"jsonrpc":"2.0","result":{"sessionId":"f6ce446e-f2a9-496f-94c5-83dbde0fb5f9"}}
2:32:59.269636039 [333m   32[00m 0x7fe9180018a0 [37mDEBUG  [00m [00mKurentoMediaElementImpl MediaElementImpl.cpp:1028:disconnect:[00m Disconnecting 4131a861-543a-4276-9274-52a19df74423_kurento.MediaPipeline/7a615fc3-9c98-4379-96bc-86324953e62e_datachannelexample.KmsSendData - 4131a861-543a-4276-9274-52a19df74423_kurento.MediaPipeline/6b78625e-5d92-4bc9-81a8-d2488cdb7e48_kurento.WebRtcEndpoint params AUDIO default default
2:32:59.269908503 [333m   32[00m 0x7fe9180018a0 [37mDEBUG  [00m [00mKurentoMediaElementImpl MediaElementImpl.cpp:1028:disconnect:[00m Disconnecting 4131a861-543a-4276-9274-52a19df74423_kurento.MediaPipeline/7a615fc3-9c98-4379-96bc-86324953e62e_datachannelexample.KmsSendData - 4131a861-543a-4276-9274-52a19df74423_kurento.MediaPipeline/6b78625e-5d92-4bc9-81a8-d2488cdb7e48_kurento.WebRtcEndpoint params DATA default default
2:32:59.269984804 [333m   32[00m 0x7fe9180018a0 [37mDEBUG  [00m [00mKurentoMediaElementImpl MediaElementImpl.cpp:1028:disconnect:[00m Disconnecting 4131a861-543a-4276-9274-52a19df74423_kurento.MediaPipeline/7a615fc3-9c98-4379-96bc-86324953e62e_datachannelexample.KmsSendData - 4131a861-543a-4276-9274-52a19df74423_kurento.MediaPipeline/6b78625e-5d92-4bc9-81a8-d2488cdb7e48_kurento.WebRtcEndpoint params VIDEO default default
2:32:59.270124526 [333m   32[00m 0x7fe9180018a0 [37mDEBUG  [00m [00m     KurentoMediaSet MediaSet.cpp:470:async_delete:[00m Destroying WebRtcEndpoint -> 4131a861-543a-4276-9274-52a19df74423_kurento.MediaPipeline/6b78625e-5d92-4bc9-81a8-d2488cdb7e48_kurento.WebRtcEndpoint
2:32:59.271777705 [333m   32[00m 0x7fe8fc006c00 [37mDEBUG  [00m [00mKurentoWebSocketTransport WebSocketTransport.cpp:460:processMessage:[00m Message: {"jsonrpc":"2.0","method":"unsubscribe","params":{"object":"4131a861-543a-4276-9274-52a19df74423_kurento.MediaPipeline/6b78625e-5d92-4bc9-81a8-d2488cdb7e48_kurento.WebRtcEndpoint","subscription":"017984fc-8611-4784-bba1-4a2464dad60e","sessionId":"f6ce446e-f2a9-496f-94c5-83dbde0fb5f9"},"id":364}
2:32:59.272177566 [333m   32[00m 0x7fe8fc006c00 [37mDEBUG  [00m [00mKurentoWebSocketTransport WebSocketTransport.cpp:462:processMessage:[00m Response: {"id":364,"jsonrpc":"2.0","result":{"sessionId":"f6ce446e-f2a9-496f-94c5-83dbde0fb5f9"}}
2:33:00.699018063 [333m   32[00m 0x7fe8c0001860 [36mINFO   [00m [00mKurentoWebSocketTransport WebSocketTransport.cpp:296:keepAliveSessions:[00m Keep alive f6ce446e-f2a9-496f-94c5-83dbde0fb5f9
2:33:00.736626107 [333m   32[00m 0x7fe8e0006680 [37mDEBUG  [00m [00mKurentoMediaElementImpl MediaElementImpl.cpp:464:mediaFlowOutStateChange:<kmssenddata0>[00m MediaFlowOutStateChange: NOT FLOWING, pad: 'default', type: 'audio'
2:33:00.736690084 [333m   32[00m 0x7fe8e0006680 [37mDEBUG  [00m [00mKurentoMediaElementImpl MediaElementImpl.cpp:496:mediaFlowInStateChange:<kmssenddata0>[00m MediaFlowInStateChange: NOT FLOWING, pad: 'default', type: 'audio'
2:33:00.736712927 [333m   32[00m 0x7fe8e0006680 [37mDEBUG  [00m [00mKurentoMediaElementImpl MediaElementImpl.cpp:496:mediaFlowInStateChange:<kmsrecorderendpoint0>[00m MediaFlowInStateChange: NOT FLOWING, pad: 'default', type: 'audio'
2:33:00.736732844 [333m   32[00m 0x7fe8e0006680 [37mDEBUG  [00m [00mKurentoMediaElementImpl MediaElementImpl.cpp:464:mediaFlowOutStateChange:<kmswebrtcendpoint0>[00m MediaFlowOutStateChange: NOT FLOWING, pad: 'default', type: 'audio'
2:33:00.736751178 [333m   32[00m 0x7fe8e0006680 [37mDEBUG  [00m [00mKurentoMediaElementImpl MediaElementImpl.cpp:496:mediaFlowInStateChange:<kmswebrtcendpoint3>[00m MediaFlowInStateChange: NOT FLOWING, pad: 'default', type: 'audio'
2:33:00.736768852 [333m   32[00m 0x7fe8e0006680 [37mDEBUG  [00m [00mKurentoMediaElementImpl MediaElementImpl.cpp:496:mediaFlowInStateChange:<kmswebrtcendpoint7>[00m MediaFlowInStateChange: NOT FLOWING, pad: 'default', type: 'audio'
2:33:00.736786566 [333m   32[00m 0x7fe8e0006680 [37mDEBUG  [00m [00mKurentoMediaElementImpl MediaElementImpl.cpp:496:mediaFlowInStateChange:<kmswebrtcendpoint8>[00m MediaFlowInStateChange: NOT FLOWING, pad: 'default', type: 'audio'
2:33:00.736803886 [333m   32[00m 0x7fe8e0006680 [37mDEBUG  [00m [00mKurentoMediaElementImpl MediaElementImpl.cpp:496:mediaFlowInStateChange:<kmswebrtcendpoint9>[00m MediaFlowInStateChange: NOT FLOWING, pad: 'default', type: 'audio'
2:33:00.736822247 [333m   32[00m 0x7fe8e0006680 [37mDEBUG  [00m [00mKurentoMediaElementImpl MediaElementImpl.cpp:496:mediaFlowInStateChange:<kmswebrtcendpoint13>[00m MediaFlowInStateChange: NOT FLOWING, pad: 'default', type: 'audio'
2:33:01.305328371 [333m   32[00m 0x7fe8b8001840 [37mDEBUG  [00m [00mKurentoWebSocketTransport WebSocketTransport.cpp:460:processMessage:[00m Message: {"jsonrpc":"2.0","method":"ping","id":365}
2:33:01.305465182 [333m   32[00m 0x7fe8b8001840 [36mINFO   [00m [00mKurentoServerMethods ServerMethods.cpp:814:ping:[00m WebSocket Ping/Pong with sessionId f6ce446e-f2a9-496f-94c5-83dbde0fb5f9
2:33:01.305566179 [333m   32[00m 0x7fe8b8001840 [37mDEBUG  [00m [00mKurentoWebSocketTransport WebSocketTransport.cpp:462:processMessage:[00m Response: {"id":365,"jsonrpc":"2.0","result":{"sessionId":"f6ce446e-f2a9-496f-94c5-83dbde0fb5f9","value":"pong"}}
2:33:05.296781918 [333m   32[00m 0x7fe8e0001c60 [37mDEBUG  [00m [00mKurentoWebSocketTransport WebSocketTransport.cpp:460:processMessage:[00m Message: {"jsonrpc":"2.0","method":"release","params":{"object":"4131a861-543a-4276-9274-52a19df74423_kurento.MediaPipeline/03455045-7b9b-4e99-a77b-872290d90b10_kurento.WebRtcEndpoint","sessionId":"f6ce446e-f2a9-496f-94c5-83dbde0fb5f9"},"id":366}
2:33:05.297191300 [333m   32[00m 0x7fe9340018a0 [37mDEBUG  [00m [00mKurentoMediaElementImpl MediaElementImpl.cpp:1028:disconnect:[00m Disconnecting 4131a861-543a-4276-9274-52a19df74423_kurento.MediaPipeline/7a615fc3-9c98-4379-96bc-86324953e62e_datachannelexample.KmsSendData - 4131a861-543a-4276-9274-52a19df74423_kurento.MediaPipeline/03455045-7b9b-4e99-a77b-872290d90b10_kurento.WebRtcEndpoint params AUDIO default default
2:33:05.297203000 [333m   32[00m 0x7fe8e0001c60 [37mDEBUG  [00m [00mKurentoWebSocketTransport WebSocketTransport.cpp:462:processMessage:[00m Response: {"id":366,"jsonrpc":"2.0","result":{"sessionId":"f6ce446e-f2a9-496f-94c5-83dbde0fb5f9"}}
2:33:05.297529843 [333m   32[00m 0x7fe9340018a0 [37mDEBUG  [00m [00mKurentoMediaElementImpl MediaElementImpl.cpp:1028:disconnect:[00m Disconnecting 4131a861-543a-4276-9274-52a19df74423_kurento.MediaPipeline/7a615fc3-9c98-4379-96bc-86324953e62e_datachannelexample.KmsSendData - 4131a861-543a-4276-9274-52a19df74423_kurento.MediaPipeline/03455045-7b9b-4e99-a77b-872290d90b10_kurento.WebRtcEndpoint params DATA default default
2:33:05.297603875 [333m   32[00m 0x7fe9340018a0 [37mDEBUG  [00m [00mKurentoMediaElementImpl MediaElementImpl.cpp:1028:disconnect:[00m Disconnecting 4131a861-543a-4276-9274-52a19df74423_kurento.MediaPipeline/7a615fc3-9c98-4379-96bc-86324953e62e_datachannelexample.KmsSendData - 4131a861-543a-4276-9274-52a19df74423_kurento.MediaPipeline/03455045-7b9b-4e99-a77b-872290d90b10_kurento.WebRtcEndpoint params VIDEO default default
2:33:05.297741030 [333m   32[00m 0x7fe9340018a0 [37mDEBUG  [00m [00m     KurentoMediaSet MediaSet.cpp:470:async_delete:[00m Destroying WebRtcEndpoint -> 4131a861-543a-4276-9274-52a19df74423_kurento.MediaPipeline/03455045-7b9b-4e99-a77b-872290d90b10_kurento.WebRtcEndpoint
2:33:05.299265164 [333m   32[00m 0x7fe904001840 [37mDEBUG  [00m [00mKurentoWebSocketTransport WebSocketTransport.cpp:460:processMessage:[00m Message: {"jsonrpc":"2.0","method":"unsubscribe","params":{"object":"4131a861-543a-4276-9274-52a19df74423_kurento.MediaPipeline/03455045-7b9b-4e99-a77b-872290d90b10_kurento.WebRtcEndpoint","subscription":"d6eaba1d-7be1-4801-84b3-eba2f3c16d14","sessionId":"f6ce446e-f2a9-496f-94c5-83dbde0fb5f9"},"id":367}
2:33:05.299759400 [333m   32[00m 0x7fe904001840 [37mDEBUG  [00m [00mKurentoWebSocketTransport WebSocketTransport.cpp:462:processMessage:[00m Response: {"id":367,"jsonrpc":"2.0","result":{"sessionId":"f6ce446e-f2a9-496f-94c5-83dbde0fb5f9"}}
2:33:11.313478681 [333m   32[00m 0x7fe8fc007360 [37mDEBUG  [00m [00mKurentoWebSocketTransport WebSocketTransport.cpp:460:processMessage:[00m Message: {"jsonrpc":"2.0","method":"release","params":{"object":"4131a861-543a-4276-9274-52a19df74423_kurento.MediaPipeline/0882dbb6-3842-4ab4-8358-9912e59f27f5_kurento.WebRtcEndpoint","sessionId":"f6ce446e-f2a9-496f-94c5-83dbde0fb5f9"},"id":368}
2:33:11.314010102 [333m   32[00m 0x7fe91c001860 [37mDEBUG  [00m [00mKurentoMediaElementImpl MediaElementImpl.cpp:1028:disconnect:[00m Disconnecting 4131a861-543a-4276-9274-52a19df74423_kurento.MediaPipeline/7a615fc3-9c98-4379-96bc-86324953e62e_datachannelexample.KmsSendData - 4131a861-543a-4276-9274-52a19df74423_kurento.MediaPipeline/0882dbb6-3842-4ab4-8358-9912e59f27f5_kurento.WebRtcEndpoint params AUDIO default default
2:33:11.314023615 [333m   32[00m 0x7fe8fc007360 [37mDEBUG  [00m [00mKurentoWebSocketTransport WebSocketTransport.cpp:462:processMessage:[00m Response: {"id":368,"jsonrpc":"2.0","result":{"sessionId":"f6ce446e-f2a9-496f-94c5-83dbde0fb5f9"}}
2:33:11.314600226 [333m   32[00m 0x7fe91c001860 [37mDEBUG  [00m [00mKurentoMediaElementImpl MediaElementImpl.cpp:1028:disconnect:[00m Disconnecting 4131a861-543a-4276-9274-52a19df74423_kurento.MediaPipeline/7a615fc3-9c98-4379-96bc-86324953e62e_datachannelexample.KmsSendData - 4131a861-543a-4276-9274-52a19df74423_kurento.MediaPipeline/0882dbb6-3842-4ab4-8358-9912e59f27f5_kurento.WebRtcEndpoint params DATA default default
2:33:11.314692339 [333m   32[00m 0x7fe91c001860 [37mDEBUG  [00m [00mKurentoMediaElementImpl MediaElementImpl.cpp:1028:disconnect:[00m Disconnecting 4131a861-543a-4276-9274-52a19df74423_kurento.MediaPipeline/7a615fc3-9c98-4379-96bc-86324953e62e_datachannelexample.KmsSendData - 4131a861-543a-4276-9274-52a19df74423_kurento.MediaPipeline/0882dbb6-3842-4ab4-8358-9912e59f27f5_kurento.WebRtcEndpoint params VIDEO default default
2:33:11.314837877 [333m   32[00m 0x7fe91c001860 [37mDEBUG  [00m [00m     KurentoMediaSet MediaSet.cpp:470:async_delete:[00m Destroying WebRtcEndpoint -> 4131a861-543a-4276-9274-52a19df74423_kurento.MediaPipeline/0882dbb6-3842-4ab4-8358-9912e59f27f5_kurento.WebRtcEndpoint
2:33:11.317438088 [333m   32[00m 0x7fe8dc001cc0 [37mDEBUG  [00m [00mKurentoWebSocketTransport WebSocketTransport.cpp:460:processMessage:[00m Message: {"jsonrpc":"2.0","method":"unsubscribe","params":{"object":"4131a861-543a-4276-9274-52a19df74423_kurento.MediaPipeline/0882dbb6-3842-4ab4-8358-9912e59f27f5_kurento.WebRtcEndpoint","subscription":"98ee2a33-dfd8-4b1a-96e4-fed0ef398cc3","sessionId":"f6ce446e-f2a9-496f-94c5-83dbde0fb5f9"},"id":369}
2:33:11.317655990 [333m   32[00m 0x7fe8dc001cc0 [37mDEBUG  [00m [00mKurentoWebSocketTransport WebSocketTransport.cpp:462:processMessage:[00m Response: {"id":369,"jsonrpc":"2.0","result":{"sessionId":"f6ce446e-f2a9-496f-94c5-83dbde0fb5f9"}}
2:33:57.498068862 [333m   32[00m 0x7fe8f0001b20 [37mDEBUG  [00m [00mKurentoWebSocketTransport WebSocketTransport.cpp:460:processMessage:[00m Message: {"jsonrpc":"2.0","method":"release","params":{"object":"4131a861-543a-4276-9274-52a19df74423_kurento.MediaPipeline/30583c4f-c89d-4983-a81b-1cfb391c69e3_kurento.WebRtcEndpoint","sessionId":"f6ce446e-f2a9-496f-94c5-83dbde0fb5f9"},"id":370}
2:33:57.498627042 [333m   32[00m 0x7fe914001960 [37mDEBUG  [00m [00mKurentoMediaElementImpl MediaElementImpl.cpp:1028:disconnect:[00m Disconnecting 4131a861-543a-4276-9274-52a19df74423_kurento.MediaPipeline/7a615fc3-9c98-4379-96bc-86324953e62e_datachannelexample.KmsSendData - 4131a861-543a-4276-9274-52a19df74423_kurento.MediaPipeline/30583c4f-c89d-4983-a81b-1cfb391c69e3_kurento.WebRtcEndpoint params AUDIO default default
2:33:57.498659336 [333m   32[00m 0x7fe8f0001b20 [37mDEBUG  [00m [00mKurentoWebSocketTransport WebSocketTransport.cpp:462:processMessage:[00m Response: {"id":370,"jsonrpc":"2.0","result":{"sessionId":"f6ce446e-f2a9-496f-94c5-83dbde0fb5f9"}}
2:33:57.499496968 [333m   32[00m 0x7fe914001960 [37mDEBUG  [00m [00mKurentoMediaElementImpl MediaElementImpl.cpp:1028:disconnect:[00m Disconnecting 4131a861-543a-4276-9274-52a19df74423_kurento.MediaPipeline/7a615fc3-9c98-4379-96bc-86324953e62e_datachannelexample.KmsSendData - 4131a861-543a-4276-9274-52a19df74423_kurento.MediaPipeline/30583c4f-c89d-4983-a81b-1cfb391c69e3_kurento.WebRtcEndpoint params DATA default default
2:33:57.499899939 [333m   32[00m 0x7fe914001960 [37mDEBUG  [00m [00mKurentoMediaElementImpl MediaElementImpl.cpp:1028:disconnect:[00m Disconnecting 4131a861-543a-4276-9274-52a19df74423_kurento.MediaPipeline/7a615fc3-9c98-4379-96bc-86324953e62e_datachannelexample.KmsSendData - 4131a861-543a-4276-9274-52a19df74423_kurento.MediaPipeline/30583c4f-c89d-4983-a81b-1cfb391c69e3_kurento.WebRtcEndpoint params VIDEO default default
2:33:57.500032255 [333m   32[00m 0x7fe914001960 [37mDEBUG  [00m [00m     KurentoMediaSet MediaSet.cpp:470:async_delete:[00m Destroying WebRtcEndpoint -> 4131a861-543a-4276-9274-52a19df74423_kurento.MediaPipeline/30583c4f-c89d-4983-a81b-1cfb391c69e3_kurento.WebRtcEndpoint
2:33:57.501095951 [333m   32[00m 0x7fe8f8002180 [37mDEBUG  [00m [00mKurentoWebSocketTransport WebSocketTransport.cpp:460:processMessage:[00m Message: {"jsonrpc":"2.0","method":"unsubscribe","params":{"object":"4131a861-543a-4276-9274-52a19df74423_kurento.MediaPipeline/30583c4f-c89d-4983-a81b-1cfb391c69e3_kurento.WebRtcEndpoint","subscription":"12a374ba-e32c-43e6-9618-5fbd97e84149","sessionId":"f6ce446e-f2a9-496f-94c5-83dbde0fb5f9"},"id":371}
2:33:57.501305496 [333m   32[00m 0x7fe8f8002180 [37mDEBUG  [00m [00mKurentoWebSocketTransport WebSocketTransport.cpp:462:processMessage:[00m Response: {"id":371,"jsonrpc":"2.0","result":{"sessionId":"f6ce446e-f2a9-496f-94c5-83dbde0fb5f9"}}
2:34:00.699173434 [333m   32[00m 0x7fe8c0001860 [36mINFO   [00m [00mKurentoWebSocketTransport WebSocketTransport.cpp:296:keepAliveSessions:[00m Keep alive f6ce446e-f2a9-496f-94c5-83dbde0fb5f9
2:34:01.306068076 [333m   32[00m 0x7fe8ac001d80 [37mDEBUG  [00m [00mKurentoWebSocketTransport WebSocketTransport.cpp:460:processMessage:[00m Message: {"jsonrpc":"2.0","method":"ping","id":372}
2:34:01.306270159 [333m   32[00m 0x7fe8ac001d80 [36mINFO   [00m [00mKurentoServerMethods ServerMethods.cpp:814:ping:[00m WebSocket Ping/Pong with sessionId f6ce446e-f2a9-496f-94c5-83dbde0fb5f9
2:34:01.306534307 [333m   32[00m 0x7fe8ac001d80 [37mDEBUG  [00m [00mKurentoWebSocketTransport WebSocketTransport.cpp:462:processMessage:[00m Response: {"id":372,"jsonrpc":"2.0","result":{"sessionId":"f6ce446e-f2a9-496f-94c5-83dbde0fb5f9","value":"pong"}}
2:34:26.176920715 [333m   32[00m 0x7fe8ec001d00 [37mDEBUG  [00m [00mKurentoWebSocketTransport WebSocketTransport.cpp:460:processMessage:[00m Message: {"jsonrpc":"2.0","method":"release","params":{"object":"4131a861-543a-4276-9274-52a19df74423_kurento.MediaPipeline/7396cb69-c606-4cae-b0ad-7794d2ea1b0c_kurento.WebRtcEndpoint","sessionId":"f6ce446e-f2a9-496f-94c5-83dbde0fb5f9"},"id":373}
2:34:26.177459001 [333m   32[00m 0x7fe8ec001d00 [37mDEBUG  [00m [00mKurentoWebSocketTransport WebSocketTransport.cpp:462:processMessage:[00m Response: {"id":373,"jsonrpc":"2.0","result":{"sessionId":"f6ce446e-f2a9-496f-94c5-83dbde0fb5f9"}}
2:34:26.177460723 [333m   32[00m 0x7fe910001900 [37mDEBUG  [00m [00mKurentoMediaElementImpl MediaElementImpl.cpp:1028:disconnect:[00m Disconnecting 4131a861-543a-4276-9274-52a19df74423_kurento.MediaPipeline/7a615fc3-9c98-4379-96bc-86324953e62e_datachannelexample.KmsSendData - 4131a861-543a-4276-9274-52a19df74423_kurento.MediaPipeline/7396cb69-c606-4cae-b0ad-7794d2ea1b0c_kurento.WebRtcEndpoint params AUDIO default default
2:34:26.177932117 [333m   32[00m 0x7fe910001900 [37mDEBUG  [00m [00mKurentoMediaElementImpl MediaElementImpl.cpp:1028:disconnect:[00m Disconnecting 4131a861-543a-4276-9274-52a19df74423_kurento.MediaPipeline/7a615fc3-9c98-4379-96bc-86324953e62e_datachannelexample.KmsSendData - 4131a861-543a-4276-9274-52a19df74423_kurento.MediaPipeline/7396cb69-c606-4cae-b0ad-7794d2ea1b0c_kurento.WebRtcEndpoint params DATA default default
2:34:26.178033110 [333m   32[00m 0x7fe910001900 [37mDEBUG  [00m [00mKurentoMediaElementImpl MediaElementImpl.cpp:1028:disconnect:[00m Disconnecting 4131a861-543a-4276-9274-52a19df74423_kurento.MediaPipeline/7a615fc3-9c98-4379-96bc-86324953e62e_datachannelexample.KmsSendData - 4131a861-543a-4276-9274-52a19df74423_kurento.MediaPipeline/7396cb69-c606-4cae-b0ad-7794d2ea1b0c_kurento.WebRtcEndpoint params VIDEO default default
2:34:26.178188292 [333m   32[00m 0x7fe910001900 [37mDEBUG  [00m [00m     KurentoMediaSet MediaSet.cpp:470:async_delete:[00m Destroying WebRtcEndpoint -> 4131a861-543a-4276-9274-52a19df74423_kurento.MediaPipeline/7396cb69-c606-4cae-b0ad-7794d2ea1b0c_kurento.WebRtcEndpoint
2:34:26.178381045 [333m   32[00m 0x7fe8fc006c00 [37mDEBUG  [00m [00mKurentoWebSocketTransport WebSocketTransport.cpp:460:processMessage:[00m Message: {"jsonrpc":"2.0","method":"unsubscribe","params":{"object":"4131a861-543a-4276-9274-52a19df74423_kurento.MediaPipeline/7396cb69-c606-4cae-b0ad-7794d2ea1b0c_kurento.WebRtcEndpoint","subscription":"a7774f91-cf86-418b-8218-01b6ce20955a","sessionId":"f6ce446e-f2a9-496f-94c5-83dbde0fb5f9"},"id":374}
2:34:26.179028111 [333m   32[00m 0x7fe8fc006c00 [37mDEBUG  [00m [00mKurentoWebSocketTransport WebSocketTransport.cpp:462:processMessage:[00m Response: {"id":374,"jsonrpc":"2.0","result":{"sessionId":"f6ce446e-f2a9-496f-94c5-83dbde0fb5f9"}}
2:35:00.699355557 [333m   32[00m 0x7fe8c0001860 [36mINFO   [00m [00mKurentoWebSocketTransport WebSocketTransport.cpp:296:keepAliveSessions:[00m Keep alive f6ce446e-f2a9-496f-94c5-83dbde0fb5f9
2:35:01.309301273 [333m   32[00m 0x7fe8b8001840 [37mDEBUG  [00m [00mKurentoWebSocketTransport WebSocketTransport.cpp:460:processMessage:[00m Message: {"jsonrpc":"2.0","method":"ping","id":375}
2:35:01.309454684 [333m   32[00m 0x7fe8b8001840 [36mINFO   [00m [00mKurentoServerMethods ServerMethods.cpp:814:ping:[00m WebSocket Ping/Pong with sessionId f6ce446e-f2a9-496f-94c5-83dbde0fb5f9
2:35:01.309817591 [333m   32[00m 0x7fe8b8001840 [37mDEBUG  [00m [00mKurentoWebSocketTransport WebSocketTransport.cpp:462:processMessage:[00m Response: {"id":375,"jsonrpc":"2.0","result":{"sessionId":"f6ce446e-f2a9-496f-94c5-83dbde0fb5f9","value":"pong"}}
2:36:00.671263421 [333m   32[00m 0x7fe8f4001ca0 [37mDEBUG  [00m [00m     KurentoMediaSet MediaSet.cpp:123:doGarbageCollection:[00m Running garbage collector
2:36:00.699536206 [333m   32[00m 0x7fe8c0001860 [36mINFO   [00m [00mKurentoWebSocketTransport WebSocketTransport.cpp:296:keepAliveSessions:[00m Keep alive f6ce446e-f2a9-496f-94c5-83dbde0fb5f9
2:36:01.316726999 [333m   32[00m 0x7fe8e0001c60 [37mDEBUG  [00m [00mKurentoWebSocketTransport WebSocketTransport.cpp:460:processMessage:[00m Message: {"jsonrpc":"2.0","method":"ping","id":376}
2:36:01.316890038 [333m   32[00m 0x7fe8e0001c60 [36mINFO   [00m [00mKurentoServerMethods ServerMethods.cpp:814:ping:[00m WebSocket Ping/Pong with sessionId f6ce446e-f2a9-496f-94c5-83dbde0fb5f9
2:36:01.317025763 [333m   32[00m 0x7fe8e0001c60 [37mDEBUG  [00m [00mKurentoWebSocketTransport WebSocketTransport.cpp:462:processMessage:[00m Response: {"id":376,"jsonrpc":"2.0","result":{"sessionId":"f6ce446e-f2a9-496f-94c5-83dbde0fb5f9","value":"pong"}}
2:37:00.699693979 [333m   32[00m 0x7fe8c0001860 [36mINFO   [00m [00mKurentoWebSocketTransport WebSocketTransport.cpp:296:keepAliveSessions:[00m Keep alive f6ce446e-f2a9-496f-94c5-83dbde0fb5f9
2:37:01.324499443 [333m   32[00m 0x7fe904001840 [37mDEBUG  [00m [00mKurentoWebSocketTransport WebSocketTransport.cpp:460:processMessage:[00m Message: {"jsonrpc":"2.0","method":"ping","id":377}
2:37:01.324681457 [333m   32[00m 0x7fe904001840 [36mINFO   [00m [00mKurentoServerMethods ServerMethods.cpp:814:ping:[00m WebSocket Ping/Pong with sessionId f6ce446e-f2a9-496f-94c5-83dbde0fb5f9
2:37:01.324814844 [333m   32[00m 0x7fe904001840 [37mDEBUG  [00m [00mKurentoWebSocketTransport WebSocketTransport.cpp:462:processMessage:[00m Response: {"id":377,"jsonrpc":"2.0","result":{"sessionId":"f6ce446e-f2a9-496f-94c5-83dbde0fb5f9","value":"pong"}}
2:38:00.699868206 [333m   32[00m 0x7fe8c0001860 [36mINFO   [00m [00mKurentoWebSocketTransport WebSocketTransport.cpp:296:keepAliveSessions:[00m Keep alive f6ce446e-f2a9-496f-94c5-83dbde0fb5f9
2:38:01.331545156 [333m   32[00m 0x7fe8fc007360 [37mDEBUG  [00m [00mKurentoWebSocketTransport WebSocketTransport.cpp:460:processMessage:[00m Message: {"jsonrpc":"2.0","method":"ping","id":378}
2:38:01.331712599 [333m   32[00m 0x7fe8fc007360 [36mINFO   [00m [00mKurentoServerMethods ServerMethods.cpp:814:ping:[00m WebSocket Ping/Pong with sessionId f6ce446e-f2a9-496f-94c5-83dbde0fb5f9
2:38:01.331907637 [333m   32[00m 0x7fe8fc007360 [37mDEBUG  [00m [00mKurentoWebSocketTransport WebSocketTransport.cpp:462:processMessage:[00m Response: {"id":378,"jsonrpc":"2.0","result":{"sessionId":"f6ce446e-f2a9-496f-94c5-83dbde0fb5f9","value":"pong"}}
2:38:33.920389794 [333m   32[00m 0x7fe8dc001cc0 [37mDEBUG  [00m [00mKurentoWebSocketTransport WebSocketTransport.cpp:460:processMessage:[00m Message: {"jsonrpc":"2.0","method":"create","params":{"type":"WebRtcEndpoint","constructorParams":{"mediaPipeline":"4131a861-543a-4276-9274-52a19df74423_kurento.MediaPipeline","useDataChannels":true},"properties":{},"sessionId":"f6ce446e-f2a9-496f-94c5-83dbde0fb5f9"},"id":379}
2:38:33.923389444 [333m   32[00m 0x7fe8dc001cc0 [36mINFO   [00m [00mKurentoWebRtcEndpointImpl WebRtcEndpointImpl.cpp:96:remove_not_supported_codecs_from_array:<kmswebrtcendpoint14>[00m Removing not supported codec 'AMR/8000'
2:38:33.923498072 [333m   32[00m 0x7fe8dc001cc0 [36mINFO   [00m [00mKurentoWebRtcEndpointImpl WebRtcEndpointImpl.cpp:465:WebRtcEndpointImpl:[00m Using STUN reflexive server IP: 203.183.172.196
2:38:33.923511116 [333m   32[00m 0x7fe8dc001cc0 [36mINFO   [00m [00mKurentoWebRtcEndpointImpl WebRtcEndpointImpl.cpp:466:WebRtcEndpointImpl:[00m Using STUN reflexive server Port: 3478
2:38:33.923581397 [333m   32[00m 0x7fe8dc001cc0 [36mINFO   [00m [00mKurentoWebRtcEndpointImpl WebRtcEndpointImpl.cpp:487:WebRtcEndpointImpl:[00m TURN server IP address not found in config; NAT traversal requires either STUN or TURN server
2:38:33.924157961 [333m   32[00m 0x7fe8dc001cc0 [37mDEBUG  [00m [00mKurentoWebSocketTransport WebSocketTransport.cpp:462:processMessage:[00m Response: {"id":379,"jsonrpc":"2.0","result":{"sessionId":"f6ce446e-f2a9-496f-94c5-83dbde0fb5f9","value":"4131a861-543a-4276-9274-52a19df74423_kurento.MediaPipeline/c170e879-7516-4269-b8e3-566cbcb1aa03_kurento.WebRtcEndpoint"}}
2:38:33.927583197 [333m   32[00m 0x7fe8f0001b20 [37mDEBUG  [00m [00mKurentoWebSocketTransport WebSocketTransport.cpp:460:processMessage:[00m Message: {"jsonrpc":"2.0","method":"subscribe","params":{"object":"4131a861-543a-4276-9274-52a19df74423_kurento.MediaPipeline/c170e879-7516-4269-b8e3-566cbcb1aa03_kurento.WebRtcEndpoint","type":"OnIceCandidate","sessionId":"f6ce446e-f2a9-496f-94c5-83dbde0fb5f9"},"id":380}
2:38:33.927955296 [333m   32[00m 0x7fe8f0001b20 [37mDEBUG  [00m [00mKurentoWebSocketTransport WebSocketTransport.cpp:462:processMessage:[00m Response: {"id":380,"jsonrpc":"2.0","result":{"sessionId":"f6ce446e-f2a9-496f-94c5-83dbde0fb5f9","value":"7d3a529a-ff7f-4714-adec-c4cafb95b37e"}}
2:38:33.928404777 [333m   32[00m 0x7fe8f0001b20 [37mDEBUG  [00m [00mKurentoWebSocketTransport WebSocketTransport.cpp:460:processMessage:[00m Message: {"jsonrpc":"2.0","method":"invoke","params":{"object":"4131a861-543a-4276-9274-52a19df74423_kurento.MediaPipeline/c170e879-7516-4269-b8e3-566cbcb1aa03_kurento.WebRtcEndpoint","operation":"processOffer","operationParams":{"offer":"v=0\r\no=mozilla...THIS_IS_SDPARTA-79.0 155442365352420561 0 IN IP4 0.0.0.0\r\ns=-\r\nt=0 0\r\na=fingerprint:sha-256 51:37:F8:81:85:7D:81:18:39:C6:28:19:B0:06:80:64:5C:22:94:5D:75:97:BC:9B:31:A9:70:5A:F2:CA:B4:57\r\na=group:BUNDLE 0 1 2\r\na=ice-options:trickle\r\na=msid-semantic:WMS *\r\nm=video 9 UDP/TLS/RTP/SAVPF 120 121 126 97\r\nc=IN IP4 0.0.0.0\r\na=recvonly\r\na=extmap:3 urn:ietf:params:rtp-hdrext:sdes:mid\r\na=extmap:4 http://www.webrtc.org/experiments/rtp-hdrext/abs-send-time\r\na=extmap:5 urn:ietf:params:rtp-hdrext:toffset\r\na=extmap:6/recvonly http://www.webrtc.org/experiments/rtp-hdrext/playout-delay\r\na=fmtp:126 profile-level-id=42e01f;level-asymmetry-allowed=1;packetization-mode=1\r\na=fmtp:97 profile-level-id=42e01f;level-asymmetry-allowed=1\r\na=fmtp:120 max-fs=12288;max-fr=60\r\na=fmtp:121 max-fs=12288;max-fr=60\r\na=ice-pwd:9eb3e5542c3292f5bb6e8475f7e4f436\r\na=ice-ufrag:ba20ef75\r\na=mid:0\r\na=rtcp-fb:120 nack\r\na=rtcp-fb:120 nack pli\r\na=rtcp-fb:120 ccm fir\r\na=rtcp-fb:120 goog-remb\r\na=rtcp-fb:121 nack\r\na=rtcp-fb:121 nack pli\r\na=rtcp-fb:121 ccm fir\r\na=rtcp-fb:121 goog-remb\r\na=rtcp-fb:126 nack\r\na=rtcp-fb:126 nack pli\r\na=rtcp-fb:126 ccm fir\r\na=rtcp-fb:126 goog-remb\r\na=rtcp-fb:97 nack\r\na=rtcp-fb:97 nack pli\r\na=rtcp-fb:97 ccm fir\r\na=rtcp-fb:97 goog-remb\r\na=rtcp-mux\r\na=rtpmap:120 VP8/90000\r\na=rtpmap:121 VP9/90000\r\na=rtpmap:126 H264/90000\r\na=rtpmap:97 H264/90000\r\na=setup:actpass\r\na=ssrc:1320175894 cname:{25face66-9053-4d2b-ae24-77cd49360680}\r\nm=audio 9 UDP/TLS/RTP/SAVPF 109 9 0 8 101\r\nc=IN IP4 0.0.0.0\r\na=recvonly\r\na=extmap:1 urn:ietf:params:rtp-hdrext:ssrc-audio-level\r\na=extmap:2/recvonly urn:ietf:params:rtp-hdrext:csrc-audio-level\r\na=extmap:3 urn:ietf:params:rtp-hdrext:sdes:mid\r\na=fmtp:109 maxplaybackrate=48000;stereo=1;useinbandfec=1\r\na=fmtp:101 0-15\r\na=ice-pwd:9eb3e5542c3292f5bb6e8475f7e4f436\r\na=ice-ufrag:ba20ef75\r\na=mid:1\r\na=rtcp-mux\r\na=rtpmap:109 opus/48000/2\r\na=rtpmap:9 G722/8000/1\r\na=rtpmap:0 PCMU/8000\r\na=rtpmap:8 PCMA/8000\r\na=rtpmap:101 telephone-event/8000/1\r\na=setup:actpass\r\na=ssrc:141378585 cname:{25face66-9053-4d2b-ae24-77cd49360680}\r\nm=application 9 UDP/DTLS/SCTP webrtc-datachannel\r\nc=IN IP4 0.0.0.0\r\na=sendrecv\r\na=ice-pwd:9eb3e5542c3292f5bb6e8475f7e4f436\r\na=ice-ufrag:ba20ef75\r\na=mid:2\r\na=setup:actpass\r\na=sctp-port:5000\r\na=max-message-size:1073741823\r\n"},"sessionId":"f6ce446e-f2a9-496f-94c5-83dbde0fb5f9"},"id":381}
2:38:33.939519333 [333m   32[00m 0x7fe8f0001b20 [37mDEBUG  [00m [00mKurentoWebSocketTransport WebSocketTransport.cpp:462:processMessage:[00m Response: {"id":381,"jsonrpc":"2.0","result":{"sessionId":"f6ce446e-f2a9-496f-94c5-83dbde0fb5f9","value":"v=0\r\no=- 3805433389 3805433389 IN IP4 0.0.0.0\r\ns=Kurento Media Server\r\nc=IN IP4 0.0.0.0\r\nt=0 0\r\na=fingerprint:sha-256 51:37:F8:81:85:7D:81:18:39:C6:28:19:B0:06:80:64:5C:22:94:5D:75:97:BC:9B:31:A9:70:5A:F2:CA:B4:57\r\na=ice-options:trickle\r\na=msid-semantic:WMS *\r\na=group:BUNDLE 0 1 2\r\nm=video 1 UDP/TLS/RTP/SAVPF 120 126 97\r\na=extmap:4 http://www.webrtc.org/experiments/rtp-hdrext/abs-send-time\r\na=sendonly\r\na=mid:0\r\na=rtcp:9 IN IP4 0.0.0.0\r\na=rtpmap:120 VP8/90000\r\na=rtpmap:126 H264/90000\r\na=rtpmap:97 H264/90000\r\na=rtcp-fb:120 nack\r\na=rtcp-fb:120 nack pli\r\na=rtcp-fb:120 ccm fir\r\na=rtcp-fb:120 goog-remb\r\na=rtcp-fb:126 nack\r\na=rtcp-fb:126 nack pli\r\na=rtcp-fb:126 ccm fir\r\na=rtcp-fb:126 goog-remb\r\na=rtcp-fb:97 nack\r\na=rtcp-fb:97 nack pli\r\na=rtcp-fb:97 ccm fir\r\na=rtcp-fb:97 goog-remb\r\na=fmtp:126 profile-level-id=42e01f;level-asymmetry-allowed=1;packetization-mode=1\r\na=fmtp:97 profile-level-id=42e01f;level-asymmetry-allowed=1\r\na=fmtp:120 max-fs=12288;max-fr=60\r\na=rtcp-mux\r\na=setup:active\r\na=ssrc:2179247965 cname:user2184969759@host-be2abf4e\r\na=ice-ufrag:rLV5\r\na=ice-pwd:8vfLSGgEX/Po8FlyJ08/Sw\r\na=fingerprint:sha-256 87:AE:B2:04:24:F8:9D:75:D9:3D:76:1F:47:46:04:CD:0D:F8:A2:B8:7B:CA:90:89:8A:88:02:03:E5:17:1F:01\r\nm=audio 1 UDP/TLS/RTP/SAVPF 109 0\r\na=sendonly\r\na=mid:1\r\na=rtcp:9 IN IP4 0.0.0.0\r\na=rtpmap:109 opus/48000/2\r\na=rtpmap:0 PCMU/8000\r\na=fmtp:109 maxplaybackrate=48000;stereo=1;useinbandfec=1\r\na=rtcp-mux\r\na=setup:active\r\na=ssrc:3322240173 cname:user2184969759@host-be2abf4e\r\na=ice-ufrag:rLV5\r\na=ice-pwd:8vfLSGgEX/Po8FlyJ08/Sw\r\na=fingerprint:sha-256 87:AE:B2:04:24:F8:9D:75:D9:3D:76:1F:47:46:04:CD:0D:F8:A2:B8:7B:CA:90:89:8A:88:02:03:E5:17:1F:01\r\nm=application 1 UDP/DTLS/SCTP webrtc-datachannel\r\na=mid:2\r\na=sctp-port:5000\r\na=setup:active\r\na=ice-ufrag:rLV5\r\na=ice-pwd:8vfLSGgEX/Po8FlyJ08/Sw\r\na=fingerprint:sha-256 87:AE:B2:04:24:F8:9D:75:D9:3D:76:1F:47:46:04:CD:0D:F8:A2:B8:7B:CA:90:89:8A:88:02:03:E5:17:1F:01\r\n"}}
2:38:33.981663081 [333m   32[00m 0x7fe8f8002180 [37mDEBUG  [00m [00mKurentoWebSocketTransport WebSocketTransport.cpp:460:processMessage:[00m Message: {"jsonrpc":"2.0","method":"invoke","params":{"object":"4131a861-543a-4276-9274-52a19df74423_kurento.MediaPipeline/c170e879-7516-4269-b8e3-566cbcb1aa03_kurento.WebRtcEndpoint","operation":"gatherCandidates","sessionId":"f6ce446e-f2a9-496f-94c5-83dbde0fb5f9"},"id":382}
2:38:33.984786762 [333m   32[00m 0x7fe894001790 [37mDEBUG  [00m [00mKurentoWebSocketEventHandler WebSocketEventHandler.cpp:56:sendEvent:[00m Sending event: {"jsonrpc":"2.0","method":"onEvent","params":{"value":{"data":{"candidate":{"__module__":"kurento","__type__":"IceCandidate","candidate":"candidate:1 1 UDP 2013266431 172.20.0.9 10394 typ host","sdpMLineIndex":0,"sdpMid":"0"},"source":"4131a861-543a-4276-9274-52a19df74423_kurento.MediaPipeline/c170e879-7516-4269-b8e3-566cbcb1aa03_kurento.WebRtcEndpoint","tags":[],"timestamp":"1596444589","timestampMillis":"1596444589528","type":"OnIceCandidate"},"object":"4131a861-543a-4276-9274-52a19df74423_kurento.MediaPipeline/c170e879-7516-4269-b8e3-566cbcb1aa03_kurento.WebRtcEndpoint","type":"OnIceCandidate"}}}, sessionId: f6ce446e-f2a9-496f-94c5-83dbde0fb5f9
2:38:33.984942759 [333m   32[00m 0x7fe894001790 [37mDEBUG  [00m [00mKurentoWebSocketEventHandler WebSocketEventHandler.cpp:56:sendEvent:[00m Sending event: {"jsonrpc":"2.0","method":"onEvent","params":{"value":{"data":{"candidate":{"__module__":"kurento","__type__":"IceCandidate","candidate":"candidate:1 1 UDP 2013266431 172.20.0.9 10394 typ host","sdpMLineIndex":1,"sdpMid":"1"},"source":"4131a861-543a-4276-9274-52a19df74423_kurento.MediaPipeline/c170e879-7516-4269-b8e3-566cbcb1aa03_kurento.WebRtcEndpoint","tags":[],"timestamp":"1596444589","timestampMillis":"1596444589528","type":"OnIceCandidate"},"object":"4131a861-543a-4276-9274-52a19df74423_kurento.MediaPipeline/c170e879-7516-4269-b8e3-566cbcb1aa03_kurento.WebRtcEndpoint","type":"OnIceCandidate"}}}, sessionId: f6ce446e-f2a9-496f-94c5-83dbde0fb5f9
2:38:33.985060844 [333m   32[00m 0x7fe894001790 [37mDEBUG  [00m [00mKurentoWebSocketEventHandler WebSocketEventHandler.cpp:56:sendEvent:[00m Sending event: {"jsonrpc":"2.0","method":"onEvent","params":{"value":{"data":{"candidate":{"__module__":"kurento","__type__":"IceCandidate","candidate":"candidate:1 1 UDP 2013266431 172.20.0.9 10394 typ host","sdpMLineIndex":2,"sdpMid":"2"},"source":"4131a861-543a-4276-9274-52a19df74423_kurento.MediaPipeline/c170e879-7516-4269-b8e3-566cbcb1aa03_kurento.WebRtcEndpoint","tags":[],"timestamp":"1596444589","timestampMillis":"1596444589528","type":"OnIceCandidate"},"object":"4131a861-543a-4276-9274-52a19df74423_kurento.MediaPipeline/c170e879-7516-4269-b8e3-566cbcb1aa03_kurento.WebRtcEndpoint","type":"OnIceCandidate"}}}, sessionId: f6ce446e-f2a9-496f-94c5-83dbde0fb5f9
2:38:33.985184529 [333m   32[00m 0x7fe894001790 [37mDEBUG  [00m [00mKurentoWebSocketEventHandler WebSocketEventHandler.cpp:56:sendEvent:[00m Sending event: {"jsonrpc":"2.0","method":"onEvent","params":{"value":{"data":{"candidate":{"__module__":"kurento","__type__":"IceCandidate","candidate":"candidate:2 1 TCP 1015021823 172.20.0.9 9 typ host tcptype active","sdpMLineIndex":0,"sdpMid":"0"},"source":"4131a861-543a-4276-9274-52a19df74423_kurento.MediaPipeline/c170e879-7516-4269-b8e3-566cbcb1aa03_kurento.WebRtcEndpoint","tags":[],"timestamp":"1596444589","timestampMillis":"1596444589528","type":"OnIceCandidate"},"object":"4131a861-543a-4276-9274-52a19df74423_kurento.MediaPipeline/c170e879-7516-4269-b8e3-566cbcb1aa03_kurento.WebRtcEndpoint","type":"OnIceCandidate"}}}, sessionId: f6ce446e-f2a9-496f-94c5-83dbde0fb5f9
2:38:33.985293057 [333m   32[00m 0x7fe894001790 [37mDEBUG  [00m [00mKurentoWebSocketEventHandler WebSocketEventHandler.cpp:56:sendEvent:[00m Sending event: {"jsonrpc":"2.0","method":"onEvent","params":{"value":{"data":{"candidate":{"__module__":"kurento","__type__":"IceCandidate","candidate":"candidate:2 1 TCP 1015021823 172.20.0.9 9 typ host tcptype active","sdpMLineIndex":1,"sdpMid":"1"},"source":"4131a861-543a-4276-9274-52a19df74423_kurento.MediaPipeline/c170e879-7516-4269-b8e3-566cbcb1aa03_kurento.WebRtcEndpoint","tags":[],"timestamp":"1596444589","timestampMillis":"1596444589528","type":"OnIceCandidate"},"object":"4131a861-543a-4276-9274-52a19df74423_kurento.MediaPipeline/c170e879-7516-4269-b8e3-566cbcb1aa03_kurento.WebRtcEndpoint","type":"OnIceCandidate"}}}, sessionId: f6ce446e-f2a9-496f-94c5-83dbde0fb5f9
2:38:33.985394108 [333m   32[00m 0x7fe894001790 [37mDEBUG  [00m [00mKurentoWebSocketEventHandler WebSocketEventHandler.cpp:56:sendEvent:[00m Sending event: {"jsonrpc":"2.0","method":"onEvent","params":{"value":{"data":{"candidate":{"__module__":"kurento","__type__":"IceCandidate","candidate":"candidate:2 1 TCP 1015021823 172.20.0.9 9 typ host tcptype active","sdpMLineIndex":2,"sdpMid":"2"},"source":"4131a861-543a-4276-9274-52a19df74423_kurento.MediaPipeline/c170e879-7516-4269-b8e3-566cbcb1aa03_kurento.WebRtcEndpoint","tags":[],"timestamp":"1596444589","timestampMillis":"1596444589528","type":"OnIceCandidate"},"object":"4131a861-543a-4276-9274-52a19df74423_kurento.MediaPipeline/c170e879-7516-4269-b8e3-566cbcb1aa03_kurento.WebRtcEndpoint","type":"OnIceCandidate"}}}, sessionId: f6ce446e-f2a9-496f-94c5-83dbde0fb5f9
2:38:33.985496913 [333m   32[00m 0x7fe894001790 [37mDEBUG  [00m [00mKurentoWebSocketEventHandler WebSocketEventHandler.cpp:56:sendEvent:[00m Sending event: {"jsonrpc":"2.0","method":"onEvent","params":{"value":{"data":{"candidate":{"__module__":"kurento","__type__":"IceCandidate","candidate":"candidate:3 1 TCP 1010827519 172.20.0.9 10467 typ host tcptype passive","sdpMLineIndex":0,"sdpMid":"0"},"source":"4131a861-543a-4276-9274-52a19df74423_kurento.MediaPipeline/c170e879-7516-4269-b8e3-566cbcb1aa03_kurento.WebRtcEndpoint","tags":[],"timestamp":"1596444589","timestampMillis":"1596444589528","type":"OnIceCandidate"},"object":"4131a861-543a-4276-9274-52a19df74423_kurento.MediaPipeline/c170e879-7516-4269-b8e3-566cbcb1aa03_kurento.WebRtcEndpoint","type":"OnIceCandidate"}}}, sessionId: f6ce446e-f2a9-496f-94c5-83dbde0fb5f9
2:38:33.985616747 [333m   32[00m 0x7fe894001790 [37mDEBUG  [00m [00mKurentoWebSocketEventHandler WebSocketEventHandler.cpp:56:sendEvent:[00m Sending event: {"jsonrpc":"2.0","method":"onEvent","params":{"value":{"data":{"candidate":{"__module__":"kurento","__type__":"IceCandidate","candidate":"candidate:3 1 TCP 1010827519 172.20.0.9 10467 typ host tcptype passive","sdpMLineIndex":1,"sdpMid":"1"},"source":"4131a861-543a-4276-9274-52a19df74423_kurento.MediaPipeline/c170e879-7516-4269-b8e3-566cbcb1aa03_kurento.WebRtcEndpoint","tags":[],"timestamp":"1596444589","timestampMillis":"1596444589528","type":"OnIceCandidate"},"object":"4131a861-543a-4276-9274-52a19df74423_kurento.MediaPipeline/c170e879-7516-4269-b8e3-566cbcb1aa03_kurento.WebRtcEndpoint","type":"OnIceCandidate"}}}, sessionId: f6ce446e-f2a9-496f-94c5-83dbde0fb5f9
2:38:33.985719872 [333m   32[00m 0x7fe894001790 [37mDEBUG  [00m [00mKurentoWebSocketEventHandler WebSocketEventHandler.cpp:56:sendEvent:[00m Sending event: {"jsonrpc":"2.0","method":"onEvent","params":{"value":{"data":{"candidate":{"__module__":"kurento","__type__":"IceCandidate","candidate":"candidate:3 1 TCP 1010827519 172.20.0.9 10467 typ host tcptype passive","sdpMLineIndex":2,"sdpMid":"2"},"source":"4131a861-543a-4276-9274-52a19df74423_kurento.MediaPipeline/c170e879-7516-4269-b8e3-566cbcb1aa03_kurento.WebRtcEndpoint","tags":[],"timestamp":"1596444589","timestampMillis":"1596444589528","type":"OnIceCandidate"},"object":"4131a861-543a-4276-9274-52a19df74423_kurento.MediaPipeline/c170e879-7516-4269-b8e3-566cbcb1aa03_kurento.WebRtcEndpoint","type":"OnIceCandidate"}}}, sessionId: f6ce446e-f2a9-496f-94c5-83dbde0fb5f9
2:38:33.985816615 [333m   32[00m 0x7fe894001790 [37mDEBUG  [00m [00mKurentoWebSocketEventHandler WebSocketEventHandler.cpp:56:sendEvent:[00m Sending event: {"jsonrpc":"2.0","method":"onEvent","params":{"value":{"data":{"candidate":{"__module__":"kurento","__type__":"IceCandidate","candidate":"candidate:1 2 UDP 2013266430 172.20.0.9 10458 typ host","sdpMLineIndex":0,"sdpMid":"0"},"source":"4131a861-543a-4276-9274-52a19df74423_kurento.MediaPipeline/c170e879-7516-4269-b8e3-566cbcb1aa03_kurento.WebRtcEndpoint","tags":[],"timestamp":"1596444589","timestampMillis":"1596444589529","type":"OnIceCandidate"},"object":"4131a861-543a-4276-9274-52a19df74423_kurento.MediaPipeline/c170e879-7516-4269-b8e3-566cbcb1aa03_kurento.WebRtcEndpoint","type":"OnIceCandidate"}}}, sessionId: f6ce446e-f2a9-496f-94c5-83dbde0fb5f9
2:38:33.985915892 [333m   32[00m 0x7fe894001790 [37mDEBUG  [00m [00mKurentoWebSocketEventHandler WebSocketEventHandler.cpp:56:sendEvent:[00m Sending event: {"jsonrpc":"2.0","method":"onEvent","params":{"value":{"data":{"candidate":{"__module__":"kurento","__type__":"IceCandidate","candidate":"candidate:1 2 UDP 2013266430 172.20.0.9 10458 typ host","sdpMLineIndex":1,"sdpMid":"1"},"source":"4131a861-543a-4276-9274-52a19df74423_kurento.MediaPipeline/c170e879-7516-4269-b8e3-566cbcb1aa03_kurento.WebRtcEndpoint","tags":[],"timestamp":"1596444589","timestampMillis":"1596444589529","type":"OnIceCandidate"},"object":"4131a861-543a-4276-9274-52a19df74423_kurento.MediaPipeline/c170e879-7516-4269-b8e3-566cbcb1aa03_kurento.WebRtcEndpoint","type":"OnIceCandidate"}}}, sessionId: f6ce446e-f2a9-496f-94c5-83dbde0fb5f9
2:38:33.986013662 [333m   32[00m 0x7fe894001790 [37mDEBUG  [00m [00mKurentoWebSocketEventHandler WebSocketEventHandler.cpp:56:sendEvent:[00m Sending event: {"jsonrpc":"2.0","method":"onEvent","params":{"value":{"data":{"candidate":{"__module__":"kurento","__type__":"IceCandidate","candidate":"candidate:1 2 UDP 2013266430 172.20.0.9 10458 typ host","sdpMLineIndex":2,"sdpMid":"2"},"source":"4131a861-543a-4276-9274-52a19df74423_kurento.MediaPipeline/c170e879-7516-4269-b8e3-566cbcb1aa03_kurento.WebRtcEndpoint","tags":[],"timestamp":"1596444589","timestampMillis":"1596444589529","type":"OnIceCandidate"},"object":"4131a861-543a-4276-9274-52a19df74423_kurento.MediaPipeline/c170e879-7516-4269-b8e3-566cbcb1aa03_kurento.WebRtcEndpoint","type":"OnIceCandidate"}}}, sessionId: f6ce446e-f2a9-496f-94c5-83dbde0fb5f9
