2:06:52.111246329 [334m   45[00m 0x7fa4c0001780 [37mDEBUG  [00m [00mKurentoWebSocketEventHandler WebSocketEventHandler.cpp:56:sendEvent:[00m Sending event: {"jsonrpc":"2.0","method":"onEvent","params":{"value":{"data":{"candidate":{"__module__":"kurento","__type__":"IceCandidate","candidate":"candidate:9 1 TCP 847249663 203.151.20.94 9 typ srflx raddr 172.20.0.9 rport 9 tcptype active","sdpMLineIndex":2,"sdpMid":"2"},"source":"1429b6f3-0412-46b4-a1ce-d5c6bd7c854b_kurento.MediaPipeline/3c302403-34d6-4998-bc24-dbf25a791485_kurento.WebRtcEndpoint","tags":[],"timestamp":"1597047464","timestampMillis":"1597047464959","type":"OnIceCandidate"},"object":"1429b6f3-0412-46b4-a1ce-d5c6bd7c854b_kurento.MediaPipeline/3c302403-34d6-4998-bc24-dbf25a791485_kurento.WebRtcEndpoint","type":"OnIceCandidate"}}}, sessionId: cd8e203a-f67e-4e93-a512-1883939aa1b7
2:06:52.111362881 [334m   45[00m 0x7fa4c0001780 [37mDEBUG  [00m [00mKurentoWebSocketEventHandler WebSocketEventHandler.cpp:56:sendEvent:[00m Sending event: {"jsonrpc":"2.0","method":"onEvent","params":{"value":{"data":{"candidate":{"__module__":"kurento","__type__":"IceCandidate","candidate":"candidate:10 1 TCP 843055359 203.151.20.94 10277 typ srflx raddr 172.20.0.9 rport 10277 tcptype passive","sdpMLineIndex":0,"sdpMid":"0"},"source":"1429b6f3-0412-46b4-a1ce-d5c6bd7c854b_kurento.MediaPipeline/3c302403-34d6-4998-bc24-dbf25a791485_kurento.WebRtcEndpoint","tags":[],"timestamp":"1597047464","timestampMillis":"1597047464959","type":"OnIceCandidate"},"object":"1429b6f3-0412-46b4-a1ce-d5c6bd7c854b_kurento.MediaPipeline/3c302403-34d6-4998-bc24-dbf25a791485_kurento.WebRtcEndpoint","type":"OnIceCandidate"}}}, sessionId: cd8e203a-f67e-4e93-a512-1883939aa1b7
2:06:52.111512168 [334m   45[00m 0x7fa4c0001780 [37mDEBUG  [00m [00mKurentoWebSocketEventHandler WebSocketEventHandler.cpp:56:sendEvent:[00m Sending event: {"jsonrpc":"2.0","method":"onEvent","params":{"value":{"data":{"candidate":{"__module__":"kurento","__type__":"IceCandidate","candidate":"candidate:10 1 TCP 843055359 203.151.20.94 10277 typ srflx raddr 172.20.0.9 rport 10277 tcptype passive","sdpMLineIndex":1,"sdpMid":"1"},"source":"1429b6f3-0412-46b4-a1ce-d5c6bd7c854b_kurento.MediaPipeline/3c302403-34d6-4998-bc24-dbf25a791485_kurento.WebRtcEndpoint","tags":[],"timestamp":"1597047464","timestampMillis":"1597047464959","type":"OnIceCandidate"},"object":"1429b6f3-0412-46b4-a1ce-d5c6bd7c854b_kurento.MediaPipeline/3c302403-34d6-4998-bc24-dbf25a791485_kurento.WebRtcEndpoint","type":"OnIceCandidate"}}}, sessionId: cd8e203a-f67e-4e93-a512-1883939aa1b7
2:06:52.111636851 [334m   45[00m 0x7fa4c0001780 [37mDEBUG  [00m [00mKurentoWebSocketEventHandler WebSocketEventHandler.cpp:56:sendEvent:[00m Sending event: {"jsonrpc":"2.0","method":"onEvent","params":{"value":{"data":{"candidate":{"__module__":"kurento","__type__":"IceCandidate","candidate":"candidate:10 1 TCP 843055359 203.151.20.94 10277 typ srflx raddr 172.20.0.9 rport 10277 tcptype passive","sdpMLineIndex":2,"sdpMid":"2"},"source":"1429b6f3-0412-46b4-a1ce-d5c6bd7c854b_kurento.MediaPipeline/3c302403-34d6-4998-bc24-dbf25a791485_kurento.WebRtcEndpoint","tags":[],"timestamp":"1597047464","timestampMillis":"1597047464959","type":"OnIceCandidate"},"object":"1429b6f3-0412-46b4-a1ce-d5c6bd7c854b_kurento.MediaPipeline/3c302403-34d6-4998-bc24-dbf25a791485_kurento.WebRtcEndpoint","type":"OnIceCandidate"}}}, sessionId: cd8e203a-f67e-4e93-a512-1883939aa1b7
2:06:52.114162322 [334m   45[00m 0x7fa4e0001b50 [37mDEBUG  [00m [00mKurentoWebSocketTransport WebSocketTransport.cpp:460:processMessage:[00m Message: {"jsonrpc":"2.0","method":"invoke","params":{"object":"1429b6f3-0412-46b4-a1ce-d5c6bd7c854b_kurento.MediaPipeline/3c302403-34d6-4998-bc24-dbf25a791485_kurento.WebRtcEndpoint","operation":"addIceCandidate","operationParams":{"candidate":{"candidate":"candidate:1 2 UDP 1686052862 182.232.132.219 59385 typ srflx raddr 192.168.1.133 rport 59385","sdpMid":"0","sdpMLineIndex":0,"__module__":"kurento","__type__":"IceCandidate"}},"sessionId":"cd8e203a-f67e-4e93-a512-1883939aa1b7"},"id":283}
2:06:52.114597137 [334m   45[00m 0x7fa4e0001b50 [37mDEBUG  [00m [00mKurentoWebSocketTransport WebSocketTransport.cpp:462:processMessage:[00m Response: {"id":283,"jsonrpc":"2.0","result":{"sessionId":"cd8e203a-f67e-4e93-a512-1883939aa1b7","value":null}}
2:06:52.115633976 [334m   45[00m 0x7fa520001c90 [37mDEBUG  [00m [00mKurentoWebSocketTransport WebSocketTransport.cpp:460:processMessage:[00m Message: {"jsonrpc":"2.0","method":"invoke","params":{"object":"1429b6f3-0412-46b4-a1ce-d5c6bd7c854b_kurento.MediaPipeline/3c302403-34d6-4998-bc24-dbf25a791485_kurento.WebRtcEndpoint","operation":"addIceCandidate","operationParams":{"candidate":{"candidate":"","sdpMid":"0","sdpMLineIndex":0,"__module__":"kurento","__type__":"IceCandidate"}},"sessionId":"cd8e203a-f67e-4e93-a512-1883939aa1b7"},"id":284}
2:06:52.116053047 [334m   45[00m 0x7fa520001c90 [37mDEBUG  [00m [00mKurentoWebSocketTransport WebSocketTransport.cpp:462:processMessage:[00m Response: {"error":{"code":40401,"data":{"type":"ICE_ADD_CANDIDATE_ERROR"},"message":"Error adding candidate"},"id":284,"jsonrpc":"2.0"}
2:06:52.184008598 [334m   45[00m 0x7fa508003720 [37mDEBUG  [00m [00mKurentoWebRtcEndpointImpl WebRtcEndpointImpl.cpp:292:newSelectedPairFull:<kmswebrtcendpoint10>[00m New candidate pair selected, local: 'candidate:8 1 UDP 1677722111 203.151.20.94 10296 typ srflx raddr 172.20.0.9 rport 10296', remote: 'candidate:1 1 UDP 1686052863 182.232.132.219 63630 typ srflx raddr 192.168.1.133 rport 63630', stream_id: '1', component_id: 1
2:06:53.067078006 [334m   45[00m 0x7fa398004320 [37mDEBUG  [00m [00mKurentoMediaElementImpl MediaElementImpl.cpp:492:mediaFlowInStateChange:<kmswebrtcendpoint10>[00m MediaFlowInStateChange: FLOWING, pad: 'default', type: 'audio'
2:07:00.521203169 [334m   45[00m 0x7fa4e0001410 [36mINFO   [00m [00mKurentoWebSocketTransport WebSocketTransport.cpp:296:keepAliveSessions:[00m Keep alive cd8e203a-f67e-4e93-a512-1883939aa1b7
2:07:01.062621200 [334m   45[00m 0x7fa524002180 [37mDEBUG  [00m [00mKurentoWebSocketTransport WebSocketTransport.cpp:460:processMessage:[00m Message: {"jsonrpc":"2.0","method":"ping","id":285}
2:07:01.062809650 [334m   45[00m 0x7fa524002180 [36mINFO   [00m [00mKurentoServerMethods ServerMethods.cpp:814:ping:[00m WebSocket Ping/Pong with sessionId cd8e203a-f67e-4e93-a512-1883939aa1b7
2:07:01.063168594 [334m   45[00m 0x7fa524002180 [37mDEBUG  [00m [00mKurentoWebSocketTransport WebSocketTransport.cpp:462:processMessage:[00m Response: {"id":285,"jsonrpc":"2.0","result":{"sessionId":"cd8e203a-f67e-4e93-a512-1883939aa1b7","value":"pong"}}
2:08:00.491915410 [334m   45[00m 0x7fa518001c30 [37mDEBUG  [00m [00m     KurentoMediaSet MediaSet.cpp:123:doGarbageCollection:[00m Running garbage collector
2:08:00.521401923 [334m   45[00m 0x7fa4e0001410 [36mINFO   [00m [00mKurentoWebSocketTransport WebSocketTransport.cpp:296:keepAliveSessions:[00m Keep alive cd8e203a-f67e-4e93-a512-1883939aa1b7
2:08:01.063227111 [334m   45[00m 0x7fa528001840 [37mDEBUG  [00m [00mKurentoWebSocketTransport WebSocketTransport.cpp:460:processMessage:[00m Message: {"jsonrpc":"2.0","method":"ping","id":286}
2:08:01.063407749 [334m   45[00m 0x7fa528001840 [36mINFO   [00m [00mKurentoServerMethods ServerMethods.cpp:814:ping:[00m WebSocket Ping/Pong with sessionId cd8e203a-f67e-4e93-a512-1883939aa1b7
2:08:01.063552122 [334m   45[00m 0x7fa528001840 [37mDEBUG  [00m [00mKurentoWebSocketTransport WebSocketTransport.cpp:462:processMessage:[00m Response: {"id":286,"jsonrpc":"2.0","result":{"sessionId":"cd8e203a-f67e-4e93-a512-1883939aa1b7","value":"pong"}}
2:09:00.521586394 [334m   45[00m 0x7fa4e0001410 [36mINFO   [00m [00mKurentoWebSocketTransport WebSocketTransport.cpp:296:keepAliveSessions:[00m Keep alive cd8e203a-f67e-4e93-a512-1883939aa1b7
2:09:01.064395232 [334m   45[00m 0x7fa52c0072f0 [37mDEBUG  [00m [00mKurentoWebSocketTransport WebSocketTransport.cpp:460:processMessage:[00m Message: {"jsonrpc":"2.0","method":"ping","id":287}
2:09:01.064816851 [334m   45[00m 0x7fa52c0072f0 [36mINFO   [00m [00mKurentoServerMethods ServerMethods.cpp:814:ping:[00m WebSocket Ping/Pong with sessionId cd8e203a-f67e-4e93-a512-1883939aa1b7
2:09:01.064955201 [334m   45[00m 0x7fa52c0072f0 [37mDEBUG  [00m [00mKurentoWebSocketTransport WebSocketTransport.cpp:462:processMessage:[00m Response: {"id":287,"jsonrpc":"2.0","result":{"sessionId":"cd8e203a-f67e-4e93-a512-1883939aa1b7","value":"pong"}}
2:10:00.521779338 [334m   45[00m 0x7fa4e0001410 [36mINFO   [00m [00mKurentoWebSocketTransport WebSocketTransport.cpp:296:keepAliveSessions:[00m Keep alive cd8e203a-f67e-4e93-a512-1883939aa1b7
2:10:01.065519933 [334m   45[00m 0x7fa514001c60 [37mDEBUG  [00m [00mKurentoWebSocketTransport WebSocketTransport.cpp:460:processMessage:[00m Message: {"jsonrpc":"2.0","method":"ping","id":288}
2:10:01.065696506 [334m   45[00m 0x7fa514001c60 [36mINFO   [00m [00mKurentoServerMethods ServerMethods.cpp:814:ping:[00m WebSocket Ping/Pong with sessionId cd8e203a-f67e-4e93-a512-1883939aa1b7
2:10:01.065834235 [334m   45[00m 0x7fa514001c60 [37mDEBUG  [00m [00mKurentoWebSocketTransport WebSocketTransport.cpp:462:processMessage:[00m Response: {"id":288,"jsonrpc":"2.0","result":{"sessionId":"cd8e203a-f67e-4e93-a512-1883939aa1b7","value":"pong"}}
2:10:38.579206903 [334m   45[00m 0x7fa508006280 [37mDEBUG  [00m [00mKurentoMediaElementImpl MediaElementImpl.cpp:464:mediaFlowOutStateChange:<kmssenddata0>[00m MediaFlowOutStateChange: NOT FLOWING, pad: 'default', type: 'audio'
2:10:38.579284427 [334m   45[00m 0x7fa508006280 [37mDEBUG  [00m [00mKurentoMediaElementImpl MediaElementImpl.cpp:496:mediaFlowInStateChange:<kmssenddata0>[00m MediaFlowInStateChange: NOT FLOWING, pad: 'default', type: 'audio'
2:10:38.579306893 [334m   45[00m 0x7fa508006280 [37mDEBUG  [00m [00mKurentoMediaElementImpl MediaElementImpl.cpp:496:mediaFlowInStateChange:<kmsrecorderendpoint0>[00m MediaFlowInStateChange: NOT FLOWING, pad: 'default', type: 'audio'
2:10:38.579332568 [334m   45[00m 0x7fa508006280 [37mDEBUG  [00m [00mKurentoMediaElementImpl MediaElementImpl.cpp:496:mediaFlowInStateChange:<kmswebrtcendpoint1>[00m MediaFlowInStateChange: NOT FLOWING, pad: 'default', type: 'audio'
2:10:38.579349668 [334m   45[00m 0x7fa508006280 [37mDEBUG  [00m [00mKurentoMediaElementImpl MediaElementImpl.cpp:496:mediaFlowInStateChange:<kmswebrtcendpoint2>[00m MediaFlowInStateChange: NOT FLOWING, pad: 'default', type: 'audio'
2:10:38.579371604 [334m   45[00m 0x7fa508006280 [37mDEBUG  [00m [00mKurentoMediaElementImpl MediaElementImpl.cpp:496:mediaFlowInStateChange:<kmswebrtcendpoint3>[00m MediaFlowInStateChange: NOT FLOWING, pad: 'default', type: 'audio'
2:10:38.579388344 [334m   45[00m 0x7fa508006280 [37mDEBUG  [00m [00mKurentoMediaElementImpl MediaElementImpl.cpp:496:mediaFlowInStateChange:<kmswebrtcendpoint4>[00m MediaFlowInStateChange: NOT FLOWING, pad: 'default', type: 'audio'
2:10:38.579405706 [334m   45[00m 0x7fa508006280 [37mDEBUG  [00m [00mKurentoMediaElementImpl MediaElementImpl.cpp:496:mediaFlowInStateChange:<kmswebrtcendpoint7>[00m MediaFlowInStateChange: NOT FLOWING, pad: 'default', type: 'audio'
2:10:38.579422134 [334m   45[00m 0x7fa508006280 [37mDEBUG  [00m [00mKurentoMediaElementImpl MediaElementImpl.cpp:496:mediaFlowInStateChange:<kmswebrtcendpoint8>[00m MediaFlowInStateChange: NOT FLOWING, pad: 'default', type: 'audio'
2:10:39.222165781 [334m   45[00m 0x7fa508006280 [37mDEBUG  [00m [00mKurentoMediaElementImpl MediaElementImpl.cpp:496:mediaFlowInStateChange:<kmswebrtcendpoint10>[00m MediaFlowInStateChange: NOT FLOWING, pad: 'default', type: 'audio'
2:10:39.357457832 [334m   45[00m 0x7fa508006280 [37mDEBUG  [00m [00mKurentoMediaElementImpl MediaElementImpl.cpp:464:mediaFlowOutStateChange:<kmswebrtcendpoint0>[00m MediaFlowOutStateChange: NOT FLOWING, pad: 'default', type: 'audio'
2:10:52.750260239 [334m   45[00m 0x7fa50c001810 [37mDEBUG  [00m [00mKurentoWebSocketTransport WebSocketTransport.cpp:460:processMessage:[00m Message: {"jsonrpc":"2.0","method":"release","params":{"object":"1429b6f3-0412-46b4-a1ce-d5c6bd7c854b_kurento.MediaPipeline/8c7c18d3-4eaa-44a9-9d66-670036b55d16_kurento.WebRtcEndpoint","sessionId":"cd8e203a-f67e-4e93-a512-1883939aa1b7"},"id":289}
2:10:52.750882673 [334m   45[00m 0x7fa50c001810 [37mDEBUG  [00m [00mKurentoWebSocketTransport WebSocketTransport.cpp:462:processMessage:[00m Response: {"id":289,"jsonrpc":"2.0","result":{"sessionId":"cd8e203a-f67e-4e93-a512-1883939aa1b7"}}
2:10:52.750890825 [334m   45[00m 0x7fa544001860 [37mDEBUG  [00m [00mKurentoMediaElementImpl MediaElementImpl.cpp:1028:disconnect:[00m Disconnecting 1429b6f3-0412-46b4-a1ce-d5c6bd7c854b_kurento.MediaPipeline/88d69018-a266-4271-8277-644a2159fcc9_datachannelexample.KmsSendData - 1429b6f3-0412-46b4-a1ce-d5c6bd7c854b_kurento.MediaPipeline/8c7c18d3-4eaa-44a9-9d66-670036b55d16_kurento.WebRtcEndpoint params AUDIO default default
2:10:52.751577327 [334m   45[00m 0x7fa544001860 [37mDEBUG  [00m [00mKurentoMediaElementImpl MediaElementImpl.cpp:1028:disconnect:[00m Disconnecting 1429b6f3-0412-46b4-a1ce-d5c6bd7c854b_kurento.MediaPipeline/88d69018-a266-4271-8277-644a2159fcc9_datachannelexample.KmsSendData - 1429b6f3-0412-46b4-a1ce-d5c6bd7c854b_kurento.MediaPipeline/8c7c18d3-4eaa-44a9-9d66-670036b55d16_kurento.WebRtcEndpoint params DATA default default
2:10:52.751659925 [334m   45[00m 0x7fa544001860 [37mDEBUG  [00m [00mKurentoMediaElementImpl MediaElementImpl.cpp:1028:disconnect:[00m Disconnecting 1429b6f3-0412-46b4-a1ce-d5c6bd7c854b_kurento.MediaPipeline/88d69018-a266-4271-8277-644a2159fcc9_datachannelexample.KmsSendData - 1429b6f3-0412-46b4-a1ce-d5c6bd7c854b_kurento.MediaPipeline/8c7c18d3-4eaa-44a9-9d66-670036b55d16_kurento.WebRtcEndpoint params VIDEO default default
2:10:52.752062930 [334m   45[00m 0x7fa544001860 [37mDEBUG  [00m [00m     KurentoMediaSet MediaSet.cpp:470:async_delete:[00m Destroying WebRtcEndpoint -> 1429b6f3-0412-46b4-a1ce-d5c6bd7c854b_kurento.MediaPipeline/8c7c18d3-4eaa-44a9-9d66-670036b55d16_kurento.WebRtcEndpoint
2:10:52.753991330 [334m   45[00m 0x7fa51c001b20 [37mDEBUG  [00m [00mKurentoWebSocketTransport WebSocketTransport.cpp:460:processMessage:[00m Message: {"jsonrpc":"2.0","method":"unsubscribe","params":{"object":"1429b6f3-0412-46b4-a1ce-d5c6bd7c854b_kurento.MediaPipeline/8c7c18d3-4eaa-44a9-9d66-670036b55d16_kurento.WebRtcEndpoint","subscription":"49604d5c-1ea5-4df3-8698-6d62c632a48b","sessionId":"cd8e203a-f67e-4e93-a512-1883939aa1b7"},"id":290}
2:10:52.754445807 [334m   45[00m 0x7fa51c001b20 [37mDEBUG  [00m [00mKurentoWebSocketTransport WebSocketTransport.cpp:462:processMessage:[00m Response: {"id":290,"jsonrpc":"2.0","result":{"sessionId":"cd8e203a-f67e-4e93-a512-1883939aa1b7"}}
2:10:54.287427205 [334m   45[00m 0x7fa4e4001790 [37mDEBUG  [00m [00mKurentoWebSocketTransport WebSocketTransport.cpp:460:processMessage:[00m Message: {"jsonrpc":"2.0","method":"release","params":{"object":"1429b6f3-0412-46b4-a1ce-d5c6bd7c854b_kurento.MediaPipeline/f7fd2f2e-08c4-43c0-a762-1c30a00ece30_kurento.WebRtcEndpoint","sessionId":"cd8e203a-f67e-4e93-a512-1883939aa1b7"},"id":291}
2:10:54.287892285 [334m   45[00m 0x7fa4e4001790 [37mDEBUG  [00m [00mKurentoWebSocketTransport WebSocketTransport.cpp:462:processMessage:[00m Response: {"id":291,"jsonrpc":"2.0","result":{"sessionId":"cd8e203a-f67e-4e93-a512-1883939aa1b7"}}
2:10:54.287896647 [334m   45[00m 0x7fa558001780 [37mDEBUG  [00m [00mKurentoMediaElementImpl MediaElementImpl.cpp:1028:disconnect:[00m Disconnecting 1429b6f3-0412-46b4-a1ce-d5c6bd7c854b_kurento.MediaPipeline/88d69018-a266-4271-8277-644a2159fcc9_datachannelexample.KmsSendData - 1429b6f3-0412-46b4-a1ce-d5c6bd7c854b_kurento.MediaPipeline/f7fd2f2e-08c4-43c0-a762-1c30a00ece30_kurento.WebRtcEndpoint params AUDIO default default
2:10:54.288214688 [334m   45[00m 0x7fa558001780 [37mDEBUG  [00m [00mKurentoMediaElementImpl MediaElementImpl.cpp:1028:disconnect:[00m Disconnecting 1429b6f3-0412-46b4-a1ce-d5c6bd7c854b_kurento.MediaPipeline/88d69018-a266-4271-8277-644a2159fcc9_datachannelexample.KmsSendData - 1429b6f3-0412-46b4-a1ce-d5c6bd7c854b_kurento.MediaPipeline/f7fd2f2e-08c4-43c0-a762-1c30a00ece30_kurento.WebRtcEndpoint params DATA default default
2:10:54.288281397 [334m   45[00m 0x7fa558001780 [37mDEBUG  [00m [00mKurentoMediaElementImpl MediaElementImpl.cpp:1028:disconnect:[00m Disconnecting 1429b6f3-0412-46b4-a1ce-d5c6bd7c854b_kurento.MediaPipeline/88d69018-a266-4271-8277-644a2159fcc9_datachannelexample.KmsSendData - 1429b6f3-0412-46b4-a1ce-d5c6bd7c854b_kurento.MediaPipeline/f7fd2f2e-08c4-43c0-a762-1c30a00ece30_kurento.WebRtcEndpoint params VIDEO default default
2:10:54.288438406 [334m   45[00m 0x7fa558001780 [37mDEBUG  [00m [00m     KurentoMediaSet MediaSet.cpp:470:async_delete:[00m Destroying WebRtcEndpoint -> 1429b6f3-0412-46b4-a1ce-d5c6bd7c854b_kurento.MediaPipeline/f7fd2f2e-08c4-43c0-a762-1c30a00ece30_kurento.WebRtcEndpoint
2:10:54.289247664 [334m   45[00m 0x7fa510001cc0 [37mDEBUG  [00m [00mKurentoWebSocketTransport WebSocketTransport.cpp:460:processMessage:[00m Message: {"jsonrpc":"2.0","method":"unsubscribe","params":{"object":"1429b6f3-0412-46b4-a1ce-d5c6bd7c854b_kurento.MediaPipeline/f7fd2f2e-08c4-43c0-a762-1c30a00ece30_kurento.WebRtcEndpoint","subscription":"8fb34efc-43a1-4c2b-8fc1-70d0d983a6fa","sessionId":"cd8e203a-f67e-4e93-a512-1883939aa1b7"},"id":292}
2:10:54.289525361 [334m   45[00m 0x7fa510001cc0 [37mDEBUG  [00m [00mKurentoWebSocketTransport WebSocketTransport.cpp:462:processMessage:[00m Response: {"id":292,"jsonrpc":"2.0","result":{"sessionId":"cd8e203a-f67e-4e93-a512-1883939aa1b7"}}
2:11:00.521972901 [334m   45[00m 0x7fa4e0001410 [36mINFO   [00m [00mKurentoWebSocketTransport WebSocketTransport.cpp:296:keepAliveSessions:[00m Keep alive cd8e203a-f67e-4e93-a512-1883939aa1b7
2:11:01.066697569 [334m   45[00m 0x7fa4e0001b50 [37mDEBUG  [00m [00mKurentoWebSocketTransport WebSocketTransport.cpp:460:processMessage:[00m Message: {"jsonrpc":"2.0","method":"ping","id":293}
2:11:01.067136846 [334m   45[00m 0x7fa4e0001b50 [36mINFO   [00m [00mKurentoServerMethods ServerMethods.cpp:814:ping:[00m WebSocket Ping/Pong with sessionId cd8e203a-f67e-4e93-a512-1883939aa1b7
2:11:01.067273256 [334m   45[00m 0x7fa4e0001b50 [37mDEBUG  [00m [00mKurentoWebSocketTransport WebSocketTransport.cpp:462:processMessage:[00m Response: {"id":293,"jsonrpc":"2.0","result":{"sessionId":"cd8e203a-f67e-4e93-a512-1883939aa1b7","value":"pong"}}
2:11:01.467971477 [334m   45[00m 0x7fa520001c90 [37mDEBUG  [00m [00mKurentoWebSocketTransport WebSocketTransport.cpp:460:processMessage:[00m Message: {"jsonrpc":"2.0","method":"release","params":{"object":"1429b6f3-0412-46b4-a1ce-d5c6bd7c854b_kurento.MediaPipeline/3c302403-34d6-4998-bc24-dbf25a791485_kurento.WebRtcEndpoint","sessionId":"cd8e203a-f67e-4e93-a512-1883939aa1b7"},"id":294}
2:11:01.468694410 [334m   45[00m 0x7fa520001c90 [37mDEBUG  [00m [00mKurentoWebSocketTransport WebSocketTransport.cpp:462:processMessage:[00m Response: {"id":294,"jsonrpc":"2.0","result":{"sessionId":"cd8e203a-f67e-4e93-a512-1883939aa1b7"}}
2:11:01.468704800 [334m   45[00m 0x7fa530001900 [37mDEBUG  [00m [00mKurentoMediaElementImpl MediaElementImpl.cpp:1028:disconnect:[00m Disconnecting 1429b6f3-0412-46b4-a1ce-d5c6bd7c854b_kurento.MediaPipeline/88d69018-a266-4271-8277-644a2159fcc9_datachannelexample.KmsSendData - 1429b6f3-0412-46b4-a1ce-d5c6bd7c854b_kurento.MediaPipeline/3c302403-34d6-4998-bc24-dbf25a791485_kurento.WebRtcEndpoint params AUDIO default default
2:11:01.469238801 [334m   45[00m 0x7fa530001900 [37mDEBUG  [00m [00mKurentoMediaElementImpl MediaElementImpl.cpp:1028:disconnect:[00m Disconnecting 1429b6f3-0412-46b4-a1ce-d5c6bd7c854b_kurento.MediaPipeline/88d69018-a266-4271-8277-644a2159fcc9_datachannelexample.KmsSendData - 1429b6f3-0412-46b4-a1ce-d5c6bd7c854b_kurento.MediaPipeline/3c302403-34d6-4998-bc24-dbf25a791485_kurento.WebRtcEndpoint params DATA default default
2:11:01.469317469 [334m   45[00m 0x7fa530001900 [37mDEBUG  [00m [00mKurentoMediaElementImpl MediaElementImpl.cpp:1028:disconnect:[00m Disconnecting 1429b6f3-0412-46b4-a1ce-d5c6bd7c854b_kurento.MediaPipeline/88d69018-a266-4271-8277-644a2159fcc9_datachannelexample.KmsSendData - 1429b6f3-0412-46b4-a1ce-d5c6bd7c854b_kurento.MediaPipeline/3c302403-34d6-4998-bc24-dbf25a791485_kurento.WebRtcEndpoint params VIDEO default default
2:11:01.469442679 [334m   45[00m 0x7fa530001900 [37mDEBUG  [00m [00m     KurentoMediaSet MediaSet.cpp:470:async_delete:[00m Destroying WebRtcEndpoint -> 1429b6f3-0412-46b4-a1ce-d5c6bd7c854b_kurento.MediaPipeline/3c302403-34d6-4998-bc24-dbf25a791485_kurento.WebRtcEndpoint
2:11:01.472413494 [334m   45[00m 0x7fa524002180 [37mDEBUG  [00m [00mKurentoWebSocketTransport WebSocketTransport.cpp:460:processMessage:[00m Message: {"jsonrpc":"2.0","method":"unsubscribe","params":{"object":"1429b6f3-0412-46b4-a1ce-d5c6bd7c854b_kurento.MediaPipeline/3c302403-34d6-4998-bc24-dbf25a791485_kurento.WebRtcEndpoint","subscription":"3c830caf-3832-4177-9b35-355ff6618e67","sessionId":"cd8e203a-f67e-4e93-a512-1883939aa1b7"},"id":295}
2:11:01.472634192 [334m   45[00m 0x7fa524002180 [37mDEBUG  [00m [00mKurentoWebSocketTransport WebSocketTransport.cpp:462:processMessage:[00m Response: {"id":295,"jsonrpc":"2.0","result":{"sessionId":"cd8e203a-f67e-4e93-a512-1883939aa1b7"}}
2:11:03.421977633 [334m   45[00m 0x7fa528001840 [37mDEBUG  [00m [00mKurentoWebSocketTransport WebSocketTransport.cpp:460:processMessage:[00m Message: {"jsonrpc":"2.0","method":"release","params":{"object":"1429b6f3-0412-46b4-a1ce-d5c6bd7c854b_kurento.MediaPipeline/648beede-5325-41a6-9d14-59707158bcc5_kurento.WebRtcEndpoint","sessionId":"cd8e203a-f67e-4e93-a512-1883939aa1b7"},"id":296}
2:11:03.422498917 [334m   45[00m 0x7fa548001920 [37mDEBUG  [00m [00mKurentoMediaElementImpl MediaElementImpl.cpp:1028:disconnect:[00m Disconnecting 1429b6f3-0412-46b4-a1ce-d5c6bd7c854b_kurento.MediaPipeline/88d69018-a266-4271-8277-644a2159fcc9_datachannelexample.KmsSendData - 1429b6f3-0412-46b4-a1ce-d5c6bd7c854b_kurento.MediaPipeline/648beede-5325-41a6-9d14-59707158bcc5_kurento.WebRtcEndpoint params AUDIO default default
2:11:03.422520342 [334m   45[00m 0x7fa528001840 [37mDEBUG  [00m [00mKurentoWebSocketTransport WebSocketTransport.cpp:462:processMessage:[00m Response: {"id":296,"jsonrpc":"2.0","result":{"sessionId":"cd8e203a-f67e-4e93-a512-1883939aa1b7"}}
2:11:03.423071084 [334m   45[00m 0x7fa548001920 [37mDEBUG  [00m [00mKurentoMediaElementImpl MediaElementImpl.cpp:1028:disconnect:[00m Disconnecting 1429b6f3-0412-46b4-a1ce-d5c6bd7c854b_kurento.MediaPipeline/88d69018-a266-4271-8277-644a2159fcc9_datachannelexample.KmsSendData - 1429b6f3-0412-46b4-a1ce-d5c6bd7c854b_kurento.MediaPipeline/648beede-5325-41a6-9d14-59707158bcc5_kurento.WebRtcEndpoint params DATA default default
2:11:03.423146507 [334m   45[00m 0x7fa548001920 [37mDEBUG  [00m [00mKurentoMediaElementImpl MediaElementImpl.cpp:1028:disconnect:[00m Disconnecting 1429b6f3-0412-46b4-a1ce-d5c6bd7c854b_kurento.MediaPipeline/88d69018-a266-4271-8277-644a2159fcc9_datachannelexample.KmsSendData - 1429b6f3-0412-46b4-a1ce-d5c6bd7c854b_kurento.MediaPipeline/648beede-5325-41a6-9d14-59707158bcc5_kurento.WebRtcEndpoint params VIDEO default default
2:11:03.423271531 [334m   45[00m 0x7fa548001920 [37mDEBUG  [00m [00m     KurentoMediaSet MediaSet.cpp:470:async_delete:[00m Destroying WebRtcEndpoint -> 1429b6f3-0412-46b4-a1ce-d5c6bd7c854b_kurento.MediaPipeline/648beede-5325-41a6-9d14-59707158bcc5_kurento.WebRtcEndpoint
2:11:03.424359637 [334m   45[00m 0x7fa52c0072f0 [37mDEBUG  [00m [00mKurentoWebSocketTransport WebSocketTransport.cpp:460:processMessage:[00m Message: {"jsonrpc":"2.0","method":"unsubscribe","params":{"object":"1429b6f3-0412-46b4-a1ce-d5c6bd7c854b_kurento.MediaPipeline/648beede-5325-41a6-9d14-59707158bcc5_kurento.WebRtcEndpoint","subscription":"697b6e4a-16a2-4a40-9572-24bd20fe5b87","sessionId":"cd8e203a-f67e-4e93-a512-1883939aa1b7"},"id":297}
2:11:03.424602374 [334m   45[00m 0x7fa52c0072f0 [37mDEBUG  [00m [00mKurentoWebSocketTransport WebSocketTransport.cpp:462:processMessage:[00m Response: {"id":297,"jsonrpc":"2.0","result":{"sessionId":"cd8e203a-f67e-4e93-a512-1883939aa1b7"}}
2:11:31.825705602 [334m   45[00m 0x7fa514001c60 [37mDEBUG  [00m [00mKurentoWebSocketTransport WebSocketTransport.cpp:460:processMessage:[00m Message: {"jsonrpc":"2.0","method":"release","params":{"object":"1429b6f3-0412-46b4-a1ce-d5c6bd7c854b_kurento.MediaPipeline/33986fbb-a6cb-4aa1-86e2-8c2fdee021bd_kurento.WebRtcEndpoint","sessionId":"cd8e203a-f67e-4e93-a512-1883939aa1b7"},"id":298}
2:11:31.826068381 [334m   45[00m 0x7fa514001c60 [37mDEBUG  [00m [00mKurentoWebSocketTransport WebSocketTransport.cpp:462:processMessage:[00m Response: {"id":298,"jsonrpc":"2.0","result":{"sessionId":"cd8e203a-f67e-4e93-a512-1883939aa1b7"}}
2:11:31.826053106 [334m   45[00m 0x7fa5400018c0 [37mDEBUG  [00m [00mKurentoMediaElementImpl MediaElementImpl.cpp:1028:disconnect:[00m Disconnecting 1429b6f3-0412-46b4-a1ce-d5c6bd7c854b_kurento.MediaPipeline/88d69018-a266-4271-8277-644a2159fcc9_datachannelexample.KmsSendData - 1429b6f3-0412-46b4-a1ce-d5c6bd7c854b_kurento.MediaPipeline/33986fbb-a6cb-4aa1-86e2-8c2fdee021bd_kurento.WebRtcEndpoint params AUDIO default default
2:11:31.827380210 [334m   45[00m 0x7fa5400018c0 [37mDEBUG  [00m [00mKurentoMediaElementImpl MediaElementImpl.cpp:1028:disconnect:[00m Disconnecting 1429b6f3-0412-46b4-a1ce-d5c6bd7c854b_kurento.MediaPipeline/88d69018-a266-4271-8277-644a2159fcc9_datachannelexample.KmsSendData - 1429b6f3-0412-46b4-a1ce-d5c6bd7c854b_kurento.MediaPipeline/33986fbb-a6cb-4aa1-86e2-8c2fdee021bd_kurento.WebRtcEndpoint params DATA default default
2:11:31.827662465 [334m   45[00m 0x7fa5400018c0 [37mDEBUG  [00m [00mKurentoMediaElementImpl MediaElementImpl.cpp:1028:disconnect:[00m Disconnecting 1429b6f3-0412-46b4-a1ce-d5c6bd7c854b_kurento.MediaPipeline/88d69018-a266-4271-8277-644a2159fcc9_datachannelexample.KmsSendData - 1429b6f3-0412-46b4-a1ce-d5c6bd7c854b_kurento.MediaPipeline/33986fbb-a6cb-4aa1-86e2-8c2fdee021bd_kurento.WebRtcEndpoint params VIDEO default default
2:11:31.827805150 [334m   45[00m 0x7fa5400018c0 [37mDEBUG  [00m [00m     KurentoMediaSet MediaSet.cpp:470:async_delete:[00m Destroying WebRtcEndpoint -> 1429b6f3-0412-46b4-a1ce-d5c6bd7c854b_kurento.MediaPipeline/33986fbb-a6cb-4aa1-86e2-8c2fdee021bd_kurento.WebRtcEndpoint
2:11:31.829892012 [334m   45[00m 0x7fa50c001810 [37mDEBUG  [00m [00mKurentoWebSocketTransport WebSocketTransport.cpp:460:processMessage:[00m Message: {"jsonrpc":"2.0","method":"unsubscribe","params":{"object":"1429b6f3-0412-46b4-a1ce-d5c6bd7c854b_kurento.MediaPipeline/33986fbb-a6cb-4aa1-86e2-8c2fdee021bd_kurento.WebRtcEndpoint","subscription":"d498e4c2-15b0-4151-a332-9121ac7a8744","sessionId":"cd8e203a-f67e-4e93-a512-1883939aa1b7"},"id":299}
2:11:31.830096184 [334m   45[00m 0x7fa50c001810 [37mDEBUG  [00m [00mKurentoWebSocketTransport WebSocketTransport.cpp:462:processMessage:[00m Response: {"id":299,"jsonrpc":"2.0","result":{"sessionId":"cd8e203a-f67e-4e93-a512-1883939aa1b7"}}
2:12:00.492091053 [334m   45[00m 0x7fa518001c30 [37mDEBUG  [00m [00m     KurentoMediaSet MediaSet.cpp:123:doGarbageCollection:[00m Running garbage collector
2:12:00.522136567 [334m   45[00m 0x7fa4e0001410 [36mINFO   [00m [00mKurentoWebSocketTransport WebSocketTransport.cpp:296:keepAliveSessions:[00m Keep alive cd8e203a-f67e-4e93-a512-1883939aa1b7
2:12:01.073668666 [334m   45[00m 0x7fa51c001b20 [37mDEBUG  [00m [00mKurentoWebSocketTransport WebSocketTransport.cpp:460:processMessage:[00m Message: {"jsonrpc":"2.0","method":"ping","id":300}
2:12:01.074293476 [334m   45[00m 0x7fa51c001b20 [36mINFO   [00m [00mKurentoServerMethods ServerMethods.cpp:814:ping:[00m WebSocket Ping/Pong with sessionId cd8e203a-f67e-4e93-a512-1883939aa1b7
2:12:01.074419759 [334m   45[00m 0x7fa51c001b20 [37mDEBUG  [00m [00mKurentoWebSocketTransport WebSocketTransport.cpp:462:processMessage:[00m Response: {"id":300,"jsonrpc":"2.0","result":{"sessionId":"cd8e203a-f67e-4e93-a512-1883939aa1b7","value":"pong"}}
2:13:00.522758893 [334m   45[00m 0x7fa4e0001410 [36mINFO   [00m [00mKurentoWebSocketTransport WebSocketTransport.cpp:296:keepAliveSessions:[00m Keep alive cd8e203a-f67e-4e93-a512-1883939aa1b7
2:13:01.081659656 [334m   45[00m 0x7fa4e4001790 [37mDEBUG  [00m [00mKurentoWebSocketTransport WebSocketTransport.cpp:460:processMessage:[00m Message: {"jsonrpc":"2.0","method":"ping","id":301}
2:13:01.081832549 [334m   45[00m 0x7fa4e4001790 [36mINFO   [00m [00mKurentoServerMethods ServerMethods.cpp:814:ping:[00m WebSocket Ping/Pong with sessionId cd8e203a-f67e-4e93-a512-1883939aa1b7
2:13:01.081961297 [334m   45[00m 0x7fa4e4001790 [37mDEBUG  [00m [00mKurentoWebSocketTransport WebSocketTransport.cpp:462:processMessage:[00m Response: {"id":301,"jsonrpc":"2.0","result":{"sessionId":"cd8e203a-f67e-4e93-a512-1883939aa1b7","value":"pong"}}
2:14:00.522944777 [334m   45[00m 0x7fa4e0001410 [36mINFO   [00m [00mKurentoWebSocketTransport WebSocketTransport.cpp:296:keepAliveSessions:[00m Keep alive cd8e203a-f67e-4e93-a512-1883939aa1b7
2:14:01.082929367 [334m   45[00m 0x7fa510001cc0 [37mDEBUG  [00m [00mKurentoWebSocketTransport WebSocketTransport.cpp:460:processMessage:[00m Message: {"jsonrpc":"2.0","method":"ping","id":302}
2:14:01.083349972 [334m   45[00m 0x7fa510001cc0 [36mINFO   [00m [00mKurentoServerMethods ServerMethods.cpp:814:ping:[00m WebSocket Ping/Pong with sessionId cd8e203a-f67e-4e93-a512-1883939aa1b7
2:14:01.083479207 [334m   45[00m 0x7fa510001cc0 [37mDEBUG  [00m [00mKurentoWebSocketTransport WebSocketTransport.cpp:462:processMessage:[00m Response: {"id":302,"jsonrpc":"2.0","result":{"sessionId":"cd8e203a-f67e-4e93-a512-1883939aa1b7","value":"pong"}}
2:15:00.523124805 [334m   45[00m 0x7fa4e0001410 [36mINFO   [00m [00mKurentoWebSocketTransport WebSocketTransport.cpp:296:keepAliveSessions:[00m Keep alive cd8e203a-f67e-4e93-a512-1883939aa1b7
2:15:01.091334450 [334m   45[00m 0x7fa4e0001b50 [37mDEBUG  [00m [00mKurentoWebSocketTransport WebSocketTransport.cpp:460:processMessage:[00m Message: {"jsonrpc":"2.0","method":"ping","id":303}
2:15:01.091799835 [334m   45[00m 0x7fa4e0001b50 [36mINFO   [00m [00mKurentoServerMethods ServerMethods.cpp:814:ping:[00m WebSocket Ping/Pong with sessionId cd8e203a-f67e-4e93-a512-1883939aa1b7
2:15:01.091926018 [334m   45[00m 0x7fa4e0001b50 [37mDEBUG  [00m [00mKurentoWebSocketTransport WebSocketTransport.cpp:462:processMessage:[00m Response: {"id":303,"jsonrpc":"2.0","result":{"sessionId":"cd8e203a-f67e-4e93-a512-1883939aa1b7","value":"pong"}}
2:16:00.492263405 [334m   45[00m 0x7fa518001c30 [37mDEBUG  [00m [00m     KurentoMediaSet MediaSet.cpp:123:doGarbageCollection:[00m Running garbage collector
2:16:00.523312580 [334m   45[00m 0x7fa4e0001410 [36mINFO   [00m [00mKurentoWebSocketTransport WebSocketTransport.cpp:296:keepAliveSessions:[00m Keep alive cd8e203a-f67e-4e93-a512-1883939aa1b7
2:16:01.092865014 [334m   45[00m 0x7fa520001c90 [37mDEBUG  [00m [00mKurentoWebSocketTransport WebSocketTransport.cpp:460:processMessage:[00m Message: {"jsonrpc":"2.0","method":"ping","id":304}
2:16:01.093030695 [334m   45[00m 0x7fa520001c90 [36mINFO   [00m [00mKurentoServerMethods ServerMethods.cpp:814:ping:[00m WebSocket Ping/Pong with sessionId cd8e203a-f67e-4e93-a512-1883939aa1b7
2:16:01.093636106 [334m   45[00m 0x7fa520001c90 [37mDEBUG  [00m [00mKurentoWebSocketTransport WebSocketTransport.cpp:462:processMessage:[00m Response: {"id":304,"jsonrpc":"2.0","result":{"sessionId":"cd8e203a-f67e-4e93-a512-1883939aa1b7","value":"pong"}}
2:17:00.523501113 [334m   45[00m 0x7fa4e0001410 [36mINFO   [00m [00mKurentoWebSocketTransport WebSocketTransport.cpp:296:keepAliveSessions:[00m Keep alive cd8e203a-f67e-4e93-a512-1883939aa1b7
2:17:01.097620734 [334m   45[00m 0x7fa524002180 [37mDEBUG  [00m [00mKurentoWebSocketTransport WebSocketTransport.cpp:460:processMessage:[00m Message: {"jsonrpc":"2.0","method":"ping","id":305}
2:17:01.097788804 [334m   45[00m 0x7fa524002180 [36mINFO   [00m [00mKurentoServerMethods ServerMethods.cpp:814:ping:[00m WebSocket Ping/Pong with sessionId cd8e203a-f67e-4e93-a512-1883939aa1b7
2:17:01.097965842 [334m   45[00m 0x7fa524002180 [37mDEBUG  [00m [00mKurentoWebSocketTransport WebSocketTransport.cpp:462:processMessage:[00m Response: {"id":305,"jsonrpc":"2.0","result":{"sessionId":"cd8e203a-f67e-4e93-a512-1883939aa1b7","value":"pong"}}
2:18:00.523672977 [334m   45[00m 0x7fa4e0001410 [36mINFO   [00m [00mKurentoWebSocketTransport WebSocketTransport.cpp:296:keepAliveSessions:[00m Keep alive cd8e203a-f67e-4e93-a512-1883939aa1b7
2:18:01.103404039 [334m   45[00m 0x7fa528001840 [37mDEBUG  [00m [00mKurentoWebSocketTransport WebSocketTransport.cpp:460:processMessage:[00m Message: {"jsonrpc":"2.0","method":"ping","id":306}
2:18:01.103570680 [334m   45[00m 0x7fa528001840 [36mINFO   [00m [00mKurentoServerMethods ServerMethods.cpp:814:ping:[00m WebSocket Ping/Pong with sessionId cd8e203a-f67e-4e93-a512-1883939aa1b7
2:18:01.103695458 [334m   45[00m 0x7fa528001840 [37mDEBUG  [00m [00mKurentoWebSocketTransport WebSocketTransport.cpp:462:processMessage:[00m Response: {"id":306,"jsonrpc":"2.0","result":{"sessionId":"cd8e203a-f67e-4e93-a512-1883939aa1b7","value":"pong"}}
2:19:00.523855372 [334m   45[00m 0x7fa4e0001410 [36mINFO   [00m [00mKurentoWebSocketTransport WebSocketTransport.cpp:296:keepAliveSessions:[00m Keep alive cd8e203a-f67e-4e93-a512-1883939aa1b7
2:19:01.106458699 [334m   45[00m 0x7fa52c0072f0 [37mDEBUG  [00m [00mKurentoWebSocketTransport WebSocketTransport.cpp:460:processMessage:[00m Message: {"jsonrpc":"2.0","method":"ping","id":307}
2:19:01.106879988 [334m   45[00m 0x7fa52c0072f0 [36mINFO   [00m [00mKurentoServerMethods ServerMethods.cpp:814:ping:[00m WebSocket Ping/Pong with sessionId cd8e203a-f67e-4e93-a512-1883939aa1b7
2:19:01.107008619 [334m   45[00m 0x7fa52c0072f0 [37mDEBUG  [00m [00mKurentoWebSocketTransport WebSocketTransport.cpp:462:processMessage:[00m Response: {"id":307,"jsonrpc":"2.0","result":{"sessionId":"cd8e203a-f67e-4e93-a512-1883939aa1b7","value":"pong"}}
2:20:00.492445011 [334m   45[00m 0x7fa518001c30 [37mDEBUG  [00m [00m     KurentoMediaSet MediaSet.cpp:123:doGarbageCollection:[00m Running garbage collector
2:20:00.524115672 [334m   45[00m 0x7fa4e0001410 [36mINFO   [00m [00mKurentoWebSocketTransport WebSocketTransport.cpp:296:keepAliveSessions:[00m Keep alive cd8e203a-f67e-4e93-a512-1883939aa1b7
2:20:01.114565062 [334m   45[00m 0x7fa514001c60 [37mDEBUG  [00m [00mKurentoWebSocketTransport WebSocketTransport.cpp:460:processMessage:[00m Message: {"jsonrpc":"2.0","method":"ping","id":308}
2:20:01.114993239 [334m   45[00m 0x7fa514001c60 [36mINFO   [00m [00mKurentoServerMethods ServerMethods.cpp:814:ping:[00m WebSocket Ping/Pong with sessionId cd8e203a-f67e-4e93-a512-1883939aa1b7
2:20:01.115126657 [334m   45[00m 0x7fa514001c60 [37mDEBUG  [00m [00mKurentoWebSocketTransport WebSocketTransport.cpp:462:processMessage:[00m Response: {"id":308,"jsonrpc":"2.0","result":{"sessionId":"cd8e203a-f67e-4e93-a512-1883939aa1b7","value":"pong"}}
2:21:00.524296567 [334m   45[00m 0x7fa4e0001410 [36mINFO   [00m [00mKurentoWebSocketTransport WebSocketTransport.cpp:296:keepAliveSessions:[00m Keep alive cd8e203a-f67e-4e93-a512-1883939aa1b7
2:21:01.118935456 [334m   45[00m 0x7fa50c001810 [37mDEBUG  [00m [00mKurentoWebSocketTransport WebSocketTransport.cpp:460:processMessage:[00m Message: {"jsonrpc":"2.0","method":"ping","id":309}
2:21:01.119338355 [334m   45[00m 0x7fa50c001810 [36mINFO   [00m [00mKurentoServerMethods ServerMethods.cpp:814:ping:[00m WebSocket Ping/Pong with sessionId cd8e203a-f67e-4e93-a512-1883939aa1b7
2:21:01.119481726 [334m   45[00m 0x7fa50c001810 [37mDEBUG  [00m [00mKurentoWebSocketTransport WebSocketTransport.cpp:462:processMessage:[00m Response: {"id":309,"jsonrpc":"2.0","result":{"sessionId":"cd8e203a-f67e-4e93-a512-1883939aa1b7","value":"pong"}}
2:22:00.524486158 [334m   45[00m 0x7fa4e0001410 [36mINFO   [00m [00mKurentoWebSocketTransport WebSocketTransport.cpp:296:keepAliveSessions:[00m Keep alive cd8e203a-f67e-4e93-a512-1883939aa1b7
2:22:01.126634515 [334m   45[00m 0x7fa51c001b20 [37mDEBUG  [00m [00mKurentoWebSocketTransport WebSocketTransport.cpp:460:processMessage:[00m Message: {"jsonrpc":"2.0","method":"ping","id":310}
2:22:01.127045332 [334m   45[00m 0x7fa51c001b20 [36mINFO   [00m [00mKurentoServerMethods ServerMethods.cpp:814:ping:[00m WebSocket Ping/Pong with sessionId cd8e203a-f67e-4e93-a512-1883939aa1b7
2:22:01.127177531 [334m   45[00m 0x7fa51c001b20 [37mDEBUG  [00m [00mKurentoWebSocketTransport WebSocketTransport.cpp:462:processMessage:[00m Response: {"id":310,"jsonrpc":"2.0","result":{"sessionId":"cd8e203a-f67e-4e93-a512-1883939aa1b7","value":"pong"}}
2:22:37.614813249 [334m   45[00m 0x7fa4e4001790 [37mDEBUG  [00m [00mKurentoWebSocketTransport WebSocketTransport.cpp:460:processMessage:[00m Message: {"jsonrpc":"2.0","method":"release","params":{"object":"1429b6f3-0412-46b4-a1ce-d5c6bd7c854b_kurento.MediaPipeline/b380017c-e519-4eba-8ec7-799fd17a2521_kurento.WebRtcEndpoint","sessionId":"cd8e203a-f67e-4e93-a512-1883939aa1b7"},"id":311}
2:22:37.615393941 [334m   45[00m 0x7fa530001900 [37mDEBUG  [00m [00mKurentoMediaElementImpl MediaElementImpl.cpp:1028:disconnect:[00m Disconnecting 1429b6f3-0412-46b4-a1ce-d5c6bd7c854b_kurento.MediaPipeline/88d69018-a266-4271-8277-644a2159fcc9_datachannelexample.KmsSendData - 1429b6f3-0412-46b4-a1ce-d5c6bd7c854b_kurento.MediaPipeline/b380017c-e519-4eba-8ec7-799fd17a2521_kurento.WebRtcEndpoint params AUDIO default default
2:22:37.615429834 [334m   45[00m 0x7fa4e4001790 [37mDEBUG  [00m [00mKurentoWebSocketTransport WebSocketTransport.cpp:462:processMessage:[00m Response: {"id":311,"jsonrpc":"2.0","result":{"sessionId":"cd8e203a-f67e-4e93-a512-1883939aa1b7"}}
2:22:37.615797046 [334m   45[00m 0x7fa530001900 [37mDEBUG  [00m [00mKurentoMediaElementImpl MediaElementImpl.cpp:1028:disconnect:[00m Disconnecting 1429b6f3-0412-46b4-a1ce-d5c6bd7c854b_kurento.MediaPipeline/88d69018-a266-4271-8277-644a2159fcc9_datachannelexample.KmsSendData - 1429b6f3-0412-46b4-a1ce-d5c6bd7c854b_kurento.MediaPipeline/b380017c-e519-4eba-8ec7-799fd17a2521_kurento.WebRtcEndpoint params DATA default default
2:22:37.615942980 [334m   45[00m 0x7fa530001900 [37mDEBUG  [00m [00mKurentoMediaElementImpl MediaElementImpl.cpp:1028:disconnect:[00m Disconnecting 1429b6f3-0412-46b4-a1ce-d5c6bd7c854b_kurento.MediaPipeline/88d69018-a266-4271-8277-644a2159fcc9_datachannelexample.KmsSendData - 1429b6f3-0412-46b4-a1ce-d5c6bd7c854b_kurento.MediaPipeline/b380017c-e519-4eba-8ec7-799fd17a2521_kurento.WebRtcEndpoint params VIDEO default default
2:22:37.616075816 [334m   45[00m 0x7fa530001900 [37mDEBUG  [00m [00m     KurentoMediaSet MediaSet.cpp:470:async_delete:[00m Destroying WebRtcEndpoint -> 1429b6f3-0412-46b4-a1ce-d5c6bd7c854b_kurento.MediaPipeline/b380017c-e519-4eba-8ec7-799fd17a2521_kurento.WebRtcEndpoint
2:22:37.617464903 [334m   45[00m 0x7fa510001cc0 [37mDEBUG  [00m [00mKurentoWebSocketTransport WebSocketTransport.cpp:460:processMessage:[00m Message: {"jsonrpc":"2.0","method":"unsubscribe","params":{"object":"1429b6f3-0412-46b4-a1ce-d5c6bd7c854b_kurento.MediaPipeline/b380017c-e519-4eba-8ec7-799fd17a2521_kurento.WebRtcEndpoint","subscription":"e9cf5e74-a861-4db0-b553-abcf7321d845","sessionId":"cd8e203a-f67e-4e93-a512-1883939aa1b7"},"id":312}
2:22:37.617886679 [334m   45[00m 0x7fa510001cc0 [37mDEBUG  [00m [00mKurentoWebSocketTransport WebSocketTransport.cpp:462:processMessage:[00m Response: {"id":312,"jsonrpc":"2.0","result":{"sessionId":"cd8e203a-f67e-4e93-a512-1883939aa1b7"}}
2:23:00.524914470 [334m   45[00m 0x7fa4e0001410 [36mINFO   [00m [00mKurentoWebSocketTransport WebSocketTransport.cpp:296:keepAliveSessions:[00m Keep alive cd8e203a-f67e-4e93-a512-1883939aa1b7
2:23:01.128217933 [334m   45[00m 0x7fa4e0001b50 [37mDEBUG  [00m [00mKurentoWebSocketTransport WebSocketTransport.cpp:460:processMessage:[00m Message: {"jsonrpc":"2.0","method":"ping","id":313}
2:23:01.128397563 [334m   45[00m 0x7fa4e0001b50 [36mINFO   [00m [00mKurentoServerMethods ServerMethods.cpp:814:ping:[00m WebSocket Ping/Pong with sessionId cd8e203a-f67e-4e93-a512-1883939aa1b7
2:23:01.128770742 [334m   45[00m 0x7fa4e0001b50 [37mDEBUG  [00m [00mKurentoWebSocketTransport WebSocketTransport.cpp:462:processMessage:[00m Response: {"id":313,"jsonrpc":"2.0","result":{"sessionId":"cd8e203a-f67e-4e93-a512-1883939aa1b7","value":"pong"}}
2:24:00.492617587 [334m   45[00m 0x7fa518001c30 [37mDEBUG  [00m [00m     KurentoMediaSet MediaSet.cpp:123:doGarbageCollection:[00m Running garbage collector
2:24:00.525108407 [334m   45[00m 0x7fa4e0001410 [36mINFO   [00m [00mKurentoWebSocketTransport WebSocketTransport.cpp:296:keepAliveSessions:[00m Keep alive cd8e203a-f67e-4e93-a512-1883939aa1b7
2:24:01.134088168 [334m   45[00m 0x7fa520001c90 [37mDEBUG  [00m [00mKurentoWebSocketTransport WebSocketTransport.cpp:460:processMessage:[00m Message: {"jsonrpc":"2.0","method":"ping","id":314}
2:24:01.134247037 [334m   45[00m 0x7fa520001c90 [36mINFO   [00m [00mKurentoServerMethods ServerMethods.cpp:814:ping:[00m WebSocket Ping/Pong with sessionId cd8e203a-f67e-4e93-a512-1883939aa1b7
2:24:01.134367447 [334m   45[00m 0x7fa520001c90 [37mDEBUG  [00m [00mKurentoWebSocketTransport WebSocketTransport.cpp:462:processMessage:[00m Response: {"id":314,"jsonrpc":"2.0","result":{"sessionId":"cd8e203a-f67e-4e93-a512-1883939aa1b7","value":"pong"}}
2:25:00.525286443 [334m   45[00m 0x7fa4e0001410 [36mINFO   [00m [00mKurentoWebSocketTransport WebSocketTransport.cpp:296:keepAliveSessions:[00m Keep alive cd8e203a-f67e-4e93-a512-1883939aa1b7
2:25:01.134883648 [334m   45[00m 0x7fa524002180 [37mDEBUG  [00m [00mKurentoWebSocketTransport WebSocketTransport.cpp:460:processMessage:[00m Message: {"jsonrpc":"2.0","method":"ping","id":315}
2:25:01.135053334 [334m   45[00m 0x7fa524002180 [36mINFO   [00m [00mKurentoServerMethods ServerMethods.cpp:814:ping:[00m WebSocket Ping/Pong with sessionId cd8e203a-f67e-4e93-a512-1883939aa1b7
2:25:01.135182833 [334m   45[00m 0x7fa524002180 [37mDEBUG  [00m [00mKurentoWebSocketTransport WebSocketTransport.cpp:462:processMessage:[00m Response: {"id":315,"jsonrpc":"2.0","result":{"sessionId":"cd8e203a-f67e-4e93-a512-1883939aa1b7","value":"pong"}}
2:25:08.883687300 [334m   45[00m 0x7fa528001840 [37mDEBUG  [00m [00mKurentoWebSocketTransport WebSocketTransport.cpp:460:processMessage:[00m Message: {"jsonrpc":"2.0","method":"release","params":{"object":"1429b6f3-0412-46b4-a1ce-d5c6bd7c854b_kurento.MediaPipeline/9878db3d-3682-45cf-b94e-71085dabbdf0_kurento.WebRtcEndpoint","sessionId":"cd8e203a-f67e-4e93-a512-1883939aa1b7"},"id":316}
2:25:08.883981519 [334m   45[00m 0x7fa548001920 [37mDEBUG  [00m [00mKurentoMediaElementImpl MediaElementImpl.cpp:1028:disconnect:[00m Disconnecting 1429b6f3-0412-46b4-a1ce-d5c6bd7c854b_kurento.MediaPipeline/88d69018-a266-4271-8277-644a2159fcc9_datachannelexample.KmsSendData - 1429b6f3-0412-46b4-a1ce-d5c6bd7c854b_kurento.MediaPipeline/9878db3d-3682-45cf-b94e-71085dabbdf0_kurento.WebRtcEndpoint params AUDIO default default
2:25:08.884033726 [334m   45[00m 0x7fa528001840 [37mDEBUG  [00m [00mKurentoWebSocketTransport WebSocketTransport.cpp:462:processMessage:[00m Response: {"id":316,"jsonrpc":"2.0","result":{"sessionId":"cd8e203a-f67e-4e93-a512-1883939aa1b7"}}
2:25:08.884353929 [334m   45[00m 0x7fa548001920 [37mDEBUG  [00m [00mKurentoMediaElementImpl MediaElementImpl.cpp:1028:disconnect:[00m Disconnecting 1429b6f3-0412-46b4-a1ce-d5c6bd7c854b_kurento.MediaPipeline/88d69018-a266-4271-8277-644a2159fcc9_datachannelexample.KmsSendData - 1429b6f3-0412-46b4-a1ce-d5c6bd7c854b_kurento.MediaPipeline/9878db3d-3682-45cf-b94e-71085dabbdf0_kurento.WebRtcEndpoint params DATA default default
2:25:08.884741983 [334m   45[00m 0x7fa548001920 [37mDEBUG  [00m [00mKurentoMediaElementImpl MediaElementImpl.cpp:1028:disconnect:[00m Disconnecting 1429b6f3-0412-46b4-a1ce-d5c6bd7c854b_kurento.MediaPipeline/88d69018-a266-4271-8277-644a2159fcc9_datachannelexample.KmsSendData - 1429b6f3-0412-46b4-a1ce-d5c6bd7c854b_kurento.MediaPipeline/9878db3d-3682-45cf-b94e-71085dabbdf0_kurento.WebRtcEndpoint params VIDEO default default
2:25:08.884866283 [334m   45[00m 0x7fa548001920 [37mDEBUG  [00m [00m     KurentoMediaSet MediaSet.cpp:470:async_delete:[00m Destroying WebRtcEndpoint -> 1429b6f3-0412-46b4-a1ce-d5c6bd7c854b_kurento.MediaPipeline/9878db3d-3682-45cf-b94e-71085dabbdf0_kurento.WebRtcEndpoint
2:25:08.886266454 [334m   45[00m 0x7fa52c0072f0 [37mDEBUG  [00m [00mKurentoWebSocketTransport WebSocketTransport.cpp:460:processMessage:[00m Message: {"jsonrpc":"2.0","method":"unsubscribe","params":{"object":"1429b6f3-0412-46b4-a1ce-d5c6bd7c854b_kurento.MediaPipeline/9878db3d-3682-45cf-b94e-71085dabbdf0_kurento.WebRtcEndpoint","subscription":"65059ab6-0955-4bba-a2c6-34d52146a544","sessionId":"cd8e203a-f67e-4e93-a512-1883939aa1b7"},"id":317}
2:25:08.886484454 [334m   45[00m 0x7fa52c0072f0 [37mDEBUG  [00m [00mKurentoWebSocketTransport WebSocketTransport.cpp:462:processMessage:[00m Response: {"id":317,"jsonrpc":"2.0","result":{"sessionId":"cd8e203a-f67e-4e93-a512-1883939aa1b7"}}
2:26:00.525477386 [334m   45[00m 0x7fa4e0001410 [36mINFO   [00m [00mKurentoWebSocketTransport WebSocketTransport.cpp:296:keepAliveSessions:[00m Keep alive cd8e203a-f67e-4e93-a512-1883939aa1b7
2:26:01.138995507 [334m   45[00m 0x7fa514001c60 [37mDEBUG  [00m [00mKurentoWebSocketTransport WebSocketTransport.cpp:460:processMessage:[00m Message: {"jsonrpc":"2.0","method":"ping","id":318}
2:26:01.139157717 [334m   45[00m 0x7fa514001c60 [36mINFO   [00m [00mKurentoServerMethods ServerMethods.cpp:814:ping:[00m WebSocket Ping/Pong with sessionId cd8e203a-f67e-4e93-a512-1883939aa1b7
2:26:01.139291421 [334m   45[00m 0x7fa514001c60 [37mDEBUG  [00m [00mKurentoWebSocketTransport WebSocketTransport.cpp:462:processMessage:[00m Response: {"id":318,"jsonrpc":"2.0","result":{"sessionId":"cd8e203a-f67e-4e93-a512-1883939aa1b7","value":"pong"}}
2:27:00.525682423 [334m   45[00m 0x7fa4e0001410 [36mINFO   [00m [00mKurentoWebSocketTransport WebSocketTransport.cpp:296:keepAliveSessions:[00m Keep alive cd8e203a-f67e-4e93-a512-1883939aa1b7
2:27:01.146084022 [334m   45[00m 0x7fa50c001810 [37mDEBUG  [00m [00mKurentoWebSocketTransport WebSocketTransport.cpp:460:processMessage:[00m Message: {"jsonrpc":"2.0","method":"ping","id":319}
2:27:01.146291274 [334m   45[00m 0x7fa50c001810 [36mINFO   [00m [00mKurentoServerMethods ServerMethods.cpp:814:ping:[00m WebSocket Ping/Pong with sessionId cd8e203a-f67e-4e93-a512-1883939aa1b7
2:27:01.146423877 [334m   45[00m 0x7fa50c001810 [37mDEBUG  [00m [00mKurentoWebSocketTransport WebSocketTransport.cpp:462:processMessage:[00m Response: {"id":319,"jsonrpc":"2.0","result":{"sessionId":"cd8e203a-f67e-4e93-a512-1883939aa1b7","value":"pong"}}
2:28:00.492805166 [334m   45[00m 0x7fa518001c30 [37mDEBUG  [00m [00m     KurentoMediaSet MediaSet.cpp:123:doGarbageCollection:[00m Running garbage collector
2:28:00.526320356 [334m   45[00m 0x7fa4e0001410 [36mINFO   [00m [00mKurentoWebSocketTransport WebSocketTransport.cpp:296:keepAliveSessions:[00m Keep alive cd8e203a-f67e-4e93-a512-1883939aa1b7
2:28:01.153622975 [334m   45[00m 0x7fa51c001b20 [37mDEBUG  [00m [00mKurentoWebSocketTransport WebSocketTransport.cpp:460:processMessage:[00m Message: {"jsonrpc":"2.0","method":"ping","id":320}
2:28:01.153794109 [334m   45[00m 0x7fa51c001b20 [36mINFO   [00m [00mKurentoServerMethods ServerMethods.cpp:814:ping:[00m WebSocket Ping/Pong with sessionId cd8e203a-f67e-4e93-a512-1883939aa1b7
2:28:01.153930276 [334m   45[00m 0x7fa51c001b20 [37mDEBUG  [00m [00mKurentoWebSocketTransport WebSocketTransport.cpp:462:processMessage:[00m Response: {"id":320,"jsonrpc":"2.0","result":{"sessionId":"cd8e203a-f67e-4e93-a512-1883939aa1b7","value":"pong"}}
2:29:00.526515798 [334m   45[00m 0x7fa4e0001410 [36mINFO   [00m [00mKurentoWebSocketTransport WebSocketTransport.cpp:296:keepAliveSessions:[00m Keep alive cd8e203a-f67e-4e93-a512-1883939aa1b7
2:29:01.157854049 [334m   45[00m 0x7fa4e4001790 [37mDEBUG  [00m [00mKurentoWebSocketTransport WebSocketTransport.cpp:460:processMessage:[00m Message: {"jsonrpc":"2.0","method":"ping","id":321}
2:29:01.158056226 [334m   45[00m 0x7fa4e4001790 [36mINFO   [00m [00mKurentoServerMethods ServerMethods.cpp:814:ping:[00m WebSocket Ping/Pong with sessionId cd8e203a-f67e-4e93-a512-1883939aa1b7
2:29:01.158193281 [334m   45[00m 0x7fa4e4001790 [37mDEBUG  [00m [00mKurentoWebSocketTransport WebSocketTransport.cpp:462:processMessage:[00m Response: {"id":321,"jsonrpc":"2.0","result":{"sessionId":"cd8e203a-f67e-4e93-a512-1883939aa1b7","value":"pong"}}
2:30:00.526961239 [334m   45[00m 0x7fa4e0001410 [36mINFO   [00m [00mKurentoWebSocketTransport WebSocketTransport.cpp:296:keepAliveSessions:[00m Keep alive cd8e203a-f67e-4e93-a512-1883939aa1b7
2:30:01.165628832 [334m   45[00m 0x7fa510001cc0 [37mDEBUG  [00m [00mKurentoWebSocketTransport WebSocketTransport.cpp:460:processMessage:[00m Message: {"jsonrpc":"2.0","method":"ping","id":322}
