0:46:52.188315771 [334m   45[00m 0x7fa528001840 [36mINFO   [00m [00mKurentoWebRtcEndpointImpl WebRtcEndpointImpl.cpp:487:WebRtcEndpointImpl:[00m TURN server IP address not found in config; NAT traversal requires either STUN or TURN server
0:46:52.189082287 [334m   45[00m 0x7fa528001840 [37mDEBUG  [00m [00mKurentoWebSocketTransport WebSocketTransport.cpp:462:processMessage:[00m Response: {"id":157,"jsonrpc":"2.0","result":{"sessionId":"cd8e203a-f67e-4e93-a512-1883939aa1b7","value":"1429b6f3-0412-46b4-a1ce-d5c6bd7c854b_kurento.MediaPipeline/b380017c-e519-4eba-8ec7-799fd17a2521_kurento.WebRtcEndpoint"}}
0:46:52.191626623 [334m   45[00m 0x7fa4e4001790 [37mDEBUG  [00m [00mKurentoWebSocketTransport WebSocketTransport.cpp:460:processMessage:[00m Message: {"jsonrpc":"2.0","method":"subscribe","params":{"object":"1429b6f3-0412-46b4-a1ce-d5c6bd7c854b_kurento.MediaPipeline/b380017c-e519-4eba-8ec7-799fd17a2521_kurento.WebRtcEndpoint","type":"OnIceCandidate","sessionId":"cd8e203a-f67e-4e93-a512-1883939aa1b7"},"id":158}
0:46:52.191873794 [334m   45[00m 0x7fa4e4001790 [37mDEBUG  [00m [00mKurentoWebSocketTransport WebSocketTransport.cpp:462:processMessage:[00m Response: {"id":158,"jsonrpc":"2.0","result":{"sessionId":"cd8e203a-f67e-4e93-a512-1883939aa1b7","value":"e9cf5e74-a861-4db0-b553-abcf7321d845"}}
0:46:52.192347859 [334m   45[00m 0x7fa50c001810 [37mDEBUG  [00m [00mKurentoWebSocketTransport WebSocketTransport.cpp:460:processMessage:[00m Message: {"jsonrpc":"2.0","method":"invoke","params":{"object":"1429b6f3-0412-46b4-a1ce-d5c6bd7c854b_kurento.MediaPipeline/b380017c-e519-4eba-8ec7-799fd17a2521_kurento.WebRtcEndpoint","operation":"processOffer","operationParams":{"offer":"v=0\r\no=mozilla...THIS_IS_SDPARTA-72.0.2 3270494814678047404 0 IN IP4 0.0.0.0\r\ns=-\r\nt=0 0\r\na=fingerprint:sha-256 CC:26:39:FA:54:A2:0B:19:B3:30:EB:C0:32:04:76:CD:A3:93:BA:FF:81:3E:B2:EA:3C:93:09:D4:75:FE:B7:94\r\na=group:BUNDLE 0 1 2\r\na=ice-options:trickle\r\na=msid-semantic:WMS *\r\nm=video 9 UDP/TLS/RTP/SAVPF 120 121 126 97\r\nc=IN IP4 0.0.0.0\r\na=recvonly\r\na=extmap:3 urn:ietf:params:rtp-hdrext:sdes:mid\r\na=extmap:4 http://www.webrtc.org/experiments/rtp-hdrext/abs-send-time\r\na=extmap:5 urn:ietf:params:rtp-hdrext:toffset\r\na=extmap:6/recvonly http://www.webrtc.org/experiments/rtp-hdrext/playout-delay\r\na=fmtp:126 profile-level-id=42e01f;level-asymmetry-allowed=1;packetization-mode=1\r\na=fmtp:97 profile-level-id=42e01f;level-asymmetry-allowed=1\r\na=fmtp:120 max-fs=12288;max-fr=60\r\na=fmtp:121 max-fs=12288;max-fr=60\r\na=ice-pwd:e8dd8e6a66e979569e34947036489b34\r\na=ice-ufrag:652493bd\r\na=mid:0\r\na=rtcp-fb:120 nack\r\na=rtcp-fb:120 nack pli\r\na=rtcp-fb:120 ccm fir\r\na=rtcp-fb:120 goog-remb\r\na=rtcp-fb:121 nack\r\na=rtcp-fb:121 nack pli\r\na=rtcp-fb:121 ccm fir\r\na=rtcp-fb:121 goog-remb\r\na=rtcp-fb:126 nack\r\na=rtcp-fb:126 nack pli\r\na=rtcp-fb:126 ccm fir\r\na=rtcp-fb:126 goog-remb\r\na=rtcp-fb:97 nack\r\na=rtcp-fb:97 nack pli\r\na=rtcp-fb:97 ccm fir\r\na=rtcp-fb:97 goog-remb\r\na=rtcp-mux\r\na=rtpmap:120 VP8/90000\r\na=rtpmap:121 VP9/90000\r\na=rtpmap:126 H264/90000\r\na=rtpmap:97 H264/90000\r\na=setup:actpass\r\na=ssrc:3239988815 cname:{2ffb461f-445b-4a37-b9ff-79be35b50b77}\r\nm=audio 9 UDP/TLS/RTP/SAVPF 109 9 0 8 101\r\nc=IN IP4 0.0.0.0\r\na=recvonly\r\na=extmap:1 urn:ietf:params:rtp-hdrext:ssrc-audio-level\r\na=extmap:2/recvonly urn:ietf:params:rtp-hdrext:csrc-audio-level\r\na=extmap:3 urn:ietf:params:rtp-hdrext:sdes:mid\r\na=fmtp:109 maxplaybackrate=48000;stereo=1;useinbandfec=1\r\na=fmtp:101 0-15\r\na=ice-pwd:e8dd8e6a66e979569e34947036489b34\r\na=ice-ufrag:652493bd\r\na=mid:1\r\na=rtcp-mux\r\na=rtpmap:109 opus/48000/2\r\na=rtpmap:9 G722/8000/1\r\na=rtpmap:0 PCMU/8000\r\na=rtpmap:8 PCMA/8000\r\na=rtpmap:101 telephone-event/8000/1\r\na=setup:actpass\r\na=ssrc:282326878 cname:{2ffb461f-445b-4a37-b9ff-79be35b50b77}\r\nm=application 9 UDP/DTLS/SCTP webrtc-datachannel\r\nc=IN IP4 0.0.0.0\r\na=sendrecv\r\na=ice-pwd:e8dd8e6a66e979569e34947036489b34\r\na=ice-ufrag:652493bd\r\na=mid:2\r\na=setup:actpass\r\na=sctp-port:5000\r\na=max-message-size:1073741823\r\n"},"sessionId":"cd8e203a-f67e-4e93-a512-1883939aa1b7"},"id":159}
0:46:52.202771412 [334m   45[00m 0x7fa50c001810 [37mDEBUG  [00m [00mKurentoWebSocketTransport WebSocketTransport.cpp:462:processMessage:[00m Response: {"id":159,"jsonrpc":"2.0","result":{"sessionId":"cd8e203a-f67e-4e93-a512-1883939aa1b7","value":"v=0\r\no=- 3806031465 3806031465 IN IP4 0.0.0.0\r\ns=Kurento Media Server\r\nc=IN IP4 0.0.0.0\r\nt=0 0\r\na=fingerprint:sha-256 CC:26:39:FA:54:A2:0B:19:B3:30:EB:C0:32:04:76:CD:A3:93:BA:FF:81:3E:B2:EA:3C:93:09:D4:75:FE:B7:94\r\na=ice-options:trickle\r\na=msid-semantic:WMS *\r\na=group:BUNDLE 0 1 2\r\nm=video 1 UDP/TLS/RTP/SAVPF 120 126 97\r\na=extmap:4 http://www.webrtc.org/experiments/rtp-hdrext/abs-send-time\r\na=sendonly\r\na=mid:0\r\na=rtcp:9 IN IP4 0.0.0.0\r\na=rtpmap:120 VP8/90000\r\na=rtpmap:126 H264/90000\r\na=rtpmap:97 H264/90000\r\na=rtcp-fb:120 nack\r\na=rtcp-fb:120 nack pli\r\na=rtcp-fb:120 ccm fir\r\na=rtcp-fb:120 goog-remb\r\na=rtcp-fb:126 nack\r\na=rtcp-fb:126 nack pli\r\na=rtcp-fb:126 ccm fir\r\na=rtcp-fb:126 goog-remb\r\na=rtcp-fb:97 nack\r\na=rtcp-fb:97 nack pli\r\na=rtcp-fb:97 ccm fir\r\na=rtcp-fb:97 goog-remb\r\na=fmtp:126 profile-level-id=42e01f;level-asymmetry-allowed=1;packetization-mode=1\r\na=fmtp:97 profile-level-id=42e01f;level-asymmetry-allowed=1\r\na=fmtp:120 max-fs=12288;max-fr=60\r\na=rtcp-mux\r\na=setup:active\r\na=ssrc:4153557071 cname:user2006509454@host-68331bd\r\na=ice-ufrag:HNaq\r\na=ice-pwd:mlRubpFXY+qQ5XnTxBoXPD\r\na=fingerprint:sha-256 14:77:48:A1:64:69:AA:24:EC:0E:02:3E:EC:24:DE:B0:FC:0B:8E:A6:CF:6A:B0:9E:E8:84:54:6E:9F:67:3C:AC\r\nm=audio 1 UDP/TLS/RTP/SAVPF 109 0\r\na=sendonly\r\na=mid:1\r\na=rtcp:9 IN IP4 0.0.0.0\r\na=rtpmap:109 opus/48000/2\r\na=rtpmap:0 PCMU/8000\r\na=fmtp:109 maxplaybackrate=48000;stereo=1;useinbandfec=1\r\na=rtcp-mux\r\na=setup:active\r\na=ssrc:63197803 cname:user2006509454@host-68331bd\r\na=ice-ufrag:HNaq\r\na=ice-pwd:mlRubpFXY+qQ5XnTxBoXPD\r\na=fingerprint:sha-256 14:77:48:A1:64:69:AA:24:EC:0E:02:3E:EC:24:DE:B0:FC:0B:8E:A6:CF:6A:B0:9E:E8:84:54:6E:9F:67:3C:AC\r\nm=application 1 UDP/DTLS/SCTP webrtc-datachannel\r\na=mid:2\r\na=sctp-port:5000\r\na=setup:active\r\na=ice-ufrag:HNaq\r\na=ice-pwd:mlRubpFXY+qQ5XnTxBoXPD\r\na=fingerprint:sha-256 14:77:48:A1:64:69:AA:24:EC:0E:02:3E:EC:24:DE:B0:FC:0B:8E:A6:CF:6A:B0:9E:E8:84:54:6E:9F:67:3C:AC\r\n"}}
0:46:52.202872163 [334m   45[00m 0x7fa50c001810 [37mDEBUG  [00m [00mKurentoWebSocketTransport WebSocketTransport.cpp:460:processMessage:[00m Message: {"jsonrpc":"2.0","method":"invoke","params":{"object":"1429b6f3-0412-46b4-a1ce-d5c6bd7c854b_kurento.MediaPipeline/b380017c-e519-4eba-8ec7-799fd17a2521_kurento.WebRtcEndpoint","operation":"addIceCandidate","operationParams":{"candidate":{"candidate":"candidate:2 1 TCP 2105524479 192.168.1.133 9 typ host tcptype active","sdpMid":"2","sdpMLineIndex":2,"__module__":"kurento","__type__":"IceCandidate"}},"sessionId":"cd8e203a-f67e-4e93-a512-1883939aa1b7"},"id":160}
0:46:52.203083371 [334m   45[00m 0x7fa50c001810 [37mDEBUG  [00m [00mKurentoWebSocketTransport WebSocketTransport.cpp:462:processMessage:[00m Response: {"id":160,"jsonrpc":"2.0","result":{"sessionId":"cd8e203a-f67e-4e93-a512-1883939aa1b7","value":null}}
0:46:52.204948333 [334m   45[00m 0x7fa51c001b20 [37mDEBUG  [00m [00mKurentoWebSocketTransport WebSocketTransport.cpp:460:processMessage:[00m Message: {"jsonrpc":"2.0","method":"invoke","params":{"object":"1429b6f3-0412-46b4-a1ce-d5c6bd7c854b_kurento.MediaPipeline/b380017c-e519-4eba-8ec7-799fd17a2521_kurento.WebRtcEndpoint","operation":"gatherCandidates","sessionId":"cd8e203a-f67e-4e93-a512-1883939aa1b7"},"id":161}
0:46:52.208416497 [334m   45[00m 0x7fa4c0001780 [37mDEBUG  [00m [00mKurentoWebSocketEventHandler WebSocketEventHandler.cpp:56:sendEvent:[00m Sending event: {"jsonrpc":"2.0","method":"onEvent","params":{"value":{"data":{"candidate":{"__module__":"kurento","__type__":"IceCandidate","candidate":"candidate:8 1 UDP 2013266431 172.20.0.9 10290 typ host","sdpMLineIndex":0,"sdpMid":"0"},"source":"1429b6f3-0412-46b4-a1ce-d5c6bd7c854b_kurento.MediaPipeline/b380017c-e519-4eba-8ec7-799fd17a2521_kurento.WebRtcEndpoint","tags":[],"timestamp":"1597042665","timestampMillis":"1597042665057","type":"OnIceCandidate"},"object":"1429b6f3-0412-46b4-a1ce-d5c6bd7c854b_kurento.MediaPipeline/b380017c-e519-4eba-8ec7-799fd17a2521_kurento.WebRtcEndpoint","type":"OnIceCandidate"}}}, sessionId: cd8e203a-f67e-4e93-a512-1883939aa1b7
0:46:52.208565192 [334m   45[00m 0x7fa4c0001780 [37mDEBUG  [00m [00mKurentoWebSocketEventHandler WebSocketEventHandler.cpp:56:sendEvent:[00m Sending event: {"jsonrpc":"2.0","method":"onEvent","params":{"value":{"data":{"candidate":{"__module__":"kurento","__type__":"IceCandidate","candidate":"candidate:8 1 UDP 2013266431 172.20.0.9 10290 typ host","sdpMLineIndex":1,"sdpMid":"1"},"source":"1429b6f3-0412-46b4-a1ce-d5c6bd7c854b_kurento.MediaPipeline/b380017c-e519-4eba-8ec7-799fd17a2521_kurento.WebRtcEndpoint","tags":[],"timestamp":"1597042665","timestampMillis":"1597042665057","type":"OnIceCandidate"},"object":"1429b6f3-0412-46b4-a1ce-d5c6bd7c854b_kurento.MediaPipeline/b380017c-e519-4eba-8ec7-799fd17a2521_kurento.WebRtcEndpoint","type":"OnIceCandidate"}}}, sessionId: cd8e203a-f67e-4e93-a512-1883939aa1b7
0:46:52.208683278 [334m   45[00m 0x7fa4c0001780 [37mDEBUG  [00m [00mKurentoWebSocketEventHandler WebSocketEventHandler.cpp:56:sendEvent:[00m Sending event: {"jsonrpc":"2.0","method":"onEvent","params":{"value":{"data":{"candidate":{"__module__":"kurento","__type__":"IceCandidate","candidate":"candidate:8 1 UDP 2013266431 172.20.0.9 10290 typ host","sdpMLineIndex":2,"sdpMid":"2"},"source":"1429b6f3-0412-46b4-a1ce-d5c6bd7c854b_kurento.MediaPipeline/b380017c-e519-4eba-8ec7-799fd17a2521_kurento.WebRtcEndpoint","tags":[],"timestamp":"1597042665","timestampMillis":"1597042665057","type":"OnIceCandidate"},"object":"1429b6f3-0412-46b4-a1ce-d5c6bd7c854b_kurento.MediaPipeline/b380017c-e519-4eba-8ec7-799fd17a2521_kurento.WebRtcEndpoint","type":"OnIceCandidate"}}}, sessionId: cd8e203a-f67e-4e93-a512-1883939aa1b7
0:46:52.208790188 [334m   45[00m 0x7fa4c0001780 [37mDEBUG  [00m [00mKurentoWebSocketEventHandler WebSocketEventHandler.cpp:56:sendEvent:[00m Sending event: {"jsonrpc":"2.0","method":"onEvent","params":{"value":{"data":{"candidate":{"__module__":"kurento","__type__":"IceCandidate","candidate":"candidate:9 1 TCP 1015021823 172.20.0.9 9 typ host tcptype active","sdpMLineIndex":0,"sdpMid":"0"},"source":"1429b6f3-0412-46b4-a1ce-d5c6bd7c854b_kurento.MediaPipeline/b380017c-e519-4eba-8ec7-799fd17a2521_kurento.WebRtcEndpoint","tags":[],"timestamp":"1597042665","timestampMillis":"1597042665057","type":"OnIceCandidate"},"object":"1429b6f3-0412-46b4-a1ce-d5c6bd7c854b_kurento.MediaPipeline/b380017c-e519-4eba-8ec7-799fd17a2521_kurento.WebRtcEndpoint","type":"OnIceCandidate"}}}, sessionId: cd8e203a-f67e-4e93-a512-1883939aa1b7
0:46:52.208898426 [334m   45[00m 0x7fa4c0001780 [37mDEBUG  [00m [00mKurentoWebSocketEventHandler WebSocketEventHandler.cpp:56:sendEvent:[00m Sending event: {"jsonrpc":"2.0","method":"onEvent","params":{"value":{"data":{"candidate":{"__module__":"kurento","__type__":"IceCandidate","candidate":"candidate:9 1 TCP 1015021823 172.20.0.9 9 typ host tcptype active","sdpMLineIndex":1,"sdpMid":"1"},"source":"1429b6f3-0412-46b4-a1ce-d5c6bd7c854b_kurento.MediaPipeline/b380017c-e519-4eba-8ec7-799fd17a2521_kurento.WebRtcEndpoint","tags":[],"timestamp":"1597042665","timestampMillis":"1597042665057","type":"OnIceCandidate"},"object":"1429b6f3-0412-46b4-a1ce-d5c6bd7c854b_kurento.MediaPipeline/b380017c-e519-4eba-8ec7-799fd17a2521_kurento.WebRtcEndpoint","type":"OnIceCandidate"}}}, sessionId: cd8e203a-f67e-4e93-a512-1883939aa1b7
0:46:52.209000754 [334m   45[00m 0x7fa4c0001780 [37mDEBUG  [00m [00mKurentoWebSocketEventHandler WebSocketEventHandler.cpp:56:sendEvent:[00m Sending event: {"jsonrpc":"2.0","method":"onEvent","params":{"value":{"data":{"candidate":{"__module__":"kurento","__type__":"IceCandidate","candidate":"candidate:9 1 TCP 1015021823 172.20.0.9 9 typ host tcptype active","sdpMLineIndex":2,"sdpMid":"2"},"source":"1429b6f3-0412-46b4-a1ce-d5c6bd7c854b_kurento.MediaPipeline/b380017c-e519-4eba-8ec7-799fd17a2521_kurento.WebRtcEndpoint","tags":[],"timestamp":"1597042665","timestampMillis":"1597042665057","type":"OnIceCandidate"},"object":"1429b6f3-0412-46b4-a1ce-d5c6bd7c854b_kurento.MediaPipeline/b380017c-e519-4eba-8ec7-799fd17a2521_kurento.WebRtcEndpoint","type":"OnIceCandidate"}}}, sessionId: cd8e203a-f67e-4e93-a512-1883939aa1b7
0:46:52.209350467 [334m   45[00m 0x7fa4c0001780 [37mDEBUG  [00m [00mKurentoWebSocketEventHandler WebSocketEventHandler.cpp:56:sendEvent:[00m Sending event: {"jsonrpc":"2.0","method":"onEvent","params":{"value":{"data":{"candidate":{"__module__":"kurento","__type__":"IceCandidate","candidate":"candidate:10 1 TCP 1010827519 172.20.0.9 10278 typ host tcptype passive","sdpMLineIndex":0,"sdpMid":"0"},"source":"1429b6f3-0412-46b4-a1ce-d5c6bd7c854b_kurento.MediaPipeline/b380017c-e519-4eba-8ec7-799fd17a2521_kurento.WebRtcEndpoint","tags":[],"timestamp":"1597042665","timestampMillis":"1597042665057","type":"OnIceCandidate"},"object":"1429b6f3-0412-46b4-a1ce-d5c6bd7c854b_kurento.MediaPipeline/b380017c-e519-4eba-8ec7-799fd17a2521_kurento.WebRtcEndpoint","type":"OnIceCandidate"}}}, sessionId: cd8e203a-f67e-4e93-a512-1883939aa1b7
0:46:52.209856711 [334m   45[00m 0x7fa4c0001780 [37mDEBUG  [00m [00mKurentoWebSocketEventHandler WebSocketEventHandler.cpp:56:sendEvent:[00m Sending event: {"jsonrpc":"2.0","method":"onEvent","params":{"value":{"data":{"candidate":{"__module__":"kurento","__type__":"IceCandidate","candidate":"candidate:10 1 TCP 1010827519 172.20.0.9 10278 typ host tcptype passive","sdpMLineIndex":1,"sdpMid":"1"},"source":"1429b6f3-0412-46b4-a1ce-d5c6bd7c854b_kurento.MediaPipeline/b380017c-e519-4eba-8ec7-799fd17a2521_kurento.WebRtcEndpoint","tags":[],"timestamp":"1597042665","timestampMillis":"1597042665057","type":"OnIceCandidate"},"object":"1429b6f3-0412-46b4-a1ce-d5c6bd7c854b_kurento.MediaPipeline/b380017c-e519-4eba-8ec7-799fd17a2521_kurento.WebRtcEndpoint","type":"OnIceCandidate"}}}, sessionId: cd8e203a-f67e-4e93-a512-1883939aa1b7
0:46:52.209964809 [334m   45[00m 0x7fa4c0001780 [37mDEBUG  [00m [00mKurentoWebSocketEventHandler WebSocketEventHandler.cpp:56:sendEvent:[00m Sending event: {"jsonrpc":"2.0","method":"onEvent","params":{"value":{"data":{"candidate":{"__module__":"kurento","__type__":"IceCandidate","candidate":"candidate:10 1 TCP 1010827519 172.20.0.9 10278 typ host tcptype passive","sdpMLineIndex":2,"sdpMid":"2"},"source":"1429b6f3-0412-46b4-a1ce-d5c6bd7c854b_kurento.MediaPipeline/b380017c-e519-4eba-8ec7-799fd17a2521_kurento.WebRtcEndpoint","tags":[],"timestamp":"1597042665","timestampMillis":"1597042665057","type":"OnIceCandidate"},"object":"1429b6f3-0412-46b4-a1ce-d5c6bd7c854b_kurento.MediaPipeline/b380017c-e519-4eba-8ec7-799fd17a2521_kurento.WebRtcEndpoint","type":"OnIceCandidate"}}}, sessionId: cd8e203a-f67e-4e93-a512-1883939aa1b7
0:46:52.210066806 [334m   45[00m 0x7fa4c0001780 [37mDEBUG  [00m [00mKurentoWebSocketEventHandler WebSocketEventHandler.cpp:56:sendEvent:[00m Sending event: {"jsonrpc":"2.0","method":"onEvent","params":{"value":{"data":{"candidate":{"__module__":"kurento","__type__":"IceCandidate","candidate":"candidate:8 2 UDP 2013266430 172.20.0.9 10300 typ host","sdpMLineIndex":0,"sdpMid":"0"},"source":"1429b6f3-0412-46b4-a1ce-d5c6bd7c854b_kurento.MediaPipeline/b380017c-e519-4eba-8ec7-799fd17a2521_kurento.WebRtcEndpoint","tags":[],"timestamp":"1597042665","timestampMillis":"1597042665058","type":"OnIceCandidate"},"object":"1429b6f3-0412-46b4-a1ce-d5c6bd7c854b_kurento.MediaPipeline/b380017c-e519-4eba-8ec7-799fd17a2521_kurento.WebRtcEndpoint","type":"OnIceCandidate"}}}, sessionId: cd8e203a-f67e-4e93-a512-1883939aa1b7
0:46:52.210170359 [334m   45[00m 0x7fa4c0001780 [37mDEBUG  [00m [00mKurentoWebSocketEventHandler WebSocketEventHandler.cpp:56:sendEvent:[00m Sending event: {"jsonrpc":"2.0","method":"onEvent","params":{"value":{"data":{"candidate":{"__module__":"kurento","__type__":"IceCandidate","candidate":"candidate:8 2 UDP 2013266430 172.20.0.9 10300 typ host","sdpMLineIndex":1,"sdpMid":"1"},"source":"1429b6f3-0412-46b4-a1ce-d5c6bd7c854b_kurento.MediaPipeline/b380017c-e519-4eba-8ec7-799fd17a2521_kurento.WebRtcEndpoint","tags":[],"timestamp":"1597042665","timestampMillis":"1597042665058","type":"OnIceCandidate"},"object":"1429b6f3-0412-46b4-a1ce-d5c6bd7c854b_kurento.MediaPipeline/b380017c-e519-4eba-8ec7-799fd17a2521_kurento.WebRtcEndpoint","type":"OnIceCandidate"}}}, sessionId: cd8e203a-f67e-4e93-a512-1883939aa1b7
0:46:52.210270932 [334m   45[00m 0x7fa4c0001780 [37mDEBUG  [00m [00mKurentoWebSocketEventHandler WebSocketEventHandler.cpp:56:sendEvent:[00m Sending event: {"jsonrpc":"2.0","method":"onEvent","params":{"value":{"data":{"candidate":{"__module__":"kurento","__type__":"IceCandidate","candidate":"candidate:8 2 UDP 2013266430 172.20.0.9 10300 typ host","sdpMLineIndex":2,"sdpMid":"2"},"source":"1429b6f3-0412-46b4-a1ce-d5c6bd7c854b_kurento.MediaPipeline/b380017c-e519-4eba-8ec7-799fd17a2521_kurento.WebRtcEndpoint","tags":[],"timestamp":"1597042665","timestampMillis":"1597042665058","type":"OnIceCandidate"},"object":"1429b6f3-0412-46b4-a1ce-d5c6bd7c854b_kurento.MediaPipeline/b380017c-e519-4eba-8ec7-799fd17a2521_kurento.WebRtcEndpoint","type":"OnIceCandidate"}}}, sessionId: cd8e203a-f67e-4e93-a512-1883939aa1b7
0:46:52.210370934 [334m   45[00m 0x7fa4c0001780 [37mDEBUG  [00m [00mKurentoWebSocketEventHandler WebSocketEventHandler.cpp:56:sendEvent:[00m Sending event: {"jsonrpc":"2.0","method":"onEvent","params":{"value":{"data":{"candidate":{"__module__":"kurento","__type__":"IceCandidate","candidate":"candidate:9 2 TCP 1015021822 172.20.0.9 9 typ host tcptype active","sdpMLineIndex":0,"sdpMid":"0"},"source":"1429b6f3-0412-46b4-a1ce-d5c6bd7c854b_kurento.MediaPipeline/b380017c-e519-4eba-8ec7-799fd17a2521_kurento.WebRtcEndpoint","tags":[],"timestamp":"1597042665","timestampMillis":"1597042665059","type":"OnIceCandidate"},"object":"1429b6f3-0412-46b4-a1ce-d5c6bd7c854b_kurento.MediaPipeline/b380017c-e519-4eba-8ec7-799fd17a2521_kurento.WebRtcEndpoint","type":"OnIceCandidate"}}}, sessionId: cd8e203a-f67e-4e93-a512-1883939aa1b7
0:46:52.210471019 [334m   45[00m 0x7fa4c0001780 [37mDEBUG  [00m [00mKurentoWebSocketEventHandler WebSocketEventHandler.cpp:56:sendEvent:[00m Sending event: {"jsonrpc":"2.0","method":"onEvent","params":{"value":{"data":{"candidate":{"__module__":"kurento","__type__":"IceCandidate","candidate":"candidate:9 2 TCP 1015021822 172.20.0.9 9 typ host tcptype active","sdpMLineIndex":1,"sdpMid":"1"},"source":"1429b6f3-0412-46b4-a1ce-d5c6bd7c854b_kurento.MediaPipeline/b380017c-e519-4eba-8ec7-799fd17a2521_kurento.WebRtcEndpoint","tags":[],"timestamp":"1597042665","timestampMillis":"1597042665059","type":"OnIceCandidate"},"object":"1429b6f3-0412-46b4-a1ce-d5c6bd7c854b_kurento.MediaPipeline/b380017c-e519-4eba-8ec7-799fd17a2521_kurento.WebRtcEndpoint","type":"OnIceCandidate"}}}, sessionId: cd8e203a-f67e-4e93-a512-1883939aa1b7
0:46:52.210479712 [334m   45[00m 0x7fa51c001b20 [37mDEBUG  [00m [00mKurentoWebSocketTransport WebSocketTransport.cpp:462:processMessage:[00m Response: {"id":161,"jsonrpc":"2.0","result":{"sessionId":"cd8e203a-f67e-4e93-a512-1883939aa1b7","value":null}}
0:46:52.210571568 [334m   45[00m 0x7fa4c0001780 [37mDEBUG  [00m [00mKurentoWebSocketEventHandler WebSocketEventHandler.cpp:56:sendEvent:[00m Sending event: {"jsonrpc":"2.0","method":"onEvent","params":{"value":{"data":{"candidate":{"__module__":"kurento","__type__":"IceCandidate","candidate":"candidate:9 2 TCP 1015021822 172.20.0.9 9 typ host tcptype active","sdpMLineIndex":2,"sdpMid":"2"},"source":"1429b6f3-0412-46b4-a1ce-d5c6bd7c854b_kurento.MediaPipeline/b380017c-e519-4eba-8ec7-799fd17a2521_kurento.WebRtcEndpoint","tags":[],"timestamp":"1597042665","timestampMillis":"1597042665059","type":"OnIceCandidate"},"object":"1429b6f3-0412-46b4-a1ce-d5c6bd7c854b_kurento.MediaPipeline/b380017c-e519-4eba-8ec7-799fd17a2521_kurento.WebRtcEndpoint","type":"OnIceCandidate"}}}, sessionId: cd8e203a-f67e-4e93-a512-1883939aa1b7
0:46:52.210623903 [334m   45[00m 0x7fa51c001b20 [37mDEBUG  [00m [00mKurentoWebSocketTransport WebSocketTransport.cpp:460:processMessage:[00m Message: {"jsonrpc":"2.0","method":"invoke","params":{"object":"1429b6f3-0412-46b4-a1ce-d5c6bd7c854b_kurento.MediaPipeline/b380017c-e519-4eba-8ec7-799fd17a2521_kurento.WebRtcEndpoint","operation":"addIceCandidate","operationParams":{"candidate":{"candidate":"candidate:0 1 UDP 2122252543 192.168.1.133 64665 typ host","sdpMid":"2","sdpMLineIndex":2,"__module__":"kurento","__type__":"IceCandidate"}},"sessionId":"cd8e203a-f67e-4e93-a512-1883939aa1b7"},"id":162}
0:46:52.210678899 [334m   45[00m 0x7fa4c0001780 [37mDEBUG  [00m [00mKurentoWebSocketEventHandler WebSocketEventHandler.cpp:56:sendEvent:[00m Sending event: {"jsonrpc":"2.0","method":"onEvent","params":{"value":{"data":{"candidate":{"__module__":"kurento","__type__":"IceCandidate","candidate":"candidate:10 2 TCP 1010827518 172.20.0.9 10290 typ host tcptype passive","sdpMLineIndex":0,"sdpMid":"0"},"source":"1429b6f3-0412-46b4-a1ce-d5c6bd7c854b_kurento.MediaPipeline/b380017c-e519-4eba-8ec7-799fd17a2521_kurento.WebRtcEndpoint","tags":[],"timestamp":"1597042665","timestampMillis":"1597042665059","type":"OnIceCandidate"},"object":"1429b6f3-0412-46b4-a1ce-d5c6bd7c854b_kurento.MediaPipeline/b380017c-e519-4eba-8ec7-799fd17a2521_kurento.WebRtcEndpoint","type":"OnIceCandidate"}}}, sessionId: cd8e203a-f67e-4e93-a512-1883939aa1b7
0:46:52.210773444 [334m   45[00m 0x7fa4c0001780 [37mDEBUG  [00m [00mKurentoWebSocketEventHandler WebSocketEventHandler.cpp:56:sendEvent:[00m Sending event: {"jsonrpc":"2.0","method":"onEvent","params":{"value":{"data":{"candidate":{"__module__":"kurento","__type__":"IceCandidate","candidate":"candidate:10 2 TCP 1010827518 172.20.0.9 10290 typ host tcptype passive","sdpMLineIndex":1,"sdpMid":"1"},"source":"1429b6f3-0412-46b4-a1ce-d5c6bd7c854b_kurento.MediaPipeline/b380017c-e519-4eba-8ec7-799fd17a2521_kurento.WebRtcEndpoint","tags":[],"timestamp":"1597042665","timestampMillis":"1597042665059","type":"OnIceCandidate"},"object":"1429b6f3-0412-46b4-a1ce-d5c6bd7c854b_kurento.MediaPipeline/b380017c-e519-4eba-8ec7-799fd17a2521_kurento.WebRtcEndpoint","type":"OnIceCandidate"}}}, sessionId: cd8e203a-f67e-4e93-a512-1883939aa1b7
0:46:52.210864689 [334m   45[00m 0x7fa4c0001780 [37mDEBUG  [00m [00mKurentoWebSocketEventHandler WebSocketEventHandler.cpp:56:sendEvent:[00m Sending event: {"jsonrpc":"2.0","method":"onEvent","params":{"value":{"data":{"candidate":{"__module__":"kurento","__type__":"IceCandidate","candidate":"candidate:10 2 TCP 1010827518 172.20.0.9 10290 typ host tcptype passive","sdpMLineIndex":2,"sdpMid":"2"},"source":"1429b6f3-0412-46b4-a1ce-d5c6bd7c854b_kurento.MediaPipeline/b380017c-e519-4eba-8ec7-799fd17a2521_kurento.WebRtcEndpoint","tags":[],"timestamp":"1597042665","timestampMillis":"1597042665059","type":"OnIceCandidate"},"object":"1429b6f3-0412-46b4-a1ce-d5c6bd7c854b_kurento.MediaPipeline/b380017c-e519-4eba-8ec7-799fd17a2521_kurento.WebRtcEndpoint","type":"OnIceCandidate"}}}, sessionId: cd8e203a-f67e-4e93-a512-1883939aa1b7
0:46:52.210945009 [334m   45[00m 0x7fa51c001b20 [37mDEBUG  [00m [00mKurentoWebSocketTransport WebSocketTransport.cpp:462:processMessage:[00m Response: {"id":162,"jsonrpc":"2.0","result":{"sessionId":"cd8e203a-f67e-4e93-a512-1883939aa1b7","value":null}}
0:46:52.210971464 [334m   45[00m 0x7fa51c001b20 [37mDEBUG  [00m [00mKurentoWebSocketTransport WebSocketTransport.cpp:460:processMessage:[00m Message: {"jsonrpc":"2.0","method":"invoke","params":{"object":"1429b6f3-0412-46b4-a1ce-d5c6bd7c854b_kurento.MediaPipeline/88d69018-a266-4271-8277-644a2159fcc9_datachannelexample.KmsSendData","operation":"connect","operationParams":{"sink":"1429b6f3-0412-46b4-a1ce-d5c6bd7c854b_kurento.MediaPipeline/b380017c-e519-4eba-8ec7-799fd17a2521_kurento.WebRtcEndpoint"},"sessionId":"cd8e203a-f67e-4e93-a512-1883939aa1b7"},"id":163}
0:46:52.211056604 [334m   45[00m 0x7fa51c001b20 [37mDEBUG  [00m [00mKurentoMediaElementImpl MediaElementImpl.cpp:902:connect:[00m Connecting 1429b6f3-0412-46b4-a1ce-d5c6bd7c854b_kurento.MediaPipeline/88d69018-a266-4271-8277-644a2159fcc9_datachannelexample.KmsSendData -> 1429b6f3-0412-46b4-a1ce-d5c6bd7c854b_kurento.MediaPipeline/b380017c-e519-4eba-8ec7-799fd17a2521_kurento.WebRtcEndpoint params AUDIO default default
0:46:52.211198490 [334m   45[00m 0x7fa51c001b20 [37mDEBUG  [00m [00mKurentoMediaElementImpl MediaElementImpl.cpp:902:connect:[00m Connecting 1429b6f3-0412-46b4-a1ce-d5c6bd7c854b_kurento.MediaPipeline/88d69018-a266-4271-8277-644a2159fcc9_datachannelexample.KmsSendData -> 1429b6f3-0412-46b4-a1ce-d5c6bd7c854b_kurento.MediaPipeline/b380017c-e519-4eba-8ec7-799fd17a2521_kurento.WebRtcEndpoint params VIDEO default default
0:46:52.211278085 [334m   45[00m 0x7fa51c001b20 [37mDEBUG  [00m [00mKurentoMediaElementImpl MediaElementImpl.cpp:902:connect:[00m Connecting 1429b6f3-0412-46b4-a1ce-d5c6bd7c854b_kurento.MediaPipeline/88d69018-a266-4271-8277-644a2159fcc9_datachannelexample.KmsSendData -> 1429b6f3-0412-46b4-a1ce-d5c6bd7c854b_kurento.MediaPipeline/b380017c-e519-4eba-8ec7-799fd17a2521_kurento.WebRtcEndpoint params DATA default default
0:46:52.211411517 [334m   45[00m 0x7fa51c001b20 [37mDEBUG  [00m [00mKurentoWebSocketTransport WebSocketTransport.cpp:462:processMessage:[00m Response: {"id":163,"jsonrpc":"2.0","result":{"sessionId":"cd8e203a-f67e-4e93-a512-1883939aa1b7","value":null}}
0:46:52.211435045 [334m   45[00m 0x7fa51c001b20 [37mDEBUG  [00m [00mKurentoWebSocketTransport WebSocketTransport.cpp:460:processMessage:[00m Message: {"jsonrpc":"2.0","method":"invoke","params":{"object":"1429b6f3-0412-46b4-a1ce-d5c6bd7c854b_kurento.MediaPipeline/b380017c-e519-4eba-8ec7-799fd17a2521_kurento.WebRtcEndpoint","operation":"addIceCandidate","operationParams":{"candidate":{"candidate":"candidate:0 1 UDP 2122252543 192.168.1.133 64666 typ host","sdpMid":"0","sdpMLineIndex":0,"__module__":"kurento","__type__":"IceCandidate"}},"sessionId":"cd8e203a-f67e-4e93-a512-1883939aa1b7"},"id":164}
0:46:52.211701624 [334m   45[00m 0x7fa51c001b20 [37mDEBUG  [00m [00mKurentoWebSocketTransport WebSocketTransport.cpp:462:processMessage:[00m Response: {"id":164,"jsonrpc":"2.0","result":{"sessionId":"cd8e203a-f67e-4e93-a512-1883939aa1b7","value":null}}
0:46:52.211754126 [334m   45[00m 0x7fa51c001b20 [37mDEBUG  [00m [00mKurentoWebSocketTransport WebSocketTransport.cpp:460:processMessage:[00m Message: {"jsonrpc":"2.0","method":"invoke","params":{"object":"1429b6f3-0412-46b4-a1ce-d5c6bd7c854b_kurento.MediaPipeline/b380017c-e519-4eba-8ec7-799fd17a2521_kurento.WebRtcEndpoint","operation":"addIceCandidate","operationParams":{"candidate":{"candidate":"candidate:2 1 TCP 2105524479 192.168.1.133 9 typ host tcptype active","sdpMid":"0","sdpMLineIndex":0,"__module__":"kurento","__type__":"IceCandidate"}},"sessionId":"cd8e203a-f67e-4e93-a512-1883939aa1b7"},"id":165}
0:46:52.212004031 [334m   45[00m 0x7fa51c001b20 [37mDEBUG  [00m [00mKurentoWebSocketTransport WebSocketTransport.cpp:462:processMessage:[00m Response: {"id":165,"jsonrpc":"2.0","result":{"sessionId":"cd8e203a-f67e-4e93-a512-1883939aa1b7","value":null}}
0:46:52.212489240 [334m   45[00m 0x7fa4e0001b50 [37mDEBUG  [00m [00mKurentoWebSocketTransport WebSocketTransport.cpp:460:processMessage:[00m Message: {"jsonrpc":"2.0","method":"invoke","params":{"object":"1429b6f3-0412-46b4-a1ce-d5c6bd7c854b_kurento.MediaPipeline/b380017c-e519-4eba-8ec7-799fd17a2521_kurento.WebRtcEndpoint","operation":"addIceCandidate","operationParams":{"candidate":{"candidate":"candidate:0 2 UDP 2122252542 192.168.1.133 49879 typ host","sdpMid":"0","sdpMLineIndex":0,"__module__":"kurento","__type__":"IceCandidate"}},"sessionId":"cd8e203a-f67e-4e93-a512-1883939aa1b7"},"id":166}
0:46:52.212795113 [334m   45[00m 0x7fa4e0001b50 [37mDEBUG  [00m [00mKurentoWebSocketTransport WebSocketTransport.cpp:462:processMessage:[00m Response: {"id":166,"jsonrpc":"2.0","result":{"sessionId":"cd8e203a-f67e-4e93-a512-1883939aa1b7","value":null}}
0:46:52.214920415 [334m   45[00m 0x7fa510001cc0 [37mDEBUG  [00m [00mKurentoWebSocketTransport WebSocketTransport.cpp:460:processMessage:[00m Message: {"jsonrpc":"2.0","method":"invoke","params":{"object":"1429b6f3-0412-46b4-a1ce-d5c6bd7c854b_kurento.MediaPipeline/b380017c-e519-4eba-8ec7-799fd17a2521_kurento.WebRtcEndpoint","operation":"addIceCandidate","operationParams":{"candidate":{"candidate":"candidate:2 2 TCP 2105524478 192.168.1.133 9 typ host tcptype active","sdpMid":"0","sdpMLineIndex":0,"__module__":"kurento","__type__":"IceCandidate"}},"sessionId":"cd8e203a-f67e-4e93-a512-1883939aa1b7"},"id":167}
0:46:52.215377684 [334m   45[00m 0x7fa510001cc0 [37mDEBUG  [00m [00mKurentoWebSocketTransport WebSocketTransport.cpp:462:processMessage:[00m Response: {"id":167,"jsonrpc":"2.0","result":{"sessionId":"cd8e203a-f67e-4e93-a512-1883939aa1b7","value":null}}
0:46:52.215705099 [334m   45[00m 0x7fa528001840 [37mDEBUG  [00m [00mKurentoWebSocketTransport WebSocketTransport.cpp:460:processMessage:[00m Message: {"jsonrpc":"2.0","method":"invoke","params":{"object":"1429b6f3-0412-46b4-a1ce-d5c6bd7c854b_kurento.MediaPipeline/b380017c-e519-4eba-8ec7-799fd17a2521_kurento.WebRtcEndpoint","operation":"addIceCandidate","operationParams":{"candidate":{"candidate":"candidate:0 1 UDP 2122252543 192.168.1.133 49880 typ host","sdpMid":"1","sdpMLineIndex":1,"__module__":"kurento","__type__":"IceCandidate"}},"sessionId":"cd8e203a-f67e-4e93-a512-1883939aa1b7"},"id":168}
0:46:52.216077484 [334m   45[00m 0x7fa528001840 [37mDEBUG  [00m [00mKurentoWebSocketTransport WebSocketTransport.cpp:462:processMessage:[00m Response: {"id":168,"jsonrpc":"2.0","result":{"sessionId":"cd8e203a-f67e-4e93-a512-1883939aa1b7","value":null}}
0:46:52.216729614 [334m   45[00m 0x7fa52c0072f0 [37mDEBUG  [00m [00mKurentoWebSocketTransport WebSocketTransport.cpp:460:processMessage:[00m Message: {"jsonrpc":"2.0","method":"invoke","params":{"object":"1429b6f3-0412-46b4-a1ce-d5c6bd7c854b_kurento.MediaPipeline/b380017c-e519-4eba-8ec7-799fd17a2521_kurento.WebRtcEndpoint","operation":"addIceCandidate","operationParams":{"candidate":{"candidate":"candidate:2 1 TCP 2105524479 192.168.1.133 9 typ host tcptype active","sdpMid":"1","sdpMLineIndex":1,"__module__":"kurento","__type__":"IceCandidate"}},"sessionId":"cd8e203a-f67e-4e93-a512-1883939aa1b7"},"id":169}
0:46:52.217057271 [334m   45[00m 0x7fa52c0072f0 [37mDEBUG  [00m [00mKurentoWebSocketTransport WebSocketTransport.cpp:462:processMessage:[00m Response: {"id":169,"jsonrpc":"2.0","result":{"sessionId":"cd8e203a-f67e-4e93-a512-1883939aa1b7","value":null}}
0:46:52.218175127 [334m   45[00m 0x7fa514001c60 [37mDEBUG  [00m [00mKurentoWebSocketTransport WebSocketTransport.cpp:460:processMessage:[00m Message: {"jsonrpc":"2.0","method":"invoke","params":{"object":"1429b6f3-0412-46b4-a1ce-d5c6bd7c854b_kurento.MediaPipeline/b380017c-e519-4eba-8ec7-799fd17a2521_kurento.WebRtcEndpoint","operation":"addIceCandidate","operationParams":{"candidate":{"candidate":"candidate:0 2 UDP 2122252542 192.168.1.133 49881 typ host","sdpMid":"1","sdpMLineIndex":1,"__module__":"kurento","__type__":"IceCandidate"}},"sessionId":"cd8e203a-f67e-4e93-a512-1883939aa1b7"},"id":170}
0:46:52.218555305 [334m   45[00m 0x7fa514001c60 [37mDEBUG  [00m [00mKurentoWebSocketTransport WebSocketTransport.cpp:462:processMessage:[00m Response: {"id":170,"jsonrpc":"2.0","result":{"sessionId":"cd8e203a-f67e-4e93-a512-1883939aa1b7","value":null}}
0:46:52.218952751 [334m   45[00m 0x7fa50c001810 [37mDEBUG  [00m [00mKurentoWebSocketTransport WebSocketTransport.cpp:460:processMessage:[00m Message: {"jsonrpc":"2.0","method":"invoke","params":{"object":"1429b6f3-0412-46b4-a1ce-d5c6bd7c854b_kurento.MediaPipeline/b380017c-e519-4eba-8ec7-799fd17a2521_kurento.WebRtcEndpoint","operation":"addIceCandidate","operationParams":{"candidate":{"candidate":"candidate:2 2 TCP 2105524478 192.168.1.133 9 typ host tcptype active","sdpMid":"1","sdpMLineIndex":1,"__module__":"kurento","__type__":"IceCandidate"}},"sessionId":"cd8e203a-f67e-4e93-a512-1883939aa1b7"},"id":171}
0:46:52.219302596 [334m   45[00m 0x7fa50c001810 [37mDEBUG  [00m [00mKurentoWebSocketTransport WebSocketTransport.cpp:462:processMessage:[00m Response: {"id":171,"jsonrpc":"2.0","result":{"sessionId":"cd8e203a-f67e-4e93-a512-1883939aa1b7","value":null}}
0:46:52.295962085 [334m   45[00m 0x7fa4c0001780 [37mDEBUG  [00m [00mKurentoWebSocketEventHandler WebSocketEventHandler.cpp:56:sendEvent:[00m Sending event: {"jsonrpc":"2.0","method":"onEvent","params":{"value":{"data":{"candidate":{"__module__":"kurento","__type__":"IceCandidate","candidate":"candidate:11 1 UDP 1677722111 203.151.20.94 10290 typ srflx raddr 172.20.0.9 rport 10290","sdpMLineIndex":0,"sdpMid":"0"},"source":"1429b6f3-0412-46b4-a1ce-d5c6bd7c854b_kurento.MediaPipeline/b380017c-e519-4eba-8ec7-799fd17a2521_kurento.WebRtcEndpoint","tags":[],"timestamp":"1597042665","timestampMillis":"1597042665144","type":"OnIceCandidate"},"object":"1429b6f3-0412-46b4-a1ce-d5c6bd7c854b_kurento.MediaPipeline/b380017c-e519-4eba-8ec7-799fd17a2521_kurento.WebRtcEndpoint","type":"OnIceCandidate"}}}, sessionId: cd8e203a-f67e-4e93-a512-1883939aa1b7
0:46:52.296126779 [334m   45[00m 0x7fa4c0001780 [37mDEBUG  [00m [00mKurentoWebSocketEventHandler WebSocketEventHandler.cpp:56:sendEvent:[00m Sending event: {"jsonrpc":"2.0","method":"onEvent","params":{"value":{"data":{"candidate":{"__module__":"kurento","__type__":"IceCandidate","candidate":"candidate:11 1 UDP 1677722111 203.151.20.94 10290 typ srflx raddr 172.20.0.9 rport 10290","sdpMLineIndex":1,"sdpMid":"1"},"source":"1429b6f3-0412-46b4-a1ce-d5c6bd7c854b_kurento.MediaPipeline/b380017c-e519-4eba-8ec7-799fd17a2521_kurento.WebRtcEndpoint","tags":[],"timestamp":"1597042665","timestampMillis":"1597042665144","type":"OnIceCandidate"},"object":"1429b6f3-0412-46b4-a1ce-d5c6bd7c854b_kurento.MediaPipeline/b380017c-e519-4eba-8ec7-799fd17a2521_kurento.WebRtcEndpoint","type":"OnIceCandidate"}}}, sessionId: cd8e203a-f67e-4e93-a512-1883939aa1b7
0:46:52.296260931 [334m   45[00m 0x7fa4c0001780 [37mDEBUG  [00m [00mKurentoWebSocketEventHandler WebSocketEventHandler.cpp:56:sendEvent:[00m Sending event: {"jsonrpc":"2.0","method":"onEvent","params":{"value":{"data":{"candidate":{"__module__":"kurento","__type__":"IceCandidate","candidate":"candidate:11 1 UDP 1677722111 203.151.20.94 10290 typ srflx raddr 172.20.0.9 rport 10290","sdpMLineIndex":2,"sdpMid":"2"},"source":"1429b6f3-0412-46b4-a1ce-d5c6bd7c854b_kurento.MediaPipeline/b380017c-e519-4eba-8ec7-799fd17a2521_kurento.WebRtcEndpoint","tags":[],"timestamp":"1597042665","timestampMillis":"1597042665144","type":"OnIceCandidate"},"object":"1429b6f3-0412-46b4-a1ce-d5c6bd7c854b_kurento.MediaPipeline/b380017c-e519-4eba-8ec7-799fd17a2521_kurento.WebRtcEndpoint","type":"OnIceCandidate"}}}, sessionId: cd8e203a-f67e-4e93-a512-1883939aa1b7
0:46:52.296368638 [334m   45[00m 0x7fa4c0001780 [37mDEBUG  [00m [00mKurentoWebSocketEventHandler WebSocketEventHandler.cpp:56:sendEvent:[00m Sending event: {"jsonrpc":"2.0","method":"onEvent","params":{"value":{"data":{"candidate":{"__module__":"kurento","__type__":"IceCandidate","candidate":"candidate:12 1 TCP 847249663 203.151.20.94 9 typ srflx raddr 172.20.0.9 rport 9 tcptype active","sdpMLineIndex":0,"sdpMid":"0"},"source":"1429b6f3-0412-46b4-a1ce-d5c6bd7c854b_kurento.MediaPipeline/b380017c-e519-4eba-8ec7-799fd17a2521_kurento.WebRtcEndpoint","tags":[],"timestamp":"1597042665","timestampMillis":"1597042665145","type":"OnIceCandidate"},"object":"1429b6f3-0412-46b4-a1ce-d5c6bd7c854b_kurento.MediaPipeline/b380017c-e519-4eba-8ec7-799fd17a2521_kurento.WebRtcEndpoint","type":"OnIceCandidate"}}}, sessionId: cd8e203a-f67e-4e93-a512-1883939aa1b7
0:46:52.296471631 [334m   45[00m 0x7fa4c0001780 [37mDEBUG  [00m [00mKurentoWebSocketEventHandler WebSocketEventHandler.cpp:56:sendEvent:[00m Sending event: {"jsonrpc":"2.0","method":"onEvent","params":{"value":{"data":{"candidate":{"__module__":"kurento","__type__":"IceCandidate","candidate":"candidate:12 1 TCP 847249663 203.151.20.94 9 typ srflx raddr 172.20.0.9 rport 9 tcptype active","sdpMLineIndex":1,"sdpMid":"1"},"source":"1429b6f3-0412-46b4-a1ce-d5c6bd7c854b_kurento.MediaPipeline/b380017c-e519-4eba-8ec7-799fd17a2521_kurento.WebRtcEndpoint","tags":[],"timestamp":"1597042665","timestampMillis":"1597042665145","type":"OnIceCandidate"},"object":"1429b6f3-0412-46b4-a1ce-d5c6bd7c854b_kurento.MediaPipeline/b380017c-e519-4eba-8ec7-799fd17a2521_kurento.WebRtcEndpoint","type":"OnIceCandidate"}}}, sessionId: cd8e203a-f67e-4e93-a512-1883939aa1b7
0:46:52.296600745 [334m   45[00m 0x7fa4c0001780 [37mDEBUG  [00m [00mKurentoWebSocketEventHandler WebSocketEventHandler.cpp:56:sendEvent:[00m Sending event: {"jsonrpc":"2.0","method":"onEvent","params":{"value":{"data":{"candidate":{"__module__":"kurento","__type__":"IceCandidate","candidate":"candidate:12 1 TCP 847249663 203.151.20.94 9 typ srflx raddr 172.20.0.9 rport 9 tcptype active","sdpMLineIndex":2,"sdpMid":"2"},"source":"1429b6f3-0412-46b4-a1ce-d5c6bd7c854b_kurento.MediaPipeline/b380017c-e519-4eba-8ec7-799fd17a2521_kurento.WebRtcEndpoint","tags":[],"timestamp":"1597042665","timestampMillis":"1597042665145","type":"OnIceCandidate"},"object":"1429b6f3-0412-46b4-a1ce-d5c6bd7c854b_kurento.MediaPipeline/b380017c-e519-4eba-8ec7-799fd17a2521_kurento.WebRtcEndpoint","type":"OnIceCandidate"}}}, sessionId: cd8e203a-f67e-4e93-a512-1883939aa1b7
0:46:52.296936024 [334m   45[00m 0x7fa4c0001780 [37mDEBUG  [00m [00mKurentoWebSocketEventHandler WebSocketEventHandler.cpp:56:sendEvent:[00m Sending event: {"jsonrpc":"2.0","method":"onEvent","params":{"value":{"data":{"candidate":{"__module__":"kurento","__type__":"IceCandidate","candidate":"candidate:13 1 TCP 843055359 203.151.20.94 10278 typ srflx raddr 172.20.0.9 rport 10278 tcptype passive","sdpMLineIndex":0,"sdpMid":"0"},"source":"1429b6f3-0412-46b4-a1ce-d5c6bd7c854b_kurento.MediaPipeline/b380017c-e519-4eba-8ec7-799fd17a2521_kurento.WebRtcEndpoint","tags":[],"timestamp":"1597042665","timestampMillis":"1597042665145","type":"OnIceCandidate"},"object":"1429b6f3-0412-46b4-a1ce-d5c6bd7c854b_kurento.MediaPipeline/b380017c-e519-4eba-8ec7-799fd17a2521_kurento.WebRtcEndpoint","type":"OnIceCandidate"}}}, sessionId: cd8e203a-f67e-4e93-a512-1883939aa1b7
0:46:52.297076114 [334m   45[00m 0x7fa4c0001780 [37mDEBUG  [00m [00mKurentoWebSocketEventHandler WebSocketEventHandler.cpp:56:sendEvent:[00m Sending event: {"jsonrpc":"2.0","method":"onEvent","params":{"value":{"data":{"candidate":{"__module__":"kurento","__type__":"IceCandidate","candidate":"candidate:13 1 TCP 843055359 203.151.20.94 10278 typ srflx raddr 172.20.0.9 rport 10278 tcptype passive","sdpMLineIndex":1,"sdpMid":"1"},"source":"1429b6f3-0412-46b4-a1ce-d5c6bd7c854b_kurento.MediaPipeline/b380017c-e519-4eba-8ec7-799fd17a2521_kurento.WebRtcEndpoint","tags":[],"timestamp":"1597042665","timestampMillis":"1597042665145","type":"OnIceCandidate"},"object":"1429b6f3-0412-46b4-a1ce-d5c6bd7c854b_kurento.MediaPipeline/b380017c-e519-4eba-8ec7-799fd17a2521_kurento.WebRtcEndpoint","type":"OnIceCandidate"}}}, sessionId: cd8e203a-f67e-4e93-a512-1883939aa1b7
0:46:52.297630704 [334m   45[00m 0x7fa4c0001780 [37mDEBUG  [00m [00mKurentoWebSocketEventHandler WebSocketEventHandler.cpp:56:sendEvent:[00m Sending event: {"jsonrpc":"2.0","method":"onEvent","params":{"value":{"data":{"candidate":{"__module__":"kurento","__type__":"IceCandidate","candidate":"candidate:13 1 TCP 843055359 203.151.20.94 10278 typ srflx raddr 172.20.0.9 rport 10278 tcptype passive","sdpMLineIndex":2,"sdpMid":"2"},"source":"1429b6f3-0412-46b4-a1ce-d5c6bd7c854b_kurento.MediaPipeline/b380017c-e519-4eba-8ec7-799fd17a2521_kurento.WebRtcEndpoint","tags":[],"timestamp":"1597042665","timestampMillis":"1597042665145","type":"OnIceCandidate"},"object":"1429b6f3-0412-46b4-a1ce-d5c6bd7c854b_kurento.MediaPipeline/b380017c-e519-4eba-8ec7-799fd17a2521_kurento.WebRtcEndpoint","type":"OnIceCandidate"}}}, sessionId: cd8e203a-f67e-4e93-a512-1883939aa1b7
0:46:52.309067753 [334m   45[00m 0x7fa524002180 [37mDEBUG  [00m [00mKurentoWebSocketTransport WebSocketTransport.cpp:460:processMessage:[00m Message: {"jsonrpc":"2.0","method":"invoke","params":{"object":"1429b6f3-0412-46b4-a1ce-d5c6bd7c854b_kurento.MediaPipeline/b380017c-e519-4eba-8ec7-799fd17a2521_kurento.WebRtcEndpoint","operation":"addIceCandidate","operationParams":{"candidate":{"candidate":"candidate:1 1 UDP 1686052863 182.232.132.219 64666 typ srflx raddr 192.168.1.133 rport 64666","sdpMid":"0","sdpMLineIndex":0,"__module__":"kurento","__type__":"IceCandidate"}},"sessionId":"cd8e203a-f67e-4e93-a512-1883939aa1b7"},"id":172}
0:46:52.309851316 [334m   45[00m 0x7fa524002180 [37mDEBUG  [00m [00mKurentoWebSocketTransport WebSocketTransport.cpp:462:processMessage:[00m Response: {"id":172,"jsonrpc":"2.0","result":{"sessionId":"cd8e203a-f67e-4e93-a512-1883939aa1b7","value":null}}
0:46:52.323229095 [334m   45[00m 0x7fa520001c90 [37mDEBUG  [00m [00mKurentoWebSocketTransport WebSocketTransport.cpp:460:processMessage:[00m Message: {"jsonrpc":"2.0","method":"invoke","params":{"object":"1429b6f3-0412-46b4-a1ce-d5c6bd7c854b_kurento.MediaPipeline/b380017c-e519-4eba-8ec7-799fd17a2521_kurento.WebRtcEndpoint","operation":"addIceCandidate","operationParams":{"candidate":{"candidate":"candidate:1 2 UDP 1686052862 182.232.132.219 49879 typ srflx raddr 192.168.1.133 rport 49879","sdpMid":"0","sdpMLineIndex":0,"__module__":"kurento","__type__":"IceCandidate"}},"sessionId":"cd8e203a-f67e-4e93-a512-1883939aa1b7"},"id":173}
0:46:52.324088933 [334m   45[00m 0x7fa520001c90 [37mDEBUG  [00m [00mKurentoWebSocketTransport WebSocketTransport.cpp:462:processMessage:[00m Response: {"id":173,"jsonrpc":"2.0","result":{"sessionId":"cd8e203a-f67e-4e93-a512-1883939aa1b7","value":null}}
0:46:52.331023746 [334m   45[00m 0x7fa51c001b20 [37mDEBUG  [00m [00mKurentoWebSocketTransport WebSocketTransport.cpp:460:processMessage:[00m Message: {"jsonrpc":"2.0","method":"invoke","params":{"object":"1429b6f3-0412-46b4-a1ce-d5c6bd7c854b_kurento.MediaPipeline/b380017c-e519-4eba-8ec7-799fd17a2521_kurento.WebRtcEndpoint","operation":"addIceCandidate","operationParams":{"candidate":{"candidate":"","sdpMid":"0","sdpMLineIndex":0,"__module__":"kurento","__type__":"IceCandidate"}},"sessionId":"cd8e203a-f67e-4e93-a512-1883939aa1b7"},"id":174}
0:46:52.331874317 [334m   45[00m 0x7fa51c001b20 [37mDEBUG  [00m [00mKurentoWebSocketTransport WebSocketTransport.cpp:462:processMessage:[00m Response: {"error":{"code":40401,"data":{"type":"ICE_ADD_CANDIDATE_ERROR"},"message":"Error adding candidate"},"id":174,"jsonrpc":"2.0"}
0:46:52.385556313 [334m   45[00m 0x7fa50c0494a0 [37mDEBUG  [00m [00mKurentoWebRtcEndpointImpl WebRtcEndpointImpl.cpp:292:newSelectedPairFull:<kmswebrtcendpoint8>[00m New candidate pair selected, local: 'candidate:11 1 UDP 1677722111 203.151.20.94 10290 typ srflx raddr 172.20.0.9 rport 10290', remote: 'candidate:1 1 UDP 1686052863 182.232.132.219 64666 typ srflx raddr 192.168.1.133 rport 64666', stream_id: '1', component_id: 1
0:46:53.286095016 [334m   45[00m 0x7fa3d8002050 [37mDEBUG  [00m [00mKurentoMediaElementImpl MediaElementImpl.cpp:492:mediaFlowInStateChange:<kmswebrtcendpoint8>[00m MediaFlowInStateChange: FLOWING, pad: 'default', type: 'audio'
0:47:00.494617109 [334m   45[00m 0x7fa4e0001410 [36mINFO   [00m [00mKurentoWebSocketTransport WebSocketTransport.cpp:296:keepAliveSessions:[00m Keep alive cd8e203a-f67e-4e93-a512-1883939aa1b7
0:47:00.948954767 [334m   45[00m 0x7fa4e4001790 [37mDEBUG  [00m [00mKurentoWebSocketTransport WebSocketTransport.cpp:460:processMessage:[00m Message: {"jsonrpc":"2.0","method":"ping","id":175}
0:47:00.949175208 [334m   45[00m 0x7fa4e4001790 [36mINFO   [00m [00mKurentoServerMethods ServerMethods.cpp:814:ping:[00m WebSocket Ping/Pong with sessionId cd8e203a-f67e-4e93-a512-1883939aa1b7
0:47:00.949322494 [334m   45[00m 0x7fa4e4001790 [37mDEBUG  [00m [00mKurentoWebSocketTransport WebSocketTransport.cpp:462:processMessage:[00m Response: {"id":175,"jsonrpc":"2.0","result":{"sessionId":"cd8e203a-f67e-4e93-a512-1883939aa1b7","value":"pong"}}
0:48:00.485134180 [334m   45[00m 0x7fa518001c30 [37mDEBUG  [00m [00m     KurentoMediaSet MediaSet.cpp:123:doGarbageCollection:[00m Running garbage collector
0:48:00.494837018 [334m   45[00m 0x7fa4e0001410 [36mINFO   [00m [00mKurentoWebSocketTransport WebSocketTransport.cpp:296:keepAliveSessions:[00m Keep alive cd8e203a-f67e-4e93-a512-1883939aa1b7
0:48:00.949951327 [334m   45[00m 0x7fa4e0001b50 [37mDEBUG  [00m [00mKurentoWebSocketTransport WebSocketTransport.cpp:460:processMessage:[00m Message: {"jsonrpc":"2.0","method":"ping","id":176}
0:48:00.950166545 [334m   45[00m 0x7fa4e0001b50 [36mINFO   [00m [00mKurentoServerMethods ServerMethods.cpp:814:ping:[00m WebSocket Ping/Pong with sessionId cd8e203a-f67e-4e93-a512-1883939aa1b7
0:48:00.950330861 [334m   45[00m 0x7fa4e0001b50 [37mDEBUG  [00m [00mKurentoWebSocketTransport WebSocketTransport.cpp:462:processMessage:[00m Response: {"id":176,"jsonrpc":"2.0","result":{"sessionId":"cd8e203a-f67e-4e93-a512-1883939aa1b7","value":"pong"}}
0:49:00.495098524 [334m   45[00m 0x7fa4e0001410 [36mINFO   [00m [00mKurentoWebSocketTransport WebSocketTransport.cpp:296:keepAliveSessions:[00m Keep alive cd8e203a-f67e-4e93-a512-1883939aa1b7
0:49:00.951915276 [334m   45[00m 0x7fa510001cc0 [37mDEBUG  [00m [00mKurentoWebSocketTransport WebSocketTransport.cpp:460:processMessage:[00m Message: {"jsonrpc":"2.0","method":"ping","id":177}
0:49:00.952123690 [334m   45[00m 0x7fa510001cc0 [36mINFO   [00m [00mKurentoServerMethods ServerMethods.cpp:814:ping:[00m WebSocket Ping/Pong with sessionId cd8e203a-f67e-4e93-a512-1883939aa1b7
0:49:00.952295231 [334m   45[00m 0x7fa510001cc0 [37mDEBUG  [00m [00mKurentoWebSocketTransport WebSocketTransport.cpp:462:processMessage:[00m Response: {"id":177,"jsonrpc":"2.0","result":{"sessionId":"cd8e203a-f67e-4e93-a512-1883939aa1b7","value":"pong"}}
0:50:00.495418114 [334m   45[00m 0x7fa4e0001410 [36mINFO   [00m [00mKurentoWebSocketTransport WebSocketTransport.cpp:296:keepAliveSessions:[00m Keep alive cd8e203a-f67e-4e93-a512-1883939aa1b7
0:50:00.957460064 [334m   45[00m 0x7fa528001840 [37mDEBUG  [00m [00mKurentoWebSocketTransport WebSocketTransport.cpp:460:processMessage:[00m Message: {"jsonrpc":"2.0","method":"ping","id":178}
0:50:00.957684243 [334m   45[00m 0x7fa528001840 [36mINFO   [00m [00mKurentoServerMethods ServerMethods.cpp:814:ping:[00m WebSocket Ping/Pong with sessionId cd8e203a-f67e-4e93-a512-1883939aa1b7
0:50:00.957839087 [334m   45[00m 0x7fa528001840 [37mDEBUG  [00m [00mKurentoWebSocketTransport WebSocketTransport.cpp:462:processMessage:[00m Response: {"id":178,"jsonrpc":"2.0","result":{"sessionId":"cd8e203a-f67e-4e93-a512-1883939aa1b7","value":"pong"}}
0:51:00.495661057 [334m   45[00m 0x7fa4e0001410 [36mINFO   [00m [00mKurentoWebSocketTransport WebSocketTransport.cpp:296:keepAliveSessions:[00m Keep alive cd8e203a-f67e-4e93-a512-1883939aa1b7
0:51:00.957979517 [334m   45[00m 0x7fa52c0072f0 [37mDEBUG  [00m [00mKurentoWebSocketTransport WebSocketTransport.cpp:460:processMessage:[00m Message: {"jsonrpc":"2.0","method":"ping","id":179}
0:51:00.958187366 [334m   45[00m 0x7fa52c0072f0 [36mINFO   [00m [00mKurentoServerMethods ServerMethods.cpp:814:ping:[00m WebSocket Ping/Pong with sessionId cd8e203a-f67e-4e93-a512-1883939aa1b7
0:51:00.958344694 [334m   45[00m 0x7fa52c0072f0 [37mDEBUG  [00m [00mKurentoWebSocketTransport WebSocketTransport.cpp:462:processMessage:[00m Response: {"id":179,"jsonrpc":"2.0","result":{"sessionId":"cd8e203a-f67e-4e93-a512-1883939aa1b7","value":"pong"}}
0:52:00.485310544 [334m   45[00m 0x7fa518001c30 [37mDEBUG  [00m [00m     KurentoMediaSet MediaSet.cpp:123:doGarbageCollection:[00m Running garbage collector
0:52:00.496156257 [334m   45[00m 0x7fa4e0001410 [36mINFO   [00m [00mKurentoWebSocketTransport WebSocketTransport.cpp:296:keepAliveSessions:[00m Keep alive cd8e203a-f67e-4e93-a512-1883939aa1b7
0:52:00.958916289 [334m   45[00m 0x7fa514001c60 [37mDEBUG  [00m [00mKurentoWebSocketTransport WebSocketTransport.cpp:460:processMessage:[00m Message: {"jsonrpc":"2.0","method":"ping","id":180}
0:52:00.959099537 [334m   45[00m 0x7fa514001c60 [36mINFO   [00m [00mKurentoServerMethods ServerMethods.cpp:814:ping:[00m WebSocket Ping/Pong with sessionId cd8e203a-f67e-4e93-a512-1883939aa1b7
0:52:00.959239121 [334m   45[00m 0x7fa514001c60 [37mDEBUG  [00m [00mKurentoWebSocketTransport WebSocketTransport.cpp:462:processMessage:[00m Response: {"id":180,"jsonrpc":"2.0","result":{"sessionId":"cd8e203a-f67e-4e93-a512-1883939aa1b7","value":"pong"}}
0:53:00.496568104 [334m   45[00m 0x7fa4e0001410 [36mINFO   [00m [00mKurentoWebSocketTransport WebSocketTransport.cpp:296:keepAliveSessions:[00m Keep alive cd8e203a-f67e-4e93-a512-1883939aa1b7
0:53:00.959904908 [334m   45[00m 0x7fa50c001810 [37mDEBUG  [00m [00mKurentoWebSocketTransport WebSocketTransport.cpp:460:processMessage:[00m Message: {"jsonrpc":"2.0","method":"ping","id":181}
