0:53:00.960382590 [334m   45[00m 0x7fa50c001810 [36mINFO   [00m [00mKurentoServerMethods ServerMethods.cpp:814:ping:[00m WebSocket Ping/Pong with sessionId cd8e203a-f67e-4e93-a512-1883939aa1b7
0:53:00.960544920 [334m   45[00m 0x7fa50c001810 [37mDEBUG  [00m [00mKurentoWebSocketTransport WebSocketTransport.cpp:462:processMessage:[00m Response: {"id":181,"jsonrpc":"2.0","result":{"sessionId":"cd8e203a-f67e-4e93-a512-1883939aa1b7","value":"pong"}}
0:54:00.497080093 [334m   45[00m 0x7fa4e0001410 [36mINFO   [00m [00mKurentoWebSocketTransport WebSocketTransport.cpp:296:keepAliveSessions:[00m Keep alive cd8e203a-f67e-4e93-a512-1883939aa1b7
0:54:00.960897872 [334m   45[00m 0x7fa524002180 [37mDEBUG  [00m [00mKurentoWebSocketTransport WebSocketTransport.cpp:460:processMessage:[00m Message: {"jsonrpc":"2.0","method":"ping","id":182}
0:54:00.961163892 [334m   45[00m 0x7fa524002180 [36mINFO   [00m [00mKurentoServerMethods ServerMethods.cpp:814:ping:[00m WebSocket Ping/Pong with sessionId cd8e203a-f67e-4e93-a512-1883939aa1b7
0:54:00.961338670 [334m   45[00m 0x7fa524002180 [37mDEBUG  [00m [00mKurentoWebSocketTransport WebSocketTransport.cpp:462:processMessage:[00m Response: {"id":182,"jsonrpc":"2.0","result":{"sessionId":"cd8e203a-f67e-4e93-a512-1883939aa1b7","value":"pong"}}
0:55:00.497738281 [334m   45[00m 0x7fa4e0001410 [36mINFO   [00m [00mKurentoWebSocketTransport WebSocketTransport.cpp:296:keepAliveSessions:[00m Keep alive cd8e203a-f67e-4e93-a512-1883939aa1b7
0:55:00.962019190 [334m   45[00m 0x7fa520001c90 [37mDEBUG  [00m [00mKurentoWebSocketTransport WebSocketTransport.cpp:460:processMessage:[00m Message: {"jsonrpc":"2.0","method":"ping","id":183}
0:55:00.962205445 [334m   45[00m 0x7fa520001c90 [36mINFO   [00m [00mKurentoServerMethods ServerMethods.cpp:814:ping:[00m WebSocket Ping/Pong with sessionId cd8e203a-f67e-4e93-a512-1883939aa1b7
0:55:00.962337580 [334m   45[00m 0x7fa520001c90 [37mDEBUG  [00m [00mKurentoWebSocketTransport WebSocketTransport.cpp:462:processMessage:[00m Response: {"id":183,"jsonrpc":"2.0","result":{"sessionId":"cd8e203a-f67e-4e93-a512-1883939aa1b7","value":"pong"}}
0:55:52.015447111 [334m   45[00m 0x7fa51c001b20 [37mDEBUG  [00m [00mKurentoWebSocketTransport WebSocketTransport.cpp:460:processMessage:[00m Message: {"jsonrpc":"2.0","method":"create","params":{"type":"WebRtcEndpoint","constructorParams":{"mediaPipeline":"1429b6f3-0412-46b4-a1ce-d5c6bd7c854b_kurento.MediaPipeline","useDataChannels":true},"properties":{},"sessionId":"cd8e203a-f67e-4e93-a512-1883939aa1b7"},"id":184}
0:55:52.018094434 [334m   45[00m 0x7fa51c001b20 [36mINFO   [00m [00mKurentoWebRtcEndpointImpl WebRtcEndpointImpl.cpp:96:remove_not_supported_codecs_from_array:<kmswebrtcendpoint9>[00m Removing not supported codec 'AMR/8000'
0:55:52.018180736 [334m   45[00m 0x7fa51c001b20 [36mINFO   [00m [00mKurentoWebRtcEndpointImpl WebRtcEndpointImpl.cpp:465:WebRtcEndpointImpl:[00m Using STUN reflexive server IP: 203.183.172.196
0:55:52.018192219 [334m   45[00m 0x7fa51c001b20 [36mINFO   [00m [00mKurentoWebRtcEndpointImpl WebRtcEndpointImpl.cpp:466:WebRtcEndpointImpl:[00m Using STUN reflexive server Port: 3478
0:55:52.018249435 [334m   45[00m 0x7fa51c001b20 [36mINFO   [00m [00mKurentoWebRtcEndpointImpl WebRtcEndpointImpl.cpp:487:WebRtcEndpointImpl:[00m TURN server IP address not found in config; NAT traversal requires either STUN or TURN server
0:55:52.018765708 [334m   45[00m 0x7fa51c001b20 [37mDEBUG  [00m [00mKurentoWebSocketTransport WebSocketTransport.cpp:462:processMessage:[00m Response: {"id":184,"jsonrpc":"2.0","result":{"sessionId":"cd8e203a-f67e-4e93-a512-1883939aa1b7","value":"1429b6f3-0412-46b4-a1ce-d5c6bd7c854b_kurento.MediaPipeline/9fb1c9af-26ae-4f3e-86ec-d952a60ffb6d_kurento.WebRtcEndpoint"}}
0:55:52.022659846 [334m   45[00m 0x7fa4e4001790 [37mDEBUG  [00m [00mKurentoWebSocketTransport WebSocketTransport.cpp:460:processMessage:[00m Message: {"jsonrpc":"2.0","method":"subscribe","params":{"object":"1429b6f3-0412-46b4-a1ce-d5c6bd7c854b_kurento.MediaPipeline/9fb1c9af-26ae-4f3e-86ec-d952a60ffb6d_kurento.WebRtcEndpoint","type":"OnIceCandidate","sessionId":"cd8e203a-f67e-4e93-a512-1883939aa1b7"},"id":185}
0:55:52.023015426 [334m   45[00m 0x7fa4e4001790 [37mDEBUG  [00m [00mKurentoWebSocketTransport WebSocketTransport.cpp:462:processMessage:[00m Response: {"id":185,"jsonrpc":"2.0","result":{"sessionId":"cd8e203a-f67e-4e93-a512-1883939aa1b7","value":"f2dea063-41d7-4727-9fd1-75440486f51c"}}
0:55:52.023354911 [334m   45[00m 0x7fa4e4001790 [37mDEBUG  [00m [00mKurentoWebSocketTransport WebSocketTransport.cpp:460:processMessage:[00m Message: {"jsonrpc":"2.0","method":"invoke","params":{"object":"1429b6f3-0412-46b4-a1ce-d5c6bd7c854b_kurento.MediaPipeline/9fb1c9af-26ae-4f3e-86ec-d952a60ffb6d_kurento.WebRtcEndpoint","operation":"processOffer","operationParams":{"offer":"v=0\r\no=- 2371294122800261336 2 IN IP4 127.0.0.1\r\ns=-\r\nt=0 0\r\na=group:BUNDLE 0 1 2\r\na=msid-semantic: WMS\r\nm=video 9 UDP/TLS/RTP/SAVPF 96 97 98 99 100 101 102 122 127 121 125 107 108 109 124 120 123\r\nc=IN IP4 0.0.0.0\r\na=rtcp:9 IN IP4 0.0.0.0\r\na=ice-ufrag:CPow\r\na=ice-pwd:sPMxRZ+WXXouaZEcKg72rOhl\r\na=ice-options:trickle\r\na=fingerprint:sha-256 95:AE:4D:AF:B6:B3:5F:CA:69:85:30:84:29:F7:6E:E6:37:90:1D:A2:47:DF:ED:E2:3D:CC:00:DA:EF:AA:0F:29\r\na=setup:actpass\r\na=mid:0\r\na=extmap:14 urn:ietf:params:rtp-hdrext:toffset\r\na=extmap:2 http://www.webrtc.org/experiments/rtp-hdrext/abs-send-time\r\na=extmap:13 urn:3gpp:video-orientation\r\na=extmap:3 http://www.ietf.org/id/draft-holmer-rmcat-transport-wide-cc-extensions-01\r\na=extmap:12 http://www.webrtc.org/experiments/rtp-hdrext/playout-delay\r\na=extmap:11 http://www.webrtc.org/experiments/rtp-hdrext/video-content-type\r\na=extmap:7 http://www.webrtc.org/experiments/rtp-hdrext/video-timing\r\na=extmap:8 http://tools.ietf.org/html/draft-ietf-avtext-framemarking-07\r\na=extmap:9 http://www.webrtc.org/experiments/rtp-hdrext/color-space\r\na=extmap:4 urn:ietf:params:rtp-hdrext:sdes:mid\r\na=extmap:5 urn:ietf:params:rtp-hdrext:sdes:rtp-stream-id\r\na=extmap:6 urn:ietf:params:rtp-hdrext:sdes:repaired-rtp-stream-id\r\na=recvonly\r\na=rtcp-mux\r\na=rtcp-rsize\r\na=rtpmap:96 VP8/90000\r\na=rtcp-fb:96 goog-remb\r\na=rtcp-fb:96 transport-cc\r\na=rtcp-fb:96 ccm fir\r\na=rtcp-fb:96 nack\r\na=rtcp-fb:96 nack pli\r\na=rtpmap:97 rtx/90000\r\na=fmtp:97 apt=96\r\na=rtpmap:98 VP9/90000\r\na=rtcp-fb:98 goog-remb\r\na=rtcp-fb:98 transport-cc\r\na=rtcp-fb:98 ccm fir\r\na=rtcp-fb:98 nack\r\na=rtcp-fb:98 nack pli\r\na=fmtp:98 profile-id=0\r\na=rtpmap:99 rtx/90000\r\na=fmtp:99 apt=98\r\na=rtpmap:100 VP9/90000\r\na=rtcp-fb:100 goog-remb\r\na=rtcp-fb:100 transport-cc\r\na=rtcp-fb:100 ccm fir\r\na=rtcp-fb:100 nack\r\na=rtcp-fb:100 nack pli\r\na=fmtp:100 profile-id=2\r\na=rtpmap:101 rtx/90000\r\na=fmtp:101 apt=100\r\na=rtpmap:102 H264/90000\r\na=rtcp-fb:102 goog-remb\r\na=rtcp-fb:102 transport-cc\r\na=rtcp-fb:102 ccm fir\r\na=rtcp-fb:102 nack\r\na=rtcp-fb:102 nack pli\r\na=fmtp:102 level-asymmetry-allowed=1;packetization-mode=1;profile-level-id=42001f\r\na=rtpmap:122 rtx/90000\r\na=fmtp:122 apt=102\r\na=rtpmap:127 H264/90000\r\na=rtcp-fb:127 goog-remb\r\na=rtcp-fb:127 transport-cc\r\na=rtcp-fb:127 ccm fir\r\na=rtcp-fb:127 nack\r\na=rtcp-fb:127 nack pli\r\na=fmtp:127 level-asymmetry-allowed=1;packetization-mode=0;profile-level-id=42001f\r\na=rtpmap:121 rtx/90000\r\na=fmtp:121 apt=127\r\na=rtpmap:125 H264/90000\r\na=rtcp-fb:125 goog-remb\r\na=rtcp-fb:125 transport-cc\r\na=rtcp-fb:125 ccm fir\r\na=rtcp-fb:125 nack\r\na=rtcp-fb:125 nack pli\r\na=fmtp:125 level-asymmetry-allowed=1;packetization-mode=1;profile-level-id=42e01f\r\na=rtpmap:107 rtx/90000\r\na=fmtp:107 apt=125\r\na=rtpmap:108 H264/90000\r\na=rtcp-fb:108 goog-remb\r\na=rtcp-fb:108 transport-cc\r\na=rtcp-fb:108 ccm fir\r\na=rtcp-fb:108 nack\r\na=rtcp-fb:108 nack pli\r\na=fmtp:108 level-asymmetry-allowed=1;packetization-mode=0;profile-level-id=42e01f\r\na=rtpmap:109 rtx/90000\r\na=fmtp:109 apt=108\r\na=rtpmap:124 red/90000\r\na=rtpmap:120 rtx/90000\r\na=fmtp:120 apt=124\r\na=rtpmap:123 ulpfec/90000\r\nm=audio 9 UDP/TLS/RTP/SAVPF 111 103 104 9 0 8 106 105 13 110 112 113 126\r\nc=IN IP4 0.0.0.0\r\na=rtcp:9 IN IP4 0.0.0.0\r\na=ice-ufrag:CPow\r\na=ice-pwd:sPMxRZ+WXXouaZEcKg72rOhl\r\na=ice-options:trickle\r\na=fingerprint:sha-256 95:AE:4D:AF:B6:B3:5F:CA:69:85:30:84:29:F7:6E:E6:37:90:1D:A2:47:DF:ED:E2:3D:CC:00:DA:EF:AA:0F:29\r\na=setup:actpass\r\na=mid:1\r\na=extmap:1 urn:ietf:params:rtp-hdrext:ssrc-audio-level\r\na=extmap:2 http://www.webrtc.org/experiments/rtp-hdrext/abs-send-time\r\na=extmap:3 http://www.ietf.org/id/draft-holmer-rmcat-transport-wide-cc-extensions-01\r\na=extmap:4 urn:ietf:params:rtp-hdrext:sdes:mid\r\na=extmap:5 urn:ietf:params:rtp-hdrext:sdes:rtp-stream-id\r\na=extmap:6 urn:ietf:params:rtp-hdrext:sdes:repaired-rtp-stream-id\r\na=recvonly\r\na=rtcp-mux\r\na=rtpmap:111 opus/48000/2\r\na=rtcp-fb:111 transport-cc\r\na=fmtp:111 minptime=10;useinbandfec=1\r\na=rtpmap:103 ISAC/16000\r\na=rtpmap:104 ISAC/32000\r\na=rtpmap:9 G722/8000\r\na=rtpmap:0 PCMU/8000\r\na=rtpmap:8 PCMA/8000\r\na=rtpmap:106 CN/32000\r\na=rtpmap:105 CN/16000\r\na=rtpmap:13 CN/8000\r\na=rtpmap:110 telephone-event/48000\r\na=rtpmap:112 telephone-event/32000\r\na=rtpmap:113 telephone-event/16000\r\na=rtpmap:126 telephone-event/8000\r\nm=application 9 UDP/DTLS/SCTP webrtc-datachannel\r\nc=IN IP4 0.0.0.0\r\na=ice-ufrag:CPow\r\na=ice-pwd:sPMxRZ+WXXouaZEcKg72rOhl\r\na=ice-options:trickle\r\na=fingerprint:sha-256 95:AE:4D:AF:B6:B3:5F:CA:69:85:30:84:29:F7:6E:E6:37:90:1D:A2:47:DF:ED:E2:3D:CC:00:DA:EF:AA:0F:29\r\na=setup:actpass\r\na=mid:2\r\na=sctp-port:5000\r\na=max-message-size:262144\r\n"},"sessionId":"cd8e203a-f67e-4e93-a512-1883939aa1b7"},"id":186}
0:55:52.035311387 [334m   45[00m 0x7fa4e4001790 [37mDEBUG  [00m [00mKurentoWebSocketTransport WebSocketTransport.cpp:462:processMessage:[00m Response: {"id":186,"jsonrpc":"2.0","result":{"sessionId":"cd8e203a-f67e-4e93-a512-1883939aa1b7","value":"v=0\r\no=- 3806032004 3806032004 IN IP4 0.0.0.0\r\ns=Kurento Media Server\r\nc=IN IP4 0.0.0.0\r\nt=0 0\r\na=msid-semantic: WMS\r\na=group:BUNDLE 0 1 2\r\nm=video 1 UDP/TLS/RTP/SAVPF 96 102 127 125 108\r\na=extmap:2 http://www.webrtc.org/experiments/rtp-hdrext/abs-send-time\r\na=sendonly\r\na=mid:0\r\na=rtcp:9 IN IP4 0.0.0.0\r\na=rtpmap:96 VP8/90000\r\na=rtpmap:102 H264/90000\r\na=rtpmap:127 H264/90000\r\na=rtpmap:125 H264/90000\r\na=rtpmap:108 H264/90000\r\na=rtcp-fb:96 goog-remb\r\na=rtcp-fb:96 ccm fir\r\na=rtcp-fb:96 nack\r\na=rtcp-fb:96 nack pli\r\na=rtcp-fb:102 goog-remb\r\na=rtcp-fb:102 ccm fir\r\na=rtcp-fb:102 nack\r\na=rtcp-fb:102 nack pli\r\na=rtcp-fb:127 goog-remb\r\na=rtcp-fb:127 ccm fir\r\na=rtcp-fb:127 nack\r\na=rtcp-fb:127 nack pli\r\na=rtcp-fb:125 goog-remb\r\na=rtcp-fb:125 ccm fir\r\na=rtcp-fb:125 nack\r\na=rtcp-fb:125 nack pli\r\na=rtcp-fb:108 goog-remb\r\na=rtcp-fb:108 ccm fir\r\na=rtcp-fb:108 nack\r\na=rtcp-fb:108 nack pli\r\na=setup:active\r\na=rtcp-mux\r\na=fmtp:102 level-asymmetry-allowed=1;packetization-mode=1;profile-level-id=42001f\r\na=fmtp:127 level-asymmetry-allowed=1;packetization-mode=0;profile-level-id=42001f\r\na=fmtp:125 level-asymmetry-allowed=1;packetization-mode=1;profile-level-id=42e01f\r\na=fmtp:108 level-asymmetry-allowed=1;packetization-mode=0;profile-level-id=42e01f\r\na=ssrc:1665283630 cname:user758088820@host-729195da\r\na=ice-ufrag:f5jX\r\na=ice-pwd:BfcxAxL3icdKWHSgq6Xdi6\r\na=fingerprint:sha-256 14:77:48:A1:64:69:AA:24:EC:0E:02:3E:EC:24:DE:B0:FC:0B:8E:A6:CF:6A:B0:9E:E8:84:54:6E:9F:67:3C:AC\r\nm=audio 1 UDP/TLS/RTP/SAVPF 111 0\r\na=extmap:2 http://www.webrtc.org/experiments/rtp-hdrext/abs-send-time\r\na=sendonly\r\na=mid:1\r\na=rtcp:9 IN IP4 0.0.0.0\r\na=rtpmap:111 opus/48000/2\r\na=rtpmap:0 PCMU/8000\r\na=setup:active\r\na=rtcp-mux\r\na=fmtp:111 minptime=10;useinbandfec=1\r\na=ssrc:868612468 cname:user758088820@host-729195da\r\na=ice-ufrag:f5jX\r\na=ice-pwd:BfcxAxL3icdKWHSgq6Xdi6\r\na=fingerprint:sha-256 14:77:48:A1:64:69:AA:24:EC:0E:02:3E:EC:24:DE:B0:FC:0B:8E:A6:CF:6A:B0:9E:E8:84:54:6E:9F:67:3C:AC\r\nm=application 1 UDP/DTLS/SCTP webrtc-datachannel\r\na=mid:2\r\na=sctp-port:5000\r\na=setup:active\r\na=ice-ufrag:f5jX\r\na=ice-pwd:BfcxAxL3icdKWHSgq6Xdi6\r\na=fingerprint:sha-256 14:77:48:A1:64:69:AA:24:EC:0E:02:3E:EC:24:DE:B0:FC:0B:8E:A6:CF:6A:B0:9E:E8:84:54:6E:9F:67:3C:AC\r\n"}}
0:55:52.068448290 [334m   45[00m 0x7fa4e0001b50 [37mDEBUG  [00m [00mKurentoWebSocketTransport WebSocketTransport.cpp:460:processMessage:[00m Message: {"jsonrpc":"2.0","method":"invoke","params":{"object":"1429b6f3-0412-46b4-a1ce-d5c6bd7c854b_kurento.MediaPipeline/9fb1c9af-26ae-4f3e-86ec-d952a60ffb6d_kurento.WebRtcEndpoint","operation":"gatherCandidates","sessionId":"cd8e203a-f67e-4e93-a512-1883939aa1b7"},"id":187}
0:55:52.071208525 [334m   45[00m 0x7fa4c0001780 [37mDEBUG  [00m [00mKurentoWebSocketEventHandler WebSocketEventHandler.cpp:56:sendEvent:[00m Sending event: {"jsonrpc":"2.0","method":"onEvent","params":{"value":{"data":{"candidate":{"__module__":"kurento","__type__":"IceCandidate","candidate":"candidate:2 1 UDP 2013266431 172.20.0.9 10291 typ host","sdpMLineIndex":0,"sdpMid":"0"},"source":"1429b6f3-0412-46b4-a1ce-d5c6bd7c854b_kurento.MediaPipeline/9fb1c9af-26ae-4f3e-86ec-d952a60ffb6d_kurento.WebRtcEndpoint","tags":[],"timestamp":"1597043204","timestampMillis":"1597043204919","type":"OnIceCandidate"},"object":"1429b6f3-0412-46b4-a1ce-d5c6bd7c854b_kurento.MediaPipeline/9fb1c9af-26ae-4f3e-86ec-d952a60ffb6d_kurento.WebRtcEndpoint","type":"OnIceCandidate"}}}, sessionId: cd8e203a-f67e-4e93-a512-1883939aa1b7
0:55:52.071376822 [334m   45[00m 0x7fa4c0001780 [37mDEBUG  [00m [00mKurentoWebSocketEventHandler WebSocketEventHandler.cpp:56:sendEvent:[00m Sending event: {"jsonrpc":"2.0","method":"onEvent","params":{"value":{"data":{"candidate":{"__module__":"kurento","__type__":"IceCandidate","candidate":"candidate:2 1 UDP 2013266431 172.20.0.9 10291 typ host","sdpMLineIndex":1,"sdpMid":"1"},"source":"1429b6f3-0412-46b4-a1ce-d5c6bd7c854b_kurento.MediaPipeline/9fb1c9af-26ae-4f3e-86ec-d952a60ffb6d_kurento.WebRtcEndpoint","tags":[],"timestamp":"1597043204","timestampMillis":"1597043204919","type":"OnIceCandidate"},"object":"1429b6f3-0412-46b4-a1ce-d5c6bd7c854b_kurento.MediaPipeline/9fb1c9af-26ae-4f3e-86ec-d952a60ffb6d_kurento.WebRtcEndpoint","type":"OnIceCandidate"}}}, sessionId: cd8e203a-f67e-4e93-a512-1883939aa1b7
0:55:52.071494581 [334m   45[00m 0x7fa4c0001780 [37mDEBUG  [00m [00mKurentoWebSocketEventHandler WebSocketEventHandler.cpp:56:sendEvent:[00m Sending event: {"jsonrpc":"2.0","method":"onEvent","params":{"value":{"data":{"candidate":{"__module__":"kurento","__type__":"IceCandidate","candidate":"candidate:2 1 UDP 2013266431 172.20.0.9 10291 typ host","sdpMLineIndex":2,"sdpMid":"2"},"source":"1429b6f3-0412-46b4-a1ce-d5c6bd7c854b_kurento.MediaPipeline/9fb1c9af-26ae-4f3e-86ec-d952a60ffb6d_kurento.WebRtcEndpoint","tags":[],"timestamp":"1597043204","timestampMillis":"1597043204919","type":"OnIceCandidate"},"object":"1429b6f3-0412-46b4-a1ce-d5c6bd7c854b_kurento.MediaPipeline/9fb1c9af-26ae-4f3e-86ec-d952a60ffb6d_kurento.WebRtcEndpoint","type":"OnIceCandidate"}}}, sessionId: cd8e203a-f67e-4e93-a512-1883939aa1b7
0:55:52.071606964 [334m   45[00m 0x7fa4c0001780 [37mDEBUG  [00m [00mKurentoWebSocketEventHandler WebSocketEventHandler.cpp:56:sendEvent:[00m Sending event: {"jsonrpc":"2.0","method":"onEvent","params":{"value":{"data":{"candidate":{"__module__":"kurento","__type__":"IceCandidate","candidate":"candidate:3 1 TCP 1015021823 172.20.0.9 9 typ host tcptype active","sdpMLineIndex":0,"sdpMid":"0"},"source":"1429b6f3-0412-46b4-a1ce-d5c6bd7c854b_kurento.MediaPipeline/9fb1c9af-26ae-4f3e-86ec-d952a60ffb6d_kurento.WebRtcEndpoint","tags":[],"timestamp":"1597043204","timestampMillis":"1597043204920","type":"OnIceCandidate"},"object":"1429b6f3-0412-46b4-a1ce-d5c6bd7c854b_kurento.MediaPipeline/9fb1c9af-26ae-4f3e-86ec-d952a60ffb6d_kurento.WebRtcEndpoint","type":"OnIceCandidate"}}}, sessionId: cd8e203a-f67e-4e93-a512-1883939aa1b7
0:55:52.071714011 [334m   45[00m 0x7fa4c0001780 [37mDEBUG  [00m [00mKurentoWebSocketEventHandler WebSocketEventHandler.cpp:56:sendEvent:[00m Sending event: {"jsonrpc":"2.0","method":"onEvent","params":{"value":{"data":{"candidate":{"__module__":"kurento","__type__":"IceCandidate","candidate":"candidate:3 1 TCP 1015021823 172.20.0.9 9 typ host tcptype active","sdpMLineIndex":1,"sdpMid":"1"},"source":"1429b6f3-0412-46b4-a1ce-d5c6bd7c854b_kurento.MediaPipeline/9fb1c9af-26ae-4f3e-86ec-d952a60ffb6d_kurento.WebRtcEndpoint","tags":[],"timestamp":"1597043204","timestampMillis":"1597043204920","type":"OnIceCandidate"},"object":"1429b6f3-0412-46b4-a1ce-d5c6bd7c854b_kurento.MediaPipeline/9fb1c9af-26ae-4f3e-86ec-d952a60ffb6d_kurento.WebRtcEndpoint","type":"OnIceCandidate"}}}, sessionId: cd8e203a-f67e-4e93-a512-1883939aa1b7
0:55:52.071817794 [334m   45[00m 0x7fa4c0001780 [37mDEBUG  [00m [00mKurentoWebSocketEventHandler WebSocketEventHandler.cpp:56:sendEvent:[00m Sending event: {"jsonrpc":"2.0","method":"onEvent","params":{"value":{"data":{"candidate":{"__module__":"kurento","__type__":"IceCandidate","candidate":"candidate:3 1 TCP 1015021823 172.20.0.9 9 typ host tcptype active","sdpMLineIndex":2,"sdpMid":"2"},"source":"1429b6f3-0412-46b4-a1ce-d5c6bd7c854b_kurento.MediaPipeline/9fb1c9af-26ae-4f3e-86ec-d952a60ffb6d_kurento.WebRtcEndpoint","tags":[],"timestamp":"1597043204","timestampMillis":"1597043204920","type":"OnIceCandidate"},"object":"1429b6f3-0412-46b4-a1ce-d5c6bd7c854b_kurento.MediaPipeline/9fb1c9af-26ae-4f3e-86ec-d952a60ffb6d_kurento.WebRtcEndpoint","type":"OnIceCandidate"}}}, sessionId: cd8e203a-f67e-4e93-a512-1883939aa1b7
0:55:52.071929369 [334m   45[00m 0x7fa4c0001780 [37mDEBUG  [00m [00mKurentoWebSocketEventHandler WebSocketEventHandler.cpp:56:sendEvent:[00m Sending event: {"jsonrpc":"2.0","method":"onEvent","params":{"value":{"data":{"candidate":{"__module__":"kurento","__type__":"IceCandidate","candidate":"candidate:5 1 TCP 1010827519 172.20.0.9 10272 typ host tcptype passive","sdpMLineIndex":0,"sdpMid":"0"},"source":"1429b6f3-0412-46b4-a1ce-d5c6bd7c854b_kurento.MediaPipeline/9fb1c9af-26ae-4f3e-86ec-d952a60ffb6d_kurento.WebRtcEndpoint","tags":[],"timestamp":"1597043204","timestampMillis":"1597043204920","type":"OnIceCandidate"},"object":"1429b6f3-0412-46b4-a1ce-d5c6bd7c854b_kurento.MediaPipeline/9fb1c9af-26ae-4f3e-86ec-d952a60ffb6d_kurento.WebRtcEndpoint","type":"OnIceCandidate"}}}, sessionId: cd8e203a-f67e-4e93-a512-1883939aa1b7
0:55:52.072034450 [334m   45[00m 0x7fa4c0001780 [37mDEBUG  [00m [00mKurentoWebSocketEventHandler WebSocketEventHandler.cpp:56:sendEvent:[00m Sending event: {"jsonrpc":"2.0","method":"onEvent","params":{"value":{"data":{"candidate":{"__module__":"kurento","__type__":"IceCandidate","candidate":"candidate:5 1 TCP 1010827519 172.20.0.9 10272 typ host tcptype passive","sdpMLineIndex":1,"sdpMid":"1"},"source":"1429b6f3-0412-46b4-a1ce-d5c6bd7c854b_kurento.MediaPipeline/9fb1c9af-26ae-4f3e-86ec-d952a60ffb6d_kurento.WebRtcEndpoint","tags":[],"timestamp":"1597043204","timestampMillis":"1597043204920","type":"OnIceCandidate"},"object":"1429b6f3-0412-46b4-a1ce-d5c6bd7c854b_kurento.MediaPipeline/9fb1c9af-26ae-4f3e-86ec-d952a60ffb6d_kurento.WebRtcEndpoint","type":"OnIceCandidate"}}}, sessionId: cd8e203a-f67e-4e93-a512-1883939aa1b7
0:55:52.072139491 [334m   45[00m 0x7fa4c0001780 [37mDEBUG  [00m [00mKurentoWebSocketEventHandler WebSocketEventHandler.cpp:56:sendEvent:[00m Sending event: {"jsonrpc":"2.0","method":"onEvent","params":{"value":{"data":{"candidate":{"__module__":"kurento","__type__":"IceCandidate","candidate":"candidate:5 1 TCP 1010827519 172.20.0.9 10272 typ host tcptype passive","sdpMLineIndex":2,"sdpMid":"2"},"source":"1429b6f3-0412-46b4-a1ce-d5c6bd7c854b_kurento.MediaPipeline/9fb1c9af-26ae-4f3e-86ec-d952a60ffb6d_kurento.WebRtcEndpoint","tags":[],"timestamp":"1597043204","timestampMillis":"1597043204920","type":"OnIceCandidate"},"object":"1429b6f3-0412-46b4-a1ce-d5c6bd7c854b_kurento.MediaPipeline/9fb1c9af-26ae-4f3e-86ec-d952a60ffb6d_kurento.WebRtcEndpoint","type":"OnIceCandidate"}}}, sessionId: cd8e203a-f67e-4e93-a512-1883939aa1b7
0:55:52.072240581 [334m   45[00m 0x7fa4c0001780 [37mDEBUG  [00m [00mKurentoWebSocketEventHandler WebSocketEventHandler.cpp:56:sendEvent:[00m Sending event: {"jsonrpc":"2.0","method":"onEvent","params":{"value":{"data":{"candidate":{"__module__":"kurento","__type__":"IceCandidate","candidate":"candidate:2 2 UDP 2013266430 172.20.0.9 10296 typ host","sdpMLineIndex":0,"sdpMid":"0"},"source":"1429b6f3-0412-46b4-a1ce-d5c6bd7c854b_kurento.MediaPipeline/9fb1c9af-26ae-4f3e-86ec-d952a60ffb6d_kurento.WebRtcEndpoint","tags":[],"timestamp":"1597043204","timestampMillis":"1597043204920","type":"OnIceCandidate"},"object":"1429b6f3-0412-46b4-a1ce-d5c6bd7c854b_kurento.MediaPipeline/9fb1c9af-26ae-4f3e-86ec-d952a60ffb6d_kurento.WebRtcEndpoint","type":"OnIceCandidate"}}}, sessionId: cd8e203a-f67e-4e93-a512-1883939aa1b7
0:55:52.072343066 [334m   45[00m 0x7fa4c0001780 [37mDEBUG  [00m [00mKurentoWebSocketEventHandler WebSocketEventHandler.cpp:56:sendEvent:[00m Sending event: {"jsonrpc":"2.0","method":"onEvent","params":{"value":{"data":{"candidate":{"__module__":"kurento","__type__":"IceCandidate","candidate":"candidate:2 2 UDP 2013266430 172.20.0.9 10296 typ host","sdpMLineIndex":1,"sdpMid":"1"},"source":"1429b6f3-0412-46b4-a1ce-d5c6bd7c854b_kurento.MediaPipeline/9fb1c9af-26ae-4f3e-86ec-d952a60ffb6d_kurento.WebRtcEndpoint","tags":[],"timestamp":"1597043204","timestampMillis":"1597043204920","type":"OnIceCandidate"},"object":"1429b6f3-0412-46b4-a1ce-d5c6bd7c854b_kurento.MediaPipeline/9fb1c9af-26ae-4f3e-86ec-d952a60ffb6d_kurento.WebRtcEndpoint","type":"OnIceCandidate"}}}, sessionId: cd8e203a-f67e-4e93-a512-1883939aa1b7
0:55:52.072442731 [334m   45[00m 0x7fa4c0001780 [37mDEBUG  [00m [00mKurentoWebSocketEventHandler WebSocketEventHandler.cpp:56:sendEvent:[00m Sending event: {"jsonrpc":"2.0","method":"onEvent","params":{"value":{"data":{"candidate":{"__module__":"kurento","__type__":"IceCandidate","candidate":"candidate:2 2 UDP 2013266430 172.20.0.9 10296 typ host","sdpMLineIndex":2,"sdpMid":"2"},"source":"1429b6f3-0412-46b4-a1ce-d5c6bd7c854b_kurento.MediaPipeline/9fb1c9af-26ae-4f3e-86ec-d952a60ffb6d_kurento.WebRtcEndpoint","tags":[],"timestamp":"1597043204","timestampMillis":"1597043204920","type":"OnIceCandidate"},"object":"1429b6f3-0412-46b4-a1ce-d5c6bd7c854b_kurento.MediaPipeline/9fb1c9af-26ae-4f3e-86ec-d952a60ffb6d_kurento.WebRtcEndpoint","type":"OnIceCandidate"}}}, sessionId: cd8e203a-f67e-4e93-a512-1883939aa1b7
0:55:52.072553776 [334m   45[00m 0x7fa4c0001780 [37mDEBUG  [00m [00mKurentoWebSocketEventHandler WebSocketEventHandler.cpp:56:sendEvent:[00m Sending event: {"jsonrpc":"2.0","method":"onEvent","params":{"value":{"data":{"candidate":{"__module__":"kurento","__type__":"IceCandidate","candidate":"candidate:3 2 TCP 1015021822 172.20.0.9 9 typ host tcptype active","sdpMLineIndex":0,"sdpMid":"0"},"source":"1429b6f3-0412-46b4-a1ce-d5c6bd7c854b_kurento.MediaPipeline/9fb1c9af-26ae-4f3e-86ec-d952a60ffb6d_kurento.WebRtcEndpoint","tags":[],"timestamp":"1597043204","timestampMillis":"1597043204921","type":"OnIceCandidate"},"object":"1429b6f3-0412-46b4-a1ce-d5c6bd7c854b_kurento.MediaPipeline/9fb1c9af-26ae-4f3e-86ec-d952a60ffb6d_kurento.WebRtcEndpoint","type":"OnIceCandidate"}}}, sessionId: cd8e203a-f67e-4e93-a512-1883939aa1b7
0:55:52.072668882 [334m   45[00m 0x7fa4c0001780 [37mDEBUG  [00m [00mKurentoWebSocketEventHandler WebSocketEventHandler.cpp:56:sendEvent:[00m Sending event: {"jsonrpc":"2.0","method":"onEvent","params":{"value":{"data":{"candidate":{"__module__":"kurento","__type__":"IceCandidate","candidate":"candidate:3 2 TCP 1015021822 172.20.0.9 9 typ host tcptype active","sdpMLineIndex":1,"sdpMid":"1"},"source":"1429b6f3-0412-46b4-a1ce-d5c6bd7c854b_kurento.MediaPipeline/9fb1c9af-26ae-4f3e-86ec-d952a60ffb6d_kurento.WebRtcEndpoint","tags":[],"timestamp":"1597043204","timestampMillis":"1597043204921","type":"OnIceCandidate"},"object":"1429b6f3-0412-46b4-a1ce-d5c6bd7c854b_kurento.MediaPipeline/9fb1c9af-26ae-4f3e-86ec-d952a60ffb6d_kurento.WebRtcEndpoint","type":"OnIceCandidate"}}}, sessionId: cd8e203a-f67e-4e93-a512-1883939aa1b7
0:55:52.072730695 [334m   45[00m 0x7fa4e0001b50 [37mDEBUG  [00m [00mKurentoWebSocketTransport WebSocketTransport.cpp:462:processMessage:[00m Response: {"id":187,"jsonrpc":"2.0","result":{"sessionId":"cd8e203a-f67e-4e93-a512-1883939aa1b7","value":null}}
0:55:52.072772695 [334m   45[00m 0x7fa4c0001780 [37mDEBUG  [00m [00mKurentoWebSocketEventHandler WebSocketEventHandler.cpp:56:sendEvent:[00m Sending event: {"jsonrpc":"2.0","method":"onEvent","params":{"value":{"data":{"candidate":{"__module__":"kurento","__type__":"IceCandidate","candidate":"candidate:3 2 TCP 1015021822 172.20.0.9 9 typ host tcptype active","sdpMLineIndex":2,"sdpMid":"2"},"source":"1429b6f3-0412-46b4-a1ce-d5c6bd7c854b_kurento.MediaPipeline/9fb1c9af-26ae-4f3e-86ec-d952a60ffb6d_kurento.WebRtcEndpoint","tags":[],"timestamp":"1597043204","timestampMillis":"1597043204921","type":"OnIceCandidate"},"object":"1429b6f3-0412-46b4-a1ce-d5c6bd7c854b_kurento.MediaPipeline/9fb1c9af-26ae-4f3e-86ec-d952a60ffb6d_kurento.WebRtcEndpoint","type":"OnIceCandidate"}}}, sessionId: cd8e203a-f67e-4e93-a512-1883939aa1b7
0:55:52.072886980 [334m   45[00m 0x7fa4c0001780 [37mDEBUG  [00m [00mKurentoWebSocketEventHandler WebSocketEventHandler.cpp:56:sendEvent:[00m Sending event: {"jsonrpc":"2.0","method":"onEvent","params":{"value":{"data":{"candidate":{"__module__":"kurento","__type__":"IceCandidate","candidate":"candidate:5 2 TCP 1010827518 172.20.0.9 10270 typ host tcptype passive","sdpMLineIndex":0,"sdpMid":"0"},"source":"1429b6f3-0412-46b4-a1ce-d5c6bd7c854b_kurento.MediaPipeline/9fb1c9af-26ae-4f3e-86ec-d952a60ffb6d_kurento.WebRtcEndpoint","tags":[],"timestamp":"1597043204","timestampMillis":"1597043204921","type":"OnIceCandidate"},"object":"1429b6f3-0412-46b4-a1ce-d5c6bd7c854b_kurento.MediaPipeline/9fb1c9af-26ae-4f3e-86ec-d952a60ffb6d_kurento.WebRtcEndpoint","type":"OnIceCandidate"}}}, sessionId: cd8e203a-f67e-4e93-a512-1883939aa1b7
0:55:52.072903861 [334m   45[00m 0x7fa4e0001b50 [37mDEBUG  [00m [00mKurentoWebSocketTransport WebSocketTransport.cpp:460:processMessage:[00m Message: {"jsonrpc":"2.0","method":"invoke","params":{"object":"1429b6f3-0412-46b4-a1ce-d5c6bd7c854b_kurento.MediaPipeline/88d69018-a266-4271-8277-644a2159fcc9_datachannelexample.KmsSendData","operation":"connect","operationParams":{"sink":"1429b6f3-0412-46b4-a1ce-d5c6bd7c854b_kurento.MediaPipeline/9fb1c9af-26ae-4f3e-86ec-d952a60ffb6d_kurento.WebRtcEndpoint"},"sessionId":"cd8e203a-f67e-4e93-a512-1883939aa1b7"},"id":188}
0:55:52.072982724 [334m   45[00m 0x7fa4c0001780 [37mDEBUG  [00m [00mKurentoWebSocketEventHandler WebSocketEventHandler.cpp:56:sendEvent:[00m Sending event: {"jsonrpc":"2.0","method":"onEvent","params":{"value":{"data":{"candidate":{"__module__":"kurento","__type__":"IceCandidate","candidate":"candidate:5 2 TCP 1010827518 172.20.0.9 10270 typ host tcptype passive","sdpMLineIndex":1,"sdpMid":"1"},"source":"1429b6f3-0412-46b4-a1ce-d5c6bd7c854b_kurento.MediaPipeline/9fb1c9af-26ae-4f3e-86ec-d952a60ffb6d_kurento.WebRtcEndpoint","tags":[],"timestamp":"1597043204","timestampMillis":"1597043204921","type":"OnIceCandidate"},"object":"1429b6f3-0412-46b4-a1ce-d5c6bd7c854b_kurento.MediaPipeline/9fb1c9af-26ae-4f3e-86ec-d952a60ffb6d_kurento.WebRtcEndpoint","type":"OnIceCandidate"}}}, sessionId: cd8e203a-f67e-4e93-a512-1883939aa1b7
0:55:52.073049277 [334m   45[00m 0x7fa4e0001b50 [37mDEBUG  [00m [00mKurentoMediaElementImpl MediaElementImpl.cpp:902:connect:[00m Connecting 1429b6f3-0412-46b4-a1ce-d5c6bd7c854b_kurento.MediaPipeline/88d69018-a266-4271-8277-644a2159fcc9_datachannelexample.KmsSendData -> 1429b6f3-0412-46b4-a1ce-d5c6bd7c854b_kurento.MediaPipeline/9fb1c9af-26ae-4f3e-86ec-d952a60ffb6d_kurento.WebRtcEndpoint params AUDIO default default
0:55:52.073075400 [334m   45[00m 0x7fa4c0001780 [37mDEBUG  [00m [00mKurentoWebSocketEventHandler WebSocketEventHandler.cpp:56:sendEvent:[00m Sending event: {"jsonrpc":"2.0","method":"onEvent","params":{"value":{"data":{"candidate":{"__module__":"kurento","__type__":"IceCandidate","candidate":"candidate:5 2 TCP 1010827518 172.20.0.9 10270 typ host tcptype passive","sdpMLineIndex":2,"sdpMid":"2"},"source":"1429b6f3-0412-46b4-a1ce-d5c6bd7c854b_kurento.MediaPipeline/9fb1c9af-26ae-4f3e-86ec-d952a60ffb6d_kurento.WebRtcEndpoint","tags":[],"timestamp":"1597043204","timestampMillis":"1597043204921","type":"OnIceCandidate"},"object":"1429b6f3-0412-46b4-a1ce-d5c6bd7c854b_kurento.MediaPipeline/9fb1c9af-26ae-4f3e-86ec-d952a60ffb6d_kurento.WebRtcEndpoint","type":"OnIceCandidate"}}}, sessionId: cd8e203a-f67e-4e93-a512-1883939aa1b7
0:55:52.073265377 [334m   45[00m 0x7fa4e0001b50 [37mDEBUG  [00m [00mKurentoMediaElementImpl MediaElementImpl.cpp:902:connect:[00m Connecting 1429b6f3-0412-46b4-a1ce-d5c6bd7c854b_kurento.MediaPipeline/88d69018-a266-4271-8277-644a2159fcc9_datachannelexample.KmsSendData -> 1429b6f3-0412-46b4-a1ce-d5c6bd7c854b_kurento.MediaPipeline/9fb1c9af-26ae-4f3e-86ec-d952a60ffb6d_kurento.WebRtcEndpoint params VIDEO default default
0:55:52.073415187 [334m   45[00m 0x7fa4e0001b50 [37mDEBUG  [00m [00mKurentoMediaElementImpl MediaElementImpl.cpp:902:connect:[00m Connecting 1429b6f3-0412-46b4-a1ce-d5c6bd7c854b_kurento.MediaPipeline/88d69018-a266-4271-8277-644a2159fcc9_datachannelexample.KmsSendData -> 1429b6f3-0412-46b4-a1ce-d5c6bd7c854b_kurento.MediaPipeline/9fb1c9af-26ae-4f3e-86ec-d952a60ffb6d_kurento.WebRtcEndpoint params DATA default default
0:55:52.073597100 [334m   45[00m 0x7fa4e0001b50 [37mDEBUG  [00m [00mKurentoWebSocketTransport WebSocketTransport.cpp:462:processMessage:[00m Response: {"id":188,"jsonrpc":"2.0","result":{"sessionId":"cd8e203a-f67e-4e93-a512-1883939aa1b7","value":null}}
0:55:52.073629471 [334m   45[00m 0x7fa4e0001b50 [37mDEBUG  [00m [00mKurentoWebSocketTransport WebSocketTransport.cpp:460:processMessage:[00m Message: {"jsonrpc":"2.0","method":"invoke","params":{"object":"1429b6f3-0412-46b4-a1ce-d5c6bd7c854b_kurento.MediaPipeline/9fb1c9af-26ae-4f3e-86ec-d952a60ffb6d_kurento.WebRtcEndpoint","operation":"addIceCandidate","operationParams":{"candidate":{"candidate":"candidate:1019731727 1 udp 2122260223 192.168.1.104 64033 typ host generation 0 ufrag CPow network-id 1 network-cost 10","sdpMid":"0","sdpMLineIndex":0,"__module__":"kurento","__type__":"IceCandidate"}},"sessionId":"cd8e203a-f67e-4e93-a512-1883939aa1b7"},"id":189}
0:55:52.074116278 [334m   45[00m 0x7fa4e0001b50 [37mDEBUG  [00m [00mKurentoWebSocketTransport WebSocketTransport.cpp:462:processMessage:[00m Response: {"id":189,"jsonrpc":"2.0","result":{"sessionId":"cd8e203a-f67e-4e93-a512-1883939aa1b7","value":null}}
0:55:52.074153243 [334m   45[00m 0x7fa4e0001b50 [37mDEBUG  [00m [00mKurentoWebSocketTransport WebSocketTransport.cpp:460:processMessage:[00m Message: {"jsonrpc":"2.0","method":"invoke","params":{"object":"1429b6f3-0412-46b4-a1ce-d5c6bd7c854b_kurento.MediaPipeline/9fb1c9af-26ae-4f3e-86ec-d952a60ffb6d_kurento.WebRtcEndpoint","operation":"addIceCandidate","operationParams":{"candidate":{"candidate":"candidate:1019731727 1 udp 2122260223 192.168.1.104 64034 typ host generation 0 ufrag CPow network-id 1 network-cost 10","sdpMid":"1","sdpMLineIndex":1,"__module__":"kurento","__type__":"IceCandidate"}},"sessionId":"cd8e203a-f67e-4e93-a512-1883939aa1b7"},"id":190}
0:55:52.074517521 [334m   45[00m 0x7fa4e0001b50 [37mDEBUG  [00m [00mKurentoWebSocketTransport WebSocketTransport.cpp:462:processMessage:[00m Response: {"id":190,"jsonrpc":"2.0","result":{"sessionId":"cd8e203a-f67e-4e93-a512-1883939aa1b7","value":null}}
0:55:52.080810143 [334m   45[00m 0x7fa50c001810 [37mDEBUG  [00m [00mKurentoWebSocketTransport WebSocketTransport.cpp:460:processMessage:[00m Message: {"jsonrpc":"2.0","method":"invoke","params":{"object":"1429b6f3-0412-46b4-a1ce-d5c6bd7c854b_kurento.MediaPipeline/9fb1c9af-26ae-4f3e-86ec-d952a60ffb6d_kurento.WebRtcEndpoint","operation":"addIceCandidate","operationParams":{"candidate":{"candidate":"candidate:1019731727 1 udp 2122260223 192.168.1.104 64035 typ host generation 0 ufrag CPow network-id 1 network-cost 10","sdpMid":"2","sdpMLineIndex":2,"__module__":"kurento","__type__":"IceCandidate"}},"sessionId":"cd8e203a-f67e-4e93-a512-1883939aa1b7"},"id":191}
0:55:52.081701361 [334m   45[00m 0x7fa50c001810 [37mDEBUG  [00m [00mKurentoWebSocketTransport WebSocketTransport.cpp:462:processMessage:[00m Response: {"id":191,"jsonrpc":"2.0","result":{"sessionId":"cd8e203a-f67e-4e93-a512-1883939aa1b7","value":null}}
0:55:52.163523864 [334m   45[00m 0x7fa4c0001780 [37mDEBUG  [00m [00mKurentoWebSocketEventHandler WebSocketEventHandler.cpp:56:sendEvent:[00m Sending event: {"jsonrpc":"2.0","method":"onEvent","params":{"value":{"data":{"candidate":{"__module__":"kurento","__type__":"IceCandidate","candidate":"candidate:6 1 UDP 1677722111 203.151.20.94 10291 typ srflx raddr 172.20.0.9 rport 10291","sdpMLineIndex":0,"sdpMid":"0"},"source":"1429b6f3-0412-46b4-a1ce-d5c6bd7c854b_kurento.MediaPipeline/9fb1c9af-26ae-4f3e-86ec-d952a60ffb6d_kurento.WebRtcEndpoint","tags":[],"timestamp":"1597043205","timestampMillis":"1597043205012","type":"OnIceCandidate"},"object":"1429b6f3-0412-46b4-a1ce-d5c6bd7c854b_kurento.MediaPipeline/9fb1c9af-26ae-4f3e-86ec-d952a60ffb6d_kurento.WebRtcEndpoint","type":"OnIceCandidate"}}}, sessionId: cd8e203a-f67e-4e93-a512-1883939aa1b7
0:55:52.163687309 [334m   45[00m 0x7fa4c0001780 [37mDEBUG  [00m [00mKurentoWebSocketEventHandler WebSocketEventHandler.cpp:56:sendEvent:[00m Sending event: {"jsonrpc":"2.0","method":"onEvent","params":{"value":{"data":{"candidate":{"__module__":"kurento","__type__":"IceCandidate","candidate":"candidate:6 1 UDP 1677722111 203.151.20.94 10291 typ srflx raddr 172.20.0.9 rport 10291","sdpMLineIndex":1,"sdpMid":"1"},"source":"1429b6f3-0412-46b4-a1ce-d5c6bd7c854b_kurento.MediaPipeline/9fb1c9af-26ae-4f3e-86ec-d952a60ffb6d_kurento.WebRtcEndpoint","tags":[],"timestamp":"1597043205","timestampMillis":"1597043205012","type":"OnIceCandidate"},"object":"1429b6f3-0412-46b4-a1ce-d5c6bd7c854b_kurento.MediaPipeline/9fb1c9af-26ae-4f3e-86ec-d952a60ffb6d_kurento.WebRtcEndpoint","type":"OnIceCandidate"}}}, sessionId: cd8e203a-f67e-4e93-a512-1883939aa1b7
0:55:52.163799056 [334m   45[00m 0x7fa4c0001780 [37mDEBUG  [00m [00mKurentoWebSocketEventHandler WebSocketEventHandler.cpp:56:sendEvent:[00m Sending event: {"jsonrpc":"2.0","method":"onEvent","params":{"value":{"data":{"candidate":{"__module__":"kurento","__type__":"IceCandidate","candidate":"candidate:6 1 UDP 1677722111 203.151.20.94 10291 typ srflx raddr 172.20.0.9 rport 10291","sdpMLineIndex":2,"sdpMid":"2"},"source":"1429b6f3-0412-46b4-a1ce-d5c6bd7c854b_kurento.MediaPipeline/9fb1c9af-26ae-4f3e-86ec-d952a60ffb6d_kurento.WebRtcEndpoint","tags":[],"timestamp":"1597043205","timestampMillis":"1597043205012","type":"OnIceCandidate"},"object":"1429b6f3-0412-46b4-a1ce-d5c6bd7c854b_kurento.MediaPipeline/9fb1c9af-26ae-4f3e-86ec-d952a60ffb6d_kurento.WebRtcEndpoint","type":"OnIceCandidate"}}}, sessionId: cd8e203a-f67e-4e93-a512-1883939aa1b7
0:55:52.163903019 [334m   45[00m 0x7fa4c0001780 [37mDEBUG  [00m [00mKurentoWebSocketEventHandler WebSocketEventHandler.cpp:56:sendEvent:[00m Sending event: {"jsonrpc":"2.0","method":"onEvent","params":{"value":{"data":{"candidate":{"__module__":"kurento","__type__":"IceCandidate","candidate":"candidate:7 1 TCP 847249663 203.151.20.94 9 typ srflx raddr 172.20.0.9 rport 9 tcptype active","sdpMLineIndex":0,"sdpMid":"0"},"source":"1429b6f3-0412-46b4-a1ce-d5c6bd7c854b_kurento.MediaPipeline/9fb1c9af-26ae-4f3e-86ec-d952a60ffb6d_kurento.WebRtcEndpoint","tags":[],"timestamp":"1597043205","timestampMillis":"1597043205012","type":"OnIceCandidate"},"object":"1429b6f3-0412-46b4-a1ce-d5c6bd7c854b_kurento.MediaPipeline/9fb1c9af-26ae-4f3e-86ec-d952a60ffb6d_kurento.WebRtcEndpoint","type":"OnIceCandidate"}}}, sessionId: cd8e203a-f67e-4e93-a512-1883939aa1b7
0:55:52.164007315 [334m   45[00m 0x7fa4c0001780 [37mDEBUG  [00m [00mKurentoWebSocketEventHandler WebSocketEventHandler.cpp:56:sendEvent:[00m Sending event: {"jsonrpc":"2.0","method":"onEvent","params":{"value":{"data":{"candidate":{"__module__":"kurento","__type__":"IceCandidate","candidate":"candidate:7 1 TCP 847249663 203.151.20.94 9 typ srflx raddr 172.20.0.9 rport 9 tcptype active","sdpMLineIndex":1,"sdpMid":"1"},"source":"1429b6f3-0412-46b4-a1ce-d5c6bd7c854b_kurento.MediaPipeline/9fb1c9af-26ae-4f3e-86ec-d952a60ffb6d_kurento.WebRtcEndpoint","tags":[],"timestamp":"1597043205","timestampMillis":"1597043205012","type":"OnIceCandidate"},"object":"1429b6f3-0412-46b4-a1ce-d5c6bd7c854b_kurento.MediaPipeline/9fb1c9af-26ae-4f3e-86ec-d952a60ffb6d_kurento.WebRtcEndpoint","type":"OnIceCandidate"}}}, sessionId: cd8e203a-f67e-4e93-a512-1883939aa1b7
0:55:52.164112763 [334m   45[00m 0x7fa4c0001780 [37mDEBUG  [00m [00mKurentoWebSocketEventHandler WebSocketEventHandler.cpp:56:sendEvent:[00m Sending event: {"jsonrpc":"2.0","method":"onEvent","params":{"value":{"data":{"candidate":{"__module__":"kurento","__type__":"IceCandidate","candidate":"candidate:7 1 TCP 847249663 203.151.20.94 9 typ srflx raddr 172.20.0.9 rport 9 tcptype active","sdpMLineIndex":2,"sdpMid":"2"},"source":"1429b6f3-0412-46b4-a1ce-d5c6bd7c854b_kurento.MediaPipeline/9fb1c9af-26ae-4f3e-86ec-d952a60ffb6d_kurento.WebRtcEndpoint","tags":[],"timestamp":"1597043205","timestampMillis":"1597043205012","type":"OnIceCandidate"},"object":"1429b6f3-0412-46b4-a1ce-d5c6bd7c854b_kurento.MediaPipeline/9fb1c9af-26ae-4f3e-86ec-d952a60ffb6d_kurento.WebRtcEndpoint","type":"OnIceCandidate"}}}, sessionId: cd8e203a-f67e-4e93-a512-1883939aa1b7
0:55:52.164223880 [334m   45[00m 0x7fa4c0001780 [37mDEBUG  [00m [00mKurentoWebSocketEventHandler WebSocketEventHandler.cpp:56:sendEvent:[00m Sending event: {"jsonrpc":"2.0","method":"onEvent","params":{"value":{"data":{"candidate":{"__module__":"kurento","__type__":"IceCandidate","candidate":"candidate:8 1 TCP 843055359 203.151.20.94 10272 typ srflx raddr 172.20.0.9 rport 10272 tcptype passive","sdpMLineIndex":0,"sdpMid":"0"},"source":"1429b6f3-0412-46b4-a1ce-d5c6bd7c854b_kurento.MediaPipeline/9fb1c9af-26ae-4f3e-86ec-d952a60ffb6d_kurento.WebRtcEndpoint","tags":[],"timestamp":"1597043205","timestampMillis":"1597043205012","type":"OnIceCandidate"},"object":"1429b6f3-0412-46b4-a1ce-d5c6bd7c854b_kurento.MediaPipeline/9fb1c9af-26ae-4f3e-86ec-d952a60ffb6d_kurento.WebRtcEndpoint","type":"OnIceCandidate"}}}, sessionId: cd8e203a-f67e-4e93-a512-1883939aa1b7
0:55:52.164321853 [334m   45[00m 0x7fa4c0001780 [37mDEBUG  [00m [00mKurentoWebSocketEventHandler WebSocketEventHandler.cpp:56:sendEvent:[00m Sending event: {"jsonrpc":"2.0","method":"onEvent","params":{"value":{"data":{"candidate":{"__module__":"kurento","__type__":"IceCandidate","candidate":"candidate:8 1 TCP 843055359 203.151.20.94 10272 typ srflx raddr 172.20.0.9 rport 10272 tcptype passive","sdpMLineIndex":1,"sdpMid":"1"},"source":"1429b6f3-0412-46b4-a1ce-d5c6bd7c854b_kurento.MediaPipeline/9fb1c9af-26ae-4f3e-86ec-d952a60ffb6d_kurento.WebRtcEndpoint","tags":[],"timestamp":"1597043205","timestampMillis":"1597043205013","type":"OnIceCandidate"},"object":"1429b6f3-0412-46b4-a1ce-d5c6bd7c854b_kurento.MediaPipeline/9fb1c9af-26ae-4f3e-86ec-d952a60ffb6d_kurento.WebRtcEndpoint","type":"OnIceCandidate"}}}, sessionId: cd8e203a-f67e-4e93-a512-1883939aa1b7
0:55:52.164421265 [334m   45[00m 0x7fa4c0001780 [37mDEBUG  [00m [00mKurentoWebSocketEventHandler WebSocketEventHandler.cpp:56:sendEvent:[00m Sending event: {"jsonrpc":"2.0","method":"onEvent","params":{"value":{"data":{"candidate":{"__module__":"kurento","__type__":"IceCandidate","candidate":"candidate:8 1 TCP 843055359 203.151.20.94 10272 typ srflx raddr 172.20.0.9 rport 10272 tcptype passive","sdpMLineIndex":2,"sdpMid":"2"},"source":"1429b6f3-0412-46b4-a1ce-d5c6bd7c854b_kurento.MediaPipeline/9fb1c9af-26ae-4f3e-86ec-d952a60ffb6d_kurento.WebRtcEndpoint","tags":[],"timestamp":"1597043205","timestampMillis":"1597043205013","type":"OnIceCandidate"},"object":"1429b6f3-0412-46b4-a1ce-d5c6bd7c854b_kurento.MediaPipeline/9fb1c9af-26ae-4f3e-86ec-d952a60ffb6d_kurento.WebRtcEndpoint","type":"OnIceCandidate"}}}, sessionId: cd8e203a-f67e-4e93-a512-1883939aa1b7
0:55:52.363233616 [334m   45[00m 0x7fa4e4001790 [37mDEBUG  [00m [00mKurentoWebSocketTransport WebSocketTransport.cpp:460:processMessage:[00m Message: {"jsonrpc":"2.0","method":"invoke","params":{"object":"1429b6f3-0412-46b4-a1ce-d5c6bd7c854b_kurento.MediaPipeline/9fb1c9af-26ae-4f3e-86ec-d952a60ffb6d_kurento.WebRtcEndpoint","operation":"addIceCandidate","operationParams":{"candidate":{"candidate":"candidate:1917068287 1 tcp 1518280447 192.168.1.104 9 typ host tcptype active generation 0 ufrag CPow network-id 1 network-cost 10","sdpMid":"0","sdpMLineIndex":0,"__module__":"kurento","__type__":"IceCandidate"}},"sessionId":"cd8e203a-f67e-4e93-a512-1883939aa1b7"},"id":192}
0:55:52.364119794 [334m   45[00m 0x7fa4e4001790 [37mDEBUG  [00m [00mKurentoWebSocketTransport WebSocketTransport.cpp:462:processMessage:[00m Response: {"id":192,"jsonrpc":"2.0","result":{"sessionId":"cd8e203a-f67e-4e93-a512-1883939aa1b7","value":null}}
0:55:52.383150371 [334m   45[00m 0x7fa4e0001b50 [37mDEBUG  [00m [00mKurentoWebSocketTransport WebSocketTransport.cpp:460:processMessage:[00m Message: {"jsonrpc":"2.0","method":"invoke","params":{"object":"1429b6f3-0412-46b4-a1ce-d5c6bd7c854b_kurento.MediaPipeline/9fb1c9af-26ae-4f3e-86ec-d952a60ffb6d_kurento.WebRtcEndpoint","operation":"addIceCandidate","operationParams":{"candidate":{"candidate":"candidate:3180321211 1 udp 1686052607 182.232.132.219 64033 typ srflx raddr 192.168.1.104 rport 64033 generation 0 ufrag CPow network-id 1 network-cost 10","sdpMid":"0","sdpMLineIndex":0,"__module__":"kurento","__type__":"IceCandidate"}},"sessionId":"cd8e203a-f67e-4e93-a512-1883939aa1b7"},"id":193}
0:55:52.383599267 [334m   45[00m 0x7fa4e0001b50 [37mDEBUG  [00m [00mKurentoWebSocketTransport WebSocketTransport.cpp:462:processMessage:[00m Response: {"id":193,"jsonrpc":"2.0","result":{"sessionId":"cd8e203a-f67e-4e93-a512-1883939aa1b7","value":null}}
0:55:52.421280978 [334m   45[00m 0x7fa4d8074230 [37mDEBUG  [00m [00mKurentoWebRtcEndpointImpl WebRtcEndpointImpl.cpp:292:newSelectedPairFull:<kmswebrtcendpoint9>[00m New candidate pair selected, local: 'candidate:6 1 UDP 1677722111 203.151.20.94 10291 typ srflx raddr 172.20.0.9 rport 10291', remote: 'candidate:3180321211 1 UDP 1686052607 182.232.132.219 64033 typ srflx raddr 192.168.1.104 rport 64033', stream_id: '1', component_id: 1
0:55:53.127730314 [334m   45[00m 0x7fa3b00028f0 [37mDEBUG  [00m [00mKurentoMediaElementImpl MediaElementImpl.cpp:492:mediaFlowInStateChange:<kmswebrtcendpoint9>[00m MediaFlowInStateChange: FLOWING, pad: 'default', type: 'audio'
0:56:00.485751492 [334m   45[00m 0x7fa518001c30 [37mDEBUG  [00m [00m     KurentoMediaSet MediaSet.cpp:123:doGarbageCollection:[00m Running garbage collector
0:56:00.497944428 [334m   45[00m 0x7fa4e0001410 [36mINFO   [00m [00mKurentoWebSocketTransport WebSocketTransport.cpp:296:keepAliveSessions:[00m Keep alive cd8e203a-f67e-4e93-a512-1883939aa1b7
0:56:00.962736553 [334m   45[00m 0x7fa50c001810 [37mDEBUG  [00m [00mKurentoWebSocketTransport WebSocketTransport.cpp:460:processMessage:[00m Message: {"jsonrpc":"2.0","method":"ping","id":194}
0:56:00.962922872 [334m   45[00m 0x7fa50c001810 [36mINFO   [00m [00mKurentoServerMethods ServerMethods.cpp:814:ping:[00m WebSocket Ping/Pong with sessionId cd8e203a-f67e-4e93-a512-1883939aa1b7
0:56:00.963056149 [334m   45[00m 0x7fa50c001810 [37mDEBUG  [00m [00mKurentoWebSocketTransport WebSocketTransport.cpp:462:processMessage:[00m Response: {"id":194,"jsonrpc":"2.0","result":{"sessionId":"cd8e203a-f67e-4e93-a512-1883939aa1b7","value":"pong"}}
0:56:23.710954457 [334m   45[00m 0x7fa524002180 [37mDEBUG  [00m [00mKurentoWebSocketTransport WebSocketTransport.cpp:460:processMessage:[00m Message: {"jsonrpc":"2.0","method":"release","params":{"object":"1429b6f3-0412-46b4-a1ce-d5c6bd7c854b_kurento.MediaPipeline/9fb1c9af-26ae-4f3e-86ec-d952a60ffb6d_kurento.WebRtcEndpoint","sessionId":"cd8e203a-f67e-4e93-a512-1883939aa1b7"},"id":195}
0:56:23.711418151 [334m   45[00m 0x7fa524002180 [37mDEBUG  [00m [00mKurentoWebSocketTransport WebSocketTransport.cpp:462:processMessage:[00m Response: {"id":195,"jsonrpc":"2.0","result":{"sessionId":"cd8e203a-f67e-4e93-a512-1883939aa1b7"}}
0:56:23.711487848 [334m   45[00m 0x7fa5340018a0 [37mDEBUG  [00m [00mKurentoMediaElementImpl MediaElementImpl.cpp:1028:disconnect:[00m Disconnecting 1429b6f3-0412-46b4-a1ce-d5c6bd7c854b_kurento.MediaPipeline/88d69018-a266-4271-8277-644a2159fcc9_datachannelexample.KmsSendData - 1429b6f3-0412-46b4-a1ce-d5c6bd7c854b_kurento.MediaPipeline/9fb1c9af-26ae-4f3e-86ec-d952a60ffb6d_kurento.WebRtcEndpoint params AUDIO default default
0:56:23.713634670 [334m   45[00m 0x7fa5340018a0 [37mDEBUG  [00m [00mKurentoMediaElementImpl MediaElementImpl.cpp:1028:disconnect:[00m Disconnecting 1429b6f3-0412-46b4-a1ce-d5c6bd7c854b_kurento.MediaPipeline/88d69018-a266-4271-8277-644a2159fcc9_datachannelexample.KmsSendData - 1429b6f3-0412-46b4-a1ce-d5c6bd7c854b_kurento.MediaPipeline/9fb1c9af-26ae-4f3e-86ec-d952a60ffb6d_kurento.WebRtcEndpoint params DATA default default
0:56:23.713754555 [334m   45[00m 0x7fa5340018a0 [37mDEBUG  [00m [00mKurentoMediaElementImpl MediaElementImpl.cpp:1028:disconnect:[00m Disconnecting 1429b6f3-0412-46b4-a1ce-d5c6bd7c854b_kurento.MediaPipeline/88d69018-a266-4271-8277-644a2159fcc9_datachannelexample.KmsSendData - 1429b6f3-0412-46b4-a1ce-d5c6bd7c854b_kurento.MediaPipeline/9fb1c9af-26ae-4f3e-86ec-d952a60ffb6d_kurento.WebRtcEndpoint params VIDEO default default
0:56:23.713866175 [334m   45[00m 0x7fa5340018a0 [37mDEBUG  [00m [00m     KurentoMediaSet MediaSet.cpp:470:async_delete:[00m Destroying WebRtcEndpoint -> 1429b6f3-0412-46b4-a1ce-d5c6bd7c854b_kurento.MediaPipeline/9fb1c9af-26ae-4f3e-86ec-d952a60ffb6d_kurento.WebRtcEndpoint
0:56:23.714184597 [334m   45[00m 0x7fa520001c90 [37mDEBUG  [00m [00mKurentoWebSocketTransport WebSocketTransport.cpp:460:processMessage:[00m Message: {"jsonrpc":"2.0","method":"unsubscribe","params":{"object":"1429b6f3-0412-46b4-a1ce-d5c6bd7c854b_kurento.MediaPipeline/9fb1c9af-26ae-4f3e-86ec-d952a60ffb6d_kurento.WebRtcEndpoint","subscription":"f2dea063-41d7-4727-9fd1-75440486f51c","sessionId":"cd8e203a-f67e-4e93-a512-1883939aa1b7"},"id":196}
0:56:23.714407741 [334m   45[00m 0x7fa520001c90 [37mDEBUG  [00m [00mKurentoWebSocketTransport WebSocketTransport.cpp:462:processMessage:[00m Response: {"id":196,"jsonrpc":"2.0","result":{"sessionId":"cd8e203a-f67e-4e93-a512-1883939aa1b7"}}
0:57:00.498154014 [334m   45[00m 0x7fa4e0001410 [36mINFO   [00m [00mKurentoWebSocketTransport WebSocketTransport.cpp:296:keepAliveSessions:[00m Keep alive cd8e203a-f67e-4e93-a512-1883939aa1b7
0:57:00.963869745 [334m   45[00m 0x7fa528001840 [37mDEBUG  [00m [00mKurentoWebSocketTransport WebSocketTransport.cpp:460:processMessage:[00m Message: {"jsonrpc":"2.0","method":"ping","id":197}
0:57:00.964036397 [334m   45[00m 0x7fa528001840 [36mINFO   [00m [00mKurentoServerMethods ServerMethods.cpp:814:ping:[00m WebSocket Ping/Pong with sessionId cd8e203a-f67e-4e93-a512-1883939aa1b7
0:57:00.964188298 [334m   45[00m 0x7fa528001840 [37mDEBUG  [00m [00mKurentoWebSocketTransport WebSocketTransport.cpp:462:processMessage:[00m Response: {"id":197,"jsonrpc":"2.0","result":{"sessionId":"cd8e203a-f67e-4e93-a512-1883939aa1b7","value":"pong"}}
0:58:00.498329837 [334m   45[00m 0x7fa4e0001410 [36mINFO   [00m [00mKurentoWebSocketTransport WebSocketTransport.cpp:296:keepAliveSessions:[00m Keep alive cd8e203a-f67e-4e93-a512-1883939aa1b7
0:58:00.964372080 [334m   45[00m 0x7fa514001c60 [37mDEBUG  [00m [00mKurentoWebSocketTransport WebSocketTransport.cpp:460:processMessage:[00m Message: {"jsonrpc":"2.0","method":"ping","id":198}
0:58:00.964545390 [334m   45[00m 0x7fa514001c60 [36mINFO   [00m [00mKurentoServerMethods ServerMethods.cpp:814:ping:[00m WebSocket Ping/Pong with sessionId cd8e203a-f67e-4e93-a512-1883939aa1b7
0:58:00.964686496 [334m   45[00m 0x7fa514001c60 [37mDEBUG  [00m [00mKurentoWebSocketTransport WebSocketTransport.cpp:462:processMessage:[00m Response: {"id":198,"jsonrpc":"2.0","result":{"sessionId":"cd8e203a-f67e-4e93-a512-1883939aa1b7","value":"pong"}}
0:59:00.498513879 [334m   45[00m 0x7fa4e0001410 [36mINFO   [00m [00mKurentoWebSocketTransport WebSocketTransport.cpp:296:keepAliveSessions:[00m Keep alive cd8e203a-f67e-4e93-a512-1883939aa1b7
0:59:00.965420657 [334m   45[00m 0x7fa51c001b20 [37mDEBUG  [00m [00mKurentoWebSocketTransport WebSocketTransport.cpp:460:processMessage:[00m Message: {"jsonrpc":"2.0","method":"ping","id":199}
0:59:00.965603408 [334m   45[00m 0x7fa51c001b20 [36mINFO   [00m [00mKurentoServerMethods ServerMethods.cpp:814:ping:[00m WebSocket Ping/Pong with sessionId cd8e203a-f67e-4e93-a512-1883939aa1b7
0:59:00.965739969 [334m   45[00m 0x7fa51c001b20 [37mDEBUG  [00m [00mKurentoWebSocketTransport WebSocketTransport.cpp:462:processMessage:[00m Response: {"id":199,"jsonrpc":"2.0","result":{"sessionId":"cd8e203a-f67e-4e93-a512-1883939aa1b7","value":"pong"}}
1:00:00.486375047 [334m   45[00m 0x7fa518001c30 [37mDEBUG  [00m [00m     KurentoMediaSet MediaSet.cpp:123:doGarbageCollection:[00m Running garbage collector
