1:00:35.668971322 [335m   28[00m 0x7f4050001790 [37mDEBUG  [00m [00mKurentoWebSocketEventHandler WebSocketEventHandler.cpp:56:sendEvent:[00m Sending event: {"jsonrpc":"2.0","method":"onEvent","params":{"value":{"data":{"candidate":{"__module__":"kurento","__type__":"IceCandidate","candidate":"candidate:6 1 TCP 843055359 203.151.20.94 10031 typ srflx raddr 172.20.0.5 rport 10031 tcptype passive","sdpMLineIndex":0,"sdpMid":"0"},"source":"e5d6fa97-d9eb-4d85-afa5-5233accb94db_kurento.MediaPipeline/048c5e49-142e-4bd0-ac7b-fd2f98cbe858_kurento.WebRtcEndpoint","tags":[],"timestamp":"1597981843","timestampMillis":"1597981843440","type":"OnIceCandidate"},"object":"e5d6fa97-d9eb-4d85-afa5-5233accb94db_kurento.MediaPipeline/048c5e49-142e-4bd0-ac7b-fd2f98cbe858_kurento.WebRtcEndpoint","type":"OnIceCandidate"}}}, sessionId: 33644728-7978-4e94-8211-ff680af93d2b
1:00:35.669131864 [335m   28[00m 0x7f4050001790 [37mDEBUG  [00m [00mKurentoWebSocketEventHandler WebSocketEventHandler.cpp:56:sendEvent:[00m Sending event: {"jsonrpc":"2.0","method":"onEvent","params":{"value":{"data":{"candidate":{"__module__":"kurento","__type__":"IceCandidate","candidate":"candidate:6 1 TCP 843055359 203.151.20.94 10031 typ srflx raddr 172.20.0.5 rport 10031 tcptype passive","sdpMLineIndex":1,"sdpMid":"1"},"source":"e5d6fa97-d9eb-4d85-afa5-5233accb94db_kurento.MediaPipeline/048c5e49-142e-4bd0-ac7b-fd2f98cbe858_kurento.WebRtcEndpoint","tags":[],"timestamp":"1597981843","timestampMillis":"1597981843440","type":"OnIceCandidate"},"object":"e5d6fa97-d9eb-4d85-afa5-5233accb94db_kurento.MediaPipeline/048c5e49-142e-4bd0-ac7b-fd2f98cbe858_kurento.WebRtcEndpoint","type":"OnIceCandidate"}}}, sessionId: 33644728-7978-4e94-8211-ff680af93d2b
1:00:35.669257179 [335m   28[00m 0x7f4050001790 [37mDEBUG  [00m [00mKurentoWebSocketEventHandler WebSocketEventHandler.cpp:56:sendEvent:[00m Sending event: {"jsonrpc":"2.0","method":"onEvent","params":{"value":{"data":{"candidate":{"__module__":"kurento","__type__":"IceCandidate","candidate":"candidate:6 1 TCP 843055359 203.151.20.94 10031 typ srflx raddr 172.20.0.5 rport 10031 tcptype passive","sdpMLineIndex":2,"sdpMid":"2"},"source":"e5d6fa97-d9eb-4d85-afa5-5233accb94db_kurento.MediaPipeline/048c5e49-142e-4bd0-ac7b-fd2f98cbe858_kurento.WebRtcEndpoint","tags":[],"timestamp":"1597981843","timestampMillis":"1597981843440","type":"OnIceCandidate"},"object":"e5d6fa97-d9eb-4d85-afa5-5233accb94db_kurento.MediaPipeline/048c5e49-142e-4bd0-ac7b-fd2f98cbe858_kurento.WebRtcEndpoint","type":"OnIceCandidate"}}}, sessionId: 33644728-7978-4e94-8211-ff680af93d2b
1:00:35.953442479 [335m   28[00m 0x7f40b4001840 [37mDEBUG  [00m [00mKurentoWebSocketTransport WebSocketTransport.cpp:460:processMessage:[00m Message: {"jsonrpc":"2.0","method":"invoke","params":{"object":"e5d6fa97-d9eb-4d85-afa5-5233accb94db_kurento.MediaPipeline/048c5e49-142e-4bd0-ac7b-fd2f98cbe858_kurento.WebRtcEndpoint","operation":"addIceCandidate","operationParams":{"candidate":{"candidate":"candidate:1 1 UDP 1686052863 182.232.149.167 61727 typ srflx raddr 0.0.0.0 rport 0","sdpMid":"0","sdpMLineIndex":0,"__module__":"kurento","__type__":"IceCandidate"}},"sessionId":"33644728-7978-4e94-8211-ff680af93d2b"},"id":199}
1:00:35.954506629 [335m   28[00m 0x7f40b4001840 [37mDEBUG  [00m [00mKurentoWebSocketTransport WebSocketTransport.cpp:462:processMessage:[00m Response: {"id":199,"jsonrpc":"2.0","result":{"sessionId":"33644728-7978-4e94-8211-ff680af93d2b","value":null}}
1:00:35.955129894 [335m   28[00m 0x7f40a4001b90 [37mDEBUG  [00m [00mKurentoWebSocketTransport WebSocketTransport.cpp:460:processMessage:[00m Message: {"jsonrpc":"2.0","method":"invoke","params":{"object":"e5d6fa97-d9eb-4d85-afa5-5233accb94db_kurento.MediaPipeline/048c5e49-142e-4bd0-ac7b-fd2f98cbe858_kurento.WebRtcEndpoint","operation":"addIceCandidate","operationParams":{"candidate":{"candidate":"candidate:1 2 UDP 1686052862 182.232.149.167 52752 typ srflx raddr 0.0.0.0 rport 0","sdpMid":"0","sdpMLineIndex":0,"__module__":"kurento","__type__":"IceCandidate"}},"sessionId":"33644728-7978-4e94-8211-ff680af93d2b"},"id":200}
1:00:35.955690407 [335m   28[00m 0x7f40a4001b90 [37mDEBUG  [00m [00mKurentoWebSocketTransport WebSocketTransport.cpp:462:processMessage:[00m Response: {"id":200,"jsonrpc":"2.0","result":{"sessionId":"33644728-7978-4e94-8211-ff680af93d2b","value":null}}
1:00:35.957030310 [335m   28[00m 0x7f409c001ac0 [37mDEBUG  [00m [00mKurentoWebSocketTransport WebSocketTransport.cpp:460:processMessage:[00m Message: {"jsonrpc":"2.0","method":"invoke","params":{"object":"e5d6fa97-d9eb-4d85-afa5-5233accb94db_kurento.MediaPipeline/048c5e49-142e-4bd0-ac7b-fd2f98cbe858_kurento.WebRtcEndpoint","operation":"addIceCandidate","operationParams":{"candidate":{"candidate":"","sdpMid":"0","sdpMLineIndex":0,"__module__":"kurento","__type__":"IceCandidate"}},"sessionId":"33644728-7978-4e94-8211-ff680af93d2b"},"id":201}
1:00:35.957462320 [335m   28[00m 0x7f409c001ac0 [37mDEBUG  [00m [00mKurentoWebSocketTransport WebSocketTransport.cpp:462:processMessage:[00m Response: {"error":{"code":40401,"data":{"type":"ICE_ADD_CANDIDATE_ERROR"},"message":"Error adding candidate"},"id":201,"jsonrpc":"2.0"}
1:00:36.150830934 [335m   28[00m 0x7f40a4072c00 [37mDEBUG  [00m [00mKurentoWebRtcEndpointImpl WebRtcEndpointImpl.cpp:292:newSelectedPairFull:<kmswebrtcendpoint8>[00m New candidate pair selected, local: 'candidate:4 1 UDP 1677722111 203.151.20.94 10022 typ srflx raddr 172.20.0.5 rport 10022', remote: 'candidate:1 1 UDP 1686052863 182.232.149.167 61727 typ srflx', stream_id: '1', component_id: 1
1:00:36.835193108 [335m   28[00m 0x7f3f0c001f20 [37mDEBUG  [00m [00mKurentoMediaElementImpl MediaElementImpl.cpp:492:mediaFlowInStateChange:<kmswebrtcendpoint8>[00m MediaFlowInStateChange: FLOWING, pad: 'default', type: 'audio'
1:01:00.640496968 [335m   28[00m 0x7f4078001860 [36mINFO   [00m [00mKurentoWebSocketTransport WebSocketTransport.cpp:296:keepAliveSessions:[00m Keep alive 33644728-7978-4e94-8211-ff680af93d2b
1:01:01.053063999 [335m   28[00m 0x7f4090001c60 [37mDEBUG  [00m [00mKurentoWebSocketTransport WebSocketTransport.cpp:460:processMessage:[00m Message: {"jsonrpc":"2.0","method":"ping","id":202}
1:01:01.053237579 [335m   28[00m 0x7f4090001c60 [36mINFO   [00m [00mKurentoServerMethods ServerMethods.cpp:814:ping:[00m WebSocket Ping/Pong with sessionId 33644728-7978-4e94-8211-ff680af93d2b
1:01:01.053367843 [335m   28[00m 0x7f4090001c60 [37mDEBUG  [00m [00mKurentoWebSocketTransport WebSocketTransport.cpp:462:processMessage:[00m Response: {"id":202,"jsonrpc":"2.0","result":{"sessionId":"33644728-7978-4e94-8211-ff680af93d2b","value":"pong"}}
1:02:00.640934934 [335m   28[00m 0x7f4078001860 [36mINFO   [00m [00mKurentoWebSocketTransport WebSocketTransport.cpp:296:keepAliveSessions:[00m Keep alive 33644728-7978-4e94-8211-ff680af93d2b
1:02:01.053531816 [335m   28[00m 0x7f4098001b20 [37mDEBUG  [00m [00mKurentoWebSocketTransport WebSocketTransport.cpp:460:processMessage:[00m Message: {"jsonrpc":"2.0","method":"ping","id":203}
1:02:01.053699109 [335m   28[00m 0x7f4098001b20 [36mINFO   [00m [00mKurentoServerMethods ServerMethods.cpp:814:ping:[00m WebSocket Ping/Pong with sessionId 33644728-7978-4e94-8211-ff680af93d2b
1:02:01.053825818 [335m   28[00m 0x7f4098001b20 [37mDEBUG  [00m [00mKurentoWebSocketTransport WebSocketTransport.cpp:462:processMessage:[00m Response: {"id":203,"jsonrpc":"2.0","result":{"sessionId":"33644728-7978-4e94-8211-ff680af93d2b","value":"pong"}}
1:03:00.641405694 [335m   28[00m 0x7f4078001860 [36mINFO   [00m [00mKurentoWebSocketTransport WebSocketTransport.cpp:296:keepAliveSessions:[00m Keep alive 33644728-7978-4e94-8211-ff680af93d2b
1:03:01.053476585 [335m   28[00m 0x7f4068001890 [37mDEBUG  [00m [00mKurentoWebSocketTransport WebSocketTransport.cpp:460:processMessage:[00m Message: {"jsonrpc":"2.0","method":"ping","id":204}
1:03:01.053673704 [335m   28[00m 0x7f4068001890 [36mINFO   [00m [00mKurentoServerMethods ServerMethods.cpp:814:ping:[00m WebSocket Ping/Pong with sessionId 33644728-7978-4e94-8211-ff680af93d2b
1:03:01.053825427 [335m   28[00m 0x7f4068001890 [37mDEBUG  [00m [00mKurentoWebSocketTransport WebSocketTransport.cpp:462:processMessage:[00m Response: {"id":204,"jsonrpc":"2.0","result":{"sessionId":"33644728-7978-4e94-8211-ff680af93d2b","value":"pong"}}
1:04:00.625927249 [335m   28[00m 0x7f4074001ef0 [37mDEBUG  [00m [00m     KurentoMediaSet MediaSet.cpp:123:doGarbageCollection:[00m Running garbage collector
1:04:00.641577899 [335m   28[00m 0x7f4078001860 [36mINFO   [00m [00mKurentoWebSocketTransport WebSocketTransport.cpp:296:keepAliveSessions:[00m Keep alive 33644728-7978-4e94-8211-ff680af93d2b
1:04:01.055469780 [335m   28[00m 0x7f4070001f50 [37mDEBUG  [00m [00mKurentoWebSocketTransport WebSocketTransport.cpp:460:processMessage:[00m Message: {"jsonrpc":"2.0","method":"ping","id":205}
1:04:01.055640845 [335m   28[00m 0x7f4070001f50 [36mINFO   [00m [00mKurentoServerMethods ServerMethods.cpp:814:ping:[00m WebSocket Ping/Pong with sessionId 33644728-7978-4e94-8211-ff680af93d2b
1:04:01.055796776 [335m   28[00m 0x7f4070001f50 [37mDEBUG  [00m [00mKurentoWebSocketTransport WebSocketTransport.cpp:462:processMessage:[00m Response: {"id":205,"jsonrpc":"2.0","result":{"sessionId":"33644728-7978-4e94-8211-ff680af93d2b","value":"pong"}}
1:05:00.642057309 [335m   28[00m 0x7f4078001860 [36mINFO   [00m [00mKurentoWebSocketTransport WebSocketTransport.cpp:296:keepAliveSessions:[00m Keep alive 33644728-7978-4e94-8211-ff680af93d2b
1:05:01.056890899 [335m   28[00m 0x7f40a0002180 [37mDEBUG  [00m [00mKurentoWebSocketTransport WebSocketTransport.cpp:460:processMessage:[00m Message: {"jsonrpc":"2.0","method":"ping","id":206}
1:05:01.057108162 [335m   28[00m 0x7f40a0002180 [36mINFO   [00m [00mKurentoServerMethods ServerMethods.cpp:814:ping:[00m WebSocket Ping/Pong with sessionId 33644728-7978-4e94-8211-ff680af93d2b
1:05:01.057259297 [335m   28[00m 0x7f40a0002180 [37mDEBUG  [00m [00mKurentoWebSocketTransport WebSocketTransport.cpp:462:processMessage:[00m Response: {"id":206,"jsonrpc":"2.0","result":{"sessionId":"33644728-7978-4e94-8211-ff680af93d2b","value":"pong"}}
1:06:00.642741930 [335m   28[00m 0x7f4078001860 [36mINFO   [00m [00mKurentoWebSocketTransport WebSocketTransport.cpp:296:keepAliveSessions:[00m Keep alive 33644728-7978-4e94-8211-ff680af93d2b
1:06:01.057061762 [335m   28[00m 0x7f40a8007230 [37mDEBUG  [00m [00mKurentoWebSocketTransport WebSocketTransport.cpp:460:processMessage:[00m Message: {"jsonrpc":"2.0","method":"ping","id":207}
1:06:01.057251869 [335m   28[00m 0x7f40a8007230 [36mINFO   [00m [00mKurentoServerMethods ServerMethods.cpp:814:ping:[00m WebSocket Ping/Pong with sessionId 33644728-7978-4e94-8211-ff680af93d2b
1:06:01.057391407 [335m   28[00m 0x7f40a8007230 [37mDEBUG  [00m [00mKurentoWebSocketTransport WebSocketTransport.cpp:462:processMessage:[00m Response: {"id":207,"jsonrpc":"2.0","result":{"sessionId":"33644728-7978-4e94-8211-ff680af93d2b","value":"pong"}}
1:07:00.643233650 [335m   28[00m 0x7f4078001860 [36mINFO   [00m [00mKurentoWebSocketTransport WebSocketTransport.cpp:296:keepAliveSessions:[00m Keep alive 33644728-7978-4e94-8211-ff680af93d2b
1:07:01.058668086 [335m   28[00m 0x7f4070001610 [37mDEBUG  [00m [00mKurentoWebSocketTransport WebSocketTransport.cpp:460:processMessage:[00m Message: {"jsonrpc":"2.0","method":"ping","id":208}
1:07:01.058856838 [335m   28[00m 0x7f4070001610 [36mINFO   [00m [00mKurentoServerMethods ServerMethods.cpp:814:ping:[00m WebSocket Ping/Pong with sessionId 33644728-7978-4e94-8211-ff680af93d2b
1:07:01.059002644 [335m   28[00m 0x7f4070001610 [37mDEBUG  [00m [00mKurentoWebSocketTransport WebSocketTransport.cpp:462:processMessage:[00m Response: {"id":208,"jsonrpc":"2.0","result":{"sessionId":"33644728-7978-4e94-8211-ff680af93d2b","value":"pong"}}
1:08:00.626323624 [335m   28[00m 0x7f4074001ef0 [37mDEBUG  [00m [00m     KurentoMediaSet MediaSet.cpp:123:doGarbageCollection:[00m Running garbage collector
1:08:00.643426240 [335m   28[00m 0x7f4078001860 [36mINFO   [00m [00mKurentoWebSocketTransport WebSocketTransport.cpp:296:keepAliveSessions:[00m Keep alive 33644728-7978-4e94-8211-ff680af93d2b
1:08:01.059900821 [335m   28[00m 0x7f40b4001840 [37mDEBUG  [00m [00mKurentoWebSocketTransport WebSocketTransport.cpp:460:processMessage:[00m Message: {"jsonrpc":"2.0","method":"ping","id":209}
1:08:01.060085943 [335m   28[00m 0x7f40b4001840 [36mINFO   [00m [00mKurentoServerMethods ServerMethods.cpp:814:ping:[00m WebSocket Ping/Pong with sessionId 33644728-7978-4e94-8211-ff680af93d2b
1:08:01.060222457 [335m   28[00m 0x7f40b4001840 [37mDEBUG  [00m [00mKurentoWebSocketTransport WebSocketTransport.cpp:462:processMessage:[00m Response: {"id":209,"jsonrpc":"2.0","result":{"sessionId":"33644728-7978-4e94-8211-ff680af93d2b","value":"pong"}}
1:09:00.643842058 [335m   28[00m 0x7f4078001860 [36mINFO   [00m [00mKurentoWebSocketTransport WebSocketTransport.cpp:296:keepAliveSessions:[00m Keep alive 33644728-7978-4e94-8211-ff680af93d2b
1:09:01.060700226 [335m   28[00m 0x7f40a4001b90 [37mDEBUG  [00m [00mKurentoWebSocketTransport WebSocketTransport.cpp:460:processMessage:[00m Message: {"jsonrpc":"2.0","method":"ping","id":210}
1:09:01.060893709 [335m   28[00m 0x7f40a4001b90 [36mINFO   [00m [00mKurentoServerMethods ServerMethods.cpp:814:ping:[00m WebSocket Ping/Pong with sessionId 33644728-7978-4e94-8211-ff680af93d2b
1:09:01.061041762 [335m   28[00m 0x7f40a4001b90 [37mDEBUG  [00m [00mKurentoWebSocketTransport WebSocketTransport.cpp:462:processMessage:[00m Response: {"id":210,"jsonrpc":"2.0","result":{"sessionId":"33644728-7978-4e94-8211-ff680af93d2b","value":"pong"}}
1:09:23.843121887 [335m   28[00m 0x7f409c001ac0 [37mDEBUG  [00m [00mKurentoWebSocketTransport WebSocketTransport.cpp:460:processMessage:[00m Message: {"jsonrpc":"2.0","method":"release","params":{"object":"e5d6fa97-d9eb-4d85-afa5-5233accb94db_kurento.MediaPipeline/048c5e49-142e-4bd0-ac7b-fd2f98cbe858_kurento.WebRtcEndpoint","sessionId":"33644728-7978-4e94-8211-ff680af93d2b"},"id":211}
1:09:23.843644543 [335m   28[00m 0x7f409c001ac0 [37mDEBUG  [00m [00mKurentoWebSocketTransport WebSocketTransport.cpp:462:processMessage:[00m Response: {"id":211,"jsonrpc":"2.0","result":{"sessionId":"33644728-7978-4e94-8211-ff680af93d2b"}}
1:09:23.843641105 [335m   28[00m 0x557f5589db00 [37mDEBUG  [00m [00mKurentoMediaElementImpl MediaElementImpl.cpp:1028:disconnect:[00m Disconnecting e5d6fa97-d9eb-4d85-afa5-5233accb94db_kurento.MediaPipeline/c01eef73-11ed-48a4-a173-f40f8c479969_datachannelexample.KmsSendData - e5d6fa97-d9eb-4d85-afa5-5233accb94db_kurento.MediaPipeline/048c5e49-142e-4bd0-ac7b-fd2f98cbe858_kurento.WebRtcEndpoint params AUDIO default default
1:09:23.844440390 [335m   28[00m 0x557f5589db00 [37mDEBUG  [00m [00mKurentoMediaElementImpl MediaElementImpl.cpp:1028:disconnect:[00m Disconnecting e5d6fa97-d9eb-4d85-afa5-5233accb94db_kurento.MediaPipeline/c01eef73-11ed-48a4-a173-f40f8c479969_datachannelexample.KmsSendData - e5d6fa97-d9eb-4d85-afa5-5233accb94db_kurento.MediaPipeline/048c5e49-142e-4bd0-ac7b-fd2f98cbe858_kurento.WebRtcEndpoint params DATA default default
1:09:23.844619516 [335m   28[00m 0x557f5589db00 [37mDEBUG  [00m [00mKurentoMediaElementImpl MediaElementImpl.cpp:1028:disconnect:[00m Disconnecting e5d6fa97-d9eb-4d85-afa5-5233accb94db_kurento.MediaPipeline/c01eef73-11ed-48a4-a173-f40f8c479969_datachannelexample.KmsSendData - e5d6fa97-d9eb-4d85-afa5-5233accb94db_kurento.MediaPipeline/048c5e49-142e-4bd0-ac7b-fd2f98cbe858_kurento.WebRtcEndpoint params VIDEO default default
1:09:23.844775122 [335m   28[00m 0x557f5589db00 [37mDEBUG  [00m [00m     KurentoMediaSet MediaSet.cpp:470:async_delete:[00m Destroying WebRtcEndpoint -> e5d6fa97-d9eb-4d85-afa5-5233accb94db_kurento.MediaPipeline/048c5e49-142e-4bd0-ac7b-fd2f98cbe858_kurento.WebRtcEndpoint
1:09:23.845342422 [335m   28[00m 0x7f4090001c60 [37mDEBUG  [00m [00mKurentoWebSocketTransport WebSocketTransport.cpp:460:processMessage:[00m Message: {"jsonrpc":"2.0","method":"unsubscribe","params":{"object":"e5d6fa97-d9eb-4d85-afa5-5233accb94db_kurento.MediaPipeline/048c5e49-142e-4bd0-ac7b-fd2f98cbe858_kurento.WebRtcEndpoint","subscription":"ba13f1da-43aa-4187-b88d-2893543ea966","sessionId":"33644728-7978-4e94-8211-ff680af93d2b"},"id":212}
1:09:23.845872175 [335m   28[00m 0x7f4090001c60 [37mDEBUG  [00m [00mKurentoWebSocketTransport WebSocketTransport.cpp:462:processMessage:[00m Response: {"id":212,"jsonrpc":"2.0","result":{"sessionId":"33644728-7978-4e94-8211-ff680af93d2b"}}
1:10:00.644029590 [335m   28[00m 0x7f4078001860 [36mINFO   [00m [00mKurentoWebSocketTransport WebSocketTransport.cpp:296:keepAliveSessions:[00m Keep alive 33644728-7978-4e94-8211-ff680af93d2b
1:10:01.061131932 [335m   28[00m 0x7f4098001b20 [37mDEBUG  [00m [00mKurentoWebSocketTransport WebSocketTransport.cpp:460:processMessage:[00m Message: {"jsonrpc":"2.0","method":"ping","id":213}
1:10:01.061310773 [335m   28[00m 0x7f4098001b20 [36mINFO   [00m [00mKurentoServerMethods ServerMethods.cpp:814:ping:[00m WebSocket Ping/Pong with sessionId 33644728-7978-4e94-8211-ff680af93d2b
1:10:01.061439552 [335m   28[00m 0x7f4098001b20 [37mDEBUG  [00m [00mKurentoWebSocketTransport WebSocketTransport.cpp:462:processMessage:[00m Response: {"id":213,"jsonrpc":"2.0","result":{"sessionId":"33644728-7978-4e94-8211-ff680af93d2b","value":"pong"}}
1:11:00.644500929 [335m   28[00m 0x7f4078001860 [36mINFO   [00m [00mKurentoWebSocketTransport WebSocketTransport.cpp:296:keepAliveSessions:[00m Keep alive 33644728-7978-4e94-8211-ff680af93d2b
1:11:01.061830156 [335m   28[00m 0x7f4068001890 [37mDEBUG  [00m [00mKurentoWebSocketTransport WebSocketTransport.cpp:460:processMessage:[00m Message: {"jsonrpc":"2.0","method":"ping","id":214}
1:11:01.062051800 [335m   28[00m 0x7f4068001890 [36mINFO   [00m [00mKurentoServerMethods ServerMethods.cpp:814:ping:[00m WebSocket Ping/Pong with sessionId 33644728-7978-4e94-8211-ff680af93d2b
1:11:01.062187949 [335m   28[00m 0x7f4068001890 [37mDEBUG  [00m [00mKurentoWebSocketTransport WebSocketTransport.cpp:462:processMessage:[00m Response: {"id":214,"jsonrpc":"2.0","result":{"sessionId":"33644728-7978-4e94-8211-ff680af93d2b","value":"pong"}}
1:12:00.626806153 [335m   28[00m 0x7f4074001ef0 [37mDEBUG  [00m [00m     KurentoMediaSet MediaSet.cpp:123:doGarbageCollection:[00m Running garbage collector
1:12:00.644695534 [335m   28[00m 0x7f4078001860 [36mINFO   [00m [00mKurentoWebSocketTransport WebSocketTransport.cpp:296:keepAliveSessions:[00m Keep alive 33644728-7978-4e94-8211-ff680af93d2b
1:12:01.061364468 [335m   28[00m 0x7f4070001f50 [37mDEBUG  [00m [00mKurentoWebSocketTransport WebSocketTransport.cpp:460:processMessage:[00m Message: {"jsonrpc":"2.0","method":"ping","id":215}
1:12:01.061556089 [335m   28[00m 0x7f4070001f50 [36mINFO   [00m [00mKurentoServerMethods ServerMethods.cpp:814:ping:[00m WebSocket Ping/Pong with sessionId 33644728-7978-4e94-8211-ff680af93d2b
1:12:01.061697072 [335m   28[00m 0x7f4070001f50 [37mDEBUG  [00m [00mKurentoWebSocketTransport WebSocketTransport.cpp:462:processMessage:[00m Response: {"id":215,"jsonrpc":"2.0","result":{"sessionId":"33644728-7978-4e94-8211-ff680af93d2b","value":"pong"}}
1:12:15.797207885 [335m   28[00m 0x7f40a0002180 [37mDEBUG  [00m [00mKurentoWebSocketTransport WebSocketTransport.cpp:460:processMessage:[00m Message: {"jsonrpc":"2.0","method":"create","params":{"type":"WebRtcEndpoint","constructorParams":{"mediaPipeline":"e5d6fa97-d9eb-4d85-afa5-5233accb94db_kurento.MediaPipeline","useDataChannels":true},"properties":{},"sessionId":"33644728-7978-4e94-8211-ff680af93d2b"},"id":216}
1:12:15.799820810 [335m   28[00m 0x7f40a0002180 [36mINFO   [00m [00mKurentoWebRtcEndpointImpl WebRtcEndpointImpl.cpp:96:remove_not_supported_codecs_from_array:<kmswebrtcendpoint9>[00m Removing not supported codec 'AMR/8000'
1:12:15.799939077 [335m   28[00m 0x7f40a0002180 [36mINFO   [00m [00mKurentoWebRtcEndpointImpl WebRtcEndpointImpl.cpp:465:WebRtcEndpointImpl:[00m Using STUN reflexive server IP: 203.183.172.196
1:12:15.799953306 [335m   28[00m 0x7f40a0002180 [36mINFO   [00m [00mKurentoWebRtcEndpointImpl WebRtcEndpointImpl.cpp:466:WebRtcEndpointImpl:[00m Using STUN reflexive server Port: 3478
1:12:15.800024068 [335m   28[00m 0x7f40a0002180 [36mINFO   [00m [00mKurentoWebRtcEndpointImpl WebRtcEndpointImpl.cpp:487:WebRtcEndpointImpl:[00m TURN server IP address not found in config; NAT traversal requires either STUN or TURN server
1:12:15.800589733 [335m   28[00m 0x7f40a0002180 [37mDEBUG  [00m [00mKurentoWebSocketTransport WebSocketTransport.cpp:462:processMessage:[00m Response: {"id":216,"jsonrpc":"2.0","result":{"sessionId":"33644728-7978-4e94-8211-ff680af93d2b","value":"e5d6fa97-d9eb-4d85-afa5-5233accb94db_kurento.MediaPipeline/0e8b5caf-e26f-4de9-a42a-29bb88e9e898_kurento.WebRtcEndpoint"}}
1:12:15.802800510 [335m   28[00m 0x7f40a8007230 [37mDEBUG  [00m [00mKurentoWebSocketTransport WebSocketTransport.cpp:460:processMessage:[00m Message: {"jsonrpc":"2.0","method":"subscribe","params":{"object":"e5d6fa97-d9eb-4d85-afa5-5233accb94db_kurento.MediaPipeline/0e8b5caf-e26f-4de9-a42a-29bb88e9e898_kurento.WebRtcEndpoint","type":"OnIceCandidate","sessionId":"33644728-7978-4e94-8211-ff680af93d2b"},"id":217}
1:12:15.803149284 [335m   28[00m 0x7f40a8007230 [37mDEBUG  [00m [00mKurentoWebSocketTransport WebSocketTransport.cpp:462:processMessage:[00m Response: {"id":217,"jsonrpc":"2.0","result":{"sessionId":"33644728-7978-4e94-8211-ff680af93d2b","value":"6d712644-8a61-4d06-b842-04f6025f6248"}}
1:12:15.803345385 [335m   28[00m 0x7f40a4001b90 [37mDEBUG  [00m [00mKurentoWebSocketTransport WebSocketTransport.cpp:460:processMessage:[00m Message: {"jsonrpc":"2.0","method":"invoke","params":{"object":"e5d6fa97-d9eb-4d85-afa5-5233accb94db_kurento.MediaPipeline/0e8b5caf-e26f-4de9-a42a-29bb88e9e898_kurento.WebRtcEndpoint","operation":"processOffer","operationParams":{"offer":"v=0\r\no=mozilla...THIS_IS_SDPARTA-79.0 5649287018644218767 0 IN IP4 0.0.0.0\r\ns=-\r\nt=0 0\r\na=fingerprint:sha-256 58:41:A4:F4:4E:D9:3D:CC:04:C3:49:E1:E6:D7:6F:C0:C5:A5:3E:53:21:4D:9B:23:56:51:95:9E:9B:68:55:2B\r\na=group:BUNDLE 0 1 2\r\na=ice-options:trickle\r\na=msid-semantic:WMS *\r\nm=video 9 UDP/TLS/RTP/SAVPF 120 121 126 97\r\nc=IN IP4 0.0.0.0\r\na=recvonly\r\na=extmap:3 urn:ietf:params:rtp-hdrext:sdes:mid\r\na=extmap:4 http://www.webrtc.org/experiments/rtp-hdrext/abs-send-time\r\na=extmap:5 urn:ietf:params:rtp-hdrext:toffset\r\na=extmap:6/recvonly http://www.webrtc.org/experiments/rtp-hdrext/playout-delay\r\na=fmtp:126 profile-level-id=42e01f;level-asymmetry-allowed=1;packetization-mode=1\r\na=fmtp:97 profile-level-id=42e01f;level-asymmetry-allowed=1\r\na=fmtp:120 max-fs=12288;max-fr=60\r\na=fmtp:121 max-fs=12288;max-fr=60\r\na=ice-pwd:33160846ed85b8636cc59c2cfb3cab00\r\na=ice-ufrag:06a98cac\r\na=mid:0\r\na=rtcp-fb:120 nack\r\na=rtcp-fb:120 nack pli\r\na=rtcp-fb:120 ccm fir\r\na=rtcp-fb:120 goog-remb\r\na=rtcp-fb:121 nack\r\na=rtcp-fb:121 nack pli\r\na=rtcp-fb:121 ccm fir\r\na=rtcp-fb:121 goog-remb\r\na=rtcp-fb:126 nack\r\na=rtcp-fb:126 nack pli\r\na=rtcp-fb:126 ccm fir\r\na=rtcp-fb:126 goog-remb\r\na=rtcp-fb:97 nack\r\na=rtcp-fb:97 nack pli\r\na=rtcp-fb:97 ccm fir\r\na=rtcp-fb:97 goog-remb\r\na=rtcp-mux\r\na=rtpmap:120 VP8/90000\r\na=rtpmap:121 VP9/90000\r\na=rtpmap:126 H264/90000\r\na=rtpmap:97 H264/90000\r\na=setup:actpass\r\na=ssrc:2054655420 cname:{630bbf2f-cf27-4a39-9e67-3d0f9708e608}\r\nm=audio 9 UDP/TLS/RTP/SAVPF 109 9 0 8 101\r\nc=IN IP4 0.0.0.0\r\na=recvonly\r\na=extmap:1 urn:ietf:params:rtp-hdrext:ssrc-audio-level\r\na=extmap:2/recvonly urn:ietf:params:rtp-hdrext:csrc-audio-level\r\na=extmap:3 urn:ietf:params:rtp-hdrext:sdes:mid\r\na=fmtp:109 maxplaybackrate=48000;stereo=1;useinbandfec=1\r\na=fmtp:101 0-15\r\na=ice-pwd:33160846ed85b8636cc59c2cfb3cab00\r\na=ice-ufrag:06a98cac\r\na=mid:1\r\na=rtcp-mux\r\na=rtpmap:109 opus/48000/2\r\na=rtpmap:9 G722/8000/1\r\na=rtpmap:0 PCMU/8000\r\na=rtpmap:8 PCMA/8000\r\na=rtpmap:101 telephone-event/8000/1\r\na=setup:actpass\r\na=ssrc:382822957 cname:{630bbf2f-cf27-4a39-9e67-3d0f9708e608}\r\nm=application 9 UDP/DTLS/SCTP webrtc-datachannel\r\nc=IN IP4 0.0.0.0\r\na=sendrecv\r\na=ice-pwd:33160846ed85b8636cc59c2cfb3cab00\r\na=ice-ufrag:06a98cac\r\na=mid:2\r\na=setup:actpass\r\na=sctp-port:5000\r\na=max-message-size:1073741823\r\n"},"sessionId":"33644728-7978-4e94-8211-ff680af93d2b"},"id":218}
1:12:15.812997583 [335m   28[00m 0x7f40a4001b90 [37mDEBUG  [00m [00mKurentoWebSocketTransport WebSocketTransport.cpp:462:processMessage:[00m Response: {"id":218,"jsonrpc":"2.0","result":{"sessionId":"33644728-7978-4e94-8211-ff680af93d2b","value":"v=0\r\no=- 3806971343 3806971343 IN IP4 0.0.0.0\r\ns=Kurento Media Server\r\nc=IN IP4 0.0.0.0\r\nt=0 0\r\na=fingerprint:sha-256 58:41:A4:F4:4E:D9:3D:CC:04:C3:49:E1:E6:D7:6F:C0:C5:A5:3E:53:21:4D:9B:23:56:51:95:9E:9B:68:55:2B\r\na=ice-options:trickle\r\na=msid-semantic:WMS *\r\na=group:BUNDLE 0 1 2\r\nm=video 1 UDP/TLS/RTP/SAVPF 120 126 97\r\na=extmap:4 http://www.webrtc.org/experiments/rtp-hdrext/abs-send-time\r\na=sendonly\r\na=mid:0\r\na=rtcp:9 IN IP4 0.0.0.0\r\na=rtpmap:120 VP8/90000\r\na=rtpmap:126 H264/90000\r\na=rtpmap:97 H264/90000\r\na=rtcp-fb:120 nack\r\na=rtcp-fb:120 nack pli\r\na=rtcp-fb:120 ccm fir\r\na=rtcp-fb:120 goog-remb\r\na=rtcp-fb:126 nack\r\na=rtcp-fb:126 nack pli\r\na=rtcp-fb:126 ccm fir\r\na=rtcp-fb:126 goog-remb\r\na=rtcp-fb:97 nack\r\na=rtcp-fb:97 nack pli\r\na=rtcp-fb:97 ccm fir\r\na=rtcp-fb:97 goog-remb\r\na=fmtp:126 profile-level-id=42e01f;level-asymmetry-allowed=1;packetization-mode=1\r\na=fmtp:97 profile-level-id=42e01f;level-asymmetry-allowed=1\r\na=fmtp:120 max-fs=12288;max-fr=60\r\na=rtcp-mux\r\na=setup:active\r\na=ssrc:483687024 cname:user3106145426@host-dc811efb\r\na=ice-ufrag:A+QQ\r\na=ice-pwd:D3z6xqBs8ix3FGGXRMO1Hh\r\na=fingerprint:sha-256 CF:FE:20:7B:DF:AD:1C:6B:C6:22:1C:0D:25:C8:99:28:51:0F:F4:5C:70:A3:07:B2:8A:87:69:40:BA:AE:8E:D8\r\nm=audio 1 UDP/TLS/RTP/SAVPF 109 0\r\na=sendonly\r\na=mid:1\r\na=rtcp:9 IN IP4 0.0.0.0\r\na=rtpmap:109 opus/48000/2\r\na=rtpmap:0 PCMU/8000\r\na=fmtp:109 maxplaybackrate=48000;stereo=1;useinbandfec=1\r\na=rtcp-mux\r\na=setup:active\r\na=ssrc:2706170363 cname:user3106145426@host-dc811efb\r\na=ice-ufrag:A+QQ\r\na=ice-pwd:D3z6xqBs8ix3FGGXRMO1Hh\r\na=fingerprint:sha-256 CF:FE:20:7B:DF:AD:1C:6B:C6:22:1C:0D:25:C8:99:28:51:0F:F4:5C:70:A3:07:B2:8A:87:69:40:BA:AE:8E:D8\r\nm=application 1 UDP/DTLS/SCTP webrtc-datachannel\r\na=mid:2\r\na=sctp-port:5000\r\na=setup:active\r\na=ice-ufrag:A+QQ\r\na=ice-pwd:D3z6xqBs8ix3FGGXRMO1Hh\r\na=fingerprint:sha-256 CF:FE:20:7B:DF:AD:1C:6B:C6:22:1C:0D:25:C8:99:28:51:0F:F4:5C:70:A3:07:B2:8A:87:69:40:BA:AE:8E:D8\r\n"}}
1:12:15.858429956 [335m   28[00m 0x7f4070001610 [37mDEBUG  [00m [00mKurentoWebSocketTransport WebSocketTransport.cpp:460:processMessage:[00m Message: {"jsonrpc":"2.0","method":"invoke","params":{"object":"e5d6fa97-d9eb-4d85-afa5-5233accb94db_kurento.MediaPipeline/0e8b5caf-e26f-4de9-a42a-29bb88e9e898_kurento.WebRtcEndpoint","operation":"gatherCandidates","sessionId":"33644728-7978-4e94-8211-ff680af93d2b"},"id":219}
1:12:15.862529646 [335m   28[00m 0x7f4050001790 [37mDEBUG  [00m [00mKurentoWebSocketEventHandler WebSocketEventHandler.cpp:56:sendEvent:[00m Sending event: {"jsonrpc":"2.0","method":"onEvent","params":{"value":{"data":{"candidate":{"__module__":"kurento","__type__":"IceCandidate","candidate":"candidate:2 1 UDP 2013266431 172.20.0.5 10007 typ host","sdpMLineIndex":0,"sdpMid":"0"},"source":"e5d6fa97-d9eb-4d85-afa5-5233accb94db_kurento.MediaPipeline/0e8b5caf-e26f-4de9-a42a-29bb88e9e898_kurento.WebRtcEndpoint","tags":[],"timestamp":"1597982543","timestampMillis":"1597982543634","type":"OnIceCandidate"},"object":"e5d6fa97-d9eb-4d85-afa5-5233accb94db_kurento.MediaPipeline/0e8b5caf-e26f-4de9-a42a-29bb88e9e898_kurento.WebRtcEndpoint","type":"OnIceCandidate"}}}, sessionId: 33644728-7978-4e94-8211-ff680af93d2b
1:12:15.862622487 [335m   28[00m 0x7f4050001790 [37mDEBUG  [00m [00mKurentoWebSocketEventHandler WebSocketEventHandler.cpp:56:sendEvent:[00m Sending event: {"jsonrpc":"2.0","method":"onEvent","params":{"value":{"data":{"candidate":{"__module__":"kurento","__type__":"IceCandidate","candidate":"candidate:2 1 UDP 2013266431 172.20.0.5 10007 typ host","sdpMLineIndex":1,"sdpMid":"1"},"source":"e5d6fa97-d9eb-4d85-afa5-5233accb94db_kurento.MediaPipeline/0e8b5caf-e26f-4de9-a42a-29bb88e9e898_kurento.WebRtcEndpoint","tags":[],"timestamp":"1597982543","timestampMillis":"1597982543634","type":"OnIceCandidate"},"object":"e5d6fa97-d9eb-4d85-afa5-5233accb94db_kurento.MediaPipeline/0e8b5caf-e26f-4de9-a42a-29bb88e9e898_kurento.WebRtcEndpoint","type":"OnIceCandidate"}}}, sessionId: 33644728-7978-4e94-8211-ff680af93d2b
1:12:15.862691696 [335m   28[00m 0x7f4050001790 [37mDEBUG  [00m [00mKurentoWebSocketEventHandler WebSocketEventHandler.cpp:56:sendEvent:[00m Sending event: {"jsonrpc":"2.0","method":"onEvent","params":{"value":{"data":{"candidate":{"__module__":"kurento","__type__":"IceCandidate","candidate":"candidate:2 1 UDP 2013266431 172.20.0.5 10007 typ host","sdpMLineIndex":2,"sdpMid":"2"},"source":"e5d6fa97-d9eb-4d85-afa5-5233accb94db_kurento.MediaPipeline/0e8b5caf-e26f-4de9-a42a-29bb88e9e898_kurento.WebRtcEndpoint","tags":[],"timestamp":"1597982543","timestampMillis":"1597982543634","type":"OnIceCandidate"},"object":"e5d6fa97-d9eb-4d85-afa5-5233accb94db_kurento.MediaPipeline/0e8b5caf-e26f-4de9-a42a-29bb88e9e898_kurento.WebRtcEndpoint","type":"OnIceCandidate"}}}, sessionId: 33644728-7978-4e94-8211-ff680af93d2b
1:12:15.862788173 [335m   28[00m 0x7f4050001790 [37mDEBUG  [00m [00mKurentoWebSocketEventHandler WebSocketEventHandler.cpp:56:sendEvent:[00m Sending event: {"jsonrpc":"2.0","method":"onEvent","params":{"value":{"data":{"candidate":{"__module__":"kurento","__type__":"IceCandidate","candidate":"candidate:3 1 TCP 1015021823 172.20.0.5 9 typ host tcptype active","sdpMLineIndex":0,"sdpMid":"0"},"source":"e5d6fa97-d9eb-4d85-afa5-5233accb94db_kurento.MediaPipeline/0e8b5caf-e26f-4de9-a42a-29bb88e9e898_kurento.WebRtcEndpoint","tags":[],"timestamp":"1597982543","timestampMillis":"1597982543634","type":"OnIceCandidate"},"object":"e5d6fa97-d9eb-4d85-afa5-5233accb94db_kurento.MediaPipeline/0e8b5caf-e26f-4de9-a42a-29bb88e9e898_kurento.WebRtcEndpoint","type":"OnIceCandidate"}}}, sessionId: 33644728-7978-4e94-8211-ff680af93d2b
1:12:15.862847458 [335m   28[00m 0x7f4050001790 [37mDEBUG  [00m [00mKurentoWebSocketEventHandler WebSocketEventHandler.cpp:56:sendEvent:[00m Sending event: {"jsonrpc":"2.0","method":"onEvent","params":{"value":{"data":{"candidate":{"__module__":"kurento","__type__":"IceCandidate","candidate":"candidate:3 1 TCP 1015021823 172.20.0.5 9 typ host tcptype active","sdpMLineIndex":1,"sdpMid":"1"},"source":"e5d6fa97-d9eb-4d85-afa5-5233accb94db_kurento.MediaPipeline/0e8b5caf-e26f-4de9-a42a-29bb88e9e898_kurento.WebRtcEndpoint","tags":[],"timestamp":"1597982543","timestampMillis":"1597982543634","type":"OnIceCandidate"},"object":"e5d6fa97-d9eb-4d85-afa5-5233accb94db_kurento.MediaPipeline/0e8b5caf-e26f-4de9-a42a-29bb88e9e898_kurento.WebRtcEndpoint","type":"OnIceCandidate"}}}, sessionId: 33644728-7978-4e94-8211-ff680af93d2b
1:12:15.862903924 [335m   28[00m 0x7f4050001790 [37mDEBUG  [00m [00mKurentoWebSocketEventHandler WebSocketEventHandler.cpp:56:sendEvent:[00m Sending event: {"jsonrpc":"2.0","method":"onEvent","params":{"value":{"data":{"candidate":{"__module__":"kurento","__type__":"IceCandidate","candidate":"candidate:3 1 TCP 1015021823 172.20.0.5 9 typ host tcptype active","sdpMLineIndex":2,"sdpMid":"2"},"source":"e5d6fa97-d9eb-4d85-afa5-5233accb94db_kurento.MediaPipeline/0e8b5caf-e26f-4de9-a42a-29bb88e9e898_kurento.WebRtcEndpoint","tags":[],"timestamp":"1597982543","timestampMillis":"1597982543634","type":"OnIceCandidate"},"object":"e5d6fa97-d9eb-4d85-afa5-5233accb94db_kurento.MediaPipeline/0e8b5caf-e26f-4de9-a42a-29bb88e9e898_kurento.WebRtcEndpoint","type":"OnIceCandidate"}}}, sessionId: 33644728-7978-4e94-8211-ff680af93d2b
1:12:15.863103514 [335m   28[00m 0x7f4050001790 [37mDEBUG  [00m [00mKurentoWebSocketEventHandler WebSocketEventHandler.cpp:56:sendEvent:[00m Sending event: {"jsonrpc":"2.0","method":"onEvent","params":{"value":{"data":{"candidate":{"__module__":"kurento","__type__":"IceCandidate","candidate":"candidate:4 1 TCP 1010827519 172.20.0.5 10031 typ host tcptype passive","sdpMLineIndex":0,"sdpMid":"0"},"source":"e5d6fa97-d9eb-4d85-afa5-5233accb94db_kurento.MediaPipeline/0e8b5caf-e26f-4de9-a42a-29bb88e9e898_kurento.WebRtcEndpoint","tags":[],"timestamp":"1597982543","timestampMillis":"1597982543635","type":"OnIceCandidate"},"object":"e5d6fa97-d9eb-4d85-afa5-5233accb94db_kurento.MediaPipeline/0e8b5caf-e26f-4de9-a42a-29bb88e9e898_kurento.WebRtcEndpoint","type":"OnIceCandidate"}}}, sessionId: 33644728-7978-4e94-8211-ff680af93d2b
1:12:15.863162523 [335m   28[00m 0x7f4050001790 [37mDEBUG  [00m [00mKurentoWebSocketEventHandler WebSocketEventHandler.cpp:56:sendEvent:[00m Sending event: {"jsonrpc":"2.0","method":"onEvent","params":{"value":{"data":{"candidate":{"__module__":"kurento","__type__":"IceCandidate","candidate":"candidate:4 1 TCP 1010827519 172.20.0.5 10031 typ host tcptype passive","sdpMLineIndex":1,"sdpMid":"1"},"source":"e5d6fa97-d9eb-4d85-afa5-5233accb94db_kurento.MediaPipeline/0e8b5caf-e26f-4de9-a42a-29bb88e9e898_kurento.WebRtcEndpoint","tags":[],"timestamp":"1597982543","timestampMillis":"1597982543635","type":"OnIceCandidate"},"object":"e5d6fa97-d9eb-4d85-afa5-5233accb94db_kurento.MediaPipeline/0e8b5caf-e26f-4de9-a42a-29bb88e9e898_kurento.WebRtcEndpoint","type":"OnIceCandidate"}}}, sessionId: 33644728-7978-4e94-8211-ff680af93d2b
1:12:15.863220408 [335m   28[00m 0x7f4050001790 [37mDEBUG  [00m [00mKurentoWebSocketEventHandler WebSocketEventHandler.cpp:56:sendEvent:[00m Sending event: {"jsonrpc":"2.0","method":"onEvent","params":{"value":{"data":{"candidate":{"__module__":"kurento","__type__":"IceCandidate","candidate":"candidate:4 1 TCP 1010827519 172.20.0.5 10031 typ host tcptype passive","sdpMLineIndex":2,"sdpMid":"2"},"source":"e5d6fa97-d9eb-4d85-afa5-5233accb94db_kurento.MediaPipeline/0e8b5caf-e26f-4de9-a42a-29bb88e9e898_kurento.WebRtcEndpoint","tags":[],"timestamp":"1597982543","timestampMillis":"1597982543635","type":"OnIceCandidate"},"object":"e5d6fa97-d9eb-4d85-afa5-5233accb94db_kurento.MediaPipeline/0e8b5caf-e26f-4de9-a42a-29bb88e9e898_kurento.WebRtcEndpoint","type":"OnIceCandidate"}}}, sessionId: 33644728-7978-4e94-8211-ff680af93d2b
1:12:15.863408700 [335m   28[00m 0x7f4050001790 [37mDEBUG  [00m [00mKurentoWebSocketEventHandler WebSocketEventHandler.cpp:56:sendEvent:[00m Sending event: {"jsonrpc":"2.0","method":"onEvent","params":{"value":{"data":{"candidate":{"__module__":"kurento","__type__":"IceCandidate","candidate":"candidate:2 2 UDP 2013266430 172.20.0.5 10008 typ host","sdpMLineIndex":0,"sdpMid":"0"},"source":"e5d6fa97-d9eb-4d85-afa5-5233accb94db_kurento.MediaPipeline/0e8b5caf-e26f-4de9-a42a-29bb88e9e898_kurento.WebRtcEndpoint","tags":[],"timestamp":"1597982543","timestampMillis":"1597982543635","type":"OnIceCandidate"},"object":"e5d6fa97-d9eb-4d85-afa5-5233accb94db_kurento.MediaPipeline/0e8b5caf-e26f-4de9-a42a-29bb88e9e898_kurento.WebRtcEndpoint","type":"OnIceCandidate"}}}, sessionId: 33644728-7978-4e94-8211-ff680af93d2b
1:12:15.863466391 [335m   28[00m 0x7f4050001790 [37mDEBUG  [00m [00mKurentoWebSocketEventHandler WebSocketEventHandler.cpp:56:sendEvent:[00m Sending event: {"jsonrpc":"2.0","method":"onEvent","params":{"value":{"data":{"candidate":{"__module__":"kurento","__type__":"IceCandidate","candidate":"candidate:2 2 UDP 2013266430 172.20.0.5 10008 typ host","sdpMLineIndex":1,"sdpMid":"1"},"source":"e5d6fa97-d9eb-4d85-afa5-5233accb94db_kurento.MediaPipeline/0e8b5caf-e26f-4de9-a42a-29bb88e9e898_kurento.WebRtcEndpoint","tags":[],"timestamp":"1597982543","timestampMillis":"1597982543635","type":"OnIceCandidate"},"object":"e5d6fa97-d9eb-4d85-afa5-5233accb94db_kurento.MediaPipeline/0e8b5caf-e26f-4de9-a42a-29bb88e9e898_kurento.WebRtcEndpoint","type":"OnIceCandidate"}}}, sessionId: 33644728-7978-4e94-8211-ff680af93d2b
1:12:15.863521551 [335m   28[00m 0x7f4050001790 [37mDEBUG  [00m [00mKurentoWebSocketEventHandler WebSocketEventHandler.cpp:56:sendEvent:[00m Sending event: {"jsonrpc":"2.0","method":"onEvent","params":{"value":{"data":{"candidate":{"__module__":"kurento","__type__":"IceCandidate","candidate":"candidate:2 2 UDP 2013266430 172.20.0.5 10008 typ host","sdpMLineIndex":2,"sdpMid":"2"},"source":"e5d6fa97-d9eb-4d85-afa5-5233accb94db_kurento.MediaPipeline/0e8b5caf-e26f-4de9-a42a-29bb88e9e898_kurento.WebRtcEndpoint","tags":[],"timestamp":"1597982543","timestampMillis":"1597982543635","type":"OnIceCandidate"},"object":"e5d6fa97-d9eb-4d85-afa5-5233accb94db_kurento.MediaPipeline/0e8b5caf-e26f-4de9-a42a-29bb88e9e898_kurento.WebRtcEndpoint","type":"OnIceCandidate"}}}, sessionId: 33644728-7978-4e94-8211-ff680af93d2b
1:12:15.863723152 [335m   28[00m 0x7f4050001790 [37mDEBUG  [00m [00mKurentoWebSocketEventHandler WebSocketEventHandler.cpp:56:sendEvent:[00m Sending event: {"jsonrpc":"2.0","method":"onEvent","params":{"value":{"data":{"candidate":{"__module__":"kurento","__type__":"IceCandidate","candidate":"candidate:3 2 TCP 1015021822 172.20.0.5 9 typ host tcptype active","sdpMLineIndex":0,"sdpMid":"0"},"source":"e5d6fa97-d9eb-4d85-afa5-5233accb94db_kurento.MediaPipeline/0e8b5caf-e26f-4de9-a42a-29bb88e9e898_kurento.WebRtcEndpoint","tags":[],"timestamp":"1597982543","timestampMillis":"1597982543635","type":"OnIceCandidate"},"object":"e5d6fa97-d9eb-4d85-afa5-5233accb94db_kurento.MediaPipeline/0e8b5caf-e26f-4de9-a42a-29bb88e9e898_kurento.WebRtcEndpoint","type":"OnIceCandidate"}}}, sessionId: 33644728-7978-4e94-8211-ff680af93d2b
1:12:15.863791306 [335m   28[00m 0x7f4050001790 [37mDEBUG  [00m [00mKurentoWebSocketEventHandler WebSocketEventHandler.cpp:56:sendEvent:[00m Sending event: {"jsonrpc":"2.0","method":"onEvent","params":{"value":{"data":{"candidate":{"__module__":"kurento","__type__":"IceCandidate","candidate":"candidate:3 2 TCP 1015021822 172.20.0.5 9 typ host tcptype active","sdpMLineIndex":1,"sdpMid":"1"},"source":"e5d6fa97-d9eb-4d85-afa5-5233accb94db_kurento.MediaPipeline/0e8b5caf-e26f-4de9-a42a-29bb88e9e898_kurento.WebRtcEndpoint","tags":[],"timestamp":"1597982543","timestampMillis":"1597982543635","type":"OnIceCandidate"},"object":"e5d6fa97-d9eb-4d85-afa5-5233accb94db_kurento.MediaPipeline/0e8b5caf-e26f-4de9-a42a-29bb88e9e898_kurento.WebRtcEndpoint","type":"OnIceCandidate"}}}, sessionId: 33644728-7978-4e94-8211-ff680af93d2b
1:12:15.864074903 [335m   28[00m 0x7f4050001790 [37mDEBUG  [00m [00mKurentoWebSocketEventHandler WebSocketEventHandler.cpp:56:sendEvent:[00m Sending event: {"jsonrpc":"2.0","method":"onEvent","params":{"value":{"data":{"candidate":{"__module__":"kurento","__type__":"IceCandidate","candidate":"candidate:3 2 TCP 1015021822 172.20.0.5 9 typ host tcptype active","sdpMLineIndex":2,"sdpMid":"2"},"source":"e5d6fa97-d9eb-4d85-afa5-5233accb94db_kurento.MediaPipeline/0e8b5caf-e26f-4de9-a42a-29bb88e9e898_kurento.WebRtcEndpoint","tags":[],"timestamp":"1597982543","timestampMillis":"1597982543635","type":"OnIceCandidate"},"object":"e5d6fa97-d9eb-4d85-afa5-5233accb94db_kurento.MediaPipeline/0e8b5caf-e26f-4de9-a42a-29bb88e9e898_kurento.WebRtcEndpoint","type":"OnIceCandidate"}}}, sessionId: 33644728-7978-4e94-8211-ff680af93d2b
1:12:15.864276383 [335m   28[00m 0x7f4050001790 [37mDEBUG  [00m [00mKurentoWebSocketEventHandler WebSocketEventHandler.cpp:56:sendEvent:[00m Sending event: {"jsonrpc":"2.0","method":"onEvent","params":{"value":{"data":{"candidate":{"__module__":"kurento","__type__":"IceCandidate","candidate":"candidate:4 2 TCP 1010827518 172.20.0.5 10028 typ host tcptype passive","sdpMLineIndex":0,"sdpMid":"0"},"source":"e5d6fa97-d9eb-4d85-afa5-5233accb94db_kurento.MediaPipeline/0e8b5caf-e26f-4de9-a42a-29bb88e9e898_kurento.WebRtcEndpoint","tags":[],"timestamp":"1597982543","timestampMillis":"1597982543636","type":"OnIceCandidate"},"object":"e5d6fa97-d9eb-4d85-afa5-5233accb94db_kurento.MediaPipeline/0e8b5caf-e26f-4de9-a42a-29bb88e9e898_kurento.WebRtcEndpoint","type":"OnIceCandidate"}}}, sessionId: 33644728-7978-4e94-8211-ff680af93d2b
1:12:15.864352817 [335m   28[00m 0x7f4050001790 [37mDEBUG  [00m [00mKurentoWebSocketEventHandler WebSocketEventHandler.cpp:56:sendEvent:[00m Sending event: {"jsonrpc":"2.0","method":"onEvent","params":{"value":{"data":{"candidate":{"__module__":"kurento","__type__":"IceCandidate","candidate":"candidate:4 2 TCP 1010827518 172.20.0.5 10028 typ host tcptype passive","sdpMLineIndex":1,"sdpMid":"1"},"source":"e5d6fa97-d9eb-4d85-afa5-5233accb94db_kurento.MediaPipeline/0e8b5caf-e26f-4de9-a42a-29bb88e9e898_kurento.WebRtcEndpoint","tags":[],"timestamp":"1597982543","timestampMillis":"1597982543636","type":"OnIceCandidate"},"object":"e5d6fa97-d9eb-4d85-afa5-5233accb94db_kurento.MediaPipeline/0e8b5caf-e26f-4de9-a42a-29bb88e9e898_kurento.WebRtcEndpoint","type":"OnIceCandidate"}}}, sessionId: 33644728-7978-4e94-8211-ff680af93d2b
1:12:15.864408230 [335m   28[00m 0x7f4050001790 [37mDEBUG  [00m [00mKurentoWebSocketEventHandler WebSocketEventHandler.cpp:56:sendEvent:[00m Sending event: {"jsonrpc":"2.0","method":"onEvent","params":{"value":{"data":{"candidate":{"__module__":"kurento","__type__":"IceCandidate","candidate":"candidate:4 2 TCP 1010827518 172.20.0.5 10028 typ host tcptype passive","sdpMLineIndex":2,"sdpMid":"2"},"source":"e5d6fa97-d9eb-4d85-afa5-5233accb94db_kurento.MediaPipeline/0e8b5caf-e26f-4de9-a42a-29bb88e9e898_kurento.WebRtcEndpoint","tags":[],"timestamp":"1597982543","timestampMillis":"1597982543636","type":"OnIceCandidate"},"object":"e5d6fa97-d9eb-4d85-afa5-5233accb94db_kurento.MediaPipeline/0e8b5caf-e26f-4de9-a42a-29bb88e9e898_kurento.WebRtcEndpoint","type":"OnIceCandidate"}}}, sessionId: 33644728-7978-4e94-8211-ff680af93d2b
1:12:15.864404334 [335m   28[00m 0x7f4070001610 [37mDEBUG  [00m [00mKurentoWebSocketTransport WebSocketTransport.cpp:462:processMessage:[00m Response: {"id":219,"jsonrpc":"2.0","result":{"sessionId":"33644728-7978-4e94-8211-ff680af93d2b","value":null}}
1:12:15.864619849 [335m   28[00m 0x7f4070001610 [37mDEBUG  [00m [00mKurentoWebSocketTransport WebSocketTransport.cpp:460:processMessage:[00m Message: {"jsonrpc":"2.0","method":"invoke","params":{"object":"e5d6fa97-d9eb-4d85-afa5-5233accb94db_kurento.MediaPipeline/0e8b5caf-e26f-4de9-a42a-29bb88e9e898_kurento.WebRtcEndpoint","operation":"addIceCandidate","operationParams":{"candidate":{"candidate":"candidate:0 1 UDP 2122252543 84d1d43a-5748-4d27-b94b-039a28b0aa7b.local 50625 typ host","sdpMid":"2","sdpMLineIndex":2,"__module__":"kurento","__type__":"IceCandidate"}},"sessionId":"33644728-7978-4e94-8211-ff680af93d2b"},"id":220}
1:12:15.865020139 [335m   28[00m 0x7f4070001610 [37mDEBUG  [00m [00mKurentoWebSocketTransport WebSocketTransport.cpp:462:processMessage:[00m Response: {"error":{"code":40401,"data":{"type":"ICE_ADD_CANDIDATE_ERROR"},"message":"Error adding candidate"},"id":220,"jsonrpc":"2.0"}
1:12:15.865058051 [335m   28[00m 0x7f4070001610 [37mDEBUG  [00m [00mKurentoWebSocketTransport WebSocketTransport.cpp:460:processMessage:[00m Message: {"jsonrpc":"2.0","method":"invoke","params":{"object":"e5d6fa97-d9eb-4d85-afa5-5233accb94db_kurento.MediaPipeline/0e8b5caf-e26f-4de9-a42a-29bb88e9e898_kurento.WebRtcEndpoint","operation":"addIceCandidate","operationParams":{"candidate":{"candidate":"candidate:2 1 TCP 2105524479 84d1d43a-5748-4d27-b94b-039a28b0aa7b.local 9 typ host tcptype active","sdpMid":"2","sdpMLineIndex":2,"__module__":"kurento","__type__":"IceCandidate"}},"sessionId":"33644728-7978-4e94-8211-ff680af93d2b"},"id":221}
1:12:15.865408689 [335m   28[00m 0x7f4070001610 [37mDEBUG  [00m [00mKurentoWebSocketTransport WebSocketTransport.cpp:462:processMessage:[00m Response: {"error":{"code":40401,"data":{"type":"ICE_ADD_CANDIDATE_ERROR"},"message":"Error adding candidate"},"id":221,"jsonrpc":"2.0"}
1:12:15.865442425 [335m   28[00m 0x7f4070001610 [37mDEBUG  [00m [00mKurentoWebSocketTransport WebSocketTransport.cpp:460:processMessage:[00m Message: {"jsonrpc":"2.0","method":"invoke","params":{"object":"e5d6fa97-d9eb-4d85-afa5-5233accb94db_kurento.MediaPipeline/0e8b5caf-e26f-4de9-a42a-29bb88e9e898_kurento.WebRtcEndpoint","operation":"addIceCandidate","operationParams":{"candidate":{"candidate":"candidate:0 1 UDP 2122252543 84d1d43a-5748-4d27-b94b-039a28b0aa7b.local 50626 typ host","sdpMid":"0","sdpMLineIndex":0,"__module__":"kurento","__type__":"IceCandidate"}},"sessionId":"33644728-7978-4e94-8211-ff680af93d2b"},"id":222}
1:12:15.865761027 [335m   28[00m 0x7f4070001610 [37mDEBUG  [00m [00mKurentoWebSocketTransport WebSocketTransport.cpp:462:processMessage:[00m Response: {"error":{"code":40401,"data":{"type":"ICE_ADD_CANDIDATE_ERROR"},"message":"Error adding candidate"},"id":222,"jsonrpc":"2.0"}
1:12:15.865790624 [335m   28[00m 0x7f4070001610 [37mDEBUG  [00m [00mKurentoWebSocketTransport WebSocketTransport.cpp:460:processMessage:[00m Message: {"jsonrpc":"2.0","method":"invoke","params":{"object":"e5d6fa97-d9eb-4d85-afa5-5233accb94db_kurento.MediaPipeline/0e8b5caf-e26f-4de9-a42a-29bb88e9e898_kurento.WebRtcEndpoint","operation":"addIceCandidate","operationParams":{"candidate":{"candidate":"candidate:2 1 TCP 2105524479 84d1d43a-5748-4d27-b94b-039a28b0aa7b.local 9 typ host tcptype active","sdpMid":"0","sdpMLineIndex":0,"__module__":"kurento","__type__":"IceCandidate"}},"sessionId":"33644728-7978-4e94-8211-ff680af93d2b"},"id":223}
1:12:15.866564104 [335m   28[00m 0x7f4070001610 [37mDEBUG  [00m [00mKurentoWebSocketTransport WebSocketTransport.cpp:462:processMessage:[00m Response: {"error":{"code":40401,"data":{"type":"ICE_ADD_CANDIDATE_ERROR"},"message":"Error adding candidate"},"id":223,"jsonrpc":"2.0"}
1:12:15.866599883 [335m   28[00m 0x7f4070001610 [37mDEBUG  [00m [00mKurentoWebSocketTransport WebSocketTransport.cpp:460:processMessage:[00m Message: {"jsonrpc":"2.0","method":"invoke","params":{"object":"e5d6fa97-d9eb-4d85-afa5-5233accb94db_kurento.MediaPipeline/0e8b5caf-e26f-4de9-a42a-29bb88e9e898_kurento.WebRtcEndpoint","operation":"addIceCandidate","operationParams":{"candidate":{"candidate":"candidate:0 2 UDP 2122252542 84d1d43a-5748-4d27-b94b-039a28b0aa7b.local 60948 typ host","sdpMid":"0","sdpMLineIndex":0,"__module__":"kurento","__type__":"IceCandidate"}},"sessionId":"33644728-7978-4e94-8211-ff680af93d2b"},"id":224}
1:12:15.866917921 [335m   28[00m 0x7f4070001610 [37mDEBUG  [00m [00mKurentoWebSocketTransport WebSocketTransport.cpp:462:processMessage:[00m Response: {"error":{"code":40401,"data":{"type":"ICE_ADD_CANDIDATE_ERROR"},"message":"Error adding candidate"},"id":224,"jsonrpc":"2.0"}
1:12:15.866946542 [335m   28[00m 0x7f4070001610 [37mDEBUG  [00m [00mKurentoWebSocketTransport WebSocketTransport.cpp:460:processMessage:[00m Message: {"jsonrpc":"2.0","method":"invoke","params":{"object":"e5d6fa97-d9eb-4d85-afa5-5233accb94db_kurento.MediaPipeline/0e8b5caf-e26f-4de9-a42a-29bb88e9e898_kurento.WebRtcEndpoint","operation":"addIceCandidate","operationParams":{"candidate":{"candidate":"candidate:2 2 TCP 2105524478 84d1d43a-5748-4d27-b94b-039a28b0aa7b.local 9 typ host tcptype active","sdpMid":"0","sdpMLineIndex":0,"__module__":"kurento","__type__":"IceCandidate"}},"sessionId":"33644728-7978-4e94-8211-ff680af93d2b"},"id":225}
1:12:15.867515942 [335m   28[00m 0x7f4070001610 [37mDEBUG  [00m [00mKurentoWebSocketTransport WebSocketTransport.cpp:462:processMessage:[00m Response: {"error":{"code":40401,"data":{"type":"ICE_ADD_CANDIDATE_ERROR"},"message":"Error adding candidate"},"id":225,"jsonrpc":"2.0"}
1:12:15.867550890 [335m   28[00m 0x7f4070001610 [37mDEBUG  [00m [00mKurentoWebSocketTransport WebSocketTransport.cpp:460:processMessage:[00m Message: {"jsonrpc":"2.0","method":"invoke","params":{"object":"e5d6fa97-d9eb-4d85-afa5-5233accb94db_kurento.MediaPipeline/0e8b5caf-e26f-4de9-a42a-29bb88e9e898_kurento.WebRtcEndpoint","operation":"addIceCandidate","operationParams":{"candidate":{"candidate":"candidate:0 1 UDP 2122252543 84d1d43a-5748-4d27-b94b-039a28b0aa7b.local 60949 typ host","sdpMid":"1","sdpMLineIndex":1,"__module__":"kurento","__type__":"IceCandidate"}},"sessionId":"33644728-7978-4e94-8211-ff680af93d2b"},"id":226}
1:12:15.867868651 [335m   28[00m 0x7f4070001610 [37mDEBUG  [00m [00mKurentoWebSocketTransport WebSocketTransport.cpp:462:processMessage:[00m Response: {"error":{"code":40401,"data":{"type":"ICE_ADD_CANDIDATE_ERROR"},"message":"Error adding candidate"},"id":226,"jsonrpc":"2.0"}
1:12:15.867899870 [335m   28[00m 0x7f4070001610 [37mDEBUG  [00m [00mKurentoWebSocketTransport WebSocketTransport.cpp:460:processMessage:[00m Message: {"jsonrpc":"2.0","method":"invoke","params":{"object":"e5d6fa97-d9eb-4d85-afa5-5233accb94db_kurento.MediaPipeline/0e8b5caf-e26f-4de9-a42a-29bb88e9e898_kurento.WebRtcEndpoint","operation":"addIceCandidate","operationParams":{"candidate":{"candidate":"candidate:2 1 TCP 2105524479 84d1d43a-5748-4d27-b94b-039a28b0aa7b.local 9 typ host tcptype active","sdpMid":"1","sdpMLineIndex":1,"__module__":"kurento","__type__":"IceCandidate"}},"sessionId":"33644728-7978-4e94-8211-ff680af93d2b"},"id":227}
