1:23:46.168305837 [335m   34[00m 0x7fb83c001b20 [37mDEBUG  [00m [00mKurentoWebSocketTransport WebSocketTransport.cpp:462:processMessage:[00m Response: {"id":186,"jsonrpc":"2.0","result":{"sessionId":"e0626178-ed7c-4d4a-a160-9d8266c66a8f","value":null}}
1:23:46.203398302 [335m   34[00m 0x7fb840009000 [37mDEBUG  [00m [00mKurentoWebRtcEndpointImpl WebRtcEndpointImpl.cpp:292:newSelectedPairFull:<kmswebrtcendpoint6>[00m New candidate pair selected, local: 'candidate:4 1 UDP 1677722111 203.151.20.94 10283 typ srflx raddr 172.20.0.10 rport 10283', remote: 'candidate:842163049 1 UDP 1677729535 49.230.27.221 46141 typ srflx raddr 100.80.147.95 rport 46141', stream_id: '1', component_id: 1
1:23:46.995340444 [335m   34[00m 0x7fb6600032d0 [37mDEBUG  [00m [00mKurentoMediaElementImpl MediaElementImpl.cpp:492:mediaFlowInStateChange:<kmswebrtcendpoint6>[00m MediaFlowInStateChange: FLOWING, pad: 'default', type: 'audio'
1:23:47.077563584 [335m   34[00m 0x7fb660003540 [37mDEBUG  [00m [00mKurentoMediaElementImpl MediaElementImpl.cpp:492:mediaFlowInStateChange:<kmswebrtcendpoint6>[00m MediaFlowInStateChange: FLOWING, pad: 'default', type: 'video'
1:24:00.422585221 [335m   34[00m 0x7fb838001c30 [37mDEBUG  [00m [00m     KurentoMediaSet MediaSet.cpp:123:doGarbageCollection:[00m Running garbage collector
1:24:00.447436755 [335m   34[00m 0x7fb800001410 [36mINFO   [00m [00mKurentoWebSocketTransport WebSocketTransport.cpp:296:keepAliveSessions:[00m Keep alive e0626178-ed7c-4d4a-a160-9d8266c66a8f
1:24:00.677772591 [335m   34[00m 0x7fb834001c60 [37mDEBUG  [00m [00mKurentoWebSocketTransport WebSocketTransport.cpp:460:processMessage:[00m Message: {"jsonrpc":"2.0","method":"ping","id":187}
1:24:00.677931444 [335m   34[00m 0x7fb834001c60 [36mINFO   [00m [00mKurentoServerMethods ServerMethods.cpp:814:ping:[00m WebSocket Ping/Pong with sessionId e0626178-ed7c-4d4a-a160-9d8266c66a8f
1:24:00.678046344 [335m   34[00m 0x7fb834001c60 [37mDEBUG  [00m [00mKurentoWebSocketTransport WebSocketTransport.cpp:462:processMessage:[00m Response: {"id":187,"jsonrpc":"2.0","result":{"sessionId":"e0626178-ed7c-4d4a-a160-9d8266c66a8f","value":"pong"}}
1:25:00.447838360 [335m   34[00m 0x7fb800001410 [36mINFO   [00m [00mKurentoWebSocketTransport WebSocketTransport.cpp:296:keepAliveSessions:[00m Keep alive e0626178-ed7c-4d4a-a160-9d8266c66a8f
1:25:00.679348015 [335m   34[00m 0x7fb850001840 [37mDEBUG  [00m [00mKurentoWebSocketTransport WebSocketTransport.cpp:460:processMessage:[00m Message: {"jsonrpc":"2.0","method":"ping","id":188}
1:25:00.679504439 [335m   34[00m 0x7fb850001840 [36mINFO   [00m [00mKurentoServerMethods ServerMethods.cpp:814:ping:[00m WebSocket Ping/Pong with sessionId e0626178-ed7c-4d4a-a160-9d8266c66a8f
1:25:00.679634357 [335m   34[00m 0x7fb850001840 [37mDEBUG  [00m [00mKurentoWebSocketTransport WebSocketTransport.cpp:462:processMessage:[00m Response: {"id":188,"jsonrpc":"2.0","result":{"sessionId":"e0626178-ed7c-4d4a-a160-9d8266c66a8f","value":"pong"}}
1:26:00.448061755 [335m   34[00m 0x7fb800001410 [36mINFO   [00m [00mKurentoWebSocketTransport WebSocketTransport.cpp:296:keepAliveSessions:[00m Keep alive e0626178-ed7c-4d4a-a160-9d8266c66a8f
1:26:00.683323715 [335m   34[00m 0x7fb800001b50 [37mDEBUG  [00m [00mKurentoWebSocketTransport WebSocketTransport.cpp:460:processMessage:[00m Message: {"jsonrpc":"2.0","method":"ping","id":189}
1:26:00.683532844 [335m   34[00m 0x7fb800001b50 [36mINFO   [00m [00mKurentoServerMethods ServerMethods.cpp:814:ping:[00m WebSocket Ping/Pong with sessionId e0626178-ed7c-4d4a-a160-9d8266c66a8f
1:26:00.683707215 [335m   34[00m 0x7fb800001b50 [37mDEBUG  [00m [00mKurentoWebSocketTransport WebSocketTransport.cpp:462:processMessage:[00m Response: {"id":189,"jsonrpc":"2.0","result":{"sessionId":"e0626178-ed7c-4d4a-a160-9d8266c66a8f","value":"pong"}}
1:27:00.448249231 [335m   34[00m 0x7fb800001410 [36mINFO   [00m [00mKurentoWebSocketTransport WebSocketTransport.cpp:296:keepAliveSessions:[00m Keep alive e0626178-ed7c-4d4a-a160-9d8266c66a8f
1:27:00.684102122 [335m   34[00m 0x7fb804001790 [37mDEBUG  [00m [00mKurentoWebSocketTransport WebSocketTransport.cpp:460:processMessage:[00m Message: {"jsonrpc":"2.0","method":"ping","id":190}
1:27:00.684268400 [335m   34[00m 0x7fb804001790 [36mINFO   [00m [00mKurentoServerMethods ServerMethods.cpp:814:ping:[00m WebSocket Ping/Pong with sessionId e0626178-ed7c-4d4a-a160-9d8266c66a8f
1:27:00.684628229 [335m   34[00m 0x7fb804001790 [37mDEBUG  [00m [00mKurentoWebSocketTransport WebSocketTransport.cpp:462:processMessage:[00m Response: {"id":190,"jsonrpc":"2.0","result":{"sessionId":"e0626178-ed7c-4d4a-a160-9d8266c66a8f","value":"pong"}}
1:28:00.422753521 [335m   34[00m 0x7fb838001c30 [37mDEBUG  [00m [00m     KurentoMediaSet MediaSet.cpp:123:doGarbageCollection:[00m Running garbage collector
1:28:00.448659437 [335m   34[00m 0x7fb800001410 [36mINFO   [00m [00mKurentoWebSocketTransport WebSocketTransport.cpp:296:keepAliveSessions:[00m Keep alive e0626178-ed7c-4d4a-a160-9d8266c66a8f
1:28:00.685706666 [335m   34[00m 0x7fb8480072f0 [37mDEBUG  [00m [00mKurentoWebSocketTransport WebSocketTransport.cpp:460:processMessage:[00m Message: {"jsonrpc":"2.0","method":"ping","id":191}
1:28:00.685884972 [335m   34[00m 0x7fb8480072f0 [36mINFO   [00m [00mKurentoServerMethods ServerMethods.cpp:814:ping:[00m WebSocket Ping/Pong with sessionId e0626178-ed7c-4d4a-a160-9d8266c66a8f
1:28:00.686013295 [335m   34[00m 0x7fb8480072f0 [37mDEBUG  [00m [00mKurentoWebSocketTransport WebSocketTransport.cpp:462:processMessage:[00m Response: {"id":191,"jsonrpc":"2.0","result":{"sessionId":"e0626178-ed7c-4d4a-a160-9d8266c66a8f","value":"pong"}}
1:29:00.449186633 [335m   34[00m 0x7fb800001410 [36mINFO   [00m [00mKurentoWebSocketTransport WebSocketTransport.cpp:296:keepAliveSessions:[00m Keep alive e0626178-ed7c-4d4a-a160-9d8266c66a8f
1:29:00.686433871 [335m   34[00m 0x7fb844002180 [37mDEBUG  [00m [00mKurentoWebSocketTransport WebSocketTransport.cpp:460:processMessage:[00m Message: {"jsonrpc":"2.0","method":"ping","id":192}
1:29:00.686619528 [335m   34[00m 0x7fb844002180 [36mINFO   [00m [00mKurentoServerMethods ServerMethods.cpp:814:ping:[00m WebSocket Ping/Pong with sessionId e0626178-ed7c-4d4a-a160-9d8266c66a8f
1:29:00.686752761 [335m   34[00m 0x7fb844002180 [37mDEBUG  [00m [00mKurentoWebSocketTransport WebSocketTransport.cpp:462:processMessage:[00m Response: {"id":192,"jsonrpc":"2.0","result":{"sessionId":"e0626178-ed7c-4d4a-a160-9d8266c66a8f","value":"pong"}}
1:29:11.166539088 [335m   34[00m 0x7fb82c001810 [37mDEBUG  [00m [00mKurentoWebSocketTransport WebSocketTransport.cpp:460:processMessage:[00m Message: {"jsonrpc":"2.0","method":"release","params":{"object":"e35ba687-a51e-4a44-a712-d192cf71521d_kurento.MediaPipeline/84905991-dae0-4b5b-86cf-1400fec05b34_kurento.WebRtcEndpoint","sessionId":"e0626178-ed7c-4d4a-a160-9d8266c66a8f"},"id":193}
1:29:11.166934174 [335m   34[00m 0x7fb82c001810 [37mDEBUG  [00m [00mKurentoWebSocketTransport WebSocketTransport.cpp:462:processMessage:[00m Response: {"id":193,"jsonrpc":"2.0","result":{"sessionId":"e0626178-ed7c-4d4a-a160-9d8266c66a8f"}}
1:29:11.166949370 [335m   34[00m 0x55c2edcf2b00 [37mDEBUG  [00m [00mKurentoMediaElementImpl MediaElementImpl.cpp:1028:disconnect:[00m Disconnecting e35ba687-a51e-4a44-a712-d192cf71521d_kurento.MediaPipeline/a2536636-215a-4fc5-8a0f-aebddaad3698_datachannelexample.KmsSendData - e35ba687-a51e-4a44-a712-d192cf71521d_kurento.MediaPipeline/84905991-dae0-4b5b-86cf-1400fec05b34_kurento.WebRtcEndpoint params AUDIO default default
1:29:11.167353468 [335m   34[00m 0x55c2edcf2b00 [37mDEBUG  [00m [00mKurentoMediaElementImpl MediaElementImpl.cpp:1028:disconnect:[00m Disconnecting e35ba687-a51e-4a44-a712-d192cf71521d_kurento.MediaPipeline/a2536636-215a-4fc5-8a0f-aebddaad3698_datachannelexample.KmsSendData - e35ba687-a51e-4a44-a712-d192cf71521d_kurento.MediaPipeline/84905991-dae0-4b5b-86cf-1400fec05b34_kurento.WebRtcEndpoint params DATA default default
1:29:11.167449988 [335m   34[00m 0x55c2edcf2b00 [37mDEBUG  [00m [00mKurentoMediaElementImpl MediaElementImpl.cpp:1028:disconnect:[00m Disconnecting e35ba687-a51e-4a44-a712-d192cf71521d_kurento.MediaPipeline/a2536636-215a-4fc5-8a0f-aebddaad3698_datachannelexample.KmsSendData - e35ba687-a51e-4a44-a712-d192cf71521d_kurento.MediaPipeline/84905991-dae0-4b5b-86cf-1400fec05b34_kurento.WebRtcEndpoint params VIDEO default default
1:29:11.167763483 [335m   34[00m 0x55c2edcf2b00 [37mDEBUG  [00m [00m     KurentoMediaSet MediaSet.cpp:470:async_delete:[00m Destroying WebRtcEndpoint -> e35ba687-a51e-4a44-a712-d192cf71521d_kurento.MediaPipeline/84905991-dae0-4b5b-86cf-1400fec05b34_kurento.WebRtcEndpoint
1:29:11.170966737 [335m   34[00m 0x7fb830001cc0 [37mDEBUG  [00m [00mKurentoWebSocketTransport WebSocketTransport.cpp:460:processMessage:[00m Message: {"jsonrpc":"2.0","method":"unsubscribe","params":{"object":"e35ba687-a51e-4a44-a712-d192cf71521d_kurento.MediaPipeline/84905991-dae0-4b5b-86cf-1400fec05b34_kurento.WebRtcEndpoint","subscription":"ca6818e7-6b50-4234-a047-a6fc3bfee3d0","sessionId":"e0626178-ed7c-4d4a-a160-9d8266c66a8f"},"id":194}
1:29:11.171150023 [335m   34[00m 0x7fb830001cc0 [37mDEBUG  [00m [00mKurentoWebSocketTransport WebSocketTransport.cpp:462:processMessage:[00m Response: {"id":194,"jsonrpc":"2.0","result":{"sessionId":"e0626178-ed7c-4d4a-a160-9d8266c66a8f"}}
1:30:00.449335476 [335m   34[00m 0x7fb800001410 [36mINFO   [00m [00mKurentoWebSocketTransport WebSocketTransport.cpp:296:keepAliveSessions:[00m Keep alive e0626178-ed7c-4d4a-a160-9d8266c66a8f
1:30:00.687117588 [335m   34[00m 0x7fb840001c90 [37mDEBUG  [00m [00mKurentoWebSocketTransport WebSocketTransport.cpp:460:processMessage:[00m Message: {"jsonrpc":"2.0","method":"ping","id":195}
1:30:00.687551048 [335m   34[00m 0x7fb840001c90 [36mINFO   [00m [00mKurentoServerMethods ServerMethods.cpp:814:ping:[00m WebSocket Ping/Pong with sessionId e0626178-ed7c-4d4a-a160-9d8266c66a8f
1:30:00.687687288 [335m   34[00m 0x7fb840001c90 [37mDEBUG  [00m [00mKurentoWebSocketTransport WebSocketTransport.cpp:462:processMessage:[00m Response: {"id":195,"jsonrpc":"2.0","result":{"sessionId":"e0626178-ed7c-4d4a-a160-9d8266c66a8f","value":"pong"}}
1:31:00.449533761 [335m   34[00m 0x7fb800001410 [36mINFO   [00m [00mKurentoWebSocketTransport WebSocketTransport.cpp:296:keepAliveSessions:[00m Keep alive e0626178-ed7c-4d4a-a160-9d8266c66a8f
1:31:00.687305407 [335m   34[00m 0x7fb83c001b20 [37mDEBUG  [00m [00mKurentoWebSocketTransport WebSocketTransport.cpp:460:processMessage:[00m Message: {"jsonrpc":"2.0","method":"ping","id":196}
1:31:00.687431903 [335m   34[00m 0x7fb83c001b20 [36mINFO   [00m [00mKurentoServerMethods ServerMethods.cpp:814:ping:[00m WebSocket Ping/Pong with sessionId e0626178-ed7c-4d4a-a160-9d8266c66a8f
1:31:00.687527856 [335m   34[00m 0x7fb83c001b20 [37mDEBUG  [00m [00mKurentoWebSocketTransport WebSocketTransport.cpp:462:processMessage:[00m Response: {"id":196,"jsonrpc":"2.0","result":{"sessionId":"e0626178-ed7c-4d4a-a160-9d8266c66a8f","value":"pong"}}
1:32:00.423162185 [335m   34[00m 0x7fb838001c30 [37mDEBUG  [00m [00m     KurentoMediaSet MediaSet.cpp:123:doGarbageCollection:[00m Running garbage collector
1:32:00.449960584 [335m   34[00m 0x7fb800001410 [36mINFO   [00m [00mKurentoWebSocketTransport WebSocketTransport.cpp:296:keepAliveSessions:[00m Keep alive e0626178-ed7c-4d4a-a160-9d8266c66a8f
1:32:00.690331634 [335m   34[00m 0x7fb834001c60 [37mDEBUG  [00m [00mKurentoWebSocketTransport WebSocketTransport.cpp:460:processMessage:[00m Message: {"jsonrpc":"2.0","method":"ping","id":197}
1:32:00.690522228 [335m   34[00m 0x7fb834001c60 [36mINFO   [00m [00mKurentoServerMethods ServerMethods.cpp:814:ping:[00m WebSocket Ping/Pong with sessionId e0626178-ed7c-4d4a-a160-9d8266c66a8f
1:32:00.690876852 [335m   34[00m 0x7fb834001c60 [37mDEBUG  [00m [00mKurentoWebSocketTransport WebSocketTransport.cpp:462:processMessage:[00m Response: {"id":197,"jsonrpc":"2.0","result":{"sessionId":"e0626178-ed7c-4d4a-a160-9d8266c66a8f","value":"pong"}}
1:33:00.450366277 [335m   34[00m 0x7fb800001410 [36mINFO   [00m [00mKurentoWebSocketTransport WebSocketTransport.cpp:296:keepAliveSessions:[00m Keep alive e0626178-ed7c-4d4a-a160-9d8266c66a8f
1:33:00.690722665 [335m   34[00m 0x7fb850001840 [37mDEBUG  [00m [00mKurentoWebSocketTransport WebSocketTransport.cpp:460:processMessage:[00m Message: {"jsonrpc":"2.0","method":"ping","id":198}
1:33:00.690869239 [335m   34[00m 0x7fb850001840 [36mINFO   [00m [00mKurentoServerMethods ServerMethods.cpp:814:ping:[00m WebSocket Ping/Pong with sessionId e0626178-ed7c-4d4a-a160-9d8266c66a8f
1:33:00.690972506 [335m   34[00m 0x7fb850001840 [37mDEBUG  [00m [00mKurentoWebSocketTransport WebSocketTransport.cpp:462:processMessage:[00m Response: {"id":198,"jsonrpc":"2.0","result":{"sessionId":"e0626178-ed7c-4d4a-a160-9d8266c66a8f","value":"pong"}}
1:34:00.450814523 [335m   34[00m 0x7fb800001410 [36mINFO   [00m [00mKurentoWebSocketTransport WebSocketTransport.cpp:296:keepAliveSessions:[00m Keep alive e0626178-ed7c-4d4a-a160-9d8266c66a8f
1:34:00.691317739 [335m   34[00m 0x7fb800001b50 [37mDEBUG  [00m [00mKurentoWebSocketTransport WebSocketTransport.cpp:460:processMessage:[00m Message: {"jsonrpc":"2.0","method":"ping","id":199}
1:34:00.691526174 [335m   34[00m 0x7fb800001b50 [36mINFO   [00m [00mKurentoServerMethods ServerMethods.cpp:814:ping:[00m WebSocket Ping/Pong with sessionId e0626178-ed7c-4d4a-a160-9d8266c66a8f
1:34:00.691906381 [335m   34[00m 0x7fb800001b50 [37mDEBUG  [00m [00mKurentoWebSocketTransport WebSocketTransport.cpp:462:processMessage:[00m Response: {"id":199,"jsonrpc":"2.0","result":{"sessionId":"e0626178-ed7c-4d4a-a160-9d8266c66a8f","value":"pong"}}
1:34:15.282818585 [335m   34[00m 0x7fb804001790 [37mDEBUG  [00m [00mKurentoWebSocketTransport WebSocketTransport.cpp:460:processMessage:[00m Message: {"jsonrpc":"2.0","method":"create","params":{"type":"WebRtcEndpoint","constructorParams":{"mediaPipeline":"e35ba687-a51e-4a44-a712-d192cf71521d_kurento.MediaPipeline","useDataChannels":true},"properties":{},"sessionId":"e0626178-ed7c-4d4a-a160-9d8266c66a8f"},"id":200}
1:34:15.284890325 [335m   34[00m 0x7fb804001790 [36mINFO   [00m [00mKurentoWebRtcEndpointImpl WebRtcEndpointImpl.cpp:96:remove_not_supported_codecs_from_array:<kmswebrtcendpoint7>[00m Removing not supported codec 'AMR/8000'
1:34:15.284978306 [335m   34[00m 0x7fb804001790 [36mINFO   [00m [00mKurentoWebRtcEndpointImpl WebRtcEndpointImpl.cpp:465:WebRtcEndpointImpl:[00m Using STUN reflexive server IP: 203.183.172.196
1:34:15.284993549 [335m   34[00m 0x7fb804001790 [36mINFO   [00m [00mKurentoWebRtcEndpointImpl WebRtcEndpointImpl.cpp:466:WebRtcEndpointImpl:[00m Using STUN reflexive server Port: 3478
1:34:15.285060769 [335m   34[00m 0x7fb804001790 [36mINFO   [00m [00mKurentoWebRtcEndpointImpl WebRtcEndpointImpl.cpp:487:WebRtcEndpointImpl:[00m TURN server IP address not found in config; NAT traversal requires either STUN or TURN server
1:34:15.285631334 [335m   34[00m 0x7fb804001790 [37mDEBUG  [00m [00mKurentoWebSocketTransport WebSocketTransport.cpp:462:processMessage:[00m Response: {"id":200,"jsonrpc":"2.0","result":{"sessionId":"e0626178-ed7c-4d4a-a160-9d8266c66a8f","value":"e35ba687-a51e-4a44-a712-d192cf71521d_kurento.MediaPipeline/818884a8-b356-42ab-b0f4-7e51b7f73077_kurento.WebRtcEndpoint"}}
1:34:15.288412197 [335m   34[00m 0x7fb8480072f0 [37mDEBUG  [00m [00mKurentoWebSocketTransport WebSocketTransport.cpp:460:processMessage:[00m Message: {"jsonrpc":"2.0","method":"subscribe","params":{"object":"e35ba687-a51e-4a44-a712-d192cf71521d_kurento.MediaPipeline/818884a8-b356-42ab-b0f4-7e51b7f73077_kurento.WebRtcEndpoint","type":"OnIceCandidate","sessionId":"e0626178-ed7c-4d4a-a160-9d8266c66a8f"},"id":201}
1:34:15.289179817 [335m   34[00m 0x7fb8480072f0 [37mDEBUG  [00m [00mKurentoWebSocketTransport WebSocketTransport.cpp:462:processMessage:[00m Response: {"id":201,"jsonrpc":"2.0","result":{"sessionId":"e0626178-ed7c-4d4a-a160-9d8266c66a8f","value":"93d4f45b-4665-4cea-b0fc-aa21d146c472"}}
1:34:15.289678327 [335m   34[00m 0x7fb844002180 [37mDEBUG  [00m [00mKurentoWebSocketTransport WebSocketTransport.cpp:460:processMessage:[00m Message: {"jsonrpc":"2.0","method":"invoke","params":{"object":"e35ba687-a51e-4a44-a712-d192cf71521d_kurento.MediaPipeline/818884a8-b356-42ab-b0f4-7e51b7f73077_kurento.WebRtcEndpoint","operation":"processOffer","operationParams":{"offer":"v=0\r\no=- 2037428669218704926 2 IN IP4 127.0.0.1\r\ns=-\r\nt=0 0\r\na=group:BUNDLE 0 1 2\r\na=msid-semantic: WMS\r\nm=video 9 UDP/TLS/RTP/SAVPF 96 97 98 99 127 125 124 106 107 108 109 100 101 102 123 104\r\nc=IN IP4 0.0.0.0\r\na=rtcp:9 IN IP4 0.0.0.0\r\na=ice-ufrag:cGaW\r\na=ice-pwd:UB9SNRBQAP60+lgGPZGPolkX\r\na=ice-options:trickle\r\na=fingerprint:sha-256 53:4E:BD:23:B1:6B:4A:FB:C8:B9:FB:AF:8E:9C:7E:90:22:74:CA:58:E4:73:9E:0B:10:A5:A0:7A:89:13:33:BE\r\na=setup:actpass\r\na=mid:0\r\na=extmap:1 urn:ietf:params:rtp-hdrext:toffset\r\na=extmap:2 http://www.webrtc.org/experiments/rtp-hdrext/abs-send-time\r\na=extmap:3 urn:3gpp:video-orientation\r\na=extmap:4 http://www.ietf.org/id/draft-holmer-rmcat-transport-wide-cc-extensions-01\r\na=extmap:5 http://www.webrtc.org/experiments/rtp-hdrext/playout-delay\r\na=extmap:6 http://www.webrtc.org/experiments/rtp-hdrext/video-content-type\r\na=extmap:7 http://www.webrtc.org/experiments/rtp-hdrext/video-timing\r\na=extmap:8 http://www.webrtc.org/experiments/rtp-hdrext/color-space\r\na=extmap:9 urn:ietf:params:rtp-hdrext:sdes:mid\r\na=extmap:10 urn:ietf:params:rtp-hdrext:sdes:rtp-stream-id\r\na=extmap:11 urn:ietf:params:rtp-hdrext:sdes:repaired-rtp-stream-id\r\na=recvonly\r\na=rtcp-mux\r\na=rtcp-rsize\r\na=rtpmap:96 VP8/90000\r\na=rtcp-fb:96 goog-remb\r\na=rtcp-fb:96 transport-cc\r\na=rtcp-fb:96 ccm fir\r\na=rtcp-fb:96 nack\r\na=rtcp-fb:96 nack pli\r\na=rtpmap:97 rtx/90000\r\na=fmtp:97 apt=96\r\na=rtpmap:98 VP9/90000\r\na=rtcp-fb:98 goog-remb\r\na=rtcp-fb:98 transport-cc\r\na=rtcp-fb:98 ccm fir\r\na=rtcp-fb:98 nack\r\na=rtcp-fb:98 nack pli\r\na=fmtp:98 profile-id=0\r\na=rtpmap:99 rtx/90000\r\na=fmtp:99 apt=98\r\na=rtpmap:127 VP9/90000\r\na=rtcp-fb:127 goog-remb\r\na=rtcp-fb:127 transport-cc\r\na=rtcp-fb:127 ccm fir\r\na=rtcp-fb:127 nack\r\na=rtcp-fb:127 nack pli\r\na=fmtp:127 profile-id=1\r\na=rtpmap:125 VP9/90000\r\na=rtcp-fb:125 goog-remb\r\na=rtcp-fb:125 transport-cc\r\na=rtcp-fb:125 ccm fir\r\na=rtcp-fb:125 nack\r\na=rtcp-fb:125 nack pli\r\na=fmtp:125 profile-id=2\r\na=rtpmap:124 H264/90000\r\na=rtcp-fb:124 goog-remb\r\na=rtcp-fb:124 transport-cc\r\na=rtcp-fb:124 ccm fir\r\na=rtcp-fb:124 nack\r\na=rtcp-fb:124 nack pli\r\na=fmtp:124 level-asymmetry-allowed=1;packetization-mode=1;profile-level-id=420015\r\na=rtpmap:106 H264/90000\r\na=rtcp-fb:106 goog-remb\r\na=rtcp-fb:106 transport-cc\r\na=rtcp-fb:106 ccm fir\r\na=rtcp-fb:106 nack\r\na=rtcp-fb:106 nack pli\r\na=fmtp:106 level-asymmetry-allowed=1;packetization-mode=1;profile-level-id=4d0015\r\na=rtpmap:107 rtx/90000\r\na=fmtp:107 apt=106\r\na=rtpmap:108 H264/90000\r\na=rtcp-fb:108 goog-remb\r\na=rtcp-fb:108 transport-cc\r\na=rtcp-fb:108 ccm fir\r\na=rtcp-fb:108 nack\r\na=rtcp-fb:108 nack pli\r\na=fmtp:108 level-asymmetry-allowed=1;packetization-mode=1;profile-level-id=640015\r\na=rtpmap:109 rtx/90000\r\na=fmtp:109 apt=108\r\na=rtpmap:100 H264/90000\r\na=rtcp-fb:100 goog-remb\r\na=rtcp-fb:100 transport-cc\r\na=rtcp-fb:100 ccm fir\r\na=rtcp-fb:100 nack\r\na=rtcp-fb:100 nack pli\r\na=fmtp:100 level-asymmetry-allowed=1;packetization-mode=1;profile-level-id=42e01f\r\na=rtpmap:101 rtx/90000\r\na=fmtp:101 apt=100\r\na=rtpmap:102 red/90000\r\na=rtpmap:123 rtx/90000\r\na=fmtp:123 apt=102\r\na=rtpmap:104 ulpfec/90000\r\nm=audio 9 UDP/TLS/RTP/SAVPF 111 103 9 0 8 105 13 110 113 126\r\nc=IN IP4 0.0.0.0\r\na=rtcp:9 IN IP4 0.0.0.0\r\na=ice-ufrag:cGaW\r\na=ice-pwd:UB9SNRBQAP60+lgGPZGPolkX\r\na=ice-options:trickle\r\na=fingerprint:sha-256 53:4E:BD:23:B1:6B:4A:FB:C8:B9:FB:AF:8E:9C:7E:90:22:74:CA:58:E4:73:9E:0B:10:A5:A0:7A:89:13:33:BE\r\na=setup:actpass\r\na=mid:1\r\na=extmap:14 urn:ietf:params:rtp-hdrext:ssrc-audio-level\r\na=extmap:2 http://www.webrtc.org/experiments/rtp-hdrext/abs-send-time\r\na=extmap:4 http://www.ietf.org/id/draft-holmer-rmcat-transport-wide-cc-extensions-01\r\na=extmap:9 urn:ietf:params:rtp-hdrext:sdes:mid\r\na=extmap:10 urn:ietf:params:rtp-hdrext:sdes:rtp-stream-id\r\na=extmap:11 urn:ietf:params:rtp-hdrext:sdes:repaired-rtp-stream-id\r\na=recvonly\r\na=rtcp-mux\r\na=rtpmap:111 opus/48000/2\r\na=rtcp-fb:111 transport-cc\r\na=fmtp:111 minptime=10;useinbandfec=1\r\na=rtpmap:103 ISAC/16000\r\na=rtpmap:9 G722/8000\r\na=rtpmap:0 PCMU/8000\r\na=rtpmap:8 PCMA/8000\r\na=rtpmap:105 CN/16000\r\na=rtpmap:13 CN/8000\r\na=rtpmap:110 telephone-event/48000\r\na=rtpmap:113 telephone-event/16000\r\na=rtpmap:126 telephone-event/8000\r\nm=application 9 UDP/DTLS/SCTP webrtc-datachannel\r\nc=IN IP4 0.0.0.0\r\na=ice-ufrag:cGaW\r\na=ice-pwd:UB9SNRBQAP60+lgGPZGPolkX\r\na=ice-options:trickle\r\na=fingerprint:sha-256 53:4E:BD:23:B1:6B:4A:FB:C8:B9:FB:AF:8E:9C:7E:90:22:74:CA:58:E4:73:9E:0B:10:A5:A0:7A:89:13:33:BE\r\na=setup:actpass\r\na=mid:2\r\na=sctp-port:5000\r\na=max-message-size:262144\r\n"},"sessionId":"e0626178-ed7c-4d4a-a160-9d8266c66a8f"},"id":202}
1:34:15.301173897 [335m   34[00m 0x7fb844002180 [37mDEBUG  [00m [00mKurentoWebSocketTransport WebSocketTransport.cpp:462:processMessage:[00m Response: {"id":202,"jsonrpc":"2.0","result":{"sessionId":"e0626178-ed7c-4d4a-a160-9d8266c66a8f","value":"v=0\r\no=- 3813972971 3813972971 IN IP4 0.0.0.0\r\ns=Kurento Media Server\r\nc=IN IP4 0.0.0.0\r\nt=0 0\r\na=msid-semantic: WMS\r\na=group:BUNDLE 0 1 2\r\nm=video 1 UDP/TLS/RTP/SAVPF 96 124 106 108 100\r\na=extmap:2 http://www.webrtc.org/experiments/rtp-hdrext/abs-send-time\r\na=sendonly\r\na=mid:0\r\na=rtcp:9 IN IP4 0.0.0.0\r\na=rtpmap:96 VP8/90000\r\na=rtpmap:124 H264/90000\r\na=rtpmap:106 H264/90000\r\na=rtpmap:108 H264/90000\r\na=rtpmap:100 H264/90000\r\na=rtcp-fb:96 goog-remb\r\na=rtcp-fb:96 ccm fir\r\na=rtcp-fb:96 nack\r\na=rtcp-fb:96 nack pli\r\na=rtcp-fb:124 goog-remb\r\na=rtcp-fb:124 ccm fir\r\na=rtcp-fb:124 nack\r\na=rtcp-fb:124 nack pli\r\na=rtcp-fb:106 goog-remb\r\na=rtcp-fb:106 ccm fir\r\na=rtcp-fb:106 nack\r\na=rtcp-fb:106 nack pli\r\na=rtcp-fb:108 goog-remb\r\na=rtcp-fb:108 ccm fir\r\na=rtcp-fb:108 nack\r\na=rtcp-fb:108 nack pli\r\na=rtcp-fb:100 goog-remb\r\na=rtcp-fb:100 ccm fir\r\na=rtcp-fb:100 nack\r\na=rtcp-fb:100 nack pli\r\na=setup:active\r\na=rtcp-mux\r\na=fmtp:124 level-asymmetry-allowed=1;packetization-mode=1;profile-level-id=420015\r\na=fmtp:106 level-asymmetry-allowed=1;packetization-mode=1;profile-level-id=4d0015\r\na=fmtp:108 level-asymmetry-allowed=1;packetization-mode=1;profile-level-id=640015\r\na=fmtp:100 level-asymmetry-allowed=1;packetization-mode=1;profile-level-id=42e01f\r\na=ssrc:4200288273 cname:user549393752@host-de0eff6e\r\na=ice-ufrag:VTfE\r\na=ice-pwd:Ta+qtIlvwytvuMSNULH5Ig\r\na=fingerprint:sha-256 86:5B:AB:C7:28:5E:85:EC:11:48:B7:A6:96:15:DA:B0:2D:F9:55:54:F9:D4:C1:97:82:0D:0B:17:7D:92:A1:B7\r\nm=audio 1 UDP/TLS/RTP/SAVPF 111 0\r\na=extmap:2 http://www.webrtc.org/experiments/rtp-hdrext/abs-send-time\r\na=sendonly\r\na=mid:1\r\na=rtcp:9 IN IP4 0.0.0.0\r\na=rtpmap:111 opus/48000/2\r\na=rtpmap:0 PCMU/8000\r\na=setup:active\r\na=rtcp-mux\r\na=fmtp:111 minptime=10;useinbandfec=1\r\na=ssrc:1441192518 cname:user549393752@host-de0eff6e\r\na=ice-ufrag:VTfE\r\na=ice-pwd:Ta+qtIlvwytvuMSNULH5Ig\r\na=fingerprint:sha-256 86:5B:AB:C7:28:5E:85:EC:11:48:B7:A6:96:15:DA:B0:2D:F9:55:54:F9:D4:C1:97:82:0D:0B:17:7D:92:A1:B7\r\nm=application 1 UDP/DTLS/SCTP webrtc-datachannel\r\na=mid:2\r\na=sctp-port:5000\r\na=setup:active\r\na=ice-ufrag:VTfE\r\na=ice-pwd:Ta+qtIlvwytvuMSNULH5Ig\r\na=fingerprint:sha-256 86:5B:AB:C7:28:5E:85:EC:11:48:B7:A6:96:15:DA:B0:2D:F9:55:54:F9:D4:C1:97:82:0D:0B:17:7D:92:A1:B7\r\n"}}
1:34:15.309407282 [335m   34[00m 0x7fb82c001810 [37mDEBUG  [00m [00mKurentoWebSocketTransport WebSocketTransport.cpp:460:processMessage:[00m Message: {"jsonrpc":"2.0","method":"invoke","params":{"object":"e35ba687-a51e-4a44-a712-d192cf71521d_kurento.MediaPipeline/818884a8-b356-42ab-b0f4-7e51b7f73077_kurento.WebRtcEndpoint","operation":"gatherCandidates","sessionId":"e0626178-ed7c-4d4a-a160-9d8266c66a8f"},"id":203}
1:34:15.312385347 [335m   34[00m 0x7fb734002070 [37mDEBUG  [00m [00mKurentoWebSocketEventHandler WebSocketEventHandler.cpp:56:sendEvent:[00m Sending event: {"jsonrpc":"2.0","method":"onEvent","params":{"value":{"data":{"candidate":{"__module__":"kurento","__type__":"IceCandidate","candidate":"candidate:1 1 UDP 2013266431 172.20.0.10 10241 typ host","sdpMLineIndex":0,"sdpMid":"0"},"source":"e35ba687-a51e-4a44-a712-d192cf71521d_kurento.MediaPipeline/818884a8-b356-42ab-b0f4-7e51b7f73077_kurento.WebRtcEndpoint","tags":[],"timestamp":"1604984171","timestampMillis":"1604984171825","type":"OnIceCandidate"},"object":"e35ba687-a51e-4a44-a712-d192cf71521d_kurento.MediaPipeline/818884a8-b356-42ab-b0f4-7e51b7f73077_kurento.WebRtcEndpoint","type":"OnIceCandidate"}}}, sessionId: e0626178-ed7c-4d4a-a160-9d8266c66a8f
1:34:15.312531455 [335m   34[00m 0x7fb734002070 [37mDEBUG  [00m [00mKurentoWebSocketEventHandler WebSocketEventHandler.cpp:56:sendEvent:[00m Sending event: {"jsonrpc":"2.0","method":"onEvent","params":{"value":{"data":{"candidate":{"__module__":"kurento","__type__":"IceCandidate","candidate":"candidate:1 1 UDP 2013266431 172.20.0.10 10241 typ host","sdpMLineIndex":1,"sdpMid":"1"},"source":"e35ba687-a51e-4a44-a712-d192cf71521d_kurento.MediaPipeline/818884a8-b356-42ab-b0f4-7e51b7f73077_kurento.WebRtcEndpoint","tags":[],"timestamp":"1604984171","timestampMillis":"1604984171825","type":"OnIceCandidate"},"object":"e35ba687-a51e-4a44-a712-d192cf71521d_kurento.MediaPipeline/818884a8-b356-42ab-b0f4-7e51b7f73077_kurento.WebRtcEndpoint","type":"OnIceCandidate"}}}, sessionId: e0626178-ed7c-4d4a-a160-9d8266c66a8f
1:34:15.312639071 [335m   34[00m 0x7fb734002070 [37mDEBUG  [00m [00mKurentoWebSocketEventHandler WebSocketEventHandler.cpp:56:sendEvent:[00m Sending event: {"jsonrpc":"2.0","method":"onEvent","params":{"value":{"data":{"candidate":{"__module__":"kurento","__type__":"IceCandidate","candidate":"candidate:1 1 UDP 2013266431 172.20.0.10 10241 typ host","sdpMLineIndex":2,"sdpMid":"2"},"source":"e35ba687-a51e-4a44-a712-d192cf71521d_kurento.MediaPipeline/818884a8-b356-42ab-b0f4-7e51b7f73077_kurento.WebRtcEndpoint","tags":[],"timestamp":"1604984171","timestampMillis":"1604984171825","type":"OnIceCandidate"},"object":"e35ba687-a51e-4a44-a712-d192cf71521d_kurento.MediaPipeline/818884a8-b356-42ab-b0f4-7e51b7f73077_kurento.WebRtcEndpoint","type":"OnIceCandidate"}}}, sessionId: e0626178-ed7c-4d4a-a160-9d8266c66a8f
1:34:15.312756387 [335m   34[00m 0x7fb734002070 [37mDEBUG  [00m [00mKurentoWebSocketEventHandler WebSocketEventHandler.cpp:56:sendEvent:[00m Sending event: {"jsonrpc":"2.0","method":"onEvent","params":{"value":{"data":{"candidate":{"__module__":"kurento","__type__":"IceCandidate","candidate":"candidate:2 1 TCP 1015021823 172.20.0.10 9 typ host tcptype active","sdpMLineIndex":0,"sdpMid":"0"},"source":"e35ba687-a51e-4a44-a712-d192cf71521d_kurento.MediaPipeline/818884a8-b356-42ab-b0f4-7e51b7f73077_kurento.WebRtcEndpoint","tags":[],"timestamp":"1604984171","timestampMillis":"1604984171825","type":"OnIceCandidate"},"object":"e35ba687-a51e-4a44-a712-d192cf71521d_kurento.MediaPipeline/818884a8-b356-42ab-b0f4-7e51b7f73077_kurento.WebRtcEndpoint","type":"OnIceCandidate"}}}, sessionId: e0626178-ed7c-4d4a-a160-9d8266c66a8f
1:34:15.312858505 [335m   34[00m 0x7fb734002070 [37mDEBUG  [00m [00mKurentoWebSocketEventHandler WebSocketEventHandler.cpp:56:sendEvent:[00m Sending event: {"jsonrpc":"2.0","method":"onEvent","params":{"value":{"data":{"candidate":{"__module__":"kurento","__type__":"IceCandidate","candidate":"candidate:2 1 TCP 1015021823 172.20.0.10 9 typ host tcptype active","sdpMLineIndex":1,"sdpMid":"1"},"source":"e35ba687-a51e-4a44-a712-d192cf71521d_kurento.MediaPipeline/818884a8-b356-42ab-b0f4-7e51b7f73077_kurento.WebRtcEndpoint","tags":[],"timestamp":"1604984171","timestampMillis":"1604984171825","type":"OnIceCandidate"},"object":"e35ba687-a51e-4a44-a712-d192cf71521d_kurento.MediaPipeline/818884a8-b356-42ab-b0f4-7e51b7f73077_kurento.WebRtcEndpoint","type":"OnIceCandidate"}}}, sessionId: e0626178-ed7c-4d4a-a160-9d8266c66a8f
1:34:15.312956646 [335m   34[00m 0x7fb734002070 [37mDEBUG  [00m [00mKurentoWebSocketEventHandler WebSocketEventHandler.cpp:56:sendEvent:[00m Sending event: {"jsonrpc":"2.0","method":"onEvent","params":{"value":{"data":{"candidate":{"__module__":"kurento","__type__":"IceCandidate","candidate":"candidate:2 1 TCP 1015021823 172.20.0.10 9 typ host tcptype active","sdpMLineIndex":2,"sdpMid":"2"},"source":"e35ba687-a51e-4a44-a712-d192cf71521d_kurento.MediaPipeline/818884a8-b356-42ab-b0f4-7e51b7f73077_kurento.WebRtcEndpoint","tags":[],"timestamp":"1604984171","timestampMillis":"1604984171825","type":"OnIceCandidate"},"object":"e35ba687-a51e-4a44-a712-d192cf71521d_kurento.MediaPipeline/818884a8-b356-42ab-b0f4-7e51b7f73077_kurento.WebRtcEndpoint","type":"OnIceCandidate"}}}, sessionId: e0626178-ed7c-4d4a-a160-9d8266c66a8f
1:34:15.313051570 [335m   34[00m 0x7fb734002070 [37mDEBUG  [00m [00mKurentoWebSocketEventHandler WebSocketEventHandler.cpp:56:sendEvent:[00m Sending event: {"jsonrpc":"2.0","method":"onEvent","params":{"value":{"data":{"candidate":{"__module__":"kurento","__type__":"IceCandidate","candidate":"candidate:4 1 TCP 1010827519 172.20.0.10 10269 typ host tcptype passive","sdpMLineIndex":0,"sdpMid":"0"},"source":"e35ba687-a51e-4a44-a712-d192cf71521d_kurento.MediaPipeline/818884a8-b356-42ab-b0f4-7e51b7f73077_kurento.WebRtcEndpoint","tags":[],"timestamp":"1604984171","timestampMillis":"1604984171826","type":"OnIceCandidate"},"object":"e35ba687-a51e-4a44-a712-d192cf71521d_kurento.MediaPipeline/818884a8-b356-42ab-b0f4-7e51b7f73077_kurento.WebRtcEndpoint","type":"OnIceCandidate"}}}, sessionId: e0626178-ed7c-4d4a-a160-9d8266c66a8f
1:34:15.313143782 [335m   34[00m 0x7fb734002070 [37mDEBUG  [00m [00mKurentoWebSocketEventHandler WebSocketEventHandler.cpp:56:sendEvent:[00m Sending event: {"jsonrpc":"2.0","method":"onEvent","params":{"value":{"data":{"candidate":{"__module__":"kurento","__type__":"IceCandidate","candidate":"candidate:4 1 TCP 1010827519 172.20.0.10 10269 typ host tcptype passive","sdpMLineIndex":1,"sdpMid":"1"},"source":"e35ba687-a51e-4a44-a712-d192cf71521d_kurento.MediaPipeline/818884a8-b356-42ab-b0f4-7e51b7f73077_kurento.WebRtcEndpoint","tags":[],"timestamp":"1604984171","timestampMillis":"1604984171826","type":"OnIceCandidate"},"object":"e35ba687-a51e-4a44-a712-d192cf71521d_kurento.MediaPipeline/818884a8-b356-42ab-b0f4-7e51b7f73077_kurento.WebRtcEndpoint","type":"OnIceCandidate"}}}, sessionId: e0626178-ed7c-4d4a-a160-9d8266c66a8f
1:34:15.313239326 [335m   34[00m 0x7fb734002070 [37mDEBUG  [00m [00mKurentoWebSocketEventHandler WebSocketEventHandler.cpp:56:sendEvent:[00m Sending event: {"jsonrpc":"2.0","method":"onEvent","params":{"value":{"data":{"candidate":{"__module__":"kurento","__type__":"IceCandidate","candidate":"candidate:4 1 TCP 1010827519 172.20.0.10 10269 typ host tcptype passive","sdpMLineIndex":2,"sdpMid":"2"},"source":"e35ba687-a51e-4a44-a712-d192cf71521d_kurento.MediaPipeline/818884a8-b356-42ab-b0f4-7e51b7f73077_kurento.WebRtcEndpoint","tags":[],"timestamp":"1604984171","timestampMillis":"1604984171826","type":"OnIceCandidate"},"object":"e35ba687-a51e-4a44-a712-d192cf71521d_kurento.MediaPipeline/818884a8-b356-42ab-b0f4-7e51b7f73077_kurento.WebRtcEndpoint","type":"OnIceCandidate"}}}, sessionId: e0626178-ed7c-4d4a-a160-9d8266c66a8f
1:34:15.313338034 [335m   34[00m 0x7fb734002070 [37mDEBUG  [00m [00mKurentoWebSocketEventHandler WebSocketEventHandler.cpp:56:sendEvent:[00m Sending event: {"jsonrpc":"2.0","method":"onEvent","params":{"value":{"data":{"candidate":{"__module__":"kurento","__type__":"IceCandidate","candidate":"candidate:1 2 UDP 2013266430 172.20.0.10 10263 typ host","sdpMLineIndex":0,"sdpMid":"0"},"source":"e35ba687-a51e-4a44-a712-d192cf71521d_kurento.MediaPipeline/818884a8-b356-42ab-b0f4-7e51b7f73077_kurento.WebRtcEndpoint","tags":[],"timestamp":"1604984171","timestampMillis":"1604984171826","type":"OnIceCandidate"},"object":"e35ba687-a51e-4a44-a712-d192cf71521d_kurento.MediaPipeline/818884a8-b356-42ab-b0f4-7e51b7f73077_kurento.WebRtcEndpoint","type":"OnIceCandidate"}}}, sessionId: e0626178-ed7c-4d4a-a160-9d8266c66a8f
1:34:15.313435161 [335m   34[00m 0x7fb734002070 [37mDEBUG  [00m [00mKurentoWebSocketEventHandler WebSocketEventHandler.cpp:56:sendEvent:[00m Sending event: {"jsonrpc":"2.0","method":"onEvent","params":{"value":{"data":{"candidate":{"__module__":"kurento","__type__":"IceCandidate","candidate":"candidate:1 2 UDP 2013266430 172.20.0.10 10263 typ host","sdpMLineIndex":1,"sdpMid":"1"},"source":"e35ba687-a51e-4a44-a712-d192cf71521d_kurento.MediaPipeline/818884a8-b356-42ab-b0f4-7e51b7f73077_kurento.WebRtcEndpoint","tags":[],"timestamp":"1604984171","timestampMillis":"1604984171826","type":"OnIceCandidate"},"object":"e35ba687-a51e-4a44-a712-d192cf71521d_kurento.MediaPipeline/818884a8-b356-42ab-b0f4-7e51b7f73077_kurento.WebRtcEndpoint","type":"OnIceCandidate"}}}, sessionId: e0626178-ed7c-4d4a-a160-9d8266c66a8f
1:34:15.313528680 [335m   34[00m 0x7fb734002070 [37mDEBUG  [00m [00mKurentoWebSocketEventHandler WebSocketEventHandler.cpp:56:sendEvent:[00m Sending event: {"jsonrpc":"2.0","method":"onEvent","params":{"value":{"data":{"candidate":{"__module__":"kurento","__type__":"IceCandidate","candidate":"candidate:1 2 UDP 2013266430 172.20.0.10 10263 typ host","sdpMLineIndex":2,"sdpMid":"2"},"source":"e35ba687-a51e-4a44-a712-d192cf71521d_kurento.MediaPipeline/818884a8-b356-42ab-b0f4-7e51b7f73077_kurento.WebRtcEndpoint","tags":[],"timestamp":"1604984171","timestampMillis":"1604984171826","type":"OnIceCandidate"},"object":"e35ba687-a51e-4a44-a712-d192cf71521d_kurento.MediaPipeline/818884a8-b356-42ab-b0f4-7e51b7f73077_kurento.WebRtcEndpoint","type":"OnIceCandidate"}}}, sessionId: e0626178-ed7c-4d4a-a160-9d8266c66a8f
1:34:15.313620964 [335m   34[00m 0x7fb734002070 [37mDEBUG  [00m [00mKurentoWebSocketEventHandler WebSocketEventHandler.cpp:56:sendEvent:[00m Sending event: {"jsonrpc":"2.0","method":"onEvent","params":{"value":{"data":{"candidate":{"__module__":"kurento","__type__":"IceCandidate","candidate":"candidate:2 2 TCP 1015021822 172.20.0.10 9 typ host tcptype active","sdpMLineIndex":0,"sdpMid":"0"},"source":"e35ba687-a51e-4a44-a712-d192cf71521d_kurento.MediaPipeline/818884a8-b356-42ab-b0f4-7e51b7f73077_kurento.WebRtcEndpoint","tags":[],"timestamp":"1604984171","timestampMillis":"1604984171826","type":"OnIceCandidate"},"object":"e35ba687-a51e-4a44-a712-d192cf71521d_kurento.MediaPipeline/818884a8-b356-42ab-b0f4-7e51b7f73077_kurento.WebRtcEndpoint","type":"OnIceCandidate"}}}, sessionId: e0626178-ed7c-4d4a-a160-9d8266c66a8f
1:34:15.313720579 [335m   34[00m 0x7fb734002070 [37mDEBUG  [00m [00mKurentoWebSocketEventHandler WebSocketEventHandler.cpp:56:sendEvent:[00m Sending event: {"jsonrpc":"2.0","method":"onEvent","params":{"value":{"data":{"candidate":{"__module__":"kurento","__type__":"IceCandidate","candidate":"candidate:2 2 TCP 1015021822 172.20.0.10 9 typ host tcptype active","sdpMLineIndex":1,"sdpMid":"1"},"source":"e35ba687-a51e-4a44-a712-d192cf71521d_kurento.MediaPipeline/818884a8-b356-42ab-b0f4-7e51b7f73077_kurento.WebRtcEndpoint","tags":[],"timestamp":"1604984171","timestampMillis":"1604984171826","type":"OnIceCandidate"},"object":"e35ba687-a51e-4a44-a712-d192cf71521d_kurento.MediaPipeline/818884a8-b356-42ab-b0f4-7e51b7f73077_kurento.WebRtcEndpoint","type":"OnIceCandidate"}}}, sessionId: e0626178-ed7c-4d4a-a160-9d8266c66a8f
1:34:15.313817387 [335m   34[00m 0x7fb734002070 [37mDEBUG  [00m [00mKurentoWebSocketEventHandler WebSocketEventHandler.cpp:56:sendEvent:[00m Sending event: {"jsonrpc":"2.0","method":"onEvent","params":{"value":{"data":{"candidate":{"__module__":"kurento","__type__":"IceCandidate","candidate":"candidate:2 2 TCP 1015021822 172.20.0.10 9 typ host tcptype active","sdpMLineIndex":2,"sdpMid":"2"},"source":"e35ba687-a51e-4a44-a712-d192cf71521d_kurento.MediaPipeline/818884a8-b356-42ab-b0f4-7e51b7f73077_kurento.WebRtcEndpoint","tags":[],"timestamp":"1604984171","timestampMillis":"1604984171826","type":"OnIceCandidate"},"object":"e35ba687-a51e-4a44-a712-d192cf71521d_kurento.MediaPipeline/818884a8-b356-42ab-b0f4-7e51b7f73077_kurento.WebRtcEndpoint","type":"OnIceCandidate"}}}, sessionId: e0626178-ed7c-4d4a-a160-9d8266c66a8f
1:34:15.313846072 [335m   34[00m 0x7fb82c001810 [37mDEBUG  [00m [00mKurentoWebSocketTransport WebSocketTransport.cpp:462:processMessage:[00m Response: {"id":203,"jsonrpc":"2.0","result":{"sessionId":"e0626178-ed7c-4d4a-a160-9d8266c66a8f","value":null}}
1:34:15.313912752 [335m   34[00m 0x7fb734002070 [37mDEBUG  [00m [00mKurentoWebSocketEventHandler WebSocketEventHandler.cpp:56:sendEvent:[00m Sending event: {"jsonrpc":"2.0","method":"onEvent","params":{"value":{"data":{"candidate":{"__module__":"kurento","__type__":"IceCandidate","candidate":"candidate:4 2 TCP 1010827518 172.20.0.10 10279 typ host tcptype passive","sdpMLineIndex":0,"sdpMid":"0"},"source":"e35ba687-a51e-4a44-a712-d192cf71521d_kurento.MediaPipeline/818884a8-b356-42ab-b0f4-7e51b7f73077_kurento.WebRtcEndpoint","tags":[],"timestamp":"1604984171","timestampMillis":"1604984171827","type":"OnIceCandidate"},"object":"e35ba687-a51e-4a44-a712-d192cf71521d_kurento.MediaPipeline/818884a8-b356-42ab-b0f4-7e51b7f73077_kurento.WebRtcEndpoint","type":"OnIceCandidate"}}}, sessionId: e0626178-ed7c-4d4a-a160-9d8266c66a8f
1:34:15.314019454 [335m   34[00m 0x7fb734002070 [37mDEBUG  [00m [00mKurentoWebSocketEventHandler WebSocketEventHandler.cpp:56:sendEvent:[00m Sending event: {"jsonrpc":"2.0","method":"onEvent","params":{"value":{"data":{"candidate":{"__module__":"kurento","__type__":"IceCandidate","candidate":"candidate:4 2 TCP 1010827518 172.20.0.10 10279 typ host tcptype passive","sdpMLineIndex":1,"sdpMid":"1"},"source":"e35ba687-a51e-4a44-a712-d192cf71521d_kurento.MediaPipeline/818884a8-b356-42ab-b0f4-7e51b7f73077_kurento.WebRtcEndpoint","tags":[],"timestamp":"1604984171","timestampMillis":"1604984171827","type":"OnIceCandidate"},"object":"e35ba687-a51e-4a44-a712-d192cf71521d_kurento.MediaPipeline/818884a8-b356-42ab-b0f4-7e51b7f73077_kurento.WebRtcEndpoint","type":"OnIceCandidate"}}}, sessionId: e0626178-ed7c-4d4a-a160-9d8266c66a8f
1:34:15.314059744 [335m   34[00m 0x7fb834001c60 [37mDEBUG  [00m [00mKurentoWebSocketTransport WebSocketTransport.cpp:460:processMessage:[00m Message: {"jsonrpc":"2.0","method":"invoke","params":{"object":"e35ba687-a51e-4a44-a712-d192cf71521d_kurento.MediaPipeline/818884a8-b356-42ab-b0f4-7e51b7f73077_kurento.WebRtcEndpoint","operation":"addIceCandidate","operationParams":{"candidate":{"candidate":"candidate:1527261658 1 udp 2113937151 10.94.93.210 43483 typ host generation 0 ufrag cGaW network-cost 999","sdpMid":"0","sdpMLineIndex":0,"__module__":"kurento","__type__":"IceCandidate"}},"sessionId":"e0626178-ed7c-4d4a-a160-9d8266c66a8f"},"id":204}
1:34:15.314109825 [335m   34[00m 0x7fb734002070 [37mDEBUG  [00m [00mKurentoWebSocketEventHandler WebSocketEventHandler.cpp:56:sendEvent:[00m Sending event: {"jsonrpc":"2.0","method":"onEvent","params":{"value":{"data":{"candidate":{"__module__":"kurento","__type__":"IceCandidate","candidate":"candidate:4 2 TCP 1010827518 172.20.0.10 10279 typ host tcptype passive","sdpMLineIndex":2,"sdpMid":"2"},"source":"e35ba687-a51e-4a44-a712-d192cf71521d_kurento.MediaPipeline/818884a8-b356-42ab-b0f4-7e51b7f73077_kurento.WebRtcEndpoint","tags":[],"timestamp":"1604984171","timestampMillis":"1604984171827","type":"OnIceCandidate"},"object":"e35ba687-a51e-4a44-a712-d192cf71521d_kurento.MediaPipeline/818884a8-b356-42ab-b0f4-7e51b7f73077_kurento.WebRtcEndpoint","type":"OnIceCandidate"}}}, sessionId: e0626178-ed7c-4d4a-a160-9d8266c66a8f
1:34:15.314671833 [335m   34[00m 0x7fb834001c60 [37mDEBUG  [00m [00mKurentoWebSocketTransport WebSocketTransport.cpp:462:processMessage:[00m Response: {"id":204,"jsonrpc":"2.0","result":{"sessionId":"e0626178-ed7c-4d4a-a160-9d8266c66a8f","value":null}}
1:34:15.314710881 [335m   34[00m 0x7fb834001c60 [37mDEBUG  [00m [00mKurentoWebSocketTransport WebSocketTransport.cpp:460:processMessage:[00m Message: {"jsonrpc":"2.0","method":"invoke","params":{"object":"e35ba687-a51e-4a44-a712-d192cf71521d_kurento.MediaPipeline/818884a8-b356-42ab-b0f4-7e51b7f73077_kurento.WebRtcEndpoint","operation":"addIceCandidate","operationParams":{"candidate":{"candidate":"candidate:2888196459 1 udp 2113939711 2001:44c8:470e:1423:6d6d:6435:311:a7fa 47054 typ host generation 0 ufrag cGaW network-cost 999","sdpMid":"0","sdpMLineIndex":0,"__module__":"kurento","__type__":"IceCandidate"}},"sessionId":"e0626178-ed7c-4d4a-a160-9d8266c66a8f"},"id":205}
1:34:15.315071720 [335m   34[00m 0x7fb834001c60 [37mDEBUG  [00m [00mKurentoWebSocketTransport WebSocketTransport.cpp:462:processMessage:[00m Response: {"id":205,"jsonrpc":"2.0","result":{"sessionId":"e0626178-ed7c-4d4a-a160-9d8266c66a8f","value":null}}
1:34:15.315111834 [335m   34[00m 0x7fb834001c60 [37mDEBUG  [00m [00mKurentoWebSocketTransport WebSocketTransport.cpp:460:processMessage:[00m Message: {"jsonrpc":"2.0","method":"invoke","params":{"object":"e35ba687-a51e-4a44-a712-d192cf71521d_kurento.MediaPipeline/818884a8-b356-42ab-b0f4-7e51b7f73077_kurento.WebRtcEndpoint","operation":"addIceCandidate","operationParams":{"candidate":{"candidate":"candidate:1527261658 1 udp 2113937151 10.94.93.210 42335 typ host generation 0 ufrag cGaW network-cost 999","sdpMid":"1","sdpMLineIndex":1,"__module__":"kurento","__type__":"IceCandidate"}},"sessionId":"e0626178-ed7c-4d4a-a160-9d8266c66a8f"},"id":206}
1:34:15.315475800 [335m   34[00m 0x7fb834001c60 [37mDEBUG  [00m [00mKurentoWebSocketTransport WebSocketTransport.cpp:462:processMessage:[00m Response: {"id":206,"jsonrpc":"2.0","result":{"sessionId":"e0626178-ed7c-4d4a-a160-9d8266c66a8f","value":null}}
1:34:15.315511533 [335m   34[00m 0x7fb834001c60 [37mDEBUG  [00m [00mKurentoWebSocketTransport WebSocketTransport.cpp:460:processMessage:[00m Message: {"jsonrpc":"2.0","method":"invoke","params":{"object":"e35ba687-a51e-4a44-a712-d192cf71521d_kurento.MediaPipeline/818884a8-b356-42ab-b0f4-7e51b7f73077_kurento.WebRtcEndpoint","operation":"addIceCandidate","operationParams":{"candidate":{"candidate":"candidate:2888196459 1 udp 2113939711 2001:44c8:470e:1423:6d6d:6435:311:a7fa 39725 typ host generation 0 ufrag cGaW network-cost 999","sdpMid":"1","sdpMLineIndex":1,"__module__":"kurento","__type__":"IceCandidate"}},"sessionId":"e0626178-ed7c-4d4a-a160-9d8266c66a8f"},"id":207}
1:34:15.315849602 [335m   34[00m 0x7fb834001c60 [37mDEBUG  [00m [00mKurentoWebSocketTransport WebSocketTransport.cpp:462:processMessage:[00m Response: {"id":207,"jsonrpc":"2.0","result":{"sessionId":"e0626178-ed7c-4d4a-a160-9d8266c66a8f","value":null}}
1:34:15.315887020 [335m   34[00m 0x7fb834001c60 [37mDEBUG  [00m [00mKurentoWebSocketTransport WebSocketTransport.cpp:460:processMessage:[00m Message: {"jsonrpc":"2.0","method":"invoke","params":{"object":"e35ba687-a51e-4a44-a712-d192cf71521d_kurento.MediaPipeline/818884a8-b356-42ab-b0f4-7e51b7f73077_kurento.WebRtcEndpoint","operation":"addIceCandidate","operationParams":{"candidate":{"candidate":"candidate:1527261658 1 udp 2113937151 10.94.93.210 42751 typ host generation 0 ufrag cGaW network-cost 999","sdpMid":"2","sdpMLineIndex":2,"__module__":"kurento","__type__":"IceCandidate"}},"sessionId":"e0626178-ed7c-4d4a-a160-9d8266c66a8f"},"id":208}
1:34:15.316220408 [335m   34[00m 0x7fb834001c60 [37mDEBUG  [00m [00mKurentoWebSocketTransport WebSocketTransport.cpp:462:processMessage:[00m Response: {"id":208,"jsonrpc":"2.0","result":{"sessionId":"e0626178-ed7c-4d4a-a160-9d8266c66a8f","value":null}}
1:34:15.316251249 [335m   34[00m 0x7fb834001c60 [37mDEBUG  [00m [00mKurentoWebSocketTransport WebSocketTransport.cpp:460:processMessage:[00m Message: {"jsonrpc":"2.0","method":"invoke","params":{"object":"e35ba687-a51e-4a44-a712-d192cf71521d_kurento.MediaPipeline/818884a8-b356-42ab-b0f4-7e51b7f73077_kurento.WebRtcEndpoint","operation":"addIceCandidate","operationParams":{"candidate":{"candidate":"candidate:2888196459 1 udp 2113939711 2001:44c8:470e:1423:6d6d:6435:311:a7fa 41100 typ host generation 0 ufrag cGaW network-cost 999","sdpMid":"2","sdpMLineIndex":2,"__module__":"kurento","__type__":"IceCandidate"}},"sessionId":"e0626178-ed7c-4d4a-a160-9d8266c66a8f"},"id":209}
1:34:15.317156599 [335m   34[00m 0x7fb834001c60 [37mDEBUG  [00m [00mKurentoWebSocketTransport WebSocketTransport.cpp:462:processMessage:[00m Response: {"id":209,"jsonrpc":"2.0","result":{"sessionId":"e0626178-ed7c-4d4a-a160-9d8266c66a8f","value":null}}
1:34:15.317192926 [335m   34[00m 0x7fb834001c60 [37mDEBUG  [00m [00mKurentoWebSocketTransport WebSocketTransport.cpp:460:processMessage:[00m Message: {"jsonrpc":"2.0","method":"invoke","params":{"object":"e35ba687-a51e-4a44-a712-d192cf71521d_kurento.MediaPipeline/a2536636-215a-4fc5-8a0f-aebddaad3698_datachannelexample.KmsSendData","operation":"connect","operationParams":{"sink":"e35ba687-a51e-4a44-a712-d192cf71521d_kurento.MediaPipeline/818884a8-b356-42ab-b0f4-7e51b7f73077_kurento.WebRtcEndpoint"},"sessionId":"e0626178-ed7c-4d4a-a160-9d8266c66a8f"},"id":210}
1:34:15.317316765 [335m   34[00m 0x7fb834001c60 [37mDEBUG  [00m [00mKurentoMediaElementImpl MediaElementImpl.cpp:902:connect:[00m Connecting e35ba687-a51e-4a44-a712-d192cf71521d_kurento.MediaPipeline/a2536636-215a-4fc5-8a0f-aebddaad3698_datachannelexample.KmsSendData -> e35ba687-a51e-4a44-a712-d192cf71521d_kurento.MediaPipeline/818884a8-b356-42ab-b0f4-7e51b7f73077_kurento.WebRtcEndpoint params AUDIO default default
1:34:15.317467211 [335m   34[00m 0x7fb834001c60 [37mDEBUG  [00m [00mKurentoMediaElementImpl MediaElementImpl.cpp:902:connect:[00m Connecting e35ba687-a51e-4a44-a712-d192cf71521d_kurento.MediaPipeline/a2536636-215a-4fc5-8a0f-aebddaad3698_datachannelexample.KmsSendData -> e35ba687-a51e-4a44-a712-d192cf71521d_kurento.MediaPipeline/818884a8-b356-42ab-b0f4-7e51b7f73077_kurento.WebRtcEndpoint params VIDEO default default
1:34:15.317557835 [335m   34[00m 0x7fb834001c60 [37mDEBUG  [00m [00mKurentoMediaElementImpl MediaElementImpl.cpp:902:connect:[00m Connecting e35ba687-a51e-4a44-a712-d192cf71521d_kurento.MediaPipeline/a2536636-215a-4fc5-8a0f-aebddaad3698_datachannelexample.KmsSendData -> e35ba687-a51e-4a44-a712-d192cf71521d_kurento.MediaPipeline/818884a8-b356-42ab-b0f4-7e51b7f73077_kurento.WebRtcEndpoint params DATA default default
1:34:15.317699689 [335m   34[00m 0x7fb834001c60 [37mDEBUG  [00m [00mKurentoWebSocketTransport WebSocketTransport.cpp:462:processMessage:[00m Response: {"id":210,"jsonrpc":"2.0","result":{"sessionId":"e0626178-ed7c-4d4a-a160-9d8266c66a8f","value":null}}
1:34:15.403360486 [335m   34[00m 0x7fb734002070 [37mDEBUG  [00m [00mKurentoWebSocketEventHandler WebSocketEventHandler.cpp:56:sendEvent:[00m Sending event: {"jsonrpc":"2.0","method":"onEvent","params":{"value":{"data":{"candidate":{"__module__":"kurento","__type__":"IceCandidate","candidate":"candidate:5 1 UDP 1677722111 203.151.20.94 10241 typ srflx raddr 172.20.0.10 rport 10241","sdpMLineIndex":0,"sdpMid":"0"},"source":"e35ba687-a51e-4a44-a712-d192cf71521d_kurento.MediaPipeline/818884a8-b356-42ab-b0f4-7e51b7f73077_kurento.WebRtcEndpoint","tags":[],"timestamp":"1604984171","timestampMillis":"1604984171916","type":"OnIceCandidate"},"object":"e35ba687-a51e-4a44-a712-d192cf71521d_kurento.MediaPipeline/818884a8-b356-42ab-b0f4-7e51b7f73077_kurento.WebRtcEndpoint","type":"OnIceCandidate"}}}, sessionId: e0626178-ed7c-4d4a-a160-9d8266c66a8f
1:34:15.403469340 [335m   34[00m 0x7fb734002070 [37mDEBUG  [00m [00mKurentoWebSocketEventHandler WebSocketEventHandler.cpp:56:sendEvent:[00m Sending event: {"jsonrpc":"2.0","method":"onEvent","params":{"value":{"data":{"candidate":{"__module__":"kurento","__type__":"IceCandidate","candidate":"candidate:5 1 UDP 1677722111 203.151.20.94 10241 typ srflx raddr 172.20.0.10 rport 10241","sdpMLineIndex":1,"sdpMid":"1"},"source":"e35ba687-a51e-4a44-a712-d192cf71521d_kurento.MediaPipeline/818884a8-b356-42ab-b0f4-7e51b7f73077_kurento.WebRtcEndpoint","tags":[],"timestamp":"1604984171","timestampMillis":"1604984171916","type":"OnIceCandidate"},"object":"e35ba687-a51e-4a44-a712-d192cf71521d_kurento.MediaPipeline/818884a8-b356-42ab-b0f4-7e51b7f73077_kurento.WebRtcEndpoint","type":"OnIceCandidate"}}}, sessionId: e0626178-ed7c-4d4a-a160-9d8266c66a8f
