1:34:15.403542160 [335m   34[00m 0x7fb734002070 [37mDEBUG  [00m [00mKurentoWebSocketEventHandler WebSocketEventHandler.cpp:56:sendEvent:[00m Sending event: {"jsonrpc":"2.0","method":"onEvent","params":{"value":{"data":{"candidate":{"__module__":"kurento","__type__":"IceCandidate","candidate":"candidate:5 1 UDP 1677722111 203.151.20.94 10241 typ srflx raddr 172.20.0.10 rport 10241","sdpMLineIndex":2,"sdpMid":"2"},"source":"e35ba687-a51e-4a44-a712-d192cf71521d_kurento.MediaPipeline/818884a8-b356-42ab-b0f4-7e51b7f73077_kurento.WebRtcEndpoint","tags":[],"timestamp":"1604984171","timestampMillis":"1604984171916","type":"OnIceCandidate"},"object":"e35ba687-a51e-4a44-a712-d192cf71521d_kurento.MediaPipeline/818884a8-b356-42ab-b0f4-7e51b7f73077_kurento.WebRtcEndpoint","type":"OnIceCandidate"}}}, sessionId: e0626178-ed7c-4d4a-a160-9d8266c66a8f
1:34:15.403707262 [335m   34[00m 0x7fb734002070 [37mDEBUG  [00m [00mKurentoWebSocketEventHandler WebSocketEventHandler.cpp:56:sendEvent:[00m Sending event: {"jsonrpc":"2.0","method":"onEvent","params":{"value":{"data":{"candidate":{"__module__":"kurento","__type__":"IceCandidate","candidate":"candidate:6 1 TCP 847249663 203.151.20.94 9 typ srflx raddr 172.20.0.10 rport 9 tcptype active","sdpMLineIndex":0,"sdpMid":"0"},"source":"e35ba687-a51e-4a44-a712-d192cf71521d_kurento.MediaPipeline/818884a8-b356-42ab-b0f4-7e51b7f73077_kurento.WebRtcEndpoint","tags":[],"timestamp":"1604984171","timestampMillis":"1604984171916","type":"OnIceCandidate"},"object":"e35ba687-a51e-4a44-a712-d192cf71521d_kurento.MediaPipeline/818884a8-b356-42ab-b0f4-7e51b7f73077_kurento.WebRtcEndpoint","type":"OnIceCandidate"}}}, sessionId: e0626178-ed7c-4d4a-a160-9d8266c66a8f
1:34:15.404011176 [335m   34[00m 0x7fb734002070 [37mDEBUG  [00m [00mKurentoWebSocketEventHandler WebSocketEventHandler.cpp:56:sendEvent:[00m Sending event: {"jsonrpc":"2.0","method":"onEvent","params":{"value":{"data":{"candidate":{"__module__":"kurento","__type__":"IceCandidate","candidate":"candidate:6 1 TCP 847249663 203.151.20.94 9 typ srflx raddr 172.20.0.10 rport 9 tcptype active","sdpMLineIndex":1,"sdpMid":"1"},"source":"e35ba687-a51e-4a44-a712-d192cf71521d_kurento.MediaPipeline/818884a8-b356-42ab-b0f4-7e51b7f73077_kurento.WebRtcEndpoint","tags":[],"timestamp":"1604984171","timestampMillis":"1604984171917","type":"OnIceCandidate"},"object":"e35ba687-a51e-4a44-a712-d192cf71521d_kurento.MediaPipeline/818884a8-b356-42ab-b0f4-7e51b7f73077_kurento.WebRtcEndpoint","type":"OnIceCandidate"}}}, sessionId: e0626178-ed7c-4d4a-a160-9d8266c66a8f
1:34:15.404083600 [335m   34[00m 0x7fb734002070 [37mDEBUG  [00m [00mKurentoWebSocketEventHandler WebSocketEventHandler.cpp:56:sendEvent:[00m Sending event: {"jsonrpc":"2.0","method":"onEvent","params":{"value":{"data":{"candidate":{"__module__":"kurento","__type__":"IceCandidate","candidate":"candidate:6 1 TCP 847249663 203.151.20.94 9 typ srflx raddr 172.20.0.10 rport 9 tcptype active","sdpMLineIndex":2,"sdpMid":"2"},"source":"e35ba687-a51e-4a44-a712-d192cf71521d_kurento.MediaPipeline/818884a8-b356-42ab-b0f4-7e51b7f73077_kurento.WebRtcEndpoint","tags":[],"timestamp":"1604984171","timestampMillis":"1604984171917","type":"OnIceCandidate"},"object":"e35ba687-a51e-4a44-a712-d192cf71521d_kurento.MediaPipeline/818884a8-b356-42ab-b0f4-7e51b7f73077_kurento.WebRtcEndpoint","type":"OnIceCandidate"}}}, sessionId: e0626178-ed7c-4d4a-a160-9d8266c66a8f
1:34:15.404275409 [335m   34[00m 0x7fb734002070 [37mDEBUG  [00m [00mKurentoWebSocketEventHandler WebSocketEventHandler.cpp:56:sendEvent:[00m Sending event: {"jsonrpc":"2.0","method":"onEvent","params":{"value":{"data":{"candidate":{"__module__":"kurento","__type__":"IceCandidate","candidate":"candidate:7 1 TCP 843055359 203.151.20.94 10269 typ srflx raddr 172.20.0.10 rport 10269 tcptype passive","sdpMLineIndex":0,"sdpMid":"0"},"source":"e35ba687-a51e-4a44-a712-d192cf71521d_kurento.MediaPipeline/818884a8-b356-42ab-b0f4-7e51b7f73077_kurento.WebRtcEndpoint","tags":[],"timestamp":"1604984171","timestampMillis":"1604984171917","type":"OnIceCandidate"},"object":"e35ba687-a51e-4a44-a712-d192cf71521d_kurento.MediaPipeline/818884a8-b356-42ab-b0f4-7e51b7f73077_kurento.WebRtcEndpoint","type":"OnIceCandidate"}}}, sessionId: e0626178-ed7c-4d4a-a160-9d8266c66a8f
1:34:15.404572183 [335m   34[00m 0x7fb734002070 [37mDEBUG  [00m [00mKurentoWebSocketEventHandler WebSocketEventHandler.cpp:56:sendEvent:[00m Sending event: {"jsonrpc":"2.0","method":"onEvent","params":{"value":{"data":{"candidate":{"__module__":"kurento","__type__":"IceCandidate","candidate":"candidate:7 1 TCP 843055359 203.151.20.94 10269 typ srflx raddr 172.20.0.10 rport 10269 tcptype passive","sdpMLineIndex":1,"sdpMid":"1"},"source":"e35ba687-a51e-4a44-a712-d192cf71521d_kurento.MediaPipeline/818884a8-b356-42ab-b0f4-7e51b7f73077_kurento.WebRtcEndpoint","tags":[],"timestamp":"1604984171","timestampMillis":"1604984171917","type":"OnIceCandidate"},"object":"e35ba687-a51e-4a44-a712-d192cf71521d_kurento.MediaPipeline/818884a8-b356-42ab-b0f4-7e51b7f73077_kurento.WebRtcEndpoint","type":"OnIceCandidate"}}}, sessionId: e0626178-ed7c-4d4a-a160-9d8266c66a8f
1:34:15.404647759 [335m   34[00m 0x7fb734002070 [37mDEBUG  [00m [00mKurentoWebSocketEventHandler WebSocketEventHandler.cpp:56:sendEvent:[00m Sending event: {"jsonrpc":"2.0","method":"onEvent","params":{"value":{"data":{"candidate":{"__module__":"kurento","__type__":"IceCandidate","candidate":"candidate:7 1 TCP 843055359 203.151.20.94 10269 typ srflx raddr 172.20.0.10 rport 10269 tcptype passive","sdpMLineIndex":2,"sdpMid":"2"},"source":"e35ba687-a51e-4a44-a712-d192cf71521d_kurento.MediaPipeline/818884a8-b356-42ab-b0f4-7e51b7f73077_kurento.WebRtcEndpoint","tags":[],"timestamp":"1604984171","timestampMillis":"1604984171917","type":"OnIceCandidate"},"object":"e35ba687-a51e-4a44-a712-d192cf71521d_kurento.MediaPipeline/818884a8-b356-42ab-b0f4-7e51b7f73077_kurento.WebRtcEndpoint","type":"OnIceCandidate"}}}, sessionId: e0626178-ed7c-4d4a-a160-9d8266c66a8f
1:34:16.535757989 [335m   34[00m 0x7fb830001cc0 [37mDEBUG  [00m [00mKurentoWebSocketTransport WebSocketTransport.cpp:460:processMessage:[00m Message: {"jsonrpc":"2.0","method":"invoke","params":{"object":"e35ba687-a51e-4a44-a712-d192cf71521d_kurento.MediaPipeline/818884a8-b356-42ab-b0f4-7e51b7f73077_kurento.WebRtcEndpoint","operation":"addIceCandidate","operationParams":{"candidate":{"candidate":"candidate:842163049 1 udp 1677729535 49.230.133.34 42335 typ srflx raddr 10.94.93.210 rport 42335 generation 0 ufrag cGaW network-cost 999","sdpMid":"1","sdpMLineIndex":1,"__module__":"kurento","__type__":"IceCandidate"}},"sessionId":"e0626178-ed7c-4d4a-a160-9d8266c66a8f"},"id":211}
1:34:16.536439338 [335m   34[00m 0x7fb830001cc0 [37mDEBUG  [00m [00mKurentoWebSocketTransport WebSocketTransport.cpp:462:processMessage:[00m Response: {"id":211,"jsonrpc":"2.0","result":{"sessionId":"e0626178-ed7c-4d4a-a160-9d8266c66a8f","value":null}}
1:34:16.540372912 [335m   34[00m 0x7fb800001b50 [37mDEBUG  [00m [00mKurentoWebSocketTransport WebSocketTransport.cpp:460:processMessage:[00m Message: {"jsonrpc":"2.0","method":"invoke","params":{"object":"e35ba687-a51e-4a44-a712-d192cf71521d_kurento.MediaPipeline/818884a8-b356-42ab-b0f4-7e51b7f73077_kurento.WebRtcEndpoint","operation":"addIceCandidate","operationParams":{"candidate":{"candidate":"candidate:842163049 1 udp 1677729535 49.230.133.34 42751 typ srflx raddr 10.94.93.210 rport 42751 generation 0 ufrag cGaW network-cost 999","sdpMid":"2","sdpMLineIndex":2,"__module__":"kurento","__type__":"IceCandidate"}},"sessionId":"e0626178-ed7c-4d4a-a160-9d8266c66a8f"},"id":212}
1:34:16.541173730 [335m   34[00m 0x7fb800001b50 [37mDEBUG  [00m [00mKurentoWebSocketTransport WebSocketTransport.cpp:462:processMessage:[00m Response: {"id":212,"jsonrpc":"2.0","result":{"sessionId":"e0626178-ed7c-4d4a-a160-9d8266c66a8f","value":null}}
1:34:16.572436433 [335m   34[00m 0x7fb840001c90 [37mDEBUG  [00m [00mKurentoWebSocketTransport WebSocketTransport.cpp:460:processMessage:[00m Message: {"jsonrpc":"2.0","method":"invoke","params":{"object":"e35ba687-a51e-4a44-a712-d192cf71521d_kurento.MediaPipeline/818884a8-b356-42ab-b0f4-7e51b7f73077_kurento.WebRtcEndpoint","operation":"addIceCandidate","operationParams":{"candidate":{"candidate":"candidate:842163049 1 udp 1677729535 49.230.133.34 43483 typ srflx raddr 10.94.93.210 rport 43483 generation 0 ufrag cGaW network-cost 999","sdpMid":"0","sdpMLineIndex":0,"__module__":"kurento","__type__":"IceCandidate"}},"sessionId":"e0626178-ed7c-4d4a-a160-9d8266c66a8f"},"id":213}
1:34:16.573724338 [335m   34[00m 0x7fb840001c90 [37mDEBUG  [00m [00mKurentoWebSocketTransport WebSocketTransport.cpp:462:processMessage:[00m Response: {"id":213,"jsonrpc":"2.0","result":{"sessionId":"e0626178-ed7c-4d4a-a160-9d8266c66a8f","value":null}}
1:34:16.939740225 [335m   34[00m 0x7fb83c018800 [37mDEBUG  [00m [00mKurentoWebRtcEndpointImpl WebRtcEndpointImpl.cpp:292:newSelectedPairFull:<kmswebrtcendpoint7>[00m New candidate pair selected, local: 'candidate:5 1 UDP 1677722111 203.151.20.94 10241 typ srflx raddr 172.20.0.10 rport 10241', remote: 'candidate:842163049 1 UDP 1677729535 49.230.133.34 43483 typ srflx raddr 10.94.93.210 rport 43483', stream_id: '1', component_id: 1
1:34:19.461702416 [335m   34[00m 0x7fb83c001b20 [37mDEBUG  [00m [00mKurentoWebSocketTransport WebSocketTransport.cpp:460:processMessage:[00m Message: {"jsonrpc":"2.0","method":"release","params":{"object":"e35ba687-a51e-4a44-a712-d192cf71521d_kurento.MediaPipeline/818884a8-b356-42ab-b0f4-7e51b7f73077_kurento.WebRtcEndpoint","sessionId":"e0626178-ed7c-4d4a-a160-9d8266c66a8f"},"id":214}
1:34:19.462033163 [335m   34[00m 0x7fb83c001b20 [37mDEBUG  [00m [00mKurentoWebSocketTransport WebSocketTransport.cpp:462:processMessage:[00m Response: {"id":214,"jsonrpc":"2.0","result":{"sessionId":"e0626178-ed7c-4d4a-a160-9d8266c66a8f"}}
1:34:19.462081717 [335m   34[00m 0x7fb868001860 [37mDEBUG  [00m [00mKurentoMediaElementImpl MediaElementImpl.cpp:1028:disconnect:[00m Disconnecting e35ba687-a51e-4a44-a712-d192cf71521d_kurento.MediaPipeline/a2536636-215a-4fc5-8a0f-aebddaad3698_datachannelexample.KmsSendData - e35ba687-a51e-4a44-a712-d192cf71521d_kurento.MediaPipeline/818884a8-b356-42ab-b0f4-7e51b7f73077_kurento.WebRtcEndpoint params AUDIO default default
1:34:19.462460797 [335m   34[00m 0x7fb868001860 [37mDEBUG  [00m [00mKurentoMediaElementImpl MediaElementImpl.cpp:1028:disconnect:[00m Disconnecting e35ba687-a51e-4a44-a712-d192cf71521d_kurento.MediaPipeline/a2536636-215a-4fc5-8a0f-aebddaad3698_datachannelexample.KmsSendData - e35ba687-a51e-4a44-a712-d192cf71521d_kurento.MediaPipeline/818884a8-b356-42ab-b0f4-7e51b7f73077_kurento.WebRtcEndpoint params DATA default default
1:34:19.462526956 [335m   34[00m 0x7fb868001860 [37mDEBUG  [00m [00mKurentoMediaElementImpl MediaElementImpl.cpp:1028:disconnect:[00m Disconnecting e35ba687-a51e-4a44-a712-d192cf71521d_kurento.MediaPipeline/a2536636-215a-4fc5-8a0f-aebddaad3698_datachannelexample.KmsSendData - e35ba687-a51e-4a44-a712-d192cf71521d_kurento.MediaPipeline/818884a8-b356-42ab-b0f4-7e51b7f73077_kurento.WebRtcEndpoint params VIDEO default default
1:34:19.462608691 [335m   34[00m 0x7fb868001860 [37mDEBUG  [00m [00m     KurentoMediaSet MediaSet.cpp:470:async_delete:[00m Destroying WebRtcEndpoint -> e35ba687-a51e-4a44-a712-d192cf71521d_kurento.MediaPipeline/818884a8-b356-42ab-b0f4-7e51b7f73077_kurento.WebRtcEndpoint
1:34:19.463974007 [335m   34[00m 0x7fb8480072f0 [37mDEBUG  [00m [00mKurentoWebSocketTransport WebSocketTransport.cpp:460:processMessage:[00m Message: {"jsonrpc":"2.0","method":"unsubscribe","params":{"object":"e35ba687-a51e-4a44-a712-d192cf71521d_kurento.MediaPipeline/818884a8-b356-42ab-b0f4-7e51b7f73077_kurento.WebRtcEndpoint","subscription":"93d4f45b-4665-4cea-b0fc-aa21d146c472","sessionId":"e0626178-ed7c-4d4a-a160-9d8266c66a8f"},"id":215}
1:34:19.464417101 [335m   34[00m 0x7fb8480072f0 [37mDEBUG  [00m [00mKurentoWebSocketTransport WebSocketTransport.cpp:462:processMessage:[00m Response: {"id":215,"jsonrpc":"2.0","result":{"sessionId":"e0626178-ed7c-4d4a-a160-9d8266c66a8f"}}
1:35:00.451299460 [335m   34[00m 0x7fb800001410 [36mINFO   [00m [00mKurentoWebSocketTransport WebSocketTransport.cpp:296:keepAliveSessions:[00m Keep alive e0626178-ed7c-4d4a-a160-9d8266c66a8f
1:35:00.701514609 [335m   34[00m 0x7fb82c001810 [37mDEBUG  [00m [00mKurentoWebSocketTransport WebSocketTransport.cpp:460:processMessage:[00m Message: {"jsonrpc":"2.0","method":"ping","id":216}
1:35:00.701632333 [335m   34[00m 0x7fb82c001810 [36mINFO   [00m [00mKurentoServerMethods ServerMethods.cpp:814:ping:[00m WebSocket Ping/Pong with sessionId e0626178-ed7c-4d4a-a160-9d8266c66a8f
1:35:00.701708214 [335m   34[00m 0x7fb82c001810 [37mDEBUG  [00m [00mKurentoWebSocketTransport WebSocketTransport.cpp:462:processMessage:[00m Response: {"id":216,"jsonrpc":"2.0","result":{"sessionId":"e0626178-ed7c-4d4a-a160-9d8266c66a8f","value":"pong"}}
1:35:00.781652004 [335m   34[00m 0x7fb734002070 [37mDEBUG  [00m [00mKurentoWebSocketEventHandler WebSocketEventHandler.cpp:56:sendEvent:[00m Sending event: {"jsonrpc":"2.0","method":"onEvent","params":{"value":{"data":{"source":"e35ba687-a51e-4a44-a712-d192cf71521d_kurento.MediaPipeline/796c56a1-6711-460a-b5ef-b4fcaef3bf30_kurento.PlayerEndpoint","tags":[],"timestamp":"1604984217","timestampMillis":"1604984217294","type":"EndOfStream"},"object":"e35ba687-a51e-4a44-a712-d192cf71521d_kurento.MediaPipeline/796c56a1-6711-460a-b5ef-b4fcaef3bf30_kurento.PlayerEndpoint","type":"EndOfStream"}}}, sessionId: e0626178-ed7c-4d4a-a160-9d8266c66a8f
1:35:03.527127706 [335m   34[00m 0x7fb828006280 [37mDEBUG  [00m [00mKurentoMediaElementImpl MediaElementImpl.cpp:464:mediaFlowOutStateChange:<kmssenddata0>[00m MediaFlowOutStateChange: NOT FLOWING, pad: 'default', type: 'video'
1:35:03.527208339 [335m   34[00m 0x7fb828006280 [37mDEBUG  [00m [00mKurentoMediaElementImpl MediaElementImpl.cpp:496:mediaFlowInStateChange:<kmssenddata0>[00m MediaFlowInStateChange: NOT FLOWING, pad: 'default', type: 'video'
1:35:03.527230421 [335m   34[00m 0x7fb828006280 [37mDEBUG  [00m [00mKurentoMediaElementImpl MediaElementImpl.cpp:464:mediaFlowOutStateChange:<kmssenddata0>[00m MediaFlowOutStateChange: NOT FLOWING, pad: 'default', type: 'audio'
1:35:03.527246386 [335m   34[00m 0x7fb828006280 [37mDEBUG  [00m [00mKurentoMediaElementImpl MediaElementImpl.cpp:496:mediaFlowInStateChange:<kmssenddata0>[00m MediaFlowInStateChange: NOT FLOWING, pad: 'default', type: 'audio'
1:35:03.527262588 [335m   34[00m 0x7fb828006280 [37mDEBUG  [00m [00mKurentoMediaElementImpl MediaElementImpl.cpp:496:mediaFlowInStateChange:<kmsrecorderendpoint0>[00m MediaFlowInStateChange: NOT FLOWING, pad: 'default', type: 'audio'
1:35:03.527278884 [335m   34[00m 0x7fb828006280 [37mDEBUG  [00m [00mKurentoMediaElementImpl MediaElementImpl.cpp:496:mediaFlowInStateChange:<kmsrecorderendpoint0>[00m MediaFlowInStateChange: NOT FLOWING, pad: 'default', type: 'video'
1:35:03.527300786 [335m   34[00m 0x7fb828006280 [37mDEBUG  [00m [00mKurentoMediaElementImpl MediaElementImpl.cpp:464:mediaFlowOutStateChange:<kmsplayerendpoint0>[00m MediaFlowOutStateChange: NOT FLOWING, pad: 'default', type: 'video'
1:35:03.527316988 [335m   34[00m 0x7fb828006280 [37mDEBUG  [00m [00mKurentoMediaElementImpl MediaElementImpl.cpp:464:mediaFlowOutStateChange:<kmsplayerendpoint0>[00m MediaFlowOutStateChange: NOT FLOWING, pad: 'default', type: 'audio'
1:35:03.527333630 [335m   34[00m 0x7fb828006280 [37mDEBUG  [00m [00mKurentoMediaElementImpl MediaElementImpl.cpp:496:mediaFlowInStateChange:<kmswebrtcendpoint0>[00m MediaFlowInStateChange: NOT FLOWING, pad: 'default', type: 'video'
1:35:03.527348704 [335m   34[00m 0x7fb828006280 [37mDEBUG  [00m [00mKurentoMediaElementImpl MediaElementImpl.cpp:496:mediaFlowInStateChange:<kmswebrtcendpoint0>[00m MediaFlowInStateChange: NOT FLOWING, pad: 'default', type: 'audio'
1:35:03.527366004 [335m   34[00m 0x7fb828006280 [37mDEBUG  [00m [00mKurentoMediaElementImpl MediaElementImpl.cpp:496:mediaFlowInStateChange:<kmswebrtcendpoint1>[00m MediaFlowInStateChange: NOT FLOWING, pad: 'default', type: 'video'
1:35:03.527380978 [335m   34[00m 0x7fb828006280 [37mDEBUG  [00m [00mKurentoMediaElementImpl MediaElementImpl.cpp:496:mediaFlowInStateChange:<kmswebrtcendpoint1>[00m MediaFlowInStateChange: NOT FLOWING, pad: 'default', type: 'audio'
1:35:03.527396600 [335m   34[00m 0x7fb828006280 [37mDEBUG  [00m [00mKurentoMediaElementImpl MediaElementImpl.cpp:496:mediaFlowInStateChange:<kmswebrtcendpoint2>[00m MediaFlowInStateChange: NOT FLOWING, pad: 'default', type: 'video'
1:35:03.527411747 [335m   34[00m 0x7fb828006280 [37mDEBUG  [00m [00mKurentoMediaElementImpl MediaElementImpl.cpp:496:mediaFlowInStateChange:<kmswebrtcendpoint2>[00m MediaFlowInStateChange: NOT FLOWING, pad: 'default', type: 'audio'
1:35:03.527426207 [335m   34[00m 0x7fb828006280 [37mDEBUG  [00m [00mKurentoMediaElementImpl MediaElementImpl.cpp:496:mediaFlowInStateChange:<kmswebrtcendpoint3>[00m MediaFlowInStateChange: NOT FLOWING, pad: 'default', type: 'video'
1:35:03.527441492 [335m   34[00m 0x7fb828006280 [37mDEBUG  [00m [00mKurentoMediaElementImpl MediaElementImpl.cpp:496:mediaFlowInStateChange:<kmswebrtcendpoint3>[00m MediaFlowInStateChange: NOT FLOWING, pad: 'default', type: 'audio'
1:35:03.527456289 [335m   34[00m 0x7fb828006280 [37mDEBUG  [00m [00mKurentoMediaElementImpl MediaElementImpl.cpp:496:mediaFlowInStateChange:<kmswebrtcendpoint4>[00m MediaFlowInStateChange: NOT FLOWING, pad: 'default', type: 'video'
1:35:03.527480750 [335m   34[00m 0x7fb828006280 [37mDEBUG  [00m [00mKurentoMediaElementImpl MediaElementImpl.cpp:496:mediaFlowInStateChange:<kmswebrtcendpoint4>[00m MediaFlowInStateChange: NOT FLOWING, pad: 'default', type: 'audio'
1:35:03.527496678 [335m   34[00m 0x7fb828006280 [37mDEBUG  [00m [00mKurentoMediaElementImpl MediaElementImpl.cpp:496:mediaFlowInStateChange:<kmswebrtcendpoint5>[00m MediaFlowInStateChange: NOT FLOWING, pad: 'default', type: 'video'
1:35:03.527511299 [335m   34[00m 0x7fb828006280 [37mDEBUG  [00m [00mKurentoMediaElementImpl MediaElementImpl.cpp:496:mediaFlowInStateChange:<kmswebrtcendpoint5>[00m MediaFlowInStateChange: NOT FLOWING, pad: 'default', type: 'audio'
1:36:00.423611222 [335m   34[00m 0x7fb838001c30 [37mDEBUG  [00m [00m     KurentoMediaSet MediaSet.cpp:123:doGarbageCollection:[00m Running garbage collector
1:36:00.451642793 [335m   34[00m 0x7fb800001410 [36mINFO   [00m [00mKurentoWebSocketTransport WebSocketTransport.cpp:296:keepAliveSessions:[00m Keep alive e0626178-ed7c-4d4a-a160-9d8266c66a8f
1:36:00.703351776 [335m   34[00m 0x7fb844002180 [37mDEBUG  [00m [00mKurentoWebSocketTransport WebSocketTransport.cpp:460:processMessage:[00m Message: {"jsonrpc":"2.0","method":"ping","id":217}
1:36:00.703934636 [335m   34[00m 0x7fb844002180 [36mINFO   [00m [00mKurentoServerMethods ServerMethods.cpp:814:ping:[00m WebSocket Ping/Pong with sessionId e0626178-ed7c-4d4a-a160-9d8266c66a8f
1:36:00.704457221 [335m   34[00m 0x7fb844002180 [37mDEBUG  [00m [00mKurentoWebSocketTransport WebSocketTransport.cpp:462:processMessage:[00m Response: {"id":217,"jsonrpc":"2.0","result":{"sessionId":"e0626178-ed7c-4d4a-a160-9d8266c66a8f","value":"pong"}}
1:36:07.921093081 [335m   34[00m 0x7fb834001c60 [37mDEBUG  [00m [00mKurentoWebSocketTransport WebSocketTransport.cpp:460:processMessage:[00m Message: {"jsonrpc":"2.0","method":"release","params":{"object":"e35ba687-a51e-4a44-a712-d192cf71521d_kurento.MediaPipeline/9703a116-ece7-4de0-bd7d-c67590239948_kurento.WebRtcEndpoint","sessionId":"e0626178-ed7c-4d4a-a160-9d8266c66a8f"},"id":218}
1:36:07.921415458 [335m   34[00m 0x7fb834001c60 [37mDEBUG  [00m [00mKurentoWebSocketTransport WebSocketTransport.cpp:462:processMessage:[00m Response: {"id":218,"jsonrpc":"2.0","result":{"sessionId":"e0626178-ed7c-4d4a-a160-9d8266c66a8f"}}
1:36:07.921432168 [335m   34[00m 0x7fb878001840 [37mDEBUG  [00m [00mKurentoMediaElementImpl MediaElementImpl.cpp:1028:disconnect:[00m Disconnecting e35ba687-a51e-4a44-a712-d192cf71521d_kurento.MediaPipeline/a2536636-215a-4fc5-8a0f-aebddaad3698_datachannelexample.KmsSendData - e35ba687-a51e-4a44-a712-d192cf71521d_kurento.MediaPipeline/9703a116-ece7-4de0-bd7d-c67590239948_kurento.WebRtcEndpoint params AUDIO default default
1:36:07.921856598 [335m   34[00m 0x7fb878001840 [37mDEBUG  [00m [00mKurentoMediaElementImpl MediaElementImpl.cpp:1028:disconnect:[00m Disconnecting e35ba687-a51e-4a44-a712-d192cf71521d_kurento.MediaPipeline/a2536636-215a-4fc5-8a0f-aebddaad3698_datachannelexample.KmsSendData - e35ba687-a51e-4a44-a712-d192cf71521d_kurento.MediaPipeline/9703a116-ece7-4de0-bd7d-c67590239948_kurento.WebRtcEndpoint params DATA default default
1:36:07.921931804 [335m   34[00m 0x7fb878001840 [37mDEBUG  [00m [00mKurentoMediaElementImpl MediaElementImpl.cpp:1028:disconnect:[00m Disconnecting e35ba687-a51e-4a44-a712-d192cf71521d_kurento.MediaPipeline/a2536636-215a-4fc5-8a0f-aebddaad3698_datachannelexample.KmsSendData - e35ba687-a51e-4a44-a712-d192cf71521d_kurento.MediaPipeline/9703a116-ece7-4de0-bd7d-c67590239948_kurento.WebRtcEndpoint params VIDEO default default
1:36:07.922175502 [335m   34[00m 0x7fb878001840 [37mDEBUG  [00m [00m     KurentoMediaSet MediaSet.cpp:470:async_delete:[00m Destroying WebRtcEndpoint -> e35ba687-a51e-4a44-a712-d192cf71521d_kurento.MediaPipeline/9703a116-ece7-4de0-bd7d-c67590239948_kurento.WebRtcEndpoint
1:36:07.922889887 [335m   34[00m 0x7fb850001840 [37mDEBUG  [00m [00mKurentoWebSocketTransport WebSocketTransport.cpp:460:processMessage:[00m Message: {"jsonrpc":"2.0","method":"unsubscribe","params":{"object":"e35ba687-a51e-4a44-a712-d192cf71521d_kurento.MediaPipeline/9703a116-ece7-4de0-bd7d-c67590239948_kurento.WebRtcEndpoint","subscription":"b420adba-ba54-4d29-98ff-b1b5996be93b","sessionId":"e0626178-ed7c-4d4a-a160-9d8266c66a8f"},"id":219}
1:36:07.924001247 [335m   34[00m 0x7fb850001840 [37mDEBUG  [00m [00mKurentoWebSocketTransport WebSocketTransport.cpp:462:processMessage:[00m Response: {"id":219,"jsonrpc":"2.0","result":{"sessionId":"e0626178-ed7c-4d4a-a160-9d8266c66a8f"}}
1:36:09.106971502 [335m   34[00m 0x7fb830001cc0 [37mDEBUG  [00m [00mKurentoWebSocketTransport WebSocketTransport.cpp:460:processMessage:[00m Message: {"jsonrpc":"2.0","method":"release","params":{"object":"e35ba687-a51e-4a44-a712-d192cf71521d_kurento.MediaPipeline/fc82a9f5-7e6e-48db-ac13-6462d8e001da_kurento.WebRtcEndpoint","sessionId":"e0626178-ed7c-4d4a-a160-9d8266c66a8f"},"id":220}
1:36:09.107506559 [335m   34[00m 0x7fb830001cc0 [37mDEBUG  [00m [00mKurentoWebSocketTransport WebSocketTransport.cpp:462:processMessage:[00m Response: {"id":220,"jsonrpc":"2.0","result":{"sessionId":"e0626178-ed7c-4d4a-a160-9d8266c66a8f"}}
1:36:09.107280347 [335m   34[00m 0x7fb864001960 [37mDEBUG  [00m [00mKurentoMediaElementImpl MediaElementImpl.cpp:1028:disconnect:[00m Disconnecting e35ba687-a51e-4a44-a712-d192cf71521d_kurento.MediaPipeline/a2536636-215a-4fc5-8a0f-aebddaad3698_datachannelexample.KmsSendData - e35ba687-a51e-4a44-a712-d192cf71521d_kurento.MediaPipeline/fc82a9f5-7e6e-48db-ac13-6462d8e001da_kurento.WebRtcEndpoint params AUDIO default default
1:36:09.107838391 [335m   34[00m 0x7fb864001960 [37mDEBUG  [00m [00mKurentoMediaElementImpl MediaElementImpl.cpp:1028:disconnect:[00m Disconnecting e35ba687-a51e-4a44-a712-d192cf71521d_kurento.MediaPipeline/a2536636-215a-4fc5-8a0f-aebddaad3698_datachannelexample.KmsSendData - e35ba687-a51e-4a44-a712-d192cf71521d_kurento.MediaPipeline/fc82a9f5-7e6e-48db-ac13-6462d8e001da_kurento.WebRtcEndpoint params DATA default default
1:36:09.107924797 [335m   34[00m 0x7fb864001960 [37mDEBUG  [00m [00mKurentoMediaElementImpl MediaElementImpl.cpp:1028:disconnect:[00m Disconnecting e35ba687-a51e-4a44-a712-d192cf71521d_kurento.MediaPipeline/a2536636-215a-4fc5-8a0f-aebddaad3698_datachannelexample.KmsSendData - e35ba687-a51e-4a44-a712-d192cf71521d_kurento.MediaPipeline/fc82a9f5-7e6e-48db-ac13-6462d8e001da_kurento.WebRtcEndpoint params VIDEO default default
1:36:09.108221826 [335m   34[00m 0x7fb864001960 [37mDEBUG  [00m [00m     KurentoMediaSet MediaSet.cpp:470:async_delete:[00m Destroying WebRtcEndpoint -> e35ba687-a51e-4a44-a712-d192cf71521d_kurento.MediaPipeline/fc82a9f5-7e6e-48db-ac13-6462d8e001da_kurento.WebRtcEndpoint
1:36:09.109474001 [335m   34[00m 0x7fb800001b50 [37mDEBUG  [00m [00mKurentoWebSocketTransport WebSocketTransport.cpp:460:processMessage:[00m Message: {"jsonrpc":"2.0","method":"unsubscribe","params":{"object":"e35ba687-a51e-4a44-a712-d192cf71521d_kurento.MediaPipeline/fc82a9f5-7e6e-48db-ac13-6462d8e001da_kurento.WebRtcEndpoint","subscription":"aa5e1fea-52ae-4c44-9f76-8275111330a1","sessionId":"e0626178-ed7c-4d4a-a160-9d8266c66a8f"},"id":221}
1:36:09.109749291 [335m   34[00m 0x7fb800001b50 [37mDEBUG  [00m [00mKurentoWebSocketTransport WebSocketTransport.cpp:462:processMessage:[00m Response: {"id":221,"jsonrpc":"2.0","result":{"sessionId":"e0626178-ed7c-4d4a-a160-9d8266c66a8f"}}
1:36:12.607515495 [335m   34[00m 0x7fb83c001b20 [37mDEBUG  [00m [00mKurentoWebSocketTransport WebSocketTransport.cpp:460:processMessage:[00m Message: {"jsonrpc":"2.0","method":"release","params":{"object":"e35ba687-a51e-4a44-a712-d192cf71521d_kurento.MediaPipeline/76c64688-f516-4315-b5ba-f48b92d19ca5_kurento.WebRtcEndpoint","sessionId":"e0626178-ed7c-4d4a-a160-9d8266c66a8f"},"id":222}
1:36:12.607998319 [335m   34[00m 0x7fb868001860 [37mDEBUG  [00m [00mKurentoMediaElementImpl MediaElementImpl.cpp:1028:disconnect:[00m Disconnecting e35ba687-a51e-4a44-a712-d192cf71521d_kurento.MediaPipeline/a2536636-215a-4fc5-8a0f-aebddaad3698_datachannelexample.KmsSendData - e35ba687-a51e-4a44-a712-d192cf71521d_kurento.MediaPipeline/76c64688-f516-4315-b5ba-f48b92d19ca5_kurento.WebRtcEndpoint params AUDIO default default
1:36:12.608254250 [335m   34[00m 0x7fb83c001b20 [37mDEBUG  [00m [00mKurentoWebSocketTransport WebSocketTransport.cpp:462:processMessage:[00m Response: {"id":222,"jsonrpc":"2.0","result":{"sessionId":"e0626178-ed7c-4d4a-a160-9d8266c66a8f"}}
1:36:12.608704877 [335m   34[00m 0x7fb868001860 [37mDEBUG  [00m [00mKurentoMediaElementImpl MediaElementImpl.cpp:1028:disconnect:[00m Disconnecting e35ba687-a51e-4a44-a712-d192cf71521d_kurento.MediaPipeline/a2536636-215a-4fc5-8a0f-aebddaad3698_datachannelexample.KmsSendData - e35ba687-a51e-4a44-a712-d192cf71521d_kurento.MediaPipeline/76c64688-f516-4315-b5ba-f48b92d19ca5_kurento.WebRtcEndpoint params DATA default default
1:36:12.608981801 [335m   34[00m 0x7fb868001860 [37mDEBUG  [00m [00mKurentoMediaElementImpl MediaElementImpl.cpp:1028:disconnect:[00m Disconnecting e35ba687-a51e-4a44-a712-d192cf71521d_kurento.MediaPipeline/a2536636-215a-4fc5-8a0f-aebddaad3698_datachannelexample.KmsSendData - e35ba687-a51e-4a44-a712-d192cf71521d_kurento.MediaPipeline/76c64688-f516-4315-b5ba-f48b92d19ca5_kurento.WebRtcEndpoint params VIDEO default default
1:36:12.609399595 [335m   34[00m 0x7fb868001860 [37mDEBUG  [00m [00m     KurentoMediaSet MediaSet.cpp:470:async_delete:[00m Destroying WebRtcEndpoint -> e35ba687-a51e-4a44-a712-d192cf71521d_kurento.MediaPipeline/76c64688-f516-4315-b5ba-f48b92d19ca5_kurento.WebRtcEndpoint
1:36:12.609939973 [335m   34[00m 0x7fb82c001810 [37mDEBUG  [00m [00mKurentoWebSocketTransport WebSocketTransport.cpp:460:processMessage:[00m Message: {"jsonrpc":"2.0","method":"unsubscribe","params":{"object":"e35ba687-a51e-4a44-a712-d192cf71521d_kurento.MediaPipeline/76c64688-f516-4315-b5ba-f48b92d19ca5_kurento.WebRtcEndpoint","subscription":"9ef78381-4c69-4536-a1e3-293ec438cb53","sessionId":"e0626178-ed7c-4d4a-a160-9d8266c66a8f"},"id":223}
1:36:12.610142340 [335m   34[00m 0x7fb82c001810 [37mDEBUG  [00m [00mKurentoWebSocketTransport WebSocketTransport.cpp:462:processMessage:[00m Response: {"id":223,"jsonrpc":"2.0","result":{"sessionId":"e0626178-ed7c-4d4a-a160-9d8266c66a8f"}}
1:36:12.757676987 [335m   34[00m 0x7fb804001790 [37mDEBUG  [00m [00mKurentoWebSocketTransport WebSocketTransport.cpp:460:processMessage:[00m Message: {"jsonrpc":"2.0","method":"release","params":{"object":"e35ba687-a51e-4a44-a712-d192cf71521d_kurento.MediaPipeline/6803000c-81d0-4da2-bb45-63e6590d6843_kurento.WebRtcEndpoint","sessionId":"e0626178-ed7c-4d4a-a160-9d8266c66a8f"},"id":224}
1:36:12.758599104 [335m   34[00m 0x7fb804001790 [37mDEBUG  [00m [00mKurentoWebSocketTransport WebSocketTransport.cpp:462:processMessage:[00m Response: {"id":224,"jsonrpc":"2.0","result":{"sessionId":"e0626178-ed7c-4d4a-a160-9d8266c66a8f"}}
1:36:12.758614444 [335m   34[00m 0x7fb864001200 [37mDEBUG  [00m [00mKurentoMediaElementImpl MediaElementImpl.cpp:1028:disconnect:[00m Disconnecting e35ba687-a51e-4a44-a712-d192cf71521d_kurento.MediaPipeline/a2536636-215a-4fc5-8a0f-aebddaad3698_datachannelexample.KmsSendData - e35ba687-a51e-4a44-a712-d192cf71521d_kurento.MediaPipeline/6803000c-81d0-4da2-bb45-63e6590d6843_kurento.WebRtcEndpoint params AUDIO default default
1:36:12.759330180 [335m   34[00m 0x7fb864001200 [37mDEBUG  [00m [00mKurentoMediaElementImpl MediaElementImpl.cpp:1028:disconnect:[00m Disconnecting e35ba687-a51e-4a44-a712-d192cf71521d_kurento.MediaPipeline/a2536636-215a-4fc5-8a0f-aebddaad3698_datachannelexample.KmsSendData - e35ba687-a51e-4a44-a712-d192cf71521d_kurento.MediaPipeline/6803000c-81d0-4da2-bb45-63e6590d6843_kurento.WebRtcEndpoint params DATA default default
1:36:12.759402370 [335m   34[00m 0x7fb864001200 [37mDEBUG  [00m [00mKurentoMediaElementImpl MediaElementImpl.cpp:1028:disconnect:[00m Disconnecting e35ba687-a51e-4a44-a712-d192cf71521d_kurento.MediaPipeline/a2536636-215a-4fc5-8a0f-aebddaad3698_datachannelexample.KmsSendData - e35ba687-a51e-4a44-a712-d192cf71521d_kurento.MediaPipeline/6803000c-81d0-4da2-bb45-63e6590d6843_kurento.WebRtcEndpoint params VIDEO default default
1:36:12.759588722 [335m   34[00m 0x7fb864001200 [37mDEBUG  [00m [00m     KurentoMediaSet MediaSet.cpp:470:async_delete:[00m Destroying WebRtcEndpoint -> e35ba687-a51e-4a44-a712-d192cf71521d_kurento.MediaPipeline/6803000c-81d0-4da2-bb45-63e6590d6843_kurento.WebRtcEndpoint
1:36:12.760313734 [335m   34[00m 0x7fb844002180 [37mDEBUG  [00m [00mKurentoWebSocketTransport WebSocketTransport.cpp:460:processMessage:[00m Message: {"jsonrpc":"2.0","method":"unsubscribe","params":{"object":"e35ba687-a51e-4a44-a712-d192cf71521d_kurento.MediaPipeline/6803000c-81d0-4da2-bb45-63e6590d6843_kurento.WebRtcEndpoint","subscription":"bc19584e-ac31-40f9-a6d2-b6db69174c4b","sessionId":"e0626178-ed7c-4d4a-a160-9d8266c66a8f"},"id":225}
1:36:12.760584590 [335m   34[00m 0x7fb844002180 [37mDEBUG  [00m [00mKurentoWebSocketTransport WebSocketTransport.cpp:462:processMessage:[00m Response: {"id":225,"jsonrpc":"2.0","result":{"sessionId":"e0626178-ed7c-4d4a-a160-9d8266c66a8f"}}
1:36:13.014455008 [335m   34[00m 0x7fb834001c60 [37mDEBUG  [00m [00mKurentoWebSocketTransport WebSocketTransport.cpp:460:processMessage:[00m Message: {"jsonrpc":"2.0","method":"release","params":{"object":"e35ba687-a51e-4a44-a712-d192cf71521d_kurento.MediaPipeline/eeacf2e8-1891-46e5-bc55-7781177f3880_kurento.WebRtcEndpoint","sessionId":"e0626178-ed7c-4d4a-a160-9d8266c66a8f"},"id":226}
1:36:13.015146505 [335m   34[00m 0x7fb834001c60 [37mDEBUG  [00m [00mKurentoWebSocketTransport WebSocketTransport.cpp:462:processMessage:[00m Response: {"id":226,"jsonrpc":"2.0","result":{"sessionId":"e0626178-ed7c-4d4a-a160-9d8266c66a8f"}}
1:36:13.015176800 [335m   34[00m 0x7fb86c0018c0 [37mDEBUG  [00m [00mKurentoMediaElementImpl MediaElementImpl.cpp:1028:disconnect:[00m Disconnecting e35ba687-a51e-4a44-a712-d192cf71521d_kurento.MediaPipeline/a2536636-215a-4fc5-8a0f-aebddaad3698_datachannelexample.KmsSendData - e35ba687-a51e-4a44-a712-d192cf71521d_kurento.MediaPipeline/eeacf2e8-1891-46e5-bc55-7781177f3880_kurento.WebRtcEndpoint params AUDIO default default
1:36:13.015501951 [335m   34[00m 0x7fb86c0018c0 [37mDEBUG  [00m [00mKurentoMediaElementImpl MediaElementImpl.cpp:1028:disconnect:[00m Disconnecting e35ba687-a51e-4a44-a712-d192cf71521d_kurento.MediaPipeline/a2536636-215a-4fc5-8a0f-aebddaad3698_datachannelexample.KmsSendData - e35ba687-a51e-4a44-a712-d192cf71521d_kurento.MediaPipeline/eeacf2e8-1891-46e5-bc55-7781177f3880_kurento.WebRtcEndpoint params DATA default default
1:36:13.015574245 [335m   34[00m 0x7fb86c0018c0 [37mDEBUG  [00m [00mKurentoMediaElementImpl MediaElementImpl.cpp:1028:disconnect:[00m Disconnecting e35ba687-a51e-4a44-a712-d192cf71521d_kurento.MediaPipeline/a2536636-215a-4fc5-8a0f-aebddaad3698_datachannelexample.KmsSendData - e35ba687-a51e-4a44-a712-d192cf71521d_kurento.MediaPipeline/eeacf2e8-1891-46e5-bc55-7781177f3880_kurento.WebRtcEndpoint params VIDEO default default
1:36:13.015786022 [335m   34[00m 0x7fb86c0018c0 [37mDEBUG  [00m [00m     KurentoMediaSet MediaSet.cpp:470:async_delete:[00m Destroying WebRtcEndpoint -> e35ba687-a51e-4a44-a712-d192cf71521d_kurento.MediaPipeline/eeacf2e8-1891-46e5-bc55-7781177f3880_kurento.WebRtcEndpoint
1:36:13.016595059 [335m   34[00m 0x7fb850001840 [37mDEBUG  [00m [00mKurentoWebSocketTransport WebSocketTransport.cpp:460:processMessage:[00m Message: {"jsonrpc":"2.0","method":"unsubscribe","params":{"object":"e35ba687-a51e-4a44-a712-d192cf71521d_kurento.MediaPipeline/eeacf2e8-1891-46e5-bc55-7781177f3880_kurento.WebRtcEndpoint","subscription":"ba24bc6d-58d4-412d-9aef-c8c8af1747ca","sessionId":"e0626178-ed7c-4d4a-a160-9d8266c66a8f"},"id":227}
1:36:13.016890353 [335m   34[00m 0x7fb850001840 [37mDEBUG  [00m [00mKurentoWebSocketTransport WebSocketTransport.cpp:462:processMessage:[00m Response: {"id":227,"jsonrpc":"2.0","result":{"sessionId":"e0626178-ed7c-4d4a-a160-9d8266c66a8f"}}
1:37:00.451885983 [335m   34[00m 0x7fb800001410 [36mINFO   [00m [00mKurentoWebSocketTransport WebSocketTransport.cpp:296:keepAliveSessions:[00m Keep alive e0626178-ed7c-4d4a-a160-9d8266c66a8f
1:37:00.712978114 [335m   34[00m 0x7fb830001cc0 [37mDEBUG  [00m [00mKurentoWebSocketTransport WebSocketTransport.cpp:460:processMessage:[00m Message: {"jsonrpc":"2.0","method":"ping","id":228}
1:37:00.713200142 [335m   34[00m 0x7fb830001cc0 [36mINFO   [00m [00mKurentoServerMethods ServerMethods.cpp:814:ping:[00m WebSocket Ping/Pong with sessionId e0626178-ed7c-4d4a-a160-9d8266c66a8f
1:37:00.713367215 [335m   34[00m 0x7fb830001cc0 [37mDEBUG  [00m [00mKurentoWebSocketTransport WebSocketTransport.cpp:462:processMessage:[00m Response: {"id":228,"jsonrpc":"2.0","result":{"sessionId":"e0626178-ed7c-4d4a-a160-9d8266c66a8f","value":"pong"}}
1:38:00.452128902 [335m   34[00m 0x7fb800001410 [36mINFO   [00m [00mKurentoWebSocketTransport WebSocketTransport.cpp:296:keepAliveSessions:[00m Keep alive e0626178-ed7c-4d4a-a160-9d8266c66a8f
1:38:00.722783544 [335m   34[00m 0x7fb8480072f0 [37mDEBUG  [00m [00mKurentoWebSocketTransport WebSocketTransport.cpp:460:processMessage:[00m Message: {"jsonrpc":"2.0","method":"ping","id":229}
1:38:00.723110452 [335m   34[00m 0x7fb8480072f0 [36mINFO   [00m [00mKurentoServerMethods ServerMethods.cpp:814:ping:[00m WebSocket Ping/Pong with sessionId e0626178-ed7c-4d4a-a160-9d8266c66a8f
1:38:00.723267862 [335m   34[00m 0x7fb8480072f0 [37mDEBUG  [00m [00mKurentoWebSocketTransport WebSocketTransport.cpp:462:processMessage:[00m Response: {"id":229,"jsonrpc":"2.0","result":{"sessionId":"e0626178-ed7c-4d4a-a160-9d8266c66a8f","value":"pong"}}
1:39:00.453022598 [335m   34[00m 0x7fb800001410 [36mINFO   [00m [00mKurentoWebSocketTransport WebSocketTransport.cpp:296:keepAliveSessions:[00m Keep alive e0626178-ed7c-4d4a-a160-9d8266c66a8f
1:39:00.731881488 [335m   34[00m 0x7fb800001b50 [37mDEBUG  [00m [00mKurentoWebSocketTransport WebSocketTransport.cpp:460:processMessage:[00m Message: {"jsonrpc":"2.0","method":"ping","id":230}
1:39:00.732332842 [335m   34[00m 0x7fb800001b50 [36mINFO   [00m [00mKurentoServerMethods ServerMethods.cpp:814:ping:[00m WebSocket Ping/Pong with sessionId e0626178-ed7c-4d4a-a160-9d8266c66a8f
1:39:00.732499161 [335m   34[00m 0x7fb800001b50 [37mDEBUG  [00m [00mKurentoWebSocketTransport WebSocketTransport.cpp:462:processMessage:[00m Response: {"id":230,"jsonrpc":"2.0","result":{"sessionId":"e0626178-ed7c-4d4a-a160-9d8266c66a8f","value":"pong"}}
1:40:00.423847351 [335m   34[00m 0x7fb838001c30 [37mDEBUG  [00m [00m     KurentoMediaSet MediaSet.cpp:123:doGarbageCollection:[00m Running garbage collector
1:40:00.453418893 [335m   34[00m 0x7fb800001410 [36mINFO   [00m [00mKurentoWebSocketTransport WebSocketTransport.cpp:296:keepAliveSessions:[00m Keep alive e0626178-ed7c-4d4a-a160-9d8266c66a8f
1:40:00.732979229 [335m   34[00m 0x7fb840001c90 [37mDEBUG  [00m [00mKurentoWebSocketTransport WebSocketTransport.cpp:460:processMessage:[00m Message: {"jsonrpc":"2.0","method":"ping","id":231}
1:40:00.733275871 [335m   34[00m 0x7fb840001c90 [36mINFO   [00m [00mKurentoServerMethods ServerMethods.cpp:814:ping:[00m WebSocket Ping/Pong with sessionId e0626178-ed7c-4d4a-a160-9d8266c66a8f
1:40:00.733693593 [335m   34[00m 0x7fb840001c90 [37mDEBUG  [00m [00mKurentoWebSocketTransport WebSocketTransport.cpp:462:processMessage:[00m Response: {"id":231,"jsonrpc":"2.0","result":{"sessionId":"e0626178-ed7c-4d4a-a160-9d8266c66a8f","value":"pong"}}
1:41:00.453598978 [335m   34[00m 0x7fb800001410 [36mINFO   [00m [00mKurentoWebSocketTransport WebSocketTransport.cpp:296:keepAliveSessions:[00m Keep alive e0626178-ed7c-4d4a-a160-9d8266c66a8f
1:41:00.736331835 [335m   34[00m 0x7fb83c001b20 [37mDEBUG  [00m [00mKurentoWebSocketTransport WebSocketTransport.cpp:460:processMessage:[00m Message: {"jsonrpc":"2.0","method":"ping","id":232}
1:41:00.736492174 [335m   34[00m 0x7fb83c001b20 [36mINFO   [00m [00mKurentoServerMethods ServerMethods.cpp:814:ping:[00m WebSocket Ping/Pong with sessionId e0626178-ed7c-4d4a-a160-9d8266c66a8f
1:41:00.736849409 [335m   34[00m 0x7fb83c001b20 [37mDEBUG  [00m [00mKurentoWebSocketTransport WebSocketTransport.cpp:462:processMessage:[00m Response: {"id":232,"jsonrpc":"2.0","result":{"sessionId":"e0626178-ed7c-4d4a-a160-9d8266c66a8f","value":"pong"}}
1:42:00.453765885 [335m   34[00m 0x7fb800001410 [36mINFO   [00m [00mKurentoWebSocketTransport WebSocketTransport.cpp:296:keepAliveSessions:[00m Keep alive e0626178-ed7c-4d4a-a160-9d8266c66a8f
1:42:00.745661626 [335m   34[00m 0x7fb82c001810 [37mDEBUG  [00m [00mKurentoWebSocketTransport WebSocketTransport.cpp:460:processMessage:[00m Message: {"jsonrpc":"2.0","method":"ping","id":233}
1:42:00.745862304 [335m   34[00m 0x7fb82c001810 [36mINFO   [00m [00mKurentoServerMethods ServerMethods.cpp:814:ping:[00m WebSocket Ping/Pong with sessionId e0626178-ed7c-4d4a-a160-9d8266c66a8f
1:42:00.746002776 [335m   34[00m 0x7fb82c001810 [37mDEBUG  [00m [00mKurentoWebSocketTransport WebSocketTransport.cpp:462:processMessage:[00m Response: {"id":233,"jsonrpc":"2.0","result":{"sessionId":"e0626178-ed7c-4d4a-a160-9d8266c66a8f","value":"pong"}}
1:43:00.453934593 [335m   34[00m 0x7fb800001410 [36mINFO   [00m [00mKurentoWebSocketTransport WebSocketTransport.cpp:296:keepAliveSessions:[00m Keep alive e0626178-ed7c-4d4a-a160-9d8266c66a8f
1:43:00.753522764 [335m   34[00m 0x7fb804001790 [37mDEBUG  [00m [00mKurentoWebSocketTransport WebSocketTransport.cpp:460:processMessage:[00m Message: {"jsonrpc":"2.0","method":"ping","id":234}
1:43:00.753825210 [335m   34[00m 0x7fb804001790 [36mINFO   [00m [00mKurentoServerMethods ServerMethods.cpp:814:ping:[00m WebSocket Ping/Pong with sessionId e0626178-ed7c-4d4a-a160-9d8266c66a8f
1:43:00.753967334 [335m   34[00m 0x7fb804001790 [37mDEBUG  [00m [00mKurentoWebSocketTransport WebSocketTransport.cpp:462:processMessage:[00m Response: {"id":234,"jsonrpc":"2.0","result":{"sessionId":"e0626178-ed7c-4d4a-a160-9d8266c66a8f","value":"pong"}}
1:44:00.424298586 [335m   34[00m 0x7fb838001c30 [37mDEBUG  [00m [00m     KurentoMediaSet MediaSet.cpp:123:doGarbageCollection:[00m Running garbage collector
1:44:00.454116727 [335m   34[00m 0x7fb800001410 [36mINFO   [00m [00mKurentoWebSocketTransport WebSocketTransport.cpp:296:keepAliveSessions:[00m Keep alive e0626178-ed7c-4d4a-a160-9d8266c66a8f
1:44:00.761523628 [335m   34[00m 0x7fb844002180 [37mDEBUG  [00m [00mKurentoWebSocketTransport WebSocketTransport.cpp:460:processMessage:[00m Message: {"jsonrpc":"2.0","method":"ping","id":235}
1:44:00.761741883 [335m   34[00m 0x7fb844002180 [36mINFO   [00m [00mKurentoServerMethods ServerMethods.cpp:814:ping:[00m WebSocket Ping/Pong with sessionId e0626178-ed7c-4d4a-a160-9d8266c66a8f
1:44:00.761934131 [335m   34[00m 0x7fb844002180 [37mDEBUG  [00m [00mKurentoWebSocketTransport WebSocketTransport.cpp:462:processMessage:[00m Response: {"id":235,"jsonrpc":"2.0","result":{"sessionId":"e0626178-ed7c-4d4a-a160-9d8266c66a8f","value":"pong"}}
1:45:00.454320625 [335m   34[00m 0x7fb800001410 [36mINFO   [00m [00mKurentoWebSocketTransport WebSocketTransport.cpp:296:keepAliveSessions:[00m Keep alive e0626178-ed7c-4d4a-a160-9d8266c66a8f
1:45:00.768655962 [335m   34[00m 0x7fb834001c60 [37mDEBUG  [00m [00mKurentoWebSocketTransport WebSocketTransport.cpp:460:processMessage:[00m Message: {"jsonrpc":"2.0","method":"ping","id":236}
1:45:00.768917708 [335m   34[00m 0x7fb834001c60 [36mINFO   [00m [00mKurentoServerMethods ServerMethods.cpp:814:ping:[00m WebSocket Ping/Pong with sessionId e0626178-ed7c-4d4a-a160-9d8266c66a8f
1:45:00.769294399 [335m   34[00m 0x7fb834001c60 [37mDEBUG  [00m [00mKurentoWebSocketTransport WebSocketTransport.cpp:462:processMessage:[00m Response: {"id":236,"jsonrpc":"2.0","result":{"sessionId":"e0626178-ed7c-4d4a-a160-9d8266c66a8f","value":"pong"}}
1:46:00.454736794 [335m   34[00m 0x7fb800001410 [36mINFO   [00m [00mKurentoWebSocketTransport WebSocketTransport.cpp:296:keepAliveSessions:[00m Keep alive e0626178-ed7c-4d4a-a160-9d8266c66a8f
1:46:00.771544191 [335m   34[00m 0x7fb850001840 [37mDEBUG  [00m [00mKurentoWebSocketTransport WebSocketTransport.cpp:460:processMessage:[00m Message: {"jsonrpc":"2.0","method":"ping","id":237}
1:46:00.771746900 [335m   34[00m 0x7fb850001840 [36mINFO   [00m [00mKurentoServerMethods ServerMethods.cpp:814:ping:[00m WebSocket Ping/Pong with sessionId e0626178-ed7c-4d4a-a160-9d8266c66a8f
1:46:00.771880102 [335m   34[00m 0x7fb850001840 [37mDEBUG  [00m [00mKurentoWebSocketTransport WebSocketTransport.cpp:462:processMessage:[00m Response: {"id":237,"jsonrpc":"2.0","result":{"sessionId":"e0626178-ed7c-4d4a-a160-9d8266c66a8f","value":"pong"}}
1:47:00.454926452 [335m   34[00m 0x7fb800001410 [36mINFO   [00m [00mKurentoWebSocketTransport WebSocketTransport.cpp:296:keepAliveSessions:[00m Keep alive e0626178-ed7c-4d4a-a160-9d8266c66a8f
1:47:00.780728142 [335m   34[00m 0x7fb830001cc0 [37mDEBUG  [00m [00mKurentoWebSocketTransport WebSocketTransport.cpp:460:processMessage:[00m Message: {"jsonrpc":"2.0","method":"ping","id":238}
1:47:00.780945482 [335m   34[00m 0x7fb830001cc0 [36mINFO   [00m [00mKurentoServerMethods ServerMethods.cpp:814:ping:[00m WebSocket Ping/Pong with sessionId e0626178-ed7c-4d4a-a160-9d8266c66a8f
1:47:00.781087549 [335m   34[00m 0x7fb830001cc0 [37mDEBUG  [00m [00mKurentoWebSocketTransport WebSocketTransport.cpp:462:processMessage:[00m Response: {"id":238,"jsonrpc":"2.0","result":{"sessionId":"e0626178-ed7c-4d4a-a160-9d8266c66a8f","value":"pong"}}
1:48:00.424500209 [335m   34[00m 0x7fb838001c30 [37mDEBUG  [00m [00m     KurentoMediaSet MediaSet.cpp:123:doGarbageCollection:[00m Running garbage collector
1:48:00.455109705 [335m   34[00m 0x7fb800001410 [36mINFO   [00m [00mKurentoWebSocketTransport WebSocketTransport.cpp:296:keepAliveSessions:[00m Keep alive e0626178-ed7c-4d4a-a160-9d8266c66a8f
1:48:00.789014238 [335m   34[00m 0x7fb8480072f0 [37mDEBUG  [00m [00mKurentoWebSocketTransport WebSocketTransport.cpp:460:processMessage:[00m Message: {"jsonrpc":"2.0","method":"ping","id":239}
1:48:00.789237907 [335m   34[00m 0x7fb8480072f0 [36mINFO   [00m [00mKurentoServerMethods ServerMethods.cpp:814:ping:[00m WebSocket Ping/Pong with sessionId e0626178-ed7c-4d4a-a160-9d8266c66a8f
1:48:00.789373584 [335m   34[00m 0x7fb8480072f0 [37mDEBUG  [00m [00mKurentoWebSocketTransport WebSocketTransport.cpp:462:processMessage:[00m Response: {"id":239,"jsonrpc":"2.0","result":{"sessionId":"e0626178-ed7c-4d4a-a160-9d8266c66a8f","value":"pong"}}
1:49:00.455289545 [335m   34[00m 0x7fb800001410 [36mINFO   [00m [00mKurentoWebSocketTransport WebSocketTransport.cpp:296:keepAliveSessions:[00m Keep alive e0626178-ed7c-4d4a-a160-9d8266c66a8f
1:49:00.796839634 [335m   34[00m 0x7fb800001b50 [37mDEBUG  [00m [00mKurentoWebSocketTransport WebSocketTransport.cpp:460:processMessage:[00m Message: {"jsonrpc":"2.0","method":"ping","id":240}
1:49:00.797114468 [335m   34[00m 0x7fb800001b50 [36mINFO   [00m [00mKurentoServerMethods ServerMethods.cpp:814:ping:[00m WebSocket Ping/Pong with sessionId e0626178-ed7c-4d4a-a160-9d8266c66a8f
1:49:00.797310705 [335m   34[00m 0x7fb800001b50 [37mDEBUG  [00m [00mKurentoWebSocketTransport WebSocketTransport.cpp:462:processMessage:[00m Response: {"id":240,"jsonrpc":"2.0","result":{"sessionId":"e0626178-ed7c-4d4a-a160-9d8266c66a8f","value":"pong"}}
1:50:00.455459077 [335m   34[00m 0x7fb800001410 [36mINFO   [00m [00mKurentoWebSocketTransport WebSocketTransport.cpp:296:keepAliveSessions:[00m Keep alive e0626178-ed7c-4d4a-a160-9d8266c66a8f
1:50:00.805414826 [335m   34[00m 0x7fb840001c90 [37mDEBUG  [00m [00mKurentoWebSocketTransport WebSocketTransport.cpp:460:processMessage:[00m Message: {"jsonrpc":"2.0","method":"ping","id":241}
1:50:00.805578658 [335m   34[00m 0x7fb840001c90 [36mINFO   [00m [00mKurentoServerMethods ServerMethods.cpp:814:ping:[00m WebSocket Ping/Pong with sessionId e0626178-ed7c-4d4a-a160-9d8266c66a8f
1:50:00.805702361 [335m   34[00m 0x7fb840001c90 [37mDEBUG  [00m [00mKurentoWebSocketTransport WebSocketTransport.cpp:462:processMessage:[00m Response: {"id":241,"jsonrpc":"2.0","result":{"sessionId":"e0626178-ed7c-4d4a-a160-9d8266c66a8f","value":"pong"}}
1:51:00.455651688 [335m   34[00m 0x7fb800001410 [36mINFO   [00m [00mKurentoWebSocketTransport WebSocketTransport.cpp:296:keepAliveSessions:[00m Keep alive e0626178-ed7c-4d4a-a160-9d8266c66a8f
1:51:00.807278952 [335m   34[00m 0x7fb83c001b20 [37mDEBUG  [00m [00mKurentoWebSocketTransport WebSocketTransport.cpp:460:processMessage:[00m Message: {"jsonrpc":"2.0","method":"ping","id":242}
1:51:00.807457031 [335m   34[00m 0x7fb83c001b20 [36mINFO   [00m [00mKurentoServerMethods ServerMethods.cpp:814:ping:[00m WebSocket Ping/Pong with sessionId e0626178-ed7c-4d4a-a160-9d8266c66a8f
1:51:00.807590582 [335m   34[00m 0x7fb83c001b20 [37mDEBUG  [00m [00mKurentoWebSocketTransport WebSocketTransport.cpp:462:processMessage:[00m Response: {"id":242,"jsonrpc":"2.0","result":{"sessionId":"e0626178-ed7c-4d4a-a160-9d8266c66a8f","value":"pong"}}
1:52:00.424668898 [335m   34[00m 0x7fb838001c30 [37mDEBUG  [00m [00m     KurentoMediaSet MediaSet.cpp:123:doGarbageCollection:[00m Running garbage collector
1:52:00.455850896 [335m   34[00m 0x7fb800001410 [36mINFO   [00m [00mKurentoWebSocketTransport WebSocketTransport.cpp:296:keepAliveSessions:[00m Keep alive e0626178-ed7c-4d4a-a160-9d8266c66a8f
1:52:00.817031401 [335m   34[00m 0x7fb82c001810 [37mDEBUG  [00m [00mKurentoWebSocketTransport WebSocketTransport.cpp:460:processMessage:[00m Message: {"jsonrpc":"2.0","method":"ping","id":243}
1:52:00.817156872 [335m   34[00m 0x7fb82c001810 [36mINFO   [00m [00mKurentoServerMethods ServerMethods.cpp:814:ping:[00m WebSocket Ping/Pong with sessionId e0626178-ed7c-4d4a-a160-9d8266c66a8f
1:52:00.817249549 [335m   34[00m 0x7fb82c001810 [37mDEBUG  [00m [00mKurentoWebSocketTransport WebSocketTransport.cpp:462:processMessage:[00m Response: {"id":243,"jsonrpc":"2.0","result":{"sessionId":"e0626178-ed7c-4d4a-a160-9d8266c66a8f","value":"pong"}}
1:53:00.456042475 [335m   34[00m 0x7fb800001410 [36mINFO   [00m [00mKurentoWebSocketTransport WebSocketTransport.cpp:296:keepAliveSessions:[00m Keep alive e0626178-ed7c-4d4a-a160-9d8266c66a8f
1:53:00.825478732 [335m   34[00m 0x7fb804001790 [37mDEBUG  [00m [00mKurentoWebSocketTransport WebSocketTransport.cpp:460:processMessage:[00m Message: {"jsonrpc":"2.0","method":"ping","id":244}
1:53:00.825648305 [335m   34[00m 0x7fb804001790 [36mINFO   [00m [00mKurentoServerMethods ServerMethods.cpp:814:ping:[00m WebSocket Ping/Pong with sessionId e0626178-ed7c-4d4a-a160-9d8266c66a8f
1:53:00.825782216 [335m   34[00m 0x7fb804001790 [37mDEBUG  [00m [00mKurentoWebSocketTransport WebSocketTransport.cpp:462:processMessage:[00m Response: {"id":244,"jsonrpc":"2.0","result":{"sessionId":"e0626178-ed7c-4d4a-a160-9d8266c66a8f","value":"pong"}}
1:54:00.456238995 [335m   34[00m 0x7fb800001410 [36mINFO   [00m [00mKurentoWebSocketTransport WebSocketTransport.cpp:296:keepAliveSessions:[00m Keep alive e0626178-ed7c-4d4a-a160-9d8266c66a8f
1:54:00.829431477 [335m   34[00m 0x7fb844002180 [37mDEBUG  [00m [00mKurentoWebSocketTransport WebSocketTransport.cpp:460:processMessage:[00m Message: {"jsonrpc":"2.0","method":"ping","id":245}
1:54:00.829609622 [335m   34[00m 0x7fb844002180 [36mINFO   [00m [00mKurentoServerMethods ServerMethods.cpp:814:ping:[00m WebSocket Ping/Pong with sessionId e0626178-ed7c-4d4a-a160-9d8266c66a8f
