0:09:58.128050522 [335m   34[00m 0x7fb734002070 [37mDEBUG  [00m [00mKurentoWebSocketEventHandler WebSocketEventHandler.cpp:56:sendEvent:[00m Sending event: {"jsonrpc":"2.0","method":"onEvent","params":{"value":{"data":{"candidate":{"__module__":"kurento","__type__":"IceCandidate","candidate":"candidate:1 2 UDP 2013266430 172.20.0.10 10237 typ host","sdpMLineIndex":1,"sdpMid":"1"},"source":"e35ba687-a51e-4a44-a712-d192cf71521d_kurento.MediaPipeline/fc82a9f5-7e6e-48db-ac13-6462d8e001da_kurento.WebRtcEndpoint","tags":[],"timestamp":"1604979114","timestampMillis":"1604979114640","type":"OnIceCandidate"},"object":"e35ba687-a51e-4a44-a712-d192cf71521d_kurento.MediaPipeline/fc82a9f5-7e6e-48db-ac13-6462d8e001da_kurento.WebRtcEndpoint","type":"OnIceCandidate"}}}, sessionId: e0626178-ed7c-4d4a-a160-9d8266c66a8f
0:09:58.128146970 [335m   34[00m 0x7fb734002070 [37mDEBUG  [00m [00mKurentoWebSocketEventHandler WebSocketEventHandler.cpp:56:sendEvent:[00m Sending event: {"jsonrpc":"2.0","method":"onEvent","params":{"value":{"data":{"candidate":{"__module__":"kurento","__type__":"IceCandidate","candidate":"candidate:2 2 TCP 1015021822 172.20.0.10 9 typ host tcptype active","sdpMLineIndex":0,"sdpMid":"0"},"source":"e35ba687-a51e-4a44-a712-d192cf71521d_kurento.MediaPipeline/fc82a9f5-7e6e-48db-ac13-6462d8e001da_kurento.WebRtcEndpoint","tags":[],"timestamp":"1604979114","timestampMillis":"1604979114641","type":"OnIceCandidate"},"object":"e35ba687-a51e-4a44-a712-d192cf71521d_kurento.MediaPipeline/fc82a9f5-7e6e-48db-ac13-6462d8e001da_kurento.WebRtcEndpoint","type":"OnIceCandidate"}}}, sessionId: e0626178-ed7c-4d4a-a160-9d8266c66a8f
0:09:58.128232773 [335m   34[00m 0x7fb734002070 [37mDEBUG  [00m [00mKurentoWebSocketEventHandler WebSocketEventHandler.cpp:56:sendEvent:[00m Sending event: {"jsonrpc":"2.0","method":"onEvent","params":{"value":{"data":{"candidate":{"__module__":"kurento","__type__":"IceCandidate","candidate":"candidate:2 2 TCP 1015021822 172.20.0.10 9 typ host tcptype active","sdpMLineIndex":1,"sdpMid":"1"},"source":"e35ba687-a51e-4a44-a712-d192cf71521d_kurento.MediaPipeline/fc82a9f5-7e6e-48db-ac13-6462d8e001da_kurento.WebRtcEndpoint","tags":[],"timestamp":"1604979114","timestampMillis":"1604979114641","type":"OnIceCandidate"},"object":"e35ba687-a51e-4a44-a712-d192cf71521d_kurento.MediaPipeline/fc82a9f5-7e6e-48db-ac13-6462d8e001da_kurento.WebRtcEndpoint","type":"OnIceCandidate"}}}, sessionId: e0626178-ed7c-4d4a-a160-9d8266c66a8f
0:09:58.128302492 [335m   34[00m 0x7fb83c001b20 [37mDEBUG  [00m [00mKurentoWebSocketTransport WebSocketTransport.cpp:462:processMessage:[00m Response: {"id":84,"jsonrpc":"2.0","result":{"sessionId":"e0626178-ed7c-4d4a-a160-9d8266c66a8f","value":null}}
0:09:58.128324575 [335m   34[00m 0x7fb734002070 [37mDEBUG  [00m [00mKurentoWebSocketEventHandler WebSocketEventHandler.cpp:56:sendEvent:[00m Sending event: {"jsonrpc":"2.0","method":"onEvent","params":{"value":{"data":{"candidate":{"__module__":"kurento","__type__":"IceCandidate","candidate":"candidate:3 2 TCP 1010827518 172.20.0.10 10287 typ host tcptype passive","sdpMLineIndex":0,"sdpMid":"0"},"source":"e35ba687-a51e-4a44-a712-d192cf71521d_kurento.MediaPipeline/fc82a9f5-7e6e-48db-ac13-6462d8e001da_kurento.WebRtcEndpoint","tags":[],"timestamp":"1604979114","timestampMillis":"1604979114641","type":"OnIceCandidate"},"object":"e35ba687-a51e-4a44-a712-d192cf71521d_kurento.MediaPipeline/fc82a9f5-7e6e-48db-ac13-6462d8e001da_kurento.WebRtcEndpoint","type":"OnIceCandidate"}}}, sessionId: e0626178-ed7c-4d4a-a160-9d8266c66a8f
0:09:58.128331545 [335m   34[00m 0x7fb83c001b20 [37mDEBUG  [00m [00mKurentoWebSocketTransport WebSocketTransport.cpp:460:processMessage:[00m Message: {"jsonrpc":"2.0","method":"invoke","params":{"object":"e35ba687-a51e-4a44-a712-d192cf71521d_kurento.MediaPipeline/a2536636-215a-4fc5-8a0f-aebddaad3698_datachannelexample.KmsSendData","operation":"connect","operationParams":{"sink":"e35ba687-a51e-4a44-a712-d192cf71521d_kurento.MediaPipeline/fc82a9f5-7e6e-48db-ac13-6462d8e001da_kurento.WebRtcEndpoint"},"sessionId":"e0626178-ed7c-4d4a-a160-9d8266c66a8f"},"id":85}
0:09:58.128421113 [335m   34[00m 0x7fb734002070 [37mDEBUG  [00m [00mKurentoWebSocketEventHandler WebSocketEventHandler.cpp:56:sendEvent:[00m Sending event: {"jsonrpc":"2.0","method":"onEvent","params":{"value":{"data":{"candidate":{"__module__":"kurento","__type__":"IceCandidate","candidate":"candidate:3 2 TCP 1010827518 172.20.0.10 10287 typ host tcptype passive","sdpMLineIndex":1,"sdpMid":"1"},"source":"e35ba687-a51e-4a44-a712-d192cf71521d_kurento.MediaPipeline/fc82a9f5-7e6e-48db-ac13-6462d8e001da_kurento.WebRtcEndpoint","tags":[],"timestamp":"1604979114","timestampMillis":"1604979114641","type":"OnIceCandidate"},"object":"e35ba687-a51e-4a44-a712-d192cf71521d_kurento.MediaPipeline/fc82a9f5-7e6e-48db-ac13-6462d8e001da_kurento.WebRtcEndpoint","type":"OnIceCandidate"}}}, sessionId: e0626178-ed7c-4d4a-a160-9d8266c66a8f
0:09:58.128438767 [335m   34[00m 0x7fb83c001b20 [37mDEBUG  [00m [00mKurentoMediaElementImpl MediaElementImpl.cpp:902:connect:[00m Connecting e35ba687-a51e-4a44-a712-d192cf71521d_kurento.MediaPipeline/a2536636-215a-4fc5-8a0f-aebddaad3698_datachannelexample.KmsSendData -> e35ba687-a51e-4a44-a712-d192cf71521d_kurento.MediaPipeline/fc82a9f5-7e6e-48db-ac13-6462d8e001da_kurento.WebRtcEndpoint params AUDIO default default
0:09:58.128988955 [335m   34[00m 0x7fb83c001b20 [37mDEBUG  [00m [00mKurentoMediaElementImpl MediaElementImpl.cpp:902:connect:[00m Connecting e35ba687-a51e-4a44-a712-d192cf71521d_kurento.MediaPipeline/a2536636-215a-4fc5-8a0f-aebddaad3698_datachannelexample.KmsSendData -> e35ba687-a51e-4a44-a712-d192cf71521d_kurento.MediaPipeline/fc82a9f5-7e6e-48db-ac13-6462d8e001da_kurento.WebRtcEndpoint params VIDEO default default
0:09:58.129070807 [335m   34[00m 0x7fb83c001b20 [37mDEBUG  [00m [00mKurentoMediaElementImpl MediaElementImpl.cpp:902:connect:[00m Connecting e35ba687-a51e-4a44-a712-d192cf71521d_kurento.MediaPipeline/a2536636-215a-4fc5-8a0f-aebddaad3698_datachannelexample.KmsSendData -> e35ba687-a51e-4a44-a712-d192cf71521d_kurento.MediaPipeline/fc82a9f5-7e6e-48db-ac13-6462d8e001da_kurento.WebRtcEndpoint params DATA default default
0:09:58.129212160 [335m   34[00m 0x7fb83c001b20 [37mDEBUG  [00m [00mKurentoWebSocketTransport WebSocketTransport.cpp:462:processMessage:[00m Response: {"id":85,"jsonrpc":"2.0","result":{"sessionId":"e0626178-ed7c-4d4a-a160-9d8266c66a8f","value":null}}
0:09:58.173197697 [335m   34[00m 0x7fb848033400 [37mDEBUG  [00m [00mKurentoWebRtcEndpointImpl WebRtcEndpointImpl.cpp:292:newSelectedPairFull:<kmswebrtcendpoint4>[00m New candidate pair selected, local: 'candidate:4 1 UDP 1845494269 203.151.20.94 10199 typ prflx raddr 172.20.0.10 rport 10199', remote: 'candidate:0 1 UDP 2122252543 49.229.17.242 57884 typ host', stream_id: '1', component_id: 1
0:09:58.218820760 [335m   34[00m 0x7fb734002070 [37mDEBUG  [00m [00mKurentoWebSocketEventHandler WebSocketEventHandler.cpp:56:sendEvent:[00m Sending event: {"jsonrpc":"2.0","method":"onEvent","params":{"value":{"data":{"candidate":{"__module__":"kurento","__type__":"IceCandidate","candidate":"candidate:6 1 TCP 847249663 203.151.20.94 9 typ srflx raddr 172.20.0.10 rport 9 tcptype active","sdpMLineIndex":0,"sdpMid":"0"},"source":"e35ba687-a51e-4a44-a712-d192cf71521d_kurento.MediaPipeline/fc82a9f5-7e6e-48db-ac13-6462d8e001da_kurento.WebRtcEndpoint","tags":[],"timestamp":"1604979114","timestampMillis":"1604979114732","type":"OnIceCandidate"},"object":"e35ba687-a51e-4a44-a712-d192cf71521d_kurento.MediaPipeline/fc82a9f5-7e6e-48db-ac13-6462d8e001da_kurento.WebRtcEndpoint","type":"OnIceCandidate"}}}, sessionId: e0626178-ed7c-4d4a-a160-9d8266c66a8f
0:09:58.218973567 [335m   34[00m 0x7fb734002070 [37mDEBUG  [00m [00mKurentoWebSocketEventHandler WebSocketEventHandler.cpp:56:sendEvent:[00m Sending event: {"jsonrpc":"2.0","method":"onEvent","params":{"value":{"data":{"candidate":{"__module__":"kurento","__type__":"IceCandidate","candidate":"candidate:6 1 TCP 847249663 203.151.20.94 9 typ srflx raddr 172.20.0.10 rport 9 tcptype active","sdpMLineIndex":1,"sdpMid":"1"},"source":"e35ba687-a51e-4a44-a712-d192cf71521d_kurento.MediaPipeline/fc82a9f5-7e6e-48db-ac13-6462d8e001da_kurento.WebRtcEndpoint","tags":[],"timestamp":"1604979114","timestampMillis":"1604979114732","type":"OnIceCandidate"},"object":"e35ba687-a51e-4a44-a712-d192cf71521d_kurento.MediaPipeline/fc82a9f5-7e6e-48db-ac13-6462d8e001da_kurento.WebRtcEndpoint","type":"OnIceCandidate"}}}, sessionId: e0626178-ed7c-4d4a-a160-9d8266c66a8f
0:09:58.219559712 [335m   34[00m 0x7fb734002070 [37mDEBUG  [00m [00mKurentoWebSocketEventHandler WebSocketEventHandler.cpp:56:sendEvent:[00m Sending event: {"jsonrpc":"2.0","method":"onEvent","params":{"value":{"data":{"candidate":{"__module__":"kurento","__type__":"IceCandidate","candidate":"candidate:7 1 TCP 843055359 203.151.20.94 10198 typ srflx raddr 172.20.0.10 rport 10198 tcptype passive","sdpMLineIndex":0,"sdpMid":"0"},"source":"e35ba687-a51e-4a44-a712-d192cf71521d_kurento.MediaPipeline/fc82a9f5-7e6e-48db-ac13-6462d8e001da_kurento.WebRtcEndpoint","tags":[],"timestamp":"1604979114","timestampMillis":"1604979114732","type":"OnIceCandidate"},"object":"e35ba687-a51e-4a44-a712-d192cf71521d_kurento.MediaPipeline/fc82a9f5-7e6e-48db-ac13-6462d8e001da_kurento.WebRtcEndpoint","type":"OnIceCandidate"}}}, sessionId: e0626178-ed7c-4d4a-a160-9d8266c66a8f
0:09:58.219689810 [335m   34[00m 0x7fb734002070 [37mDEBUG  [00m [00mKurentoWebSocketEventHandler WebSocketEventHandler.cpp:56:sendEvent:[00m Sending event: {"jsonrpc":"2.0","method":"onEvent","params":{"value":{"data":{"candidate":{"__module__":"kurento","__type__":"IceCandidate","candidate":"candidate:7 1 TCP 843055359 203.151.20.94 10198 typ srflx raddr 172.20.0.10 rport 10198 tcptype passive","sdpMLineIndex":1,"sdpMid":"1"},"source":"e35ba687-a51e-4a44-a712-d192cf71521d_kurento.MediaPipeline/fc82a9f5-7e6e-48db-ac13-6462d8e001da_kurento.WebRtcEndpoint","tags":[],"timestamp":"1604979114","timestampMillis":"1604979114732","type":"OnIceCandidate"},"object":"e35ba687-a51e-4a44-a712-d192cf71521d_kurento.MediaPipeline/fc82a9f5-7e6e-48db-ac13-6462d8e001da_kurento.WebRtcEndpoint","type":"OnIceCandidate"}}}, sessionId: e0626178-ed7c-4d4a-a160-9d8266c66a8f
0:09:58.230880511 [335m   34[00m 0x7fb830001cc0 [37mDEBUG  [00m [00mKurentoWebSocketTransport WebSocketTransport.cpp:460:processMessage:[00m Message: {"jsonrpc":"2.0","method":"invoke","params":{"object":"e35ba687-a51e-4a44-a712-d192cf71521d_kurento.MediaPipeline/fc82a9f5-7e6e-48db-ac13-6462d8e001da_kurento.WebRtcEndpoint","operation":"addIceCandidate","operationParams":{"candidate":{"candidate":"","sdpMid":"0","sdpMLineIndex":0,"__module__":"kurento","__type__":"IceCandidate"}},"sessionId":"e0626178-ed7c-4d4a-a160-9d8266c66a8f"},"id":86}
0:09:58.231526776 [335m   34[00m 0x7fb830001cc0 [37mDEBUG  [00m [00mKurentoWebSocketTransport WebSocketTransport.cpp:462:processMessage:[00m Response: {"error":{"code":40401,"data":{"type":"ICE_ADD_CANDIDATE_ERROR"},"message":"Error adding candidate"},"id":86,"jsonrpc":"2.0"}
0:09:59.158014394 [335m   34[00m 0x7fb688001d40 [37mDEBUG  [00m [00mKurentoMediaElementImpl MediaElementImpl.cpp:492:mediaFlowInStateChange:<kmswebrtcendpoint4>[00m MediaFlowInStateChange: FLOWING, pad: 'default', type: 'audio'
0:09:59.249883138 [335m   34[00m 0x7fb6c0004990 [37mDEBUG  [00m [00mKurentoMediaElementImpl MediaElementImpl.cpp:492:mediaFlowInStateChange:<kmswebrtcendpoint4>[00m MediaFlowInStateChange: FLOWING, pad: 'default', type: 'video'
0:10:00.259546278 [335m   34[00m 0x7fb8480072f0 [37mDEBUG  [00m [00mKurentoWebSocketTransport WebSocketTransport.cpp:460:processMessage:[00m Message: {"jsonrpc":"2.0","method":"create","params":{"type":"WebRtcEndpoint","constructorParams":{"mediaPipeline":"e35ba687-a51e-4a44-a712-d192cf71521d_kurento.MediaPipeline","useDataChannels":true},"properties":{},"sessionId":"e0626178-ed7c-4d4a-a160-9d8266c66a8f"},"id":87}
0:10:00.261325715 [335m   34[00m 0x7fb8480072f0 [36mINFO   [00m [00mKurentoWebRtcEndpointImpl WebRtcEndpointImpl.cpp:96:remove_not_supported_codecs_from_array:<kmswebrtcendpoint5>[00m Removing not supported codec 'AMR/8000'
0:10:00.261412261 [335m   34[00m 0x7fb8480072f0 [36mINFO   [00m [00mKurentoWebRtcEndpointImpl WebRtcEndpointImpl.cpp:465:WebRtcEndpointImpl:[00m Using STUN reflexive server IP: 203.183.172.196
0:10:00.261424495 [335m   34[00m 0x7fb8480072f0 [36mINFO   [00m [00mKurentoWebRtcEndpointImpl WebRtcEndpointImpl.cpp:466:WebRtcEndpointImpl:[00m Using STUN reflexive server Port: 3478
0:10:00.261485336 [335m   34[00m 0x7fb8480072f0 [36mINFO   [00m [00mKurentoWebRtcEndpointImpl WebRtcEndpointImpl.cpp:487:WebRtcEndpointImpl:[00m TURN server IP address not found in config; NAT traversal requires either STUN or TURN server
0:10:00.262161616 [335m   34[00m 0x7fb8480072f0 [37mDEBUG  [00m [00mKurentoWebSocketTransport WebSocketTransport.cpp:462:processMessage:[00m Response: {"id":87,"jsonrpc":"2.0","result":{"sessionId":"e0626178-ed7c-4d4a-a160-9d8266c66a8f","value":"e35ba687-a51e-4a44-a712-d192cf71521d_kurento.MediaPipeline/6803000c-81d0-4da2-bb45-63e6590d6843_kurento.WebRtcEndpoint"}}
0:10:00.263840787 [335m   34[00m 0x7fb844002180 [37mDEBUG  [00m [00mKurentoWebSocketTransport WebSocketTransport.cpp:460:processMessage:[00m Message: {"jsonrpc":"2.0","method":"subscribe","params":{"object":"e35ba687-a51e-4a44-a712-d192cf71521d_kurento.MediaPipeline/6803000c-81d0-4da2-bb45-63e6590d6843_kurento.WebRtcEndpoint","type":"OnIceCandidate","sessionId":"e0626178-ed7c-4d4a-a160-9d8266c66a8f"},"id":88}
0:10:00.264224723 [335m   34[00m 0x7fb844002180 [37mDEBUG  [00m [00mKurentoWebSocketTransport WebSocketTransport.cpp:462:processMessage:[00m Response: {"id":88,"jsonrpc":"2.0","result":{"sessionId":"e0626178-ed7c-4d4a-a160-9d8266c66a8f","value":"bc19584e-ac31-40f9-a6d2-b6db69174c4b"}}
0:10:00.264511485 [335m   34[00m 0x7fb840001c90 [37mDEBUG  [00m [00mKurentoWebSocketTransport WebSocketTransport.cpp:460:processMessage:[00m Message: {"jsonrpc":"2.0","method":"invoke","params":{"object":"e35ba687-a51e-4a44-a712-d192cf71521d_kurento.MediaPipeline/6803000c-81d0-4da2-bb45-63e6590d6843_kurento.WebRtcEndpoint","operation":"processOffer","operationParams":{"offer":"v=0\r\no=mozilla...THIS_IS_SDPARTA-72.0.2 2423538962451801976 0 IN IP4 0.0.0.0\r\ns=-\r\nt=0 0\r\na=fingerprint:sha-256 B1:52:1A:97:44:34:BA:AA:72:E2:94:77:41:1C:DB:A5:0D:BA:76:E2:CC:18:40:94:A3:00:90:82:C3:45:29:C7\r\na=group:BUNDLE 0 1\r\na=ice-options:trickle\r\na=msid-semantic:WMS *\r\nm=video 9 UDP/TLS/RTP/SAVPF 120 121 126 97\r\nc=IN IP4 0.0.0.0\r\na=recvonly\r\na=extmap:3 urn:ietf:params:rtp-hdrext:sdes:mid\r\na=extmap:4 http://www.webrtc.org/experiments/rtp-hdrext/abs-send-time\r\na=extmap:5 urn:ietf:params:rtp-hdrext:toffset\r\na=extmap:6/recvonly http://www.webrtc.org/experiments/rtp-hdrext/playout-delay\r\na=fmtp:126 profile-level-id=42e01f;level-asymmetry-allowed=1;packetization-mode=1\r\na=fmtp:97 profile-level-id=42e01f;level-asymmetry-allowed=1\r\na=fmtp:120 max-fs=12288;max-fr=60\r\na=fmtp:121 max-fs=12288;max-fr=60\r\na=ice-pwd:1db636fabaf0631bbfc65554ee24eabf\r\na=ice-ufrag:31683258\r\na=mid:0\r\na=rtcp-fb:120 nack\r\na=rtcp-fb:120 nack pli\r\na=rtcp-fb:120 ccm fir\r\na=rtcp-fb:120 goog-remb\r\na=rtcp-fb:121 nack\r\na=rtcp-fb:121 nack pli\r\na=rtcp-fb:121 ccm fir\r\na=rtcp-fb:121 goog-remb\r\na=rtcp-fb:126 nack\r\na=rtcp-fb:126 nack pli\r\na=rtcp-fb:126 ccm fir\r\na=rtcp-fb:126 goog-remb\r\na=rtcp-fb:97 nack\r\na=rtcp-fb:97 nack pli\r\na=rtcp-fb:97 ccm fir\r\na=rtcp-fb:97 goog-remb\r\na=rtcp-mux\r\na=rtpmap:120 VP8/90000\r\na=rtpmap:121 VP9/90000\r\na=rtpmap:126 H264/90000\r\na=rtpmap:97 H264/90000\r\na=setup:actpass\r\na=ssrc:1021228054 cname:{b5c046d6-7237-4a0d-8e86-c41d1d97c149}\r\nm=audio 9 UDP/TLS/RTP/SAVPF 109 9 0 8 101\r\nc=IN IP4 0.0.0.0\r\na=recvonly\r\na=extmap:1 urn:ietf:params:rtp-hdrext:ssrc-audio-level\r\na=extmap:2/recvonly urn:ietf:params:rtp-hdrext:csrc-audio-level\r\na=extmap:3 urn:ietf:params:rtp-hdrext:sdes:mid\r\na=fmtp:109 maxplaybackrate=48000;stereo=1;useinbandfec=1\r\na=fmtp:101 0-15\r\na=ice-pwd:1db636fabaf0631bbfc65554ee24eabf\r\na=ice-ufrag:31683258\r\na=mid:1\r\na=rtcp-mux\r\na=rtpmap:109 opus/48000/2\r\na=rtpmap:9 G722/8000/1\r\na=rtpmap:0 PCMU/8000\r\na=rtpmap:8 PCMA/8000\r\na=rtpmap:101 telephone-event/8000/1\r\na=setup:actpass\r\na=ssrc:1192702507 cname:{b5c046d6-7237-4a0d-8e86-c41d1d97c149}\r\n"},"sessionId":"e0626178-ed7c-4d4a-a160-9d8266c66a8f"},"id":89}
0:10:00.273161028 [335m   34[00m 0x7fb840001c90 [37mDEBUG  [00m [00mKurentoWebSocketTransport WebSocketTransport.cpp:462:processMessage:[00m Response: {"id":89,"jsonrpc":"2.0","result":{"sessionId":"e0626178-ed7c-4d4a-a160-9d8266c66a8f","value":"v=0\r\no=- 3813967916 3813967916 IN IP4 0.0.0.0\r\ns=Kurento Media Server\r\nc=IN IP4 0.0.0.0\r\nt=0 0\r\na=fingerprint:sha-256 B1:52:1A:97:44:34:BA:AA:72:E2:94:77:41:1C:DB:A5:0D:BA:76:E2:CC:18:40:94:A3:00:90:82:C3:45:29:C7\r\na=ice-options:trickle\r\na=msid-semantic:WMS *\r\na=group:BUNDLE 0 1\r\nm=video 1 UDP/TLS/RTP/SAVPF 120 126 97\r\na=extmap:4 http://www.webrtc.org/experiments/rtp-hdrext/abs-send-time\r\na=sendonly\r\na=mid:0\r\na=rtcp:9 IN IP4 0.0.0.0\r\na=rtpmap:120 VP8/90000\r\na=rtpmap:126 H264/90000\r\na=rtpmap:97 H264/90000\r\na=rtcp-fb:120 nack\r\na=rtcp-fb:120 nack pli\r\na=rtcp-fb:120 ccm fir\r\na=rtcp-fb:120 goog-remb\r\na=rtcp-fb:126 nack\r\na=rtcp-fb:126 nack pli\r\na=rtcp-fb:126 ccm fir\r\na=rtcp-fb:126 goog-remb\r\na=rtcp-fb:97 nack\r\na=rtcp-fb:97 nack pli\r\na=rtcp-fb:97 ccm fir\r\na=rtcp-fb:97 goog-remb\r\na=fmtp:126 profile-level-id=42e01f;level-asymmetry-allowed=1;packetization-mode=1\r\na=fmtp:97 profile-level-id=42e01f;level-asymmetry-allowed=1\r\na=fmtp:120 max-fs=12288;max-fr=60\r\na=rtcp-mux\r\na=setup:active\r\na=ssrc:1298016852 cname:user3914817070@host-6cf3af88\r\na=ice-ufrag:sA0C\r\na=ice-pwd:Z7MqqV6CPmGEJm+pxhgKvh\r\na=fingerprint:sha-256 86:5B:AB:C7:28:5E:85:EC:11:48:B7:A6:96:15:DA:B0:2D:F9:55:54:F9:D4:C1:97:82:0D:0B:17:7D:92:A1:B7\r\nm=audio 1 UDP/TLS/RTP/SAVPF 109 0\r\na=sendonly\r\na=mid:1\r\na=rtcp:9 IN IP4 0.0.0.0\r\na=rtpmap:109 opus/48000/2\r\na=rtpmap:0 PCMU/8000\r\na=fmtp:109 maxplaybackrate=48000;stereo=1;useinbandfec=1\r\na=rtcp-mux\r\na=setup:active\r\na=ssrc:3805228721 cname:user3914817070@host-6cf3af88\r\na=ice-ufrag:sA0C\r\na=ice-pwd:Z7MqqV6CPmGEJm+pxhgKvh\r\na=fingerprint:sha-256 86:5B:AB:C7:28:5E:85:EC:11:48:B7:A6:96:15:DA:B0:2D:F9:55:54:F9:D4:C1:97:82:0D:0B:17:7D:92:A1:B7\r\n"}}
0:10:00.273278927 [335m   34[00m 0x7fb8480072f0 [37mDEBUG  [00m [00mKurentoWebSocketTransport WebSocketTransport.cpp:460:processMessage:[00m Message: {"jsonrpc":"2.0","method":"invoke","params":{"object":"e35ba687-a51e-4a44-a712-d192cf71521d_kurento.MediaPipeline/6803000c-81d0-4da2-bb45-63e6590d6843_kurento.WebRtcEndpoint","operation":"addIceCandidate","operationParams":{"candidate":{"candidate":"candidate:0 1 UDP 2122252543 49.229.17.254 53943 typ host","sdpMid":"0","sdpMLineIndex":0,"__module__":"kurento","__type__":"IceCandidate"}},"sessionId":"e0626178-ed7c-4d4a-a160-9d8266c66a8f"},"id":90}
0:10:00.273646946 [335m   34[00m 0x7fb8480072f0 [37mDEBUG  [00m [00mKurentoWebSocketTransport WebSocketTransport.cpp:462:processMessage:[00m Response: {"id":90,"jsonrpc":"2.0","result":{"sessionId":"e0626178-ed7c-4d4a-a160-9d8266c66a8f","value":null}}
0:10:00.273891418 [335m   34[00m 0x7fb8480072f0 [37mDEBUG  [00m [00mKurentoWebSocketTransport WebSocketTransport.cpp:460:processMessage:[00m Message: {"jsonrpc":"2.0","method":"invoke","params":{"object":"e35ba687-a51e-4a44-a712-d192cf71521d_kurento.MediaPipeline/6803000c-81d0-4da2-bb45-63e6590d6843_kurento.WebRtcEndpoint","operation":"addIceCandidate","operationParams":{"candidate":{"candidate":"candidate:2 1 TCP 2105524479 49.229.17.254 9 typ host tcptype active","sdpMid":"0","sdpMLineIndex":0,"__module__":"kurento","__type__":"IceCandidate"}},"sessionId":"e0626178-ed7c-4d4a-a160-9d8266c66a8f"},"id":91}
0:10:00.274193183 [335m   34[00m 0x7fb8480072f0 [37mDEBUG  [00m [00mKurentoWebSocketTransport WebSocketTransport.cpp:462:processMessage:[00m Response: {"id":91,"jsonrpc":"2.0","result":{"sessionId":"e0626178-ed7c-4d4a-a160-9d8266c66a8f","value":null}}
0:10:00.274233300 [335m   34[00m 0x7fb8480072f0 [37mDEBUG  [00m [00mKurentoWebSocketTransport WebSocketTransport.cpp:460:processMessage:[00m Message: {"jsonrpc":"2.0","method":"invoke","params":{"object":"e35ba687-a51e-4a44-a712-d192cf71521d_kurento.MediaPipeline/6803000c-81d0-4da2-bb45-63e6590d6843_kurento.WebRtcEndpoint","operation":"addIceCandidate","operationParams":{"candidate":{"candidate":"candidate:0 2 UDP 2122252542 49.229.17.254 53946 typ host","sdpMid":"0","sdpMLineIndex":0,"__module__":"kurento","__type__":"IceCandidate"}},"sessionId":"e0626178-ed7c-4d4a-a160-9d8266c66a8f"},"id":92}
0:10:00.274507371 [335m   34[00m 0x7fb8480072f0 [37mDEBUG  [00m [00mKurentoWebSocketTransport WebSocketTransport.cpp:462:processMessage:[00m Response: {"id":92,"jsonrpc":"2.0","result":{"sessionId":"e0626178-ed7c-4d4a-a160-9d8266c66a8f","value":null}}
0:10:00.274537886 [335m   34[00m 0x7fb8480072f0 [37mDEBUG  [00m [00mKurentoWebSocketTransport WebSocketTransport.cpp:460:processMessage:[00m Message: {"jsonrpc":"2.0","method":"invoke","params":{"object":"e35ba687-a51e-4a44-a712-d192cf71521d_kurento.MediaPipeline/6803000c-81d0-4da2-bb45-63e6590d6843_kurento.WebRtcEndpoint","operation":"addIceCandidate","operationParams":{"candidate":{"candidate":"candidate:2 2 TCP 2105524478 49.229.17.254 9 typ host tcptype active","sdpMid":"0","sdpMLineIndex":0,"__module__":"kurento","__type__":"IceCandidate"}},"sessionId":"e0626178-ed7c-4d4a-a160-9d8266c66a8f"},"id":93}
0:10:00.274804618 [335m   34[00m 0x7fb8480072f0 [37mDEBUG  [00m [00mKurentoWebSocketTransport WebSocketTransport.cpp:462:processMessage:[00m Response: {"id":93,"jsonrpc":"2.0","result":{"sessionId":"e0626178-ed7c-4d4a-a160-9d8266c66a8f","value":null}}
0:10:00.274834823 [335m   34[00m 0x7fb8480072f0 [37mDEBUG  [00m [00mKurentoWebSocketTransport WebSocketTransport.cpp:460:processMessage:[00m Message: {"jsonrpc":"2.0","method":"invoke","params":{"object":"e35ba687-a51e-4a44-a712-d192cf71521d_kurento.MediaPipeline/6803000c-81d0-4da2-bb45-63e6590d6843_kurento.WebRtcEndpoint","operation":"addIceCandidate","operationParams":{"candidate":{"candidate":"candidate:0 1 UDP 2122252543 49.229.17.254 53947 typ host","sdpMid":"1","sdpMLineIndex":1,"__module__":"kurento","__type__":"IceCandidate"}},"sessionId":"e0626178-ed7c-4d4a-a160-9d8266c66a8f"},"id":94}
0:10:00.275098600 [335m   34[00m 0x7fb8480072f0 [37mDEBUG  [00m [00mKurentoWebSocketTransport WebSocketTransport.cpp:462:processMessage:[00m Response: {"id":94,"jsonrpc":"2.0","result":{"sessionId":"e0626178-ed7c-4d4a-a160-9d8266c66a8f","value":null}}
0:10:00.276189251 [335m   34[00m 0x7fb8480072f0 [37mDEBUG  [00m [00mKurentoWebSocketTransport WebSocketTransport.cpp:460:processMessage:[00m Message: {"jsonrpc":"2.0","method":"invoke","params":{"object":"e35ba687-a51e-4a44-a712-d192cf71521d_kurento.MediaPipeline/6803000c-81d0-4da2-bb45-63e6590d6843_kurento.WebRtcEndpoint","operation":"addIceCandidate","operationParams":{"candidate":{"candidate":"candidate:2 1 TCP 2105524479 49.229.17.254 9 typ host tcptype active","sdpMid":"1","sdpMLineIndex":1,"__module__":"kurento","__type__":"IceCandidate"}},"sessionId":"e0626178-ed7c-4d4a-a160-9d8266c66a8f"},"id":95}
0:10:00.276663264 [335m   34[00m 0x7fb8480072f0 [37mDEBUG  [00m [00mKurentoWebSocketTransport WebSocketTransport.cpp:462:processMessage:[00m Response: {"id":95,"jsonrpc":"2.0","result":{"sessionId":"e0626178-ed7c-4d4a-a160-9d8266c66a8f","value":null}}
0:10:00.276991424 [335m   34[00m 0x7fb850001840 [37mDEBUG  [00m [00mKurentoWebSocketTransport WebSocketTransport.cpp:460:processMessage:[00m Message: {"jsonrpc":"2.0","method":"invoke","params":{"object":"e35ba687-a51e-4a44-a712-d192cf71521d_kurento.MediaPipeline/6803000c-81d0-4da2-bb45-63e6590d6843_kurento.WebRtcEndpoint","operation":"addIceCandidate","operationParams":{"candidate":{"candidate":"candidate:0 2 UDP 2122252542 49.229.17.254 53948 typ host","sdpMid":"1","sdpMLineIndex":1,"__module__":"kurento","__type__":"IceCandidate"}},"sessionId":"e0626178-ed7c-4d4a-a160-9d8266c66a8f"},"id":96}
0:10:00.277318557 [335m   34[00m 0x7fb850001840 [37mDEBUG  [00m [00mKurentoWebSocketTransport WebSocketTransport.cpp:462:processMessage:[00m Response: {"id":96,"jsonrpc":"2.0","result":{"sessionId":"e0626178-ed7c-4d4a-a160-9d8266c66a8f","value":null}}
0:10:00.277350412 [335m   34[00m 0x7fb850001840 [37mDEBUG  [00m [00mKurentoWebSocketTransport WebSocketTransport.cpp:460:processMessage:[00m Message: {"jsonrpc":"2.0","method":"invoke","params":{"object":"e35ba687-a51e-4a44-a712-d192cf71521d_kurento.MediaPipeline/6803000c-81d0-4da2-bb45-63e6590d6843_kurento.WebRtcEndpoint","operation":"addIceCandidate","operationParams":{"candidate":{"candidate":"candidate:2 2 TCP 2105524478 49.229.17.254 9 typ host tcptype active","sdpMid":"1","sdpMLineIndex":1,"__module__":"kurento","__type__":"IceCandidate"}},"sessionId":"e0626178-ed7c-4d4a-a160-9d8266c66a8f"},"id":97}
0:10:00.277577600 [335m   34[00m 0x7fb850001840 [37mDEBUG  [00m [00mKurentoWebSocketTransport WebSocketTransport.cpp:462:processMessage:[00m Response: {"id":97,"jsonrpc":"2.0","result":{"sessionId":"e0626178-ed7c-4d4a-a160-9d8266c66a8f","value":null}}
0:10:00.277929684 [335m   34[00m 0x7fb834001c60 [37mDEBUG  [00m [00mKurentoWebSocketTransport WebSocketTransport.cpp:460:processMessage:[00m Message: {"jsonrpc":"2.0","method":"invoke","params":{"object":"e35ba687-a51e-4a44-a712-d192cf71521d_kurento.MediaPipeline/6803000c-81d0-4da2-bb45-63e6590d6843_kurento.WebRtcEndpoint","operation":"gatherCandidates","sessionId":"e0626178-ed7c-4d4a-a160-9d8266c66a8f"},"id":98}
0:10:00.279898583 [335m   34[00m 0x7fb734002070 [37mDEBUG  [00m [00mKurentoWebSocketEventHandler WebSocketEventHandler.cpp:56:sendEvent:[00m Sending event: {"jsonrpc":"2.0","method":"onEvent","params":{"value":{"data":{"candidate":{"__module__":"kurento","__type__":"IceCandidate","candidate":"candidate:1 1 UDP 2013266431 172.20.0.10 10287 typ host","sdpMLineIndex":0,"sdpMid":"0"},"source":"e35ba687-a51e-4a44-a712-d192cf71521d_kurento.MediaPipeline/6803000c-81d0-4da2-bb45-63e6590d6843_kurento.WebRtcEndpoint","tags":[],"timestamp":"1604979116","timestampMillis":"1604979116792","type":"OnIceCandidate"},"object":"e35ba687-a51e-4a44-a712-d192cf71521d_kurento.MediaPipeline/6803000c-81d0-4da2-bb45-63e6590d6843_kurento.WebRtcEndpoint","type":"OnIceCandidate"}}}, sessionId: e0626178-ed7c-4d4a-a160-9d8266c66a8f
0:10:00.279999587 [335m   34[00m 0x7fb734002070 [37mDEBUG  [00m [00mKurentoWebSocketEventHandler WebSocketEventHandler.cpp:56:sendEvent:[00m Sending event: {"jsonrpc":"2.0","method":"onEvent","params":{"value":{"data":{"candidate":{"__module__":"kurento","__type__":"IceCandidate","candidate":"candidate:1 1 UDP 2013266431 172.20.0.10 10287 typ host","sdpMLineIndex":1,"sdpMid":"1"},"source":"e35ba687-a51e-4a44-a712-d192cf71521d_kurento.MediaPipeline/6803000c-81d0-4da2-bb45-63e6590d6843_kurento.WebRtcEndpoint","tags":[],"timestamp":"1604979116","timestampMillis":"1604979116792","type":"OnIceCandidate"},"object":"e35ba687-a51e-4a44-a712-d192cf71521d_kurento.MediaPipeline/6803000c-81d0-4da2-bb45-63e6590d6843_kurento.WebRtcEndpoint","type":"OnIceCandidate"}}}, sessionId: e0626178-ed7c-4d4a-a160-9d8266c66a8f
0:10:00.280103642 [335m   34[00m 0x7fb734002070 [37mDEBUG  [00m [00mKurentoWebSocketEventHandler WebSocketEventHandler.cpp:56:sendEvent:[00m Sending event: {"jsonrpc":"2.0","method":"onEvent","params":{"value":{"data":{"candidate":{"__module__":"kurento","__type__":"IceCandidate","candidate":"candidate:2 1 TCP 1015021823 172.20.0.10 9 typ host tcptype active","sdpMLineIndex":0,"sdpMid":"0"},"source":"e35ba687-a51e-4a44-a712-d192cf71521d_kurento.MediaPipeline/6803000c-81d0-4da2-bb45-63e6590d6843_kurento.WebRtcEndpoint","tags":[],"timestamp":"1604979116","timestampMillis":"1604979116793","type":"OnIceCandidate"},"object":"e35ba687-a51e-4a44-a712-d192cf71521d_kurento.MediaPipeline/6803000c-81d0-4da2-bb45-63e6590d6843_kurento.WebRtcEndpoint","type":"OnIceCandidate"}}}, sessionId: e0626178-ed7c-4d4a-a160-9d8266c66a8f
0:10:00.280175121 [335m   34[00m 0x7fb734002070 [37mDEBUG  [00m [00mKurentoWebSocketEventHandler WebSocketEventHandler.cpp:56:sendEvent:[00m Sending event: {"jsonrpc":"2.0","method":"onEvent","params":{"value":{"data":{"candidate":{"__module__":"kurento","__type__":"IceCandidate","candidate":"candidate:2 1 TCP 1015021823 172.20.0.10 9 typ host tcptype active","sdpMLineIndex":1,"sdpMid":"1"},"source":"e35ba687-a51e-4a44-a712-d192cf71521d_kurento.MediaPipeline/6803000c-81d0-4da2-bb45-63e6590d6843_kurento.WebRtcEndpoint","tags":[],"timestamp":"1604979116","timestampMillis":"1604979116793","type":"OnIceCandidate"},"object":"e35ba687-a51e-4a44-a712-d192cf71521d_kurento.MediaPipeline/6803000c-81d0-4da2-bb45-63e6590d6843_kurento.WebRtcEndpoint","type":"OnIceCandidate"}}}, sessionId: e0626178-ed7c-4d4a-a160-9d8266c66a8f
0:10:00.280301138 [335m   34[00m 0x7fb734002070 [37mDEBUG  [00m [00mKurentoWebSocketEventHandler WebSocketEventHandler.cpp:56:sendEvent:[00m Sending event: {"jsonrpc":"2.0","method":"onEvent","params":{"value":{"data":{"candidate":{"__module__":"kurento","__type__":"IceCandidate","candidate":"candidate:3 1 TCP 1010827519 172.20.0.10 10211 typ host tcptype passive","sdpMLineIndex":0,"sdpMid":"0"},"source":"e35ba687-a51e-4a44-a712-d192cf71521d_kurento.MediaPipeline/6803000c-81d0-4da2-bb45-63e6590d6843_kurento.WebRtcEndpoint","tags":[],"timestamp":"1604979116","timestampMillis":"1604979116793","type":"OnIceCandidate"},"object":"e35ba687-a51e-4a44-a712-d192cf71521d_kurento.MediaPipeline/6803000c-81d0-4da2-bb45-63e6590d6843_kurento.WebRtcEndpoint","type":"OnIceCandidate"}}}, sessionId: e0626178-ed7c-4d4a-a160-9d8266c66a8f
0:10:00.280366937 [335m   34[00m 0x7fb734002070 [37mDEBUG  [00m [00mKurentoWebSocketEventHandler WebSocketEventHandler.cpp:56:sendEvent:[00m Sending event: {"jsonrpc":"2.0","method":"onEvent","params":{"value":{"data":{"candidate":{"__module__":"kurento","__type__":"IceCandidate","candidate":"candidate:3 1 TCP 1010827519 172.20.0.10 10211 typ host tcptype passive","sdpMLineIndex":1,"sdpMid":"1"},"source":"e35ba687-a51e-4a44-a712-d192cf71521d_kurento.MediaPipeline/6803000c-81d0-4da2-bb45-63e6590d6843_kurento.WebRtcEndpoint","tags":[],"timestamp":"1604979116","timestampMillis":"1604979116793","type":"OnIceCandidate"},"object":"e35ba687-a51e-4a44-a712-d192cf71521d_kurento.MediaPipeline/6803000c-81d0-4da2-bb45-63e6590d6843_kurento.WebRtcEndpoint","type":"OnIceCandidate"}}}, sessionId: e0626178-ed7c-4d4a-a160-9d8266c66a8f
0:10:00.281046656 [335m   34[00m 0x7fb734002070 [37mDEBUG  [00m [00mKurentoWebSocketEventHandler WebSocketEventHandler.cpp:56:sendEvent:[00m Sending event: {"jsonrpc":"2.0","method":"onEvent","params":{"value":{"data":{"candidate":{"__module__":"kurento","__type__":"IceCandidate","candidate":"candidate:1 2 UDP 2013266430 172.20.0.10 10279 typ host","sdpMLineIndex":0,"sdpMid":"0"},"source":"e35ba687-a51e-4a44-a712-d192cf71521d_kurento.MediaPipeline/6803000c-81d0-4da2-bb45-63e6590d6843_kurento.WebRtcEndpoint","tags":[],"timestamp":"1604979116","timestampMillis":"1604979116793","type":"OnIceCandidate"},"object":"e35ba687-a51e-4a44-a712-d192cf71521d_kurento.MediaPipeline/6803000c-81d0-4da2-bb45-63e6590d6843_kurento.WebRtcEndpoint","type":"OnIceCandidate"}}}, sessionId: e0626178-ed7c-4d4a-a160-9d8266c66a8f
0:10:00.281118969 [335m   34[00m 0x7fb734002070 [37mDEBUG  [00m [00mKurentoWebSocketEventHandler WebSocketEventHandler.cpp:56:sendEvent:[00m Sending event: {"jsonrpc":"2.0","method":"onEvent","params":{"value":{"data":{"candidate":{"__module__":"kurento","__type__":"IceCandidate","candidate":"candidate:1 2 UDP 2013266430 172.20.0.10 10279 typ host","sdpMLineIndex":1,"sdpMid":"1"},"source":"e35ba687-a51e-4a44-a712-d192cf71521d_kurento.MediaPipeline/6803000c-81d0-4da2-bb45-63e6590d6843_kurento.WebRtcEndpoint","tags":[],"timestamp":"1604979116","timestampMillis":"1604979116793","type":"OnIceCandidate"},"object":"e35ba687-a51e-4a44-a712-d192cf71521d_kurento.MediaPipeline/6803000c-81d0-4da2-bb45-63e6590d6843_kurento.WebRtcEndpoint","type":"OnIceCandidate"}}}, sessionId: e0626178-ed7c-4d4a-a160-9d8266c66a8f
0:10:00.281272313 [335m   34[00m 0x7fb734002070 [37mDEBUG  [00m [00mKurentoWebSocketEventHandler WebSocketEventHandler.cpp:56:sendEvent:[00m Sending event: {"jsonrpc":"2.0","method":"onEvent","params":{"value":{"data":{"candidate":{"__module__":"kurento","__type__":"IceCandidate","candidate":"candidate:2 2 TCP 1015021822 172.20.0.10 9 typ host tcptype active","sdpMLineIndex":0,"sdpMid":"0"},"source":"e35ba687-a51e-4a44-a712-d192cf71521d_kurento.MediaPipeline/6803000c-81d0-4da2-bb45-63e6590d6843_kurento.WebRtcEndpoint","tags":[],"timestamp":"1604979116","timestampMillis":"1604979116794","type":"OnIceCandidate"},"object":"e35ba687-a51e-4a44-a712-d192cf71521d_kurento.MediaPipeline/6803000c-81d0-4da2-bb45-63e6590d6843_kurento.WebRtcEndpoint","type":"OnIceCandidate"}}}, sessionId: e0626178-ed7c-4d4a-a160-9d8266c66a8f
0:10:00.281340193 [335m   34[00m 0x7fb734002070 [37mDEBUG  [00m [00mKurentoWebSocketEventHandler WebSocketEventHandler.cpp:56:sendEvent:[00m Sending event: {"jsonrpc":"2.0","method":"onEvent","params":{"value":{"data":{"candidate":{"__module__":"kurento","__type__":"IceCandidate","candidate":"candidate:2 2 TCP 1015021822 172.20.0.10 9 typ host tcptype active","sdpMLineIndex":1,"sdpMid":"1"},"source":"e35ba687-a51e-4a44-a712-d192cf71521d_kurento.MediaPipeline/6803000c-81d0-4da2-bb45-63e6590d6843_kurento.WebRtcEndpoint","tags":[],"timestamp":"1604979116","timestampMillis":"1604979116794","type":"OnIceCandidate"},"object":"e35ba687-a51e-4a44-a712-d192cf71521d_kurento.MediaPipeline/6803000c-81d0-4da2-bb45-63e6590d6843_kurento.WebRtcEndpoint","type":"OnIceCandidate"}}}, sessionId: e0626178-ed7c-4d4a-a160-9d8266c66a8f
0:10:00.281478611 [335m   34[00m 0x7fb734002070 [37mDEBUG  [00m [00mKurentoWebSocketEventHandler WebSocketEventHandler.cpp:56:sendEvent:[00m Sending event: {"jsonrpc":"2.0","method":"onEvent","params":{"value":{"data":{"candidate":{"__module__":"kurento","__type__":"IceCandidate","candidate":"candidate:3 2 TCP 1010827518 172.20.0.10 10231 typ host tcptype passive","sdpMLineIndex":0,"sdpMid":"0"},"source":"e35ba687-a51e-4a44-a712-d192cf71521d_kurento.MediaPipeline/6803000c-81d0-4da2-bb45-63e6590d6843_kurento.WebRtcEndpoint","tags":[],"timestamp":"1604979116","timestampMillis":"1604979116794","type":"OnIceCandidate"},"object":"e35ba687-a51e-4a44-a712-d192cf71521d_kurento.MediaPipeline/6803000c-81d0-4da2-bb45-63e6590d6843_kurento.WebRtcEndpoint","type":"OnIceCandidate"}}}, sessionId: e0626178-ed7c-4d4a-a160-9d8266c66a8f
0:10:00.281542494 [335m   34[00m 0x7fb734002070 [37mDEBUG  [00m [00mKurentoWebSocketEventHandler WebSocketEventHandler.cpp:56:sendEvent:[00m Sending event: {"jsonrpc":"2.0","method":"onEvent","params":{"value":{"data":{"candidate":{"__module__":"kurento","__type__":"IceCandidate","candidate":"candidate:3 2 TCP 1010827518 172.20.0.10 10231 typ host tcptype passive","sdpMLineIndex":1,"sdpMid":"1"},"source":"e35ba687-a51e-4a44-a712-d192cf71521d_kurento.MediaPipeline/6803000c-81d0-4da2-bb45-63e6590d6843_kurento.WebRtcEndpoint","tags":[],"timestamp":"1604979116","timestampMillis":"1604979116794","type":"OnIceCandidate"},"object":"e35ba687-a51e-4a44-a712-d192cf71521d_kurento.MediaPipeline/6803000c-81d0-4da2-bb45-63e6590d6843_kurento.WebRtcEndpoint","type":"OnIceCandidate"}}}, sessionId: e0626178-ed7c-4d4a-a160-9d8266c66a8f
0:10:00.281687358 [335m   34[00m 0x7fb834001c60 [37mDEBUG  [00m [00mKurentoWebSocketTransport WebSocketTransport.cpp:462:processMessage:[00m Response: {"id":98,"jsonrpc":"2.0","result":{"sessionId":"e0626178-ed7c-4d4a-a160-9d8266c66a8f","value":null}}
0:10:00.281807885 [335m   34[00m 0x7fb834001c60 [37mDEBUG  [00m [00mKurentoWebSocketTransport WebSocketTransport.cpp:460:processMessage:[00m Message: {"jsonrpc":"2.0","method":"invoke","params":{"object":"e35ba687-a51e-4a44-a712-d192cf71521d_kurento.MediaPipeline/a2536636-215a-4fc5-8a0f-aebddaad3698_datachannelexample.KmsSendData","operation":"connect","operationParams":{"sink":"e35ba687-a51e-4a44-a712-d192cf71521d_kurento.MediaPipeline/6803000c-81d0-4da2-bb45-63e6590d6843_kurento.WebRtcEndpoint"},"sessionId":"e0626178-ed7c-4d4a-a160-9d8266c66a8f"},"id":99}
0:10:00.281915967 [335m   34[00m 0x7fb834001c60 [37mDEBUG  [00m [00mKurentoMediaElementImpl MediaElementImpl.cpp:902:connect:[00m Connecting e35ba687-a51e-4a44-a712-d192cf71521d_kurento.MediaPipeline/a2536636-215a-4fc5-8a0f-aebddaad3698_datachannelexample.KmsSendData -> e35ba687-a51e-4a44-a712-d192cf71521d_kurento.MediaPipeline/6803000c-81d0-4da2-bb45-63e6590d6843_kurento.WebRtcEndpoint params AUDIO default default
0:10:00.282068437 [335m   34[00m 0x7fb834001c60 [37mDEBUG  [00m [00mKurentoMediaElementImpl MediaElementImpl.cpp:902:connect:[00m Connecting e35ba687-a51e-4a44-a712-d192cf71521d_kurento.MediaPipeline/a2536636-215a-4fc5-8a0f-aebddaad3698_datachannelexample.KmsSendData -> e35ba687-a51e-4a44-a712-d192cf71521d_kurento.MediaPipeline/6803000c-81d0-4da2-bb45-63e6590d6843_kurento.WebRtcEndpoint params VIDEO default default
0:10:00.282154687 [335m   34[00m 0x7fb834001c60 [37mDEBUG  [00m [00mKurentoMediaElementImpl MediaElementImpl.cpp:902:connect:[00m Connecting e35ba687-a51e-4a44-a712-d192cf71521d_kurento.MediaPipeline/a2536636-215a-4fc5-8a0f-aebddaad3698_datachannelexample.KmsSendData -> e35ba687-a51e-4a44-a712-d192cf71521d_kurento.MediaPipeline/6803000c-81d0-4da2-bb45-63e6590d6843_kurento.WebRtcEndpoint params DATA default default
0:10:00.282297719 [335m   34[00m 0x7fb834001c60 [37mDEBUG  [00m [00mKurentoWebSocketTransport WebSocketTransport.cpp:462:processMessage:[00m Response: {"id":99,"jsonrpc":"2.0","result":{"sessionId":"e0626178-ed7c-4d4a-a160-9d8266c66a8f","value":null}}
0:10:00.327963329 [335m   34[00m 0x7fb83808f400 [37mDEBUG  [00m [00mKurentoWebRtcEndpointImpl WebRtcEndpointImpl.cpp:292:newSelectedPairFull:<kmswebrtcendpoint5>[00m New candidate pair selected, local: 'candidate:4 1 UDP 1845494269 203.151.20.94 10287 typ prflx raddr 172.20.0.10 rport 10287', remote: 'candidate:0 1 UDP 2122252543 49.229.17.254 53943 typ host', stream_id: '1', component_id: 1
0:10:00.371137976 [335m   34[00m 0x7fb734002070 [37mDEBUG  [00m [00mKurentoWebSocketEventHandler WebSocketEventHandler.cpp:56:sendEvent:[00m Sending event: {"jsonrpc":"2.0","method":"onEvent","params":{"value":{"data":{"candidate":{"__module__":"kurento","__type__":"IceCandidate","candidate":"candidate:6 1 TCP 847249663 203.151.20.94 9 typ srflx raddr 172.20.0.10 rport 9 tcptype active","sdpMLineIndex":0,"sdpMid":"0"},"source":"e35ba687-a51e-4a44-a712-d192cf71521d_kurento.MediaPipeline/6803000c-81d0-4da2-bb45-63e6590d6843_kurento.WebRtcEndpoint","tags":[],"timestamp":"1604979116","timestampMillis":"1604979116884","type":"OnIceCandidate"},"object":"e35ba687-a51e-4a44-a712-d192cf71521d_kurento.MediaPipeline/6803000c-81d0-4da2-bb45-63e6590d6843_kurento.WebRtcEndpoint","type":"OnIceCandidate"}}}, sessionId: e0626178-ed7c-4d4a-a160-9d8266c66a8f
0:10:00.371292009 [335m   34[00m 0x7fb734002070 [37mDEBUG  [00m [00mKurentoWebSocketEventHandler WebSocketEventHandler.cpp:56:sendEvent:[00m Sending event: {"jsonrpc":"2.0","method":"onEvent","params":{"value":{"data":{"candidate":{"__module__":"kurento","__type__":"IceCandidate","candidate":"candidate:6 1 TCP 847249663 203.151.20.94 9 typ srflx raddr 172.20.0.10 rport 9 tcptype active","sdpMLineIndex":1,"sdpMid":"1"},"source":"e35ba687-a51e-4a44-a712-d192cf71521d_kurento.MediaPipeline/6803000c-81d0-4da2-bb45-63e6590d6843_kurento.WebRtcEndpoint","tags":[],"timestamp":"1604979116","timestampMillis":"1604979116884","type":"OnIceCandidate"},"object":"e35ba687-a51e-4a44-a712-d192cf71521d_kurento.MediaPipeline/6803000c-81d0-4da2-bb45-63e6590d6843_kurento.WebRtcEndpoint","type":"OnIceCandidate"}}}, sessionId: e0626178-ed7c-4d4a-a160-9d8266c66a8f
0:10:00.371435543 [335m   34[00m 0x7fb734002070 [37mDEBUG  [00m [00mKurentoWebSocketEventHandler WebSocketEventHandler.cpp:56:sendEvent:[00m Sending event: {"jsonrpc":"2.0","method":"onEvent","params":{"value":{"data":{"candidate":{"__module__":"kurento","__type__":"IceCandidate","candidate":"candidate:7 1 TCP 843055359 203.151.20.94 10211 typ srflx raddr 172.20.0.10 rport 10211 tcptype passive","sdpMLineIndex":0,"sdpMid":"0"},"source":"e35ba687-a51e-4a44-a712-d192cf71521d_kurento.MediaPipeline/6803000c-81d0-4da2-bb45-63e6590d6843_kurento.WebRtcEndpoint","tags":[],"timestamp":"1604979116","timestampMillis":"1604979116884","type":"OnIceCandidate"},"object":"e35ba687-a51e-4a44-a712-d192cf71521d_kurento.MediaPipeline/6803000c-81d0-4da2-bb45-63e6590d6843_kurento.WebRtcEndpoint","type":"OnIceCandidate"}}}, sessionId: e0626178-ed7c-4d4a-a160-9d8266c66a8f
0:10:00.371577517 [335m   34[00m 0x7fb734002070 [37mDEBUG  [00m [00mKurentoWebSocketEventHandler WebSocketEventHandler.cpp:56:sendEvent:[00m Sending event: {"jsonrpc":"2.0","method":"onEvent","params":{"value":{"data":{"candidate":{"__module__":"kurento","__type__":"IceCandidate","candidate":"candidate:7 1 TCP 843055359 203.151.20.94 10211 typ srflx raddr 172.20.0.10 rport 10211 tcptype passive","sdpMLineIndex":1,"sdpMid":"1"},"source":"e35ba687-a51e-4a44-a712-d192cf71521d_kurento.MediaPipeline/6803000c-81d0-4da2-bb45-63e6590d6843_kurento.WebRtcEndpoint","tags":[],"timestamp":"1604979116","timestampMillis":"1604979116884","type":"OnIceCandidate"},"object":"e35ba687-a51e-4a44-a712-d192cf71521d_kurento.MediaPipeline/6803000c-81d0-4da2-bb45-63e6590d6843_kurento.WebRtcEndpoint","type":"OnIceCandidate"}}}, sessionId: e0626178-ed7c-4d4a-a160-9d8266c66a8f
0:10:00.391625245 [335m   34[00m 0x7fb800001b50 [37mDEBUG  [00m [00mKurentoWebSocketTransport WebSocketTransport.cpp:460:processMessage:[00m Message: {"jsonrpc":"2.0","method":"invoke","params":{"object":"e35ba687-a51e-4a44-a712-d192cf71521d_kurento.MediaPipeline/6803000c-81d0-4da2-bb45-63e6590d6843_kurento.WebRtcEndpoint","operation":"addIceCandidate","operationParams":{"candidate":{"candidate":"","sdpMid":"0","sdpMLineIndex":0,"__module__":"kurento","__type__":"IceCandidate"}},"sessionId":"e0626178-ed7c-4d4a-a160-9d8266c66a8f"},"id":100}
0:10:00.392204513 [335m   34[00m 0x7fb800001b50 [37mDEBUG  [00m [00mKurentoWebSocketTransport WebSocketTransport.cpp:462:processMessage:[00m Response: {"error":{"code":40401,"data":{"type":"ICE_ADD_CANDIDATE_ERROR"},"message":"Error adding candidate"},"id":100,"jsonrpc":"2.0"}
0:10:00.423839817 [335m   34[00m 0x7fb800001410 [36mINFO   [00m [00mKurentoWebSocketTransport WebSocketTransport.cpp:296:keepAliveSessions:[00m Keep alive e0626178-ed7c-4d4a-a160-9d8266c66a8f
0:10:00.618733288 [335m   34[00m 0x7fb850001840 [37mDEBUG  [00m [00mKurentoWebSocketTransport WebSocketTransport.cpp:460:processMessage:[00m Message: {"jsonrpc":"2.0","method":"ping","id":101}
0:10:00.619123032 [335m   34[00m 0x7fb850001840 [36mINFO   [00m [00mKurentoServerMethods ServerMethods.cpp:814:ping:[00m WebSocket Ping/Pong with sessionId e0626178-ed7c-4d4a-a160-9d8266c66a8f
0:10:00.619614650 [335m   34[00m 0x7fb850001840 [37mDEBUG  [00m [00mKurentoWebSocketTransport WebSocketTransport.cpp:462:processMessage:[00m Response: {"id":101,"jsonrpc":"2.0","result":{"sessionId":"e0626178-ed7c-4d4a-a160-9d8266c66a8f","value":"pong"}}
0:10:01.293708518 [335m   34[00m 0x7fb66c002590 [37mDEBUG  [00m [00mKurentoMediaElementImpl MediaElementImpl.cpp:492:mediaFlowInStateChange:<kmswebrtcendpoint5>[00m MediaFlowInStateChange: FLOWING, pad: 'default', type: 'audio'
0:10:01.374692432 [335m   34[00m 0x7fb6680021e0 [37mDEBUG  [00m [00mKurentoMediaElementImpl MediaElementImpl.cpp:492:mediaFlowInStateChange:<kmswebrtcendpoint5>[00m MediaFlowInStateChange: FLOWING, pad: 'default', type: 'video'
0:11:00.424063093 [335m   34[00m 0x7fb800001410 [36mINFO   [00m [00mKurentoWebSocketTransport WebSocketTransport.cpp:296:keepAliveSessions:[00m Keep alive e0626178-ed7c-4d4a-a160-9d8266c66a8f
0:11:00.621186134 [335m   34[00m 0x7fb830001cc0 [37mDEBUG  [00m [00mKurentoWebSocketTransport WebSocketTransport.cpp:460:processMessage:[00m Message: {"jsonrpc":"2.0","method":"ping","id":102}
0:11:00.621379109 [335m   34[00m 0x7fb830001cc0 [36mINFO   [00m [00mKurentoServerMethods ServerMethods.cpp:814:ping:[00m WebSocket Ping/Pong with sessionId e0626178-ed7c-4d4a-a160-9d8266c66a8f
0:11:00.621530038 [335m   34[00m 0x7fb830001cc0 [37mDEBUG  [00m [00mKurentoWebSocketTransport WebSocketTransport.cpp:462:processMessage:[00m Response: {"id":102,"jsonrpc":"2.0","result":{"sessionId":"e0626178-ed7c-4d4a-a160-9d8266c66a8f","value":"pong"}}
0:12:00.417580768 [335m   34[00m 0x7fb838001c30 [37mDEBUG  [00m [00m     KurentoMediaSet MediaSet.cpp:123:doGarbageCollection:[00m Running garbage collector
0:12:00.424483791 [335m   34[00m 0x7fb800001410 [36mINFO   [00m [00mKurentoWebSocketTransport WebSocketTransport.cpp:296:keepAliveSessions:[00m Keep alive e0626178-ed7c-4d4a-a160-9d8266c66a8f
0:12:00.621417819 [335m   34[00m 0x7fb844002180 [37mDEBUG  [00m [00mKurentoWebSocketTransport WebSocketTransport.cpp:460:processMessage:[00m Message: {"jsonrpc":"2.0","method":"ping","id":103}
0:12:00.621581329 [335m   34[00m 0x7fb844002180 [36mINFO   [00m [00mKurentoServerMethods ServerMethods.cpp:814:ping:[00m WebSocket Ping/Pong with sessionId e0626178-ed7c-4d4a-a160-9d8266c66a8f
0:12:00.621708478 [335m   34[00m 0x7fb844002180 [37mDEBUG  [00m [00mKurentoWebSocketTransport WebSocketTransport.cpp:462:processMessage:[00m Response: {"id":103,"jsonrpc":"2.0","result":{"sessionId":"e0626178-ed7c-4d4a-a160-9d8266c66a8f","value":"pong"}}
0:13:00.425279444 [335m   34[00m 0x7fb800001410 [36mINFO   [00m [00mKurentoWebSocketTransport WebSocketTransport.cpp:296:keepAliveSessions:[00m Keep alive e0626178-ed7c-4d4a-a160-9d8266c66a8f
0:13:00.622150014 [335m   34[00m 0x7fb840001c90 [37mDEBUG  [00m [00mKurentoWebSocketTransport WebSocketTransport.cpp:460:processMessage:[00m Message: {"jsonrpc":"2.0","method":"ping","id":104}
0:13:00.622388373 [335m   34[00m 0x7fb840001c90 [36mINFO   [00m [00mKurentoServerMethods ServerMethods.cpp:814:ping:[00m WebSocket Ping/Pong with sessionId e0626178-ed7c-4d4a-a160-9d8266c66a8f
0:13:00.622861672 [335m   34[00m 0x7fb840001c90 [37mDEBUG  [00m [00mKurentoWebSocketTransport WebSocketTransport.cpp:462:processMessage:[00m Response: {"id":104,"jsonrpc":"2.0","result":{"sessionId":"e0626178-ed7c-4d4a-a160-9d8266c66a8f","value":"pong"}}
0:14:00.425703584 [335m   34[00m 0x7fb800001410 [36mINFO   [00m [00mKurentoWebSocketTransport WebSocketTransport.cpp:296:keepAliveSessions:[00m Keep alive e0626178-ed7c-4d4a-a160-9d8266c66a8f
0:14:00.622466829 [335m   34[00m 0x7fb834001c60 [37mDEBUG  [00m [00mKurentoWebSocketTransport WebSocketTransport.cpp:460:processMessage:[00m Message: {"jsonrpc":"2.0","method":"ping","id":105}
0:14:00.622795112 [335m   34[00m 0x7fb834001c60 [36mINFO   [00m [00mKurentoServerMethods ServerMethods.cpp:814:ping:[00m WebSocket Ping/Pong with sessionId e0626178-ed7c-4d4a-a160-9d8266c66a8f
0:14:00.622902030 [335m   34[00m 0x7fb834001c60 [37mDEBUG  [00m [00mKurentoWebSocketTransport WebSocketTransport.cpp:462:processMessage:[00m Response: {"id":105,"jsonrpc":"2.0","result":{"sessionId":"e0626178-ed7c-4d4a-a160-9d8266c66a8f","value":"pong"}}
0:15:00.426123133 [335m   34[00m 0x7fb800001410 [36mINFO   [00m [00mKurentoWebSocketTransport WebSocketTransport.cpp:296:keepAliveSessions:[00m Keep alive e0626178-ed7c-4d4a-a160-9d8266c66a8f
0:15:00.622746399 [335m   34[00m 0x7fb804001790 [37mDEBUG  [00m [00mKurentoWebSocketTransport WebSocketTransport.cpp:460:processMessage:[00m Message: {"jsonrpc":"2.0","method":"ping","id":106}
0:15:00.622937891 [335m   34[00m 0x7fb804001790 [36mINFO   [00m [00mKurentoServerMethods ServerMethods.cpp:814:ping:[00m WebSocket Ping/Pong with sessionId e0626178-ed7c-4d4a-a160-9d8266c66a8f
0:15:00.623068507 [335m   34[00m 0x7fb804001790 [37mDEBUG  [00m [00mKurentoWebSocketTransport WebSocketTransport.cpp:462:processMessage:[00m Response: {"id":106,"jsonrpc":"2.0","result":{"sessionId":"e0626178-ed7c-4d4a-a160-9d8266c66a8f","value":"pong"}}
0:16:00.418005798 [335m   34[00m 0x7fb838001c30 [37mDEBUG  [00m [00m     KurentoMediaSet MediaSet.cpp:123:doGarbageCollection:[00m Running garbage collector
0:16:00.426509301 [335m   34[00m 0x7fb800001410 [36mINFO   [00m [00mKurentoWebSocketTransport WebSocketTransport.cpp:296:keepAliveSessions:[00m Keep alive e0626178-ed7c-4d4a-a160-9d8266c66a8f
0:16:00.622498707 [335m   34[00m 0x7fb8480072f0 [37mDEBUG  [00m [00mKurentoWebSocketTransport WebSocketTransport.cpp:460:processMessage:[00m Message: {"jsonrpc":"2.0","method":"ping","id":107}
0:16:00.622660499 [335m   34[00m 0x7fb8480072f0 [36mINFO   [00m [00mKurentoServerMethods ServerMethods.cpp:814:ping:[00m WebSocket Ping/Pong with sessionId e0626178-ed7c-4d4a-a160-9d8266c66a8f
0:16:00.622790112 [335m   34[00m 0x7fb8480072f0 [37mDEBUG  [00m [00mKurentoWebSocketTransport WebSocketTransport.cpp:462:processMessage:[00m Response: {"id":107,"jsonrpc":"2.0","result":{"sessionId":"e0626178-ed7c-4d4a-a160-9d8266c66a8f","value":"pong"}}
