0:58:00.161112819 [331m   24[00m 0x7fe6ec001b20 [37mDEBUG  [00m [00mKurentoWebSocketTransport WebSocketTransport.cpp:460:processMessage:[00m Message: {"jsonrpc":"2.0","method":"unsubscribe","params":{"object":"66243add-4692-437c-89c5-ea1bf1ed5585_kurento.MediaPipeline/0db4b7ed-9cc8-4b60-a917-7edc8e2b8811_kurento.WebRtcEndpoint","subscription":"d82def99-4051-42a9-9669-1c71d767a8d8","sessionId":"aba633f6-8a99-417a-b26c-8713250bbf50"},"id":387}
0:58:00.161204636 [331m   24[00m 0x7fe6ec001b20 [37mDEBUG  [00m [00mKurentoWebSocketTransport WebSocketTransport.cpp:462:processMessage:[00m Response: {"id":387,"jsonrpc":"2.0","result":{"sessionId":"aba633f6-8a99-417a-b26c-8713250bbf50"}}
0:58:01.088373119 [331m   24[00m 0x7fe6e4006680 [37mDEBUG  [00m [00mKurentoMediaElementImpl MediaElementImpl.cpp:496:mediaFlowInStateChange:<kmswebrtcendpoint17>[00m MediaFlowInStateChange: NOT FLOWING, pad: 'default', type: 'audio'
0:58:01.517204903 [331m   24[00m 0x7fe6e4006680 [37mDEBUG  [00m [00mKurentoMediaElementImpl MediaElementImpl.cpp:496:mediaFlowInStateChange:<kmswebrtcendpoint19>[00m MediaFlowInStateChange: NOT FLOWING, pad: 'default', type: 'audio'
0:58:01.749768660 [331m   24[00m 0x7fe6e4006680 [37mDEBUG  [00m [00mKurentoMediaElementImpl MediaElementImpl.cpp:496:mediaFlowInStateChange:<kmswebrtcendpoint20>[00m MediaFlowInStateChange: NOT FLOWING, pad: 'default', type: 'audio'
0:58:01.878095317 [331m   24[00m 0x7fe6e4006680 [37mDEBUG  [00m [00mKurentoMediaElementImpl MediaElementImpl.cpp:464:mediaFlowOutStateChange:<kmssenddata0>[00m MediaFlowOutStateChange: NOT FLOWING, pad: 'default', type: 'audio'
0:58:01.878185542 [331m   24[00m 0x7fe6e4006680 [37mDEBUG  [00m [00mKurentoMediaElementImpl MediaElementImpl.cpp:496:mediaFlowInStateChange:<kmssenddata0>[00m MediaFlowInStateChange: NOT FLOWING, pad: 'default', type: 'audio'
0:58:01.878204637 [331m   24[00m 0x7fe6e4006680 [37mDEBUG  [00m [00mKurentoMediaElementImpl MediaElementImpl.cpp:496:mediaFlowInStateChange:<kmsrecorderendpoint0>[00m MediaFlowInStateChange: NOT FLOWING, pad: 'default', type: 'audio'
0:58:01.878221601 [331m   24[00m 0x7fe6e4006680 [37mDEBUG  [00m [00mKurentoMediaElementImpl MediaElementImpl.cpp:496:mediaFlowInStateChange:<kmswebrtcendpoint1>[00m MediaFlowInStateChange: NOT FLOWING, pad: 'default', type: 'audio'
0:58:01.878237673 [331m   24[00m 0x7fe6e4006680 [37mDEBUG  [00m [00mKurentoMediaElementImpl MediaElementImpl.cpp:496:mediaFlowInStateChange:<kmswebrtcendpoint2>[00m MediaFlowInStateChange: NOT FLOWING, pad: 'default', type: 'audio'
0:58:01.878252154 [331m   24[00m 0x7fe6e4006680 [37mDEBUG  [00m [00mKurentoMediaElementImpl MediaElementImpl.cpp:496:mediaFlowInStateChange:<kmswebrtcendpoint3>[00m MediaFlowInStateChange: NOT FLOWING, pad: 'default', type: 'audio'
0:58:01.878268087 [331m   24[00m 0x7fe6e4006680 [37mDEBUG  [00m [00mKurentoMediaElementImpl MediaElementImpl.cpp:496:mediaFlowInStateChange:<kmswebrtcendpoint4>[00m MediaFlowInStateChange: NOT FLOWING, pad: 'default', type: 'audio'
0:58:02.077609656 [331m   24[00m 0x7fe6e4006680 [37mDEBUG  [00m [00mKurentoMediaElementImpl MediaElementImpl.cpp:496:mediaFlowInStateChange:<kmswebrtcendpoint16>[00m MediaFlowInStateChange: NOT FLOWING, pad: 'default', type: 'audio'
0:58:02.188920741 [331m   24[00m 0x7fe6e4006680 [37mDEBUG  [00m [00mKurentoMediaElementImpl MediaElementImpl.cpp:496:mediaFlowInStateChange:<kmswebrtcendpoint7>[00m MediaFlowInStateChange: NOT FLOWING, pad: 'default', type: 'audio'
0:58:02.326334758 [331m   24[00m 0x7fe6e4006680 [37mDEBUG  [00m [00mKurentoMediaElementImpl MediaElementImpl.cpp:496:mediaFlowInStateChange:<kmswebrtcendpoint14>[00m MediaFlowInStateChange: NOT FLOWING, pad: 'default', type: 'audio'
0:58:02.473771188 [331m   24[00m 0x7fe6e4006680 [37mDEBUG  [00m [00mKurentoMediaElementImpl MediaElementImpl.cpp:496:mediaFlowInStateChange:<kmswebrtcendpoint18>[00m MediaFlowInStateChange: NOT FLOWING, pad: 'default', type: 'audio'
0:58:02.859140965 [331m   24[00m 0x7fe6e4006680 [37mDEBUG  [00m [00mKurentoMediaElementImpl MediaElementImpl.cpp:496:mediaFlowInStateChange:<kmswebrtcendpoint15>[00m MediaFlowInStateChange: NOT FLOWING, pad: 'default', type: 'audio'
0:58:06.229568560 [331m   24[00m 0x7fe6c0001860 [36mINFO   [00m [00mKurentoWebSocketTransport WebSocketTransport.cpp:296:keepAliveSessions:[00m Keep alive aba633f6-8a99-417a-b26c-8713250bbf50
0:58:07.004578963 [331m   24[00m 0x7fe6b0001f00 [37mDEBUG  [00m [00mKurentoWebSocketTransport WebSocketTransport.cpp:460:processMessage:[00m Message: {"jsonrpc":"2.0","method":"ping","id":388}
0:58:07.004765603 [331m   24[00m 0x7fe6b0001f00 [36mINFO   [00m [00mKurentoServerMethods ServerMethods.cpp:814:ping:[00m WebSocket Ping/Pong with sessionId aba633f6-8a99-417a-b26c-8713250bbf50
0:58:07.004862119 [331m   24[00m 0x7fe6b0001f00 [37mDEBUG  [00m [00mKurentoWebSocketTransport WebSocketTransport.cpp:462:processMessage:[00m Response: {"id":388,"jsonrpc":"2.0","result":{"sessionId":"aba633f6-8a99-417a-b26c-8713250bbf50","value":"pong"}}
0:58:10.450607021 [331m   24[00m 0x7fe6fc007980 [37mDEBUG  [00m [00mKurentoWebSocketTransport WebSocketTransport.cpp:460:processMessage:[00m Message: {"jsonrpc":"2.0","method":"create","params":{"type":"WebRtcEndpoint","constructorParams":{"mediaPipeline":"66243add-4692-437c-89c5-ea1bf1ed5585_kurento.MediaPipeline","useDataChannels":true},"properties":{},"sessionId":"aba633f6-8a99-417a-b26c-8713250bbf50"},"id":389}
0:58:10.451828696 [331m   24[00m 0x7fe6fc007980 [36mINFO   [00m [00mKurentoWebRtcEndpointImpl WebRtcEndpointImpl.cpp:96:remove_not_supported_codecs_from_array:<kmswebrtcendpoint21>[00m Removing not supported codec 'AMR/8000'
0:58:10.451884994 [331m   24[00m 0x7fe6fc007980 [36mINFO   [00m [00mKurentoWebRtcEndpointImpl WebRtcEndpointImpl.cpp:465:WebRtcEndpointImpl:[00m Using STUN reflexive server IP: 203.183.172.196
0:58:10.451893783 [331m   24[00m 0x7fe6fc007980 [36mINFO   [00m [00mKurentoWebRtcEndpointImpl WebRtcEndpointImpl.cpp:466:WebRtcEndpointImpl:[00m Using STUN reflexive server Port: 3478
0:58:10.451927027 [331m   24[00m 0x7fe6fc007980 [36mINFO   [00m [00mKurentoWebRtcEndpointImpl WebRtcEndpointImpl.cpp:487:WebRtcEndpointImpl:[00m TURN server IP address not found in config; NAT traversal requires either STUN or TURN server
0:58:10.452331601 [331m   24[00m 0x7fe6fc007980 [37mDEBUG  [00m [00mKurentoWebSocketTransport WebSocketTransport.cpp:462:processMessage:[00m Response: {"id":389,"jsonrpc":"2.0","result":{"sessionId":"aba633f6-8a99-417a-b26c-8713250bbf50","value":"66243add-4692-437c-89c5-ea1bf1ed5585_kurento.MediaPipeline/6d453f14-f48d-4707-a83a-704154336681_kurento.WebRtcEndpoint"}}
0:58:10.454130801 [331m   24[00m 0x7fe6e4001c60 [37mDEBUG  [00m [00mKurentoWebSocketTransport WebSocketTransport.cpp:460:processMessage:[00m Message: {"jsonrpc":"2.0","method":"invoke","params":{"object":"66243add-4692-437c-89c5-ea1bf1ed5585_kurento.MediaPipeline/0db4b7ed-9cc8-4b60-a917-7edc8e2b8811_kurento.WebRtcEndpoint","operation":"addIceCandidate","operationParams":{"candidate":{"candidate":"candidate:0 1 UDP 2122187007 10.13.201.10 56745 typ host","sdpMid":"0","sdpMLineIndex":0,"__module__":"kurento","__type__":"IceCandidate"}},"sessionId":"aba633f6-8a99-417a-b26c-8713250bbf50"},"id":390}
0:58:10.454359320 [331m   24[00m 0x7fe6e4001c60 [37mDEBUG  [00m [00mKurentoWebSocketTransport WebSocketTransport.cpp:462:processMessage:[00m Response: {"error":{"code":40101,"data":{"type":"MEDIA_OBJECT_NOT_FOUND"},"message":"Object '66243add-4692-437c-89c5-ea1bf1ed5585_kurento.MediaPipeline/0db4b7ed-9cc8-4b60-a917-7edc8e2b8811_kurento.WebRtcEndpoint' not found"},"id":390,"jsonrpc":"2.0"}
0:58:10.455477036 [331m   24[00m 0x7fe704001840 [37mDEBUG  [00m [00mKurentoWebSocketTransport WebSocketTransport.cpp:460:processMessage:[00m Message: {"jsonrpc":"2.0","method":"invoke","params":{"object":"66243add-4692-437c-89c5-ea1bf1ed5585_kurento.MediaPipeline/0db4b7ed-9cc8-4b60-a917-7edc8e2b8811_kurento.WebRtcEndpoint","operation":"addIceCandidate","operationParams":{"candidate":{"candidate":"candidate:3 1 UDP 2122252543 172.17.16.1 56746 typ host","sdpMid":"0","sdpMLineIndex":0,"__module__":"kurento","__type__":"IceCandidate"}},"sessionId":"aba633f6-8a99-417a-b26c-8713250bbf50"},"id":391}
0:58:10.455695091 [331m   24[00m 0x7fe704001840 [37mDEBUG  [00m [00mKurentoWebSocketTransport WebSocketTransport.cpp:462:processMessage:[00m Response: {"error":{"code":40101,"data":{"type":"MEDIA_OBJECT_NOT_FOUND"},"message":"Object '66243add-4692-437c-89c5-ea1bf1ed5585_kurento.MediaPipeline/0db4b7ed-9cc8-4b60-a917-7edc8e2b8811_kurento.WebRtcEndpoint' not found"},"id":391,"jsonrpc":"2.0"}
0:58:10.456275989 [331m   24[00m 0x7fe6f0001cc0 [37mDEBUG  [00m [00mKurentoWebSocketTransport WebSocketTransport.cpp:460:processMessage:[00m Message: {"jsonrpc":"2.0","method":"invoke","params":{"object":"66243add-4692-437c-89c5-ea1bf1ed5585_kurento.MediaPipeline/0db4b7ed-9cc8-4b60-a917-7edc8e2b8811_kurento.WebRtcEndpoint","operation":"addIceCandidate","operationParams":{"candidate":{"candidate":"candidate:6 1 TCP 2105458943 10.13.201.10 9 typ host tcptype active","sdpMid":"0","sdpMLineIndex":0,"__module__":"kurento","__type__":"IceCandidate"}},"sessionId":"aba633f6-8a99-417a-b26c-8713250bbf50"},"id":392}
0:58:10.456524418 [331m   24[00m 0x7fe6f0001cc0 [37mDEBUG  [00m [00mKurentoWebSocketTransport WebSocketTransport.cpp:462:processMessage:[00m Response: {"error":{"code":40101,"data":{"type":"MEDIA_OBJECT_NOT_FOUND"},"message":"Object '66243add-4692-437c-89c5-ea1bf1ed5585_kurento.MediaPipeline/0db4b7ed-9cc8-4b60-a917-7edc8e2b8811_kurento.WebRtcEndpoint' not found"},"id":392,"jsonrpc":"2.0"}
0:58:10.461362434 [331m   24[00m 0x7fe6bc001f60 [37mDEBUG  [00m [00mKurentoWebSocketTransport WebSocketTransport.cpp:460:processMessage:[00m Message: {"jsonrpc":"2.0","method":"subscribe","params":{"object":"66243add-4692-437c-89c5-ea1bf1ed5585_kurento.MediaPipeline/6d453f14-f48d-4707-a83a-704154336681_kurento.WebRtcEndpoint","type":"OnIceCandidate","sessionId":"aba633f6-8a99-417a-b26c-8713250bbf50"},"id":393}
0:58:10.461620180 [331m   24[00m 0x7fe6bc001f60 [37mDEBUG  [00m [00mKurentoWebSocketTransport WebSocketTransport.cpp:462:processMessage:[00m Response: {"id":393,"jsonrpc":"2.0","result":{"sessionId":"aba633f6-8a99-417a-b26c-8713250bbf50","value":"442af88c-607e-4225-9e76-23a271915edd"}}
0:58:10.461788177 [331m   24[00m 0x7fe6b4001840 [37mDEBUG  [00m [00mKurentoWebSocketTransport WebSocketTransport.cpp:460:processMessage:[00m Message: {"jsonrpc":"2.0","method":"invoke","params":{"object":"66243add-4692-437c-89c5-ea1bf1ed5585_kurento.MediaPipeline/6d453f14-f48d-4707-a83a-704154336681_kurento.WebRtcEndpoint","operation":"processOffer","operationParams":{"offer":"v=0\r\no=mozilla...THIS_IS_SDPARTA-86.0.1 5578225419955701203 0 IN IP4 0.0.0.0\r\ns=-\r\nt=0 0\r\na=sendrecv\r\na=fingerprint:sha-256 2B:08:F5:DE:EB:67:FE:34:CC:CB:F3:6F:E5:BE:C7:A5:B5:E2:08:C0:18:66:F4:0F:B7:6D:FF:B7:A2:64:FD:AA\r\na=group:BUNDLE 0\r\na=ice-options:trickle\r\na=msid-semantic:WMS *\r\nm=audio 9 UDP/TLS/RTP/SAVPF 109 9 0 8 101\r\nc=IN IP4 0.0.0.0\r\na=sendonly\r\na=extmap:1 urn:ietf:params:rtp-hdrext:ssrc-audio-level\r\na=extmap:2/recvonly urn:ietf:params:rtp-hdrext:csrc-audio-level\r\na=extmap:3 urn:ietf:params:rtp-hdrext:sdes:mid\r\na=fmtp:109 maxplaybackrate=48000;stereo=1;useinbandfec=1\r\na=fmtp:101 0-15\r\na=ice-pwd:09085771b23ccf38f7c0c93ba73cdf07\r\na=ice-ufrag:13300967\r\na=mid:0\r\na=msid:{75c027f8-0bf9-4027-b44d-f1987888ac7f} {bf264f66-214b-4127-93e8-6f0527e18bb7}\r\na=rtcp-mux\r\na=rtpmap:109 opus/48000/2\r\na=rtpmap:9 G722/8000/1\r\na=rtpmap:0 PCMU/8000\r\na=rtpmap:8 PCMA/8000\r\na=rtpmap:101 telephone-event/8000\r\na=setup:actpass\r\na=ssrc:3388962738 cname:{ddc87881-367c-4e7b-b64a-9b0b317bfe26}\r\n"},"sessionId":"aba633f6-8a99-417a-b26c-8713250bbf50"},"id":394}
0:58:10.467142322 [331m   24[00m 0x7fe6b4001840 [37mDEBUG  [00m [00mKurentoWebSocketTransport WebSocketTransport.cpp:462:processMessage:[00m Response: {"id":394,"jsonrpc":"2.0","result":{"sessionId":"aba633f6-8a99-417a-b26c-8713250bbf50","value":"v=0\r\no=- 3826592966 3826592966 IN IP4 0.0.0.0\r\ns=Kurento Media Server\r\nc=IN IP4 0.0.0.0\r\nt=0 0\r\na=sendrecv:\r\na=fingerprint:sha-256 2B:08:F5:DE:EB:67:FE:34:CC:CB:F3:6F:E5:BE:C7:A5:B5:E2:08:C0:18:66:F4:0F:B7:6D:FF:B7:A2:64:FD:AA\r\na=ice-options:trickle\r\na=msid-semantic:WMS *\r\na=group:BUNDLE 0\r\nm=audio 1 UDP/TLS/RTP/SAVPF 109 0\r\na=recvonly\r\na=mid:0\r\na=rtcp:9 IN IP4 0.0.0.0\r\na=rtpmap:109 opus/48000/2\r\na=rtpmap:0 PCMU/8000\r\na=fmtp:109 maxplaybackrate=48000;stereo=1;useinbandfec=1\r\na=rtcp-mux\r\na=setup:active\r\na=ssrc:1591894230 cname:user430262444@host-37f1486d\r\na=ice-ufrag:4Ujk\r\na=ice-pwd:e2+MQcBTcozoYj8AXs1MTT\r\na=fingerprint:sha-256 17:9B:F3:62:90:51:C9:3B:6C:B0:6D:37:A9:F8:B4:48:94:7D:68:66:01:BE:AA:30:08:D0:09:9C:9A:F8:E4:18\r\n"}}
0:58:10.467274091 [331m   24[00m 0x7fe6b4001840 [37mDEBUG  [00m [00mKurentoWebSocketTransport WebSocketTransport.cpp:460:processMessage:[00m Message: {"jsonrpc":"2.0","method":"invoke","params":{"object":"66243add-4692-437c-89c5-ea1bf1ed5585_kurento.MediaPipeline/6d453f14-f48d-4707-a83a-704154336681_kurento.WebRtcEndpoint","operation":"addIceCandidate","operationParams":{"candidate":{"candidate":"candidate:7 1 TCP 2105524479 172.17.16.1 9 typ host tcptype active","sdpMid":"0","sdpMLineIndex":0,"__module__":"kurento","__type__":"IceCandidate"}},"sessionId":"aba633f6-8a99-417a-b26c-8713250bbf50"},"id":395}
0:58:10.467553171 [331m   24[00m 0x7fe6b4001840 [37mDEBUG  [00m [00mKurentoWebSocketTransport WebSocketTransport.cpp:462:processMessage:[00m Response: {"id":395,"jsonrpc":"2.0","result":{"sessionId":"aba633f6-8a99-417a-b26c-8713250bbf50","value":null}}
0:58:10.467577092 [331m   24[00m 0x7fe6b4001840 [37mDEBUG  [00m [00mKurentoWebSocketTransport WebSocketTransport.cpp:460:processMessage:[00m Message: {"jsonrpc":"2.0","method":"invoke","params":{"object":"66243add-4692-437c-89c5-ea1bf1ed5585_kurento.MediaPipeline/6d453f14-f48d-4707-a83a-704154336681_kurento.WebRtcEndpoint","operation":"addIceCandidate","operationParams":{"candidate":{"candidate":"candidate:0 2 UDP 2122187006 10.13.201.10 56747 typ host","sdpMid":"0","sdpMLineIndex":0,"__module__":"kurento","__type__":"IceCandidate"}},"sessionId":"aba633f6-8a99-417a-b26c-8713250bbf50"},"id":396}
0:58:10.467761141 [331m   24[00m 0x7fe6b4001840 [37mDEBUG  [00m [00mKurentoWebSocketTransport WebSocketTransport.cpp:462:processMessage:[00m Response: {"id":396,"jsonrpc":"2.0","result":{"sessionId":"aba633f6-8a99-417a-b26c-8713250bbf50","value":null}}
0:58:10.468086950 [331m   24[00m 0x7fe6bc001f60 [37mDEBUG  [00m [00mKurentoWebSocketTransport WebSocketTransport.cpp:460:processMessage:[00m Message: {"jsonrpc":"2.0","method":"invoke","params":{"object":"66243add-4692-437c-89c5-ea1bf1ed5585_kurento.MediaPipeline/6d453f14-f48d-4707-a83a-704154336681_kurento.WebRtcEndpoint","operation":"addIceCandidate","operationParams":{"candidate":{"candidate":"candidate:3 2 UDP 2122252542 172.17.16.1 56748 typ host","sdpMid":"0","sdpMLineIndex":0,"__module__":"kurento","__type__":"IceCandidate"}},"sessionId":"aba633f6-8a99-417a-b26c-8713250bbf50"},"id":397}
0:58:10.468412614 [331m   24[00m 0x7fe6bc001f60 [37mDEBUG  [00m [00mKurentoWebSocketTransport WebSocketTransport.cpp:462:processMessage:[00m Response: {"id":397,"jsonrpc":"2.0","result":{"sessionId":"aba633f6-8a99-417a-b26c-8713250bbf50","value":null}}
0:58:10.468949473 [331m   24[00m 0x7fe704001840 [37mDEBUG  [00m [00mKurentoWebSocketTransport WebSocketTransport.cpp:460:processMessage:[00m Message: {"jsonrpc":"2.0","method":"invoke","params":{"object":"66243add-4692-437c-89c5-ea1bf1ed5585_kurento.MediaPipeline/6d453f14-f48d-4707-a83a-704154336681_kurento.WebRtcEndpoint","operation":"addIceCandidate","operationParams":{"candidate":{"candidate":"candidate:6 2 TCP 2105458942 10.13.201.10 9 typ host tcptype active","sdpMid":"0","sdpMLineIndex":0,"__module__":"kurento","__type__":"IceCandidate"}},"sessionId":"aba633f6-8a99-417a-b26c-8713250bbf50"},"id":398}
0:58:10.469275088 [331m   24[00m 0x7fe704001840 [37mDEBUG  [00m [00mKurentoWebSocketTransport WebSocketTransport.cpp:462:processMessage:[00m Response: {"id":398,"jsonrpc":"2.0","result":{"sessionId":"aba633f6-8a99-417a-b26c-8713250bbf50","value":null}}
0:58:10.469573581 [331m   24[00m 0x7fe6bc001600 [37mDEBUG  [00m [00mKurentoWebSocketTransport WebSocketTransport.cpp:460:processMessage:[00m Message: {"jsonrpc":"2.0","method":"invoke","params":{"object":"66243add-4692-437c-89c5-ea1bf1ed5585_kurento.MediaPipeline/6d453f14-f48d-4707-a83a-704154336681_kurento.WebRtcEndpoint","operation":"addIceCandidate","operationParams":{"candidate":{"candidate":"candidate:7 2 TCP 2105524478 172.17.16.1 9 typ host tcptype active","sdpMid":"0","sdpMLineIndex":0,"__module__":"kurento","__type__":"IceCandidate"}},"sessionId":"aba633f6-8a99-417a-b26c-8713250bbf50"},"id":399}
0:58:10.469840496 [331m   24[00m 0x7fe6bc001600 [37mDEBUG  [00m [00mKurentoWebSocketTransport WebSocketTransport.cpp:462:processMessage:[00m Response: {"id":399,"jsonrpc":"2.0","result":{"sessionId":"aba633f6-8a99-417a-b26c-8713250bbf50","value":null}}
0:58:10.476306520 [331m   24[00m 0x7fe6f0001cc0 [37mDEBUG  [00m [00mKurentoWebSocketTransport WebSocketTransport.cpp:460:processMessage:[00m Message: {"jsonrpc":"2.0","method":"invoke","params":{"object":"66243add-4692-437c-89c5-ea1bf1ed5585_kurento.MediaPipeline/6d453f14-f48d-4707-a83a-704154336681_kurento.WebRtcEndpoint","operation":"gatherCandidates","sessionId":"aba633f6-8a99-417a-b26c-8713250bbf50"},"id":400}
0:58:10.479178553 [331m   24[00m 0x7fe690001790 [37mDEBUG  [00m [00mKurentoWebSocketEventHandler WebSocketEventHandler.cpp:56:sendEvent:[00m Sending event: {"jsonrpc":"2.0","method":"onEvent","params":{"value":{"data":{"candidate":{"__module__":"kurento","__type__":"IceCandidate","candidate":"candidate:1 1 UDP 2013266431 172.18.0.12 10028 typ host","sdpMLineIndex":0,"sdpMid":"0"},"source":"66243add-4692-437c-89c5-ea1bf1ed5585_kurento.MediaPipeline/6d453f14-f48d-4707-a83a-704154336681_kurento.WebRtcEndpoint","tags":[],"timestamp":"1617604166","timestampMillis":"1617604166400","type":"OnIceCandidate"},"object":"66243add-4692-437c-89c5-ea1bf1ed5585_kurento.MediaPipeline/6d453f14-f48d-4707-a83a-704154336681_kurento.WebRtcEndpoint","type":"OnIceCandidate"}}}, sessionId: aba633f6-8a99-417a-b26c-8713250bbf50
0:58:10.479292388 [331m   24[00m 0x7fe690001790 [37mDEBUG  [00m [00mKurentoWebSocketEventHandler WebSocketEventHandler.cpp:56:sendEvent:[00m Sending event: {"jsonrpc":"2.0","method":"onEvent","params":{"value":{"data":{"candidate":{"__module__":"kurento","__type__":"IceCandidate","candidate":"candidate:2 1 TCP 1015021823 172.18.0.12 9 typ host tcptype active","sdpMLineIndex":0,"sdpMid":"0"},"source":"66243add-4692-437c-89c5-ea1bf1ed5585_kurento.MediaPipeline/6d453f14-f48d-4707-a83a-704154336681_kurento.WebRtcEndpoint","tags":[],"timestamp":"1617604166","timestampMillis":"1617604166400","type":"OnIceCandidate"},"object":"66243add-4692-437c-89c5-ea1bf1ed5585_kurento.MediaPipeline/6d453f14-f48d-4707-a83a-704154336681_kurento.WebRtcEndpoint","type":"OnIceCandidate"}}}, sessionId: aba633f6-8a99-417a-b26c-8713250bbf50
0:58:10.479400936 [331m   24[00m 0x7fe690001790 [37mDEBUG  [00m [00mKurentoWebSocketEventHandler WebSocketEventHandler.cpp:56:sendEvent:[00m Sending event: {"jsonrpc":"2.0","method":"onEvent","params":{"value":{"data":{"candidate":{"__module__":"kurento","__type__":"IceCandidate","candidate":"candidate:3 1 TCP 1010827519 172.18.0.12 10036 typ host tcptype passive","sdpMLineIndex":0,"sdpMid":"0"},"source":"66243add-4692-437c-89c5-ea1bf1ed5585_kurento.MediaPipeline/6d453f14-f48d-4707-a83a-704154336681_kurento.WebRtcEndpoint","tags":[],"timestamp":"1617604166","timestampMillis":"1617604166400","type":"OnIceCandidate"},"object":"66243add-4692-437c-89c5-ea1bf1ed5585_kurento.MediaPipeline/6d453f14-f48d-4707-a83a-704154336681_kurento.WebRtcEndpoint","type":"OnIceCandidate"}}}, sessionId: aba633f6-8a99-417a-b26c-8713250bbf50
0:58:10.479513218 [331m   24[00m 0x7fe690001790 [37mDEBUG  [00m [00mKurentoWebSocketEventHandler WebSocketEventHandler.cpp:56:sendEvent:[00m Sending event: {"jsonrpc":"2.0","method":"onEvent","params":{"value":{"data":{"candidate":{"__module__":"kurento","__type__":"IceCandidate","candidate":"candidate:1 2 UDP 2013266430 172.18.0.12 10065 typ host","sdpMLineIndex":0,"sdpMid":"0"},"source":"66243add-4692-437c-89c5-ea1bf1ed5585_kurento.MediaPipeline/6d453f14-f48d-4707-a83a-704154336681_kurento.WebRtcEndpoint","tags":[],"timestamp":"1617604166","timestampMillis":"1617604166400","type":"OnIceCandidate"},"object":"66243add-4692-437c-89c5-ea1bf1ed5585_kurento.MediaPipeline/6d453f14-f48d-4707-a83a-704154336681_kurento.WebRtcEndpoint","type":"OnIceCandidate"}}}, sessionId: aba633f6-8a99-417a-b26c-8713250bbf50
0:58:10.479625230 [331m   24[00m 0x7fe690001790 [37mDEBUG  [00m [00mKurentoWebSocketEventHandler WebSocketEventHandler.cpp:56:sendEvent:[00m Sending event: {"jsonrpc":"2.0","method":"onEvent","params":{"value":{"data":{"candidate":{"__module__":"kurento","__type__":"IceCandidate","candidate":"candidate:2 2 TCP 1015021822 172.18.0.12 9 typ host tcptype active","sdpMLineIndex":0,"sdpMid":"0"},"source":"66243add-4692-437c-89c5-ea1bf1ed5585_kurento.MediaPipeline/6d453f14-f48d-4707-a83a-704154336681_kurento.WebRtcEndpoint","tags":[],"timestamp":"1617604166","timestampMillis":"1617604166401","type":"OnIceCandidate"},"object":"66243add-4692-437c-89c5-ea1bf1ed5585_kurento.MediaPipeline/6d453f14-f48d-4707-a83a-704154336681_kurento.WebRtcEndpoint","type":"OnIceCandidate"}}}, sessionId: aba633f6-8a99-417a-b26c-8713250bbf50
0:58:10.479736292 [331m   24[00m 0x7fe690001790 [37mDEBUG  [00m [00mKurentoWebSocketEventHandler WebSocketEventHandler.cpp:56:sendEvent:[00m Sending event: {"jsonrpc":"2.0","method":"onEvent","params":{"value":{"data":{"candidate":{"__module__":"kurento","__type__":"IceCandidate","candidate":"candidate:3 2 TCP 1010827518 172.18.0.12 10061 typ host tcptype passive","sdpMLineIndex":0,"sdpMid":"0"},"source":"66243add-4692-437c-89c5-ea1bf1ed5585_kurento.MediaPipeline/6d453f14-f48d-4707-a83a-704154336681_kurento.WebRtcEndpoint","tags":[],"timestamp":"1617604166","timestampMillis":"1617604166401","type":"OnIceCandidate"},"object":"66243add-4692-437c-89c5-ea1bf1ed5585_kurento.MediaPipeline/6d453f14-f48d-4707-a83a-704154336681_kurento.WebRtcEndpoint","type":"OnIceCandidate"}}}, sessionId: aba633f6-8a99-417a-b26c-8713250bbf50
0:58:10.479979629 [331m   24[00m 0x7fe6f0001cc0 [37mDEBUG  [00m [00mKurentoWebSocketTransport WebSocketTransport.cpp:462:processMessage:[00m Response: {"id":400,"jsonrpc":"2.0","result":{"sessionId":"aba633f6-8a99-417a-b26c-8713250bbf50","value":null}}
0:58:10.480131662 [331m   24[00m 0x7fe6e4001c60 [37mDEBUG  [00m [00mKurentoWebSocketTransport WebSocketTransport.cpp:460:processMessage:[00m Message: {"jsonrpc":"2.0","method":"create","params":{"type":"RecorderEndpoint","constructorParams":{"mediaPipeline":"66243add-4692-437c-89c5-ea1bf1ed5585_kurento.MediaPipeline","mediaProfile":"WEBM_AUDIO_ONLY","uri":"file://var/log/media_logs/4188/4188_2021_04_05_13_29_eey3krkn47r6yj.webm"},"properties":{},"sessionId":"aba633f6-8a99-417a-b26c-8713250bbf50"},"id":401}
0:58:10.481256093 [331m   24[00m 0x7fe6e4001c60 [36mINFO   [00m [00mKurentoRecorderEndpointImpl RecorderEndpointImpl.cpp:105:RecorderEndpointImpl:[00m Set WEBM AUDIO ONLY profile
0:58:10.481402965 [331m   24[00m 0x7fe6e4001c60 [37mDEBUG  [00m [00mKurentoWebSocketTransport WebSocketTransport.cpp:462:processMessage:[00m Response: {"id":401,"jsonrpc":"2.0","result":{"sessionId":"aba633f6-8a99-417a-b26c-8713250bbf50","value":"66243add-4692-437c-89c5-ea1bf1ed5585_kurento.MediaPipeline/68025578-f914-4462-a4b9-39723d3a3708_kurento.RecorderEndpoint"}}
0:58:10.481425424 [331m   24[00m 0x7fe6e4001c60 [37mDEBUG  [00m [00mKurentoWebSocketTransport WebSocketTransport.cpp:460:processMessage:[00m Message: {"jsonrpc":"2.0","method":"subscribe","params":{"object":"66243add-4692-437c-89c5-ea1bf1ed5585_kurento.MediaPipeline/6d453f14-f48d-4707-a83a-704154336681_kurento.WebRtcEndpoint","type":"ConnectionStateChanged","sessionId":"aba633f6-8a99-417a-b26c-8713250bbf50"},"id":402}
0:58:10.481518411 [331m   24[00m 0x7fe6e4001c60 [37mDEBUG  [00m [00mKurentoWebSocketTransport WebSocketTransport.cpp:462:processMessage:[00m Response: {"id":402,"jsonrpc":"2.0","result":{"sessionId":"aba633f6-8a99-417a-b26c-8713250bbf50","value":"7eddb75d-ff06-4e72-a28d-4d70d4f639fa"}}
0:58:10.481532237 [331m   24[00m 0x7fe6e4001c60 [37mDEBUG  [00m [00mKurentoWebSocketTransport WebSocketTransport.cpp:460:processMessage:[00m Message: {"jsonrpc":"2.0","method":"invoke","params":{"object":"66243add-4692-437c-89c5-ea1bf1ed5585_kurento.MediaPipeline/6d453f14-f48d-4707-a83a-704154336681_kurento.WebRtcEndpoint","operation":"connect","operationParams":{"sink":"66243add-4692-437c-89c5-ea1bf1ed5585_kurento.MediaPipeline/81cbc7f8-b7cc-4c46-9e6a-9ce1f6a7d997_datachannelexample.KmsSendData"},"sessionId":"aba633f6-8a99-417a-b26c-8713250bbf50"},"id":403}
0:58:10.481588580 [331m   24[00m 0x7fe6e4001c60 [37mDEBUG  [00m [00mKurentoMediaElementImpl MediaElementImpl.cpp:902:connect:[00m Connecting 66243add-4692-437c-89c5-ea1bf1ed5585_kurento.MediaPipeline/6d453f14-f48d-4707-a83a-704154336681_kurento.WebRtcEndpoint -> 66243add-4692-437c-89c5-ea1bf1ed5585_kurento.MediaPipeline/81cbc7f8-b7cc-4c46-9e6a-9ce1f6a7d997_datachannelexample.KmsSendData params AUDIO default default
0:58:10.481642030 [331m   24[00m 0x7fe6e4001c60 [37mDEBUG  [00m [00mKurentoMediaElementImpl MediaElementImpl.cpp:902:connect:[00m Connecting 66243add-4692-437c-89c5-ea1bf1ed5585_kurento.MediaPipeline/6d453f14-f48d-4707-a83a-704154336681_kurento.WebRtcEndpoint -> 66243add-4692-437c-89c5-ea1bf1ed5585_kurento.MediaPipeline/81cbc7f8-b7cc-4c46-9e6a-9ce1f6a7d997_datachannelexample.KmsSendData params VIDEO default default
0:58:10.481667314 [331m   24[00m 0x7fe6e4001c60 [37mDEBUG  [00m [00mKurentoMediaElementImpl MediaElementImpl.cpp:902:connect:[00m Connecting 66243add-4692-437c-89c5-ea1bf1ed5585_kurento.MediaPipeline/6d453f14-f48d-4707-a83a-704154336681_kurento.WebRtcEndpoint -> 66243add-4692-437c-89c5-ea1bf1ed5585_kurento.MediaPipeline/81cbc7f8-b7cc-4c46-9e6a-9ce1f6a7d997_datachannelexample.KmsSendData params DATA default default
0:58:10.481722358 [331m   24[00m 0x7fe6e4001c60 [37mDEBUG  [00m [00mKurentoWebSocketTransport WebSocketTransport.cpp:462:processMessage:[00m Response: {"id":403,"jsonrpc":"2.0","result":{"sessionId":"aba633f6-8a99-417a-b26c-8713250bbf50","value":null}}
0:58:10.525116049 [331m   24[00m 0x7fe6b4001840 [37mDEBUG  [00m [00mKurentoWebSocketTransport WebSocketTransport.cpp:460:processMessage:[00m Message: {"jsonrpc":"2.0","method":"invoke","params":{"object":"66243add-4692-437c-89c5-ea1bf1ed5585_kurento.MediaPipeline/86032405-e5ad-4bb8-bdfd-8107e1ca0e14_kurento.RecorderEndpoint","operation":"stop","sessionId":"aba633f6-8a99-417a-b26c-8713250bbf50"},"id":404}
0:58:10.526722961 [331m   24[00m 0x7fe6b4001840 [37mDEBUG  [00m [00mKurentoWebSocketTransport WebSocketTransport.cpp:462:processMessage:[00m Response: {"id":404,"jsonrpc":"2.0","result":{"sessionId":"aba633f6-8a99-417a-b26c-8713250bbf50","value":null}}
0:58:10.526826481 [331m   24[00m 0x7fe6b4001840 [37mDEBUG  [00m [00mKurentoWebSocketTransport WebSocketTransport.cpp:460:processMessage:[00m Message: {"jsonrpc":"2.0","method":"invoke","params":{"object":"66243add-4692-437c-89c5-ea1bf1ed5585_kurento.MediaPipeline/81cbc7f8-b7cc-4c46-9e6a-9ce1f6a7d997_datachannelexample.KmsSendData","operation":"connect","operationParams":{"sink":"66243add-4692-437c-89c5-ea1bf1ed5585_kurento.MediaPipeline/68025578-f914-4462-a4b9-39723d3a3708_kurento.RecorderEndpoint","mediaType":"AUDIO"},"sessionId":"aba633f6-8a99-417a-b26c-8713250bbf50"},"id":405}
0:58:10.526912019 [331m   24[00m 0x7fe6b4001840 [37mDEBUG  [00m [00mKurentoMediaElementImpl MediaElementImpl.cpp:902:connect:[00m Connecting 66243add-4692-437c-89c5-ea1bf1ed5585_kurento.MediaPipeline/81cbc7f8-b7cc-4c46-9e6a-9ce1f6a7d997_datachannelexample.KmsSendData -> 66243add-4692-437c-89c5-ea1bf1ed5585_kurento.MediaPipeline/68025578-f914-4462-a4b9-39723d3a3708_kurento.RecorderEndpoint params AUDIO default default
0:58:10.527125502 [331m   24[00m 0x7fe6b4001840 [37mDEBUG  [00m [00mKurentoWebSocketTransport WebSocketTransport.cpp:462:processMessage:[00m Response: {"id":405,"jsonrpc":"2.0","result":{"sessionId":"aba633f6-8a99-417a-b26c-8713250bbf50","value":null}}
0:58:10.566605176 [331m   24[00m 0x7fe690001790 [37mDEBUG  [00m [00mKurentoWebSocketEventHandler WebSocketEventHandler.cpp:56:sendEvent:[00m Sending event: {"jsonrpc":"2.0","method":"onEvent","params":{"value":{"data":{"candidate":{"__module__":"kurento","__type__":"IceCandidate","candidate":"candidate:4 1 UDP 1677722111 203.151.66.107 10028 typ srflx raddr 172.18.0.12 rport 10028","sdpMLineIndex":0,"sdpMid":"0"},"source":"66243add-4692-437c-89c5-ea1bf1ed5585_kurento.MediaPipeline/6d453f14-f48d-4707-a83a-704154336681_kurento.WebRtcEndpoint","tags":[],"timestamp":"1617604166","timestampMillis":"1617604166487","type":"OnIceCandidate"},"object":"66243add-4692-437c-89c5-ea1bf1ed5585_kurento.MediaPipeline/6d453f14-f48d-4707-a83a-704154336681_kurento.WebRtcEndpoint","type":"OnIceCandidate"}}}, sessionId: aba633f6-8a99-417a-b26c-8713250bbf50
0:58:10.566844369 [331m   24[00m 0x7fe690001790 [37mDEBUG  [00m [00mKurentoWebSocketEventHandler WebSocketEventHandler.cpp:56:sendEvent:[00m Sending event: {"jsonrpc":"2.0","method":"onEvent","params":{"value":{"data":{"candidate":{"__module__":"kurento","__type__":"IceCandidate","candidate":"candidate:5 1 TCP 847249663 203.151.66.107 9 typ srflx raddr 172.18.0.12 rport 9 tcptype active","sdpMLineIndex":0,"sdpMid":"0"},"source":"66243add-4692-437c-89c5-ea1bf1ed5585_kurento.MediaPipeline/6d453f14-f48d-4707-a83a-704154336681_kurento.WebRtcEndpoint","tags":[],"timestamp":"1617604166","timestampMillis":"1617604166488","type":"OnIceCandidate"},"object":"66243add-4692-437c-89c5-ea1bf1ed5585_kurento.MediaPipeline/6d453f14-f48d-4707-a83a-704154336681_kurento.WebRtcEndpoint","type":"OnIceCandidate"}}}, sessionId: aba633f6-8a99-417a-b26c-8713250bbf50
0:58:10.566933221 [331m   24[00m 0x7fe690001790 [37mDEBUG  [00m [00mKurentoWebSocketEventHandler WebSocketEventHandler.cpp:56:sendEvent:[00m Sending event: {"jsonrpc":"2.0","method":"onEvent","params":{"value":{"data":{"candidate":{"__module__":"kurento","__type__":"IceCandidate","candidate":"candidate:6 1 TCP 843055359 203.151.66.107 10036 typ srflx raddr 172.18.0.12 rport 10036 tcptype passive","sdpMLineIndex":0,"sdpMid":"0"},"source":"66243add-4692-437c-89c5-ea1bf1ed5585_kurento.MediaPipeline/6d453f14-f48d-4707-a83a-704154336681_kurento.WebRtcEndpoint","tags":[],"timestamp":"1617604166","timestampMillis":"1617604166488","type":"OnIceCandidate"},"object":"66243add-4692-437c-89c5-ea1bf1ed5585_kurento.MediaPipeline/6d453f14-f48d-4707-a83a-704154336681_kurento.WebRtcEndpoint","type":"OnIceCandidate"}}}, sessionId: aba633f6-8a99-417a-b26c-8713250bbf50
0:58:10.571500407 [331m   24[00m 0x7fe6bc001600 [37mDEBUG  [00m [00mKurentoWebSocketTransport WebSocketTransport.cpp:460:processMessage:[00m Message: {"jsonrpc":"2.0","method":"invoke","params":{"object":"66243add-4692-437c-89c5-ea1bf1ed5585_kurento.MediaPipeline/68025578-f914-4462-a4b9-39723d3a3708_kurento.RecorderEndpoint","operation":"record","sessionId":"aba633f6-8a99-417a-b26c-8713250bbf50"},"id":406}
0:58:10.574342213 [331m   24[00m 0x7fe6bc001600 [37mDEBUG  [00m [00mKurentoWebSocketTransport WebSocketTransport.cpp:462:processMessage:[00m Response: {"id":406,"jsonrpc":"2.0","result":{"sessionId":"aba633f6-8a99-417a-b26c-8713250bbf50","value":null}}
0:58:10.590307390 [331m   24[00m 0x7fe6880029e0 [37mDEBUG  [00m [00mKurentoRecorderEndpointImpl RecorderEndpointImpl.cpp:168:onStateChanged:<kmsrecorderendpoint0>[00m State changed to Stopped
0:58:10.638980723 [331m   24[00m 0x7fe6f8009400 [37mDEBUG  [00m [00mKurentoWebRtcEndpointImpl WebRtcEndpointImpl.cpp:292:newSelectedPairFull:<kmswebrtcendpoint21>[00m New candidate pair selected, local: 'candidate:4 1 UDP 1677722111 203.151.66.107 10028 typ srflx raddr 172.18.0.12 rport 10028', remote: 'candidate:remote1 1 UDP 1853751551 202.29.24.207 56745 typ prflx', stream_id: '1', component_id: 1
0:58:10.771839135 [331m   24[00m 0x7fe6f0001cc0 [37mDEBUG  [00m [00mKurentoWebSocketTransport WebSocketTransport.cpp:460:processMessage:[00m Message: {"jsonrpc":"2.0","method":"invoke","params":{"object":"66243add-4692-437c-89c5-ea1bf1ed5585_kurento.MediaPipeline/6d453f14-f48d-4707-a83a-704154336681_kurento.WebRtcEndpoint","operation":"addIceCandidate","operationParams":{"candidate":{"candidate":"candidate:1 1 UDP 1685987327 202.29.24.207 56745 typ srflx raddr 10.13.201.10 rport 56745","sdpMid":"0","sdpMLineIndex":0,"__module__":"kurento","__type__":"IceCandidate"}},"sessionId":"aba633f6-8a99-417a-b26c-8713250bbf50"},"id":407}
0:58:10.772438793 [331m   24[00m 0x7fe6f0001cc0 [37mDEBUG  [00m [00mKurentoWebSocketTransport WebSocketTransport.cpp:462:processMessage:[00m Response: {"id":407,"jsonrpc":"2.0","result":{"sessionId":"aba633f6-8a99-417a-b26c-8713250bbf50","value":null}}
0:58:10.819690297 [331m   24[00m 0x7fe704001840 [37mDEBUG  [00m [00mKurentoWebSocketTransport WebSocketTransport.cpp:460:processMessage:[00m Message: {"jsonrpc":"2.0","method":"invoke","params":{"object":"66243add-4692-437c-89c5-ea1bf1ed5585_kurento.MediaPipeline/6d453f14-f48d-4707-a83a-704154336681_kurento.WebRtcEndpoint","operation":"addIceCandidate","operationParams":{"candidate":{"candidate":"candidate:1 2 UDP 1685987326 202.29.24.207 56747 typ srflx raddr 10.13.201.10 rport 56747","sdpMid":"0","sdpMLineIndex":0,"__module__":"kurento","__type__":"IceCandidate"}},"sessionId":"aba633f6-8a99-417a-b26c-8713250bbf50"},"id":408}
0:58:10.820381499 [331m   24[00m 0x7fe704001840 [37mDEBUG  [00m [00mKurentoWebSocketTransport WebSocketTransport.cpp:462:processMessage:[00m Response: {"id":408,"jsonrpc":"2.0","result":{"sessionId":"aba633f6-8a99-417a-b26c-8713250bbf50","value":null}}
0:58:11.507499190 [331m   24[00m 0x7fe690001790 [37mDEBUG  [00m [00mKurentoWebSocketEventHandler WebSocketEventHandler.cpp:56:sendEvent:[00m Sending event: {"jsonrpc":"2.0","method":"onEvent","params":{"value":{"data":{"newState":"CONNECTED","oldState":"DISCONNECTED","source":"66243add-4692-437c-89c5-ea1bf1ed5585_kurento.MediaPipeline/6d453f14-f48d-4707-a83a-704154336681_kurento.WebRtcEndpoint","tags":[],"timestamp":"1617604167","timestampMillis":"1617604167428","type":"ConnectionStateChanged"},"object":"66243add-4692-437c-89c5-ea1bf1ed5585_kurento.MediaPipeline/6d453f14-f48d-4707-a83a-704154336681_kurento.WebRtcEndpoint","type":"ConnectionStateChanged"}}}, sessionId: aba633f6-8a99-417a-b26c-8713250bbf50
0:58:11.520982231 [331m   24[00m 0x7fe6e4001c60 [37mDEBUG  [00m [00mKurentoWebSocketTransport WebSocketTransport.cpp:460:processMessage:[00m Message: {"jsonrpc":"2.0","method":"create","params":{"type":"WebRtcEndpoint","constructorParams":{"mediaPipeline":"66243add-4692-437c-89c5-ea1bf1ed5585_kurento.MediaPipeline","useDataChannels":true},"properties":{},"sessionId":"aba633f6-8a99-417a-b26c-8713250bbf50"},"id":409}
0:58:11.522221053 [331m   24[00m 0x7fe6e4001c60 [36mINFO   [00m [00mKurentoWebRtcEndpointImpl WebRtcEndpointImpl.cpp:96:remove_not_supported_codecs_from_array:<kmswebrtcendpoint22>[00m Removing not supported codec 'AMR/8000'
0:58:11.522288466 [331m   24[00m 0x7fe6e4001c60 [36mINFO   [00m [00mKurentoWebRtcEndpointImpl WebRtcEndpointImpl.cpp:465:WebRtcEndpointImpl:[00m Using STUN reflexive server IP: 203.183.172.196
0:58:11.522299147 [331m   24[00m 0x7fe6e4001c60 [36mINFO   [00m [00mKurentoWebRtcEndpointImpl WebRtcEndpointImpl.cpp:466:WebRtcEndpointImpl:[00m Using STUN reflexive server Port: 3478
0:58:11.522345397 [331m   24[00m 0x7fe6e4001c60 [36mINFO   [00m [00mKurentoWebRtcEndpointImpl WebRtcEndpointImpl.cpp:487:WebRtcEndpointImpl:[00m TURN server IP address not found in config; NAT traversal requires either STUN or TURN server
0:58:11.522777033 [331m   24[00m 0x7fe6e4001c60 [37mDEBUG  [00m [00mKurentoWebSocketTransport WebSocketTransport.cpp:462:processMessage:[00m Response: {"id":409,"jsonrpc":"2.0","result":{"sessionId":"aba633f6-8a99-417a-b26c-8713250bbf50","value":"66243add-4692-437c-89c5-ea1bf1ed5585_kurento.MediaPipeline/c5138625-ee30-4acb-a6f4-58c7d8b0c2e9_kurento.WebRtcEndpoint"}}
0:58:11.522785821 [331m   24[00m 0x7fe6a40029e0 [37mDEBUG  [00m [00mKurentoMediaElementImpl MediaElementImpl.cpp:460:mediaFlowOutStateChange:<kmswebrtcendpoint21>[00m MediaFlowOutStateChange: FLOWING, pad: 'default', type: 'audio'
0:58:11.522893355 [331m   24[00m 0x7fe6e4001c60 [37mDEBUG  [00m [00mKurentoWebSocketTransport WebSocketTransport.cpp:460:processMessage:[00m Message: {"jsonrpc":"2.0","method":"create","params":{"type":"WebRtcEndpoint","constructorParams":{"mediaPipeline":"66243add-4692-437c-89c5-ea1bf1ed5585_kurento.MediaPipeline","useDataChannels":true},"properties":{},"sessionId":"aba633f6-8a99-417a-b26c-8713250bbf50"},"id":410}
0:58:11.522974501 [331m   24[00m 0x7fe6a40029e0 [37mDEBUG  [00m [00mKurentoMediaElementImpl MediaElementImpl.cpp:529:onMediaTranscodingStateChange:<kmswebrtcendpoint21>[00m MediaTranscodingStateChange: NOT TRANSCODING, bin: 'kmsagnosticbin2-3', type: 'audio'
0:58:11.523920260 [331m   24[00m 0x7fe6e4001c60 [36mINFO   [00m [00mKurentoWebRtcEndpointImpl WebRtcEndpointImpl.cpp:96:remove_not_supported_codecs_from_array:<kmswebrtcendpoint23>[00m Removing not supported codec 'AMR/8000'
0:58:11.523992682 [331m   24[00m 0x7fe6e4001c60 [36mINFO   [00m [00mKurentoWebRtcEndpointImpl WebRtcEndpointImpl.cpp:465:WebRtcEndpointImpl:[00m Using STUN reflexive server IP: 203.183.172.196
0:58:11.524005397 [331m   24[00m 0x7fe6e4001c60 [36mINFO   [00m [00mKurentoWebRtcEndpointImpl WebRtcEndpointImpl.cpp:466:WebRtcEndpointImpl:[00m Using STUN reflexive server Port: 3478
0:58:11.524044383 [331m   24[00m 0x7fe6e4001c60 [36mINFO   [00m [00mKurentoWebRtcEndpointImpl WebRtcEndpointImpl.cpp:487:WebRtcEndpointImpl:[00m TURN server IP address not found in config; NAT traversal requires either STUN or TURN server
0:58:11.524378962 [331m   24[00m 0x7fe6e4001c60 [37mDEBUG  [00m [00mKurentoWebSocketTransport WebSocketTransport.cpp:462:processMessage:[00m Response: {"id":410,"jsonrpc":"2.0","result":{"sessionId":"aba633f6-8a99-417a-b26c-8713250bbf50","value":"66243add-4692-437c-89c5-ea1bf1ed5585_kurento.MediaPipeline/db651ff4-0237-43f4-843a-f3b96c66c3af_kurento.WebRtcEndpoint"}}
0:58:11.524398394 [331m   24[00m 0x7fe6b002df20 [37mDEBUG  [00m [00mKurentoMediaElementImpl MediaElementImpl.cpp:492:mediaFlowInStateChange:<kmssenddata0>[00m MediaFlowInStateChange: FLOWING, pad: 'default', type: 'audio'
0:58:11.524438582 [331m   24[00m 0x7fe6b002df20 [37mDEBUG  [00m [00mKurentoMediaElementImpl MediaElementImpl.cpp:460:mediaFlowOutStateChange:<kmssenddata0>[00m MediaFlowOutStateChange: FLOWING, pad: 'default', type: 'audio'
0:58:11.524446488 [331m   24[00m 0x7fe6e4001c60 [37mDEBUG  [00m [00mKurentoWebSocketTransport WebSocketTransport.cpp:460:processMessage:[00m Message: {"jsonrpc":"2.0","method":"subscribe","params":{"object":"66243add-4692-437c-89c5-ea1bf1ed5585_kurento.MediaPipeline/c5138625-ee30-4acb-a6f4-58c7d8b0c2e9_kurento.WebRtcEndpoint","type":"OnIceCandidate","sessionId":"aba633f6-8a99-417a-b26c-8713250bbf50"},"id":411}
0:58:11.524547016 [331m   24[00m 0x7fe6e4001c60 [37mDEBUG  [00m [00mKurentoWebSocketTransport WebSocketTransport.cpp:462:processMessage:[00m Response: {"id":411,"jsonrpc":"2.0","result":{"sessionId":"aba633f6-8a99-417a-b26c-8713250bbf50","value":"f374db22-5c7e-4c4c-ba7f-c82ed3199659"}}
0:58:11.524916319 [331m   24[00m 0x7fe6fc007980 [37mDEBUG  [00m [00mKurentoWebSocketTransport WebSocketTransport.cpp:460:processMessage:[00m Message: {"jsonrpc":"2.0","method":"invoke","params":{"object":"66243add-4692-437c-89c5-ea1bf1ed5585_kurento.MediaPipeline/c5138625-ee30-4acb-a6f4-58c7d8b0c2e9_kurento.WebRtcEndpoint","operation":"processOffer","operationParams":{"offer":"v=0\r\no=mozilla...THIS_IS_SDPARTA-72.0.2 3875844944922278833 0 IN IP4 0.0.0.0\r\ns=-\r\nt=0 0\r\na=fingerprint:sha-256 4B:41:D6:79:14:1D:3A:DF:BD:26:C0:B3:6B:E6:8A:5C:3E:5F:F2:D1:B7:FE:71:4A:AF:FA:2D:EE:13:91:BC:60\r\na=group:BUNDLE 0 1\r\na=ice-options:trickle\r\na=msid-semantic:WMS *\r\nm=video 9 UDP/TLS/RTP/SAVPF 120 121 126 97\r\nc=IN IP4 0.0.0.0\r\na=recvonly\r\na=extmap:3 urn:ietf:params:rtp-hdrext:sdes:mid\r\na=extmap:4 http://www.webrtc.org/experiments/rtp-hdrext/abs-send-time\r\na=extmap:5 urn:ietf:params:rtp-hdrext:toffset\r\na=extmap:6/recvonly http://www.webrtc.org/experiments/rtp-hdrext/playout-delay\r\na=fmtp:126 profile-level-id=42e01f;level-asymmetry-allowed=1;packetization-mode=1\r\na=fmtp:97 profile-level-id=42e01f;level-asymmetry-allowed=1\r\na=fmtp:120 max-fs=12288;max-fr=60\r\na=fmtp:121 max-fs=12288;max-fr=60\r\na=ice-pwd:60a5e35ee45add59471a0abd89a1643d\r\na=ice-ufrag:b243cd48\r\na=mid:0\r\na=rtcp-fb:120 nack\r\na=rtcp-fb:120 nack pli\r\na=rtcp-fb:120 ccm fir\r\na=rtcp-fb:120 goog-remb\r\na=rtcp-fb:121 nack\r\na=rtcp-fb:121 nack pli\r\na=rtcp-fb:121 ccm fir\r\na=rtcp-fb:121 goog-remb\r\na=rtcp-fb:126 nack\r\na=rtcp-fb:126 nack pli\r\na=rtcp-fb:126 ccm fir\r\na=rtcp-fb:126 goog-remb\r\na=rtcp-fb:97 nack\r\na=rtcp-fb:97 nack pli\r\na=rtcp-fb:97 ccm fir\r\na=rtcp-fb:97 goog-remb\r\na=rtcp-mux\r\na=rtpmap:120 VP8/90000\r\na=rtpmap:121 VP9/90000\r\na=rtpmap:126 H264/90000\r\na=rtpmap:97 H264/90000\r\na=setup:actpass\r\na=ssrc:49309427 cname:{6c356ce5-a75a-4516-ac2c-d94562dd546c}\r\nm=audio 9 UDP/TLS/RTP/SAVPF 109 9 0 8 101\r\nc=IN IP4 0.0.0.0\r\na=recvonly\r\na=extmap:1 urn:ietf:params:rtp-hdrext:ssrc-audio-level\r\na=extmap:2/recvonly urn:ietf:params:rtp-hdrext:csrc-audio-level\r\na=extmap:3 urn:ietf:params:rtp-hdrext:sdes:mid\r\na=fmtp:109 maxplaybackrate=48000;stereo=1;useinbandfec=1\r\na=fmtp:101 0-15\r\na=ice-pwd:60a5e35ee45add59471a0abd89a1643d\r\na=ice-ufrag:b243cd48\r\na=mid:1\r\na=rtcp-mux\r\na=rtpmap:109 opus/48000/2\r\na=rtpmap:9 G722/8000/1\r\na=rtpmap:0 PCMU/8000\r\na=rtpmap:8 PCMA/8000\r\na=rtpmap:101 telephone-event/8000/1\r\na=setup:actpass\r\na=ssrc:501407866 cname:{6c356ce5-a75a-4516-ac2c-d94562dd546c}\r\n"},"sessionId":"aba633f6-8a99-417a-b26c-8713250bbf50"},"id":412}
0:58:11.524993625 [331m   24[00m 0x7fe664015a80 [37mDEBUG  [00m [00mKurentoMediaElementImpl MediaElementImpl.cpp:492:mediaFlowInStateChange:<kmswebrtcendpoint1>[00m MediaFlowInStateChange: FLOWING, pad: 'default', type: 'audio'
0:58:11.525007859 [331m   24[00m 0x7fe610002320 [37mDEBUG  [00m [00mKurentoMediaElementImpl MediaElementImpl.cpp:492:mediaFlowInStateChange:<kmswebrtcendpoint3>[00m MediaFlowInStateChange: FLOWING, pad: 'default', type: 'audio'
0:58:11.525028870 [331m   24[00m 0x7fe60c002190 [37mDEBUG  [00m [00mKurentoMediaElementImpl MediaElementImpl.cpp:492:mediaFlowInStateChange:<kmswebrtcendpoint4>[00m MediaFlowInStateChange: FLOWING, pad: 'default', type: 'audio'
0:58:11.525056345 [331m   24[00m 0x7fe4e400e190 [37mDEBUG  [00m [00mKurentoMediaElementImpl MediaElementImpl.cpp:492:mediaFlowInStateChange:<kmswebrtcendpoint17>[00m MediaFlowInStateChange: FLOWING, pad: 'default', type: 'audio'
0:58:11.525276256 [331m   24[00m 0x7fe6ec018de0 [37mDEBUG  [00m [00mKurentoMediaElementImpl MediaElementImpl.cpp:492:mediaFlowInStateChange:<kmswebrtcendpoint16>[00m MediaFlowInStateChange: FLOWING, pad: 'default', type: 'audio'
0:58:11.525299354 [331m   24[00m 0x7fe518002c00 [37mDEBUG  [00m [00mKurentoMediaElementImpl MediaElementImpl.cpp:492:mediaFlowInStateChange:<kmswebrtcendpoint15>[00m MediaFlowInStateChange: FLOWING, pad: 'default', type: 'audio'
0:58:11.525285560 [331m   24[00m 0x7fe654006940 [37mDEBUG  [00m [00mKurentoMediaElementImpl MediaElementImpl.cpp:492:mediaFlowInStateChange:<kmswebrtcendpoint7>[00m MediaFlowInStateChange: FLOWING, pad: 'default', type: 'audio'
0:58:11.525350338 [331m   24[00m 0x7fe534002e30 [37mDEBUG  [00m [00mKurentoMediaElementImpl MediaElementImpl.cpp:492:mediaFlowInStateChange:<kmswebrtcendpoint20>[00m MediaFlowInStateChange: FLOWING, pad: 'default', type: 'audio'
0:58:11.525012633 [331m   24[00m 0x7fe5a8000de0 [37mDEBUG  [00m [00mKurentoMediaElementImpl MediaElementImpl.cpp:492:mediaFlowInStateChange:<kmswebrtcendpoint14>[00m MediaFlowInStateChange: FLOWING, pad: 'default', type: 'audio'
0:58:11.525419077 [331m   24[00m 0x7fe4f4004a30 [37mDEBUG  [00m [00mKurentoMediaElementImpl MediaElementImpl.cpp:492:mediaFlowInStateChange:<kmswebrtcendpoint18>[00m MediaFlowInStateChange: FLOWING, pad: 'default', type: 'audio'
0:58:11.525286086 [331m   24[00m 0x7fe57401b4f0 [37mDEBUG  [00m [00mKurentoMediaElementImpl MediaElementImpl.cpp:492:mediaFlowInStateChange:<kmswebrtcendpoint19>[00m MediaFlowInStateChange: FLOWING, pad: 'default', type: 'audio'
0:58:11.525528150 [331m   24[00m 0x7fe6f8009770 [37mDEBUG  [00m [00mKurentoMediaElementImpl MediaElementImpl.cpp:492:mediaFlowInStateChange:<kmsrecorderendpoint1>[00m MediaFlowInStateChange: FLOWING, pad: 'default', type: 'audio'
0:58:11.525007388 [331m   24[00m 0x7fe63c001590 [37mDEBUG  [00m [00mKurentoMediaElementImpl MediaElementImpl.cpp:492:mediaFlowInStateChange:<kmswebrtcendpoint2>[00m MediaFlowInStateChange: FLOWING, pad: 'default', type: 'audio'
0:58:11.526113486 [331m   24[00m 0x7fe65c003140 [37mDEBUG  [00m [00mKurentoRecorderEndpointImpl RecorderEndpointImpl.cpp:175:onStateChanged:<kmsrecorderendpoint1>[00m State changed to Recording
0:58:11.530997196 [331m   24[00m 0x7fe6fc007980 [37mDEBUG  [00m [00mKurentoWebSocketTransport WebSocketTransport.cpp:462:processMessage:[00m Response: {"id":412,"jsonrpc":"2.0","result":{"sessionId":"aba633f6-8a99-417a-b26c-8713250bbf50","value":"v=0\r\no=- 3826592967 3826592967 IN IP4 0.0.0.0\r\ns=Kurento Media Server\r\nc=IN IP4 0.0.0.0\r\nt=0 0\r\na=fingerprint:sha-256 4B:41:D6:79:14:1D:3A:DF:BD:26:C0:B3:6B:E6:8A:5C:3E:5F:F2:D1:B7:FE:71:4A:AF:FA:2D:EE:13:91:BC:60\r\na=ice-options:trickle\r\na=msid-semantic:WMS *\r\na=group:BUNDLE 0 1\r\nm=video 1 UDP/TLS/RTP/SAVPF 120 126 97\r\na=extmap:4 http://www.webrtc.org/experiments/rtp-hdrext/abs-send-time\r\na=sendonly\r\na=mid:0\r\na=rtcp:9 IN IP4 0.0.0.0\r\na=rtpmap:120 VP8/90000\r\na=rtpmap:126 H264/90000\r\na=rtpmap:97 H264/90000\r\na=rtcp-fb:120 nack\r\na=rtcp-fb:120 nack pli\r\na=rtcp-fb:120 ccm fir\r\na=rtcp-fb:120 goog-remb\r\na=rtcp-fb:126 nack\r\na=rtcp-fb:126 nack pli\r\na=rtcp-fb:126 ccm fir\r\na=rtcp-fb:126 goog-remb\r\na=rtcp-fb:97 nack\r\na=rtcp-fb:97 nack pli\r\na=rtcp-fb:97 ccm fir\r\na=rtcp-fb:97 goog-remb\r\na=fmtp:126 profile-level-id=42e01f;level-asymmetry-allowed=1;packetization-mode=1\r\na=fmtp:97 profile-level-id=42e01f;level-asymmetry-allowed=1\r\na=fmtp:120 max-fs=12288;max-fr=60\r\na=rtcp-mux\r\na=setup:active\r\na=ssrc:2158304163 cname:user3402974342@host-da805f38\r\na=ice-ufrag:+iv/\r\na=ice-pwd:jJJjybFBOb9sY+4fKPTiiK\r\na=fingerprint:sha-256 17:9B:F3:62:90:51:C9:3B:6C:B0:6D:37:A9:F8:B4:48:94:7D:68:66:01:BE:AA:30:08:D0:09:9C:9A:F8:E4:18\r\nm=audio 1 UDP/TLS/RTP/SAVPF 109 0\r\na=sendonly\r\na=mid:1\r\na=rtcp:9 IN IP4 0.0.0.0\r\na=rtpmap:109 opus/48000/2\r\na=rtpmap:0 PCMU/8000\r\na=fmtp:109 maxplaybackrate=48000;stereo=1;useinbandfec=1\r\na=rtcp-mux\r\na=setup:active\r\na=ssrc:1996564835 cname:user3402974342@host-da805f38\r\na=ice-ufrag:+iv/\r\na=ice-pwd:jJJjybFBOb9sY+4fKPTiiK\r\na=fingerprint:sha-256 17:9B:F3:62:90:51:C9:3B:6C:B0:6D:37:A9:F8:B4:48:94:7D:68:66:01:BE:AA:30:08:D0:09:9C:9A:F8:E4:18\r\n"}}
0:58:11.537690928 [331m   24[00m 0x7fe6ec001b20 [37mDEBUG  [00m [00mKurentoWebSocketTransport WebSocketTransport.cpp:460:processMessage:[00m Message: {"jsonrpc":"2.0","method":"subscribe","params":{"object":"66243add-4692-437c-89c5-ea1bf1ed5585_kurento.MediaPipeline/db651ff4-0237-43f4-843a-f3b96c66c3af_kurento.WebRtcEndpoint","type":"OnIceCandidate","sessionId":"aba633f6-8a99-417a-b26c-8713250bbf50"},"id":413}
0:58:11.538024571 [331m   24[00m 0x7fe6ec001b20 [37mDEBUG  [00m [00mKurentoWebSocketTransport WebSocketTransport.cpp:462:processMessage:[00m Response: {"id":413,"jsonrpc":"2.0","result":{"sessionId":"aba633f6-8a99-417a-b26c-8713250bbf50","value":"0c07e826-7730-48e3-8bf0-c1a5a4f1dbbe"}}
