0:58:18.994684139 [331m   24[00m 0x7fe690001790 [37mDEBUG  [00m [00mKurentoWebSocketEventHandler WebSocketEventHandler.cpp:56:sendEvent:[00m Sending event: {"jsonrpc":"2.0","method":"onEvent","params":{"value":{"data":{"candidate":{"__module__":"kurento","__type__":"IceCandidate","candidate":"candidate:1 2 UDP 2013266430 172.18.0.12 10052 typ host","sdpMLineIndex":2,"sdpMid":"2"},"source":"66243add-4692-437c-89c5-ea1bf1ed5585_kurento.MediaPipeline/70417894-e749-4da4-9e58-7c7f7041850d_kurento.WebRtcEndpoint","tags":[],"timestamp":"1617604174","timestampMillis":"1617604174915","type":"OnIceCandidate"},"object":"66243add-4692-437c-89c5-ea1bf1ed5585_kurento.MediaPipeline/70417894-e749-4da4-9e58-7c7f7041850d_kurento.WebRtcEndpoint","type":"OnIceCandidate"}}}, sessionId: aba633f6-8a99-417a-b26c-8713250bbf50
0:58:18.994760329 [331m   24[00m 0x7fe690001790 [37mDEBUG  [00m [00mKurentoWebSocketEventHandler WebSocketEventHandler.cpp:56:sendEvent:[00m Sending event: {"jsonrpc":"2.0","method":"onEvent","params":{"value":{"data":{"candidate":{"__module__":"kurento","__type__":"IceCandidate","candidate":"candidate:2 2 TCP 1015021822 172.18.0.12 9 typ host tcptype active","sdpMLineIndex":0,"sdpMid":"0"},"source":"66243add-4692-437c-89c5-ea1bf1ed5585_kurento.MediaPipeline/70417894-e749-4da4-9e58-7c7f7041850d_kurento.WebRtcEndpoint","tags":[],"timestamp":"1617604174","timestampMillis":"1617604174916","type":"OnIceCandidate"},"object":"66243add-4692-437c-89c5-ea1bf1ed5585_kurento.MediaPipeline/70417894-e749-4da4-9e58-7c7f7041850d_kurento.WebRtcEndpoint","type":"OnIceCandidate"}}}, sessionId: aba633f6-8a99-417a-b26c-8713250bbf50
0:58:18.994829698 [331m   24[00m 0x7fe690001790 [37mDEBUG  [00m [00mKurentoWebSocketEventHandler WebSocketEventHandler.cpp:56:sendEvent:[00m Sending event: {"jsonrpc":"2.0","method":"onEvent","params":{"value":{"data":{"candidate":{"__module__":"kurento","__type__":"IceCandidate","candidate":"candidate:2 2 TCP 1015021822 172.18.0.12 9 typ host tcptype active","sdpMLineIndex":1,"sdpMid":"1"},"source":"66243add-4692-437c-89c5-ea1bf1ed5585_kurento.MediaPipeline/70417894-e749-4da4-9e58-7c7f7041850d_kurento.WebRtcEndpoint","tags":[],"timestamp":"1617604174","timestampMillis":"1617604174916","type":"OnIceCandidate"},"object":"66243add-4692-437c-89c5-ea1bf1ed5585_kurento.MediaPipeline/70417894-e749-4da4-9e58-7c7f7041850d_kurento.WebRtcEndpoint","type":"OnIceCandidate"}}}, sessionId: aba633f6-8a99-417a-b26c-8713250bbf50
0:58:18.994899504 [331m   24[00m 0x7fe690001790 [37mDEBUG  [00m [00mKurentoWebSocketEventHandler WebSocketEventHandler.cpp:56:sendEvent:[00m Sending event: {"jsonrpc":"2.0","method":"onEvent","params":{"value":{"data":{"candidate":{"__module__":"kurento","__type__":"IceCandidate","candidate":"candidate:2 2 TCP 1015021822 172.18.0.12 9 typ host tcptype active","sdpMLineIndex":2,"sdpMid":"2"},"source":"66243add-4692-437c-89c5-ea1bf1ed5585_kurento.MediaPipeline/70417894-e749-4da4-9e58-7c7f7041850d_kurento.WebRtcEndpoint","tags":[],"timestamp":"1617604174","timestampMillis":"1617604174916","type":"OnIceCandidate"},"object":"66243add-4692-437c-89c5-ea1bf1ed5585_kurento.MediaPipeline/70417894-e749-4da4-9e58-7c7f7041850d_kurento.WebRtcEndpoint","type":"OnIceCandidate"}}}, sessionId: aba633f6-8a99-417a-b26c-8713250bbf50
0:58:18.994986173 [331m   24[00m 0x7fe690001790 [37mDEBUG  [00m [00mKurentoWebSocketEventHandler WebSocketEventHandler.cpp:56:sendEvent:[00m Sending event: {"jsonrpc":"2.0","method":"onEvent","params":{"value":{"data":{"candidate":{"__module__":"kurento","__type__":"IceCandidate","candidate":"candidate:4 2 TCP 1010827518 172.18.0.12 10024 typ host tcptype passive","sdpMLineIndex":0,"sdpMid":"0"},"source":"66243add-4692-437c-89c5-ea1bf1ed5585_kurento.MediaPipeline/70417894-e749-4da4-9e58-7c7f7041850d_kurento.WebRtcEndpoint","tags":[],"timestamp":"1617604174","timestampMillis":"1617604174916","type":"OnIceCandidate"},"object":"66243add-4692-437c-89c5-ea1bf1ed5585_kurento.MediaPipeline/70417894-e749-4da4-9e58-7c7f7041850d_kurento.WebRtcEndpoint","type":"OnIceCandidate"}}}, sessionId: aba633f6-8a99-417a-b26c-8713250bbf50
0:58:18.995028736 [331m   24[00m 0x7fe6bc001f60 [37mDEBUG  [00m [00mKurentoWebSocketTransport WebSocketTransport.cpp:462:processMessage:[00m Response: {"id":480,"jsonrpc":"2.0","result":{"sessionId":"aba633f6-8a99-417a-b26c-8713250bbf50","value":null}}
0:58:18.995057314 [331m   24[00m 0x7fe690001790 [37mDEBUG  [00m [00mKurentoWebSocketEventHandler WebSocketEventHandler.cpp:56:sendEvent:[00m Sending event: {"jsonrpc":"2.0","method":"onEvent","params":{"value":{"data":{"candidate":{"__module__":"kurento","__type__":"IceCandidate","candidate":"candidate:4 2 TCP 1010827518 172.18.0.12 10024 typ host tcptype passive","sdpMLineIndex":1,"sdpMid":"1"},"source":"66243add-4692-437c-89c5-ea1bf1ed5585_kurento.MediaPipeline/70417894-e749-4da4-9e58-7c7f7041850d_kurento.WebRtcEndpoint","tags":[],"timestamp":"1617604174","timestampMillis":"1617604174916","type":"OnIceCandidate"},"object":"66243add-4692-437c-89c5-ea1bf1ed5585_kurento.MediaPipeline/70417894-e749-4da4-9e58-7c7f7041850d_kurento.WebRtcEndpoint","type":"OnIceCandidate"}}}, sessionId: aba633f6-8a99-417a-b26c-8713250bbf50
0:58:18.995059543 [331m   24[00m 0x7fe6bc001f60 [37mDEBUG  [00m [00mKurentoWebSocketTransport WebSocketTransport.cpp:460:processMessage:[00m Message: {"jsonrpc":"2.0","method":"invoke","params":{"object":"66243add-4692-437c-89c5-ea1bf1ed5585_kurento.MediaPipeline/81cbc7f8-b7cc-4c46-9e6a-9ce1f6a7d997_datachannelexample.KmsSendData","operation":"connect","operationParams":{"sink":"66243add-4692-437c-89c5-ea1bf1ed5585_kurento.MediaPipeline/70417894-e749-4da4-9e58-7c7f7041850d_kurento.WebRtcEndpoint"},"sessionId":"aba633f6-8a99-417a-b26c-8713250bbf50"},"id":481}
0:58:18.995130426 [331m   24[00m 0x7fe690001790 [37mDEBUG  [00m [00mKurentoWebSocketEventHandler WebSocketEventHandler.cpp:56:sendEvent:[00m Sending event: {"jsonrpc":"2.0","method":"onEvent","params":{"value":{"data":{"candidate":{"__module__":"kurento","__type__":"IceCandidate","candidate":"candidate:4 2 TCP 1010827518 172.18.0.12 10024 typ host tcptype passive","sdpMLineIndex":2,"sdpMid":"2"},"source":"66243add-4692-437c-89c5-ea1bf1ed5585_kurento.MediaPipeline/70417894-e749-4da4-9e58-7c7f7041850d_kurento.WebRtcEndpoint","tags":[],"timestamp":"1617604174","timestampMillis":"1617604174916","type":"OnIceCandidate"},"object":"66243add-4692-437c-89c5-ea1bf1ed5585_kurento.MediaPipeline/70417894-e749-4da4-9e58-7c7f7041850d_kurento.WebRtcEndpoint","type":"OnIceCandidate"}}}, sessionId: aba633f6-8a99-417a-b26c-8713250bbf50
0:58:18.995183125 [331m   24[00m 0x7fe6bc001f60 [37mDEBUG  [00m [00mKurentoMediaElementImpl MediaElementImpl.cpp:902:connect:[00m Connecting 66243add-4692-437c-89c5-ea1bf1ed5585_kurento.MediaPipeline/81cbc7f8-b7cc-4c46-9e6a-9ce1f6a7d997_datachannelexample.KmsSendData -> 66243add-4692-437c-89c5-ea1bf1ed5585_kurento.MediaPipeline/70417894-e749-4da4-9e58-7c7f7041850d_kurento.WebRtcEndpoint params AUDIO default default
0:58:18.995381052 [331m   24[00m 0x7fe6bc001f60 [37mDEBUG  [00m [00mKurentoMediaElementImpl MediaElementImpl.cpp:902:connect:[00m Connecting 66243add-4692-437c-89c5-ea1bf1ed5585_kurento.MediaPipeline/81cbc7f8-b7cc-4c46-9e6a-9ce1f6a7d997_datachannelexample.KmsSendData -> 66243add-4692-437c-89c5-ea1bf1ed5585_kurento.MediaPipeline/70417894-e749-4da4-9e58-7c7f7041850d_kurento.WebRtcEndpoint params VIDEO default default
0:58:18.995449262 [331m   24[00m 0x7fe6bc001f60 [37mDEBUG  [00m [00mKurentoMediaElementImpl MediaElementImpl.cpp:902:connect:[00m Connecting 66243add-4692-437c-89c5-ea1bf1ed5585_kurento.MediaPipeline/81cbc7f8-b7cc-4c46-9e6a-9ce1f6a7d997_datachannelexample.KmsSendData -> 66243add-4692-437c-89c5-ea1bf1ed5585_kurento.MediaPipeline/70417894-e749-4da4-9e58-7c7f7041850d_kurento.WebRtcEndpoint params DATA default default
0:58:18.995548100 [331m   24[00m 0x7fe6bc001f60 [37mDEBUG  [00m [00mKurentoWebSocketTransport WebSocketTransport.cpp:462:processMessage:[00m Response: {"id":481,"jsonrpc":"2.0","result":{"sessionId":"aba633f6-8a99-417a-b26c-8713250bbf50","value":null}}
0:58:19.081355791 [331m   24[00m 0x7fe690001790 [37mDEBUG  [00m [00mKurentoWebSocketEventHandler WebSocketEventHandler.cpp:56:sendEvent:[00m Sending event: {"jsonrpc":"2.0","method":"onEvent","params":{"value":{"data":{"candidate":{"__module__":"kurento","__type__":"IceCandidate","candidate":"candidate:5 1 UDP 1677722111 203.151.66.107 10066 typ srflx raddr 172.18.0.12 rport 10066","sdpMLineIndex":0,"sdpMid":"0"},"source":"66243add-4692-437c-89c5-ea1bf1ed5585_kurento.MediaPipeline/70417894-e749-4da4-9e58-7c7f7041850d_kurento.WebRtcEndpoint","tags":[],"timestamp":"1617604174","timestampMillis":"1617604175002","type":"OnIceCandidate"},"object":"66243add-4692-437c-89c5-ea1bf1ed5585_kurento.MediaPipeline/70417894-e749-4da4-9e58-7c7f7041850d_kurento.WebRtcEndpoint","type":"OnIceCandidate"}}}, sessionId: aba633f6-8a99-417a-b26c-8713250bbf50
0:58:19.081501430 [331m   24[00m 0x7fe690001790 [37mDEBUG  [00m [00mKurentoWebSocketEventHandler WebSocketEventHandler.cpp:56:sendEvent:[00m Sending event: {"jsonrpc":"2.0","method":"onEvent","params":{"value":{"data":{"candidate":{"__module__":"kurento","__type__":"IceCandidate","candidate":"candidate:5 1 UDP 1677722111 203.151.66.107 10066 typ srflx raddr 172.18.0.12 rport 10066","sdpMLineIndex":1,"sdpMid":"1"},"source":"66243add-4692-437c-89c5-ea1bf1ed5585_kurento.MediaPipeline/70417894-e749-4da4-9e58-7c7f7041850d_kurento.WebRtcEndpoint","tags":[],"timestamp":"1617604174","timestampMillis":"1617604175002","type":"OnIceCandidate"},"object":"66243add-4692-437c-89c5-ea1bf1ed5585_kurento.MediaPipeline/70417894-e749-4da4-9e58-7c7f7041850d_kurento.WebRtcEndpoint","type":"OnIceCandidate"}}}, sessionId: aba633f6-8a99-417a-b26c-8713250bbf50
0:58:19.081586514 [331m   24[00m 0x7fe690001790 [37mDEBUG  [00m [00mKurentoWebSocketEventHandler WebSocketEventHandler.cpp:56:sendEvent:[00m Sending event: {"jsonrpc":"2.0","method":"onEvent","params":{"value":{"data":{"candidate":{"__module__":"kurento","__type__":"IceCandidate","candidate":"candidate:5 1 UDP 1677722111 203.151.66.107 10066 typ srflx raddr 172.18.0.12 rport 10066","sdpMLineIndex":2,"sdpMid":"2"},"source":"66243add-4692-437c-89c5-ea1bf1ed5585_kurento.MediaPipeline/70417894-e749-4da4-9e58-7c7f7041850d_kurento.WebRtcEndpoint","tags":[],"timestamp":"1617604174","timestampMillis":"1617604175002","type":"OnIceCandidate"},"object":"66243add-4692-437c-89c5-ea1bf1ed5585_kurento.MediaPipeline/70417894-e749-4da4-9e58-7c7f7041850d_kurento.WebRtcEndpoint","type":"OnIceCandidate"}}}, sessionId: aba633f6-8a99-417a-b26c-8713250bbf50
0:58:19.081657290 [331m   24[00m 0x7fe690001790 [37mDEBUG  [00m [00mKurentoWebSocketEventHandler WebSocketEventHandler.cpp:56:sendEvent:[00m Sending event: {"jsonrpc":"2.0","method":"onEvent","params":{"value":{"data":{"candidate":{"__module__":"kurento","__type__":"IceCandidate","candidate":"candidate:6 1 TCP 847249663 203.151.66.107 9 typ srflx raddr 172.18.0.12 rport 9 tcptype active","sdpMLineIndex":0,"sdpMid":"0"},"source":"66243add-4692-437c-89c5-ea1bf1ed5585_kurento.MediaPipeline/70417894-e749-4da4-9e58-7c7f7041850d_kurento.WebRtcEndpoint","tags":[],"timestamp":"1617604174","timestampMillis":"1617604175002","type":"OnIceCandidate"},"object":"66243add-4692-437c-89c5-ea1bf1ed5585_kurento.MediaPipeline/70417894-e749-4da4-9e58-7c7f7041850d_kurento.WebRtcEndpoint","type":"OnIceCandidate"}}}, sessionId: aba633f6-8a99-417a-b26c-8713250bbf50
0:58:19.081726870 [331m   24[00m 0x7fe690001790 [37mDEBUG  [00m [00mKurentoWebSocketEventHandler WebSocketEventHandler.cpp:56:sendEvent:[00m Sending event: {"jsonrpc":"2.0","method":"onEvent","params":{"value":{"data":{"candidate":{"__module__":"kurento","__type__":"IceCandidate","candidate":"candidate:6 1 TCP 847249663 203.151.66.107 9 typ srflx raddr 172.18.0.12 rport 9 tcptype active","sdpMLineIndex":1,"sdpMid":"1"},"source":"66243add-4692-437c-89c5-ea1bf1ed5585_kurento.MediaPipeline/70417894-e749-4da4-9e58-7c7f7041850d_kurento.WebRtcEndpoint","tags":[],"timestamp":"1617604174","timestampMillis":"1617604175002","type":"OnIceCandidate"},"object":"66243add-4692-437c-89c5-ea1bf1ed5585_kurento.MediaPipeline/70417894-e749-4da4-9e58-7c7f7041850d_kurento.WebRtcEndpoint","type":"OnIceCandidate"}}}, sessionId: aba633f6-8a99-417a-b26c-8713250bbf50
0:58:19.081800747 [331m   24[00m 0x7fe690001790 [37mDEBUG  [00m [00mKurentoWebSocketEventHandler WebSocketEventHandler.cpp:56:sendEvent:[00m Sending event: {"jsonrpc":"2.0","method":"onEvent","params":{"value":{"data":{"candidate":{"__module__":"kurento","__type__":"IceCandidate","candidate":"candidate:6 1 TCP 847249663 203.151.66.107 9 typ srflx raddr 172.18.0.12 rport 9 tcptype active","sdpMLineIndex":2,"sdpMid":"2"},"source":"66243add-4692-437c-89c5-ea1bf1ed5585_kurento.MediaPipeline/70417894-e749-4da4-9e58-7c7f7041850d_kurento.WebRtcEndpoint","tags":[],"timestamp":"1617604174","timestampMillis":"1617604175002","type":"OnIceCandidate"},"object":"66243add-4692-437c-89c5-ea1bf1ed5585_kurento.MediaPipeline/70417894-e749-4da4-9e58-7c7f7041850d_kurento.WebRtcEndpoint","type":"OnIceCandidate"}}}, sessionId: aba633f6-8a99-417a-b26c-8713250bbf50
0:58:19.081875792 [331m   24[00m 0x7fe690001790 [37mDEBUG  [00m [00mKurentoWebSocketEventHandler WebSocketEventHandler.cpp:56:sendEvent:[00m Sending event: {"jsonrpc":"2.0","method":"onEvent","params":{"value":{"data":{"candidate":{"__module__":"kurento","__type__":"IceCandidate","candidate":"candidate:7 1 TCP 843055359 203.151.66.107 10032 typ srflx raddr 172.18.0.12 rport 10032 tcptype passive","sdpMLineIndex":0,"sdpMid":"0"},"source":"66243add-4692-437c-89c5-ea1bf1ed5585_kurento.MediaPipeline/70417894-e749-4da4-9e58-7c7f7041850d_kurento.WebRtcEndpoint","tags":[],"timestamp":"1617604174","timestampMillis":"1617604175003","type":"OnIceCandidate"},"object":"66243add-4692-437c-89c5-ea1bf1ed5585_kurento.MediaPipeline/70417894-e749-4da4-9e58-7c7f7041850d_kurento.WebRtcEndpoint","type":"OnIceCandidate"}}}, sessionId: aba633f6-8a99-417a-b26c-8713250bbf50
0:58:19.081965319 [331m   24[00m 0x7fe690001790 [37mDEBUG  [00m [00mKurentoWebSocketEventHandler WebSocketEventHandler.cpp:56:sendEvent:[00m Sending event: {"jsonrpc":"2.0","method":"onEvent","params":{"value":{"data":{"candidate":{"__module__":"kurento","__type__":"IceCandidate","candidate":"candidate:7 1 TCP 843055359 203.151.66.107 10032 typ srflx raddr 172.18.0.12 rport 10032 tcptype passive","sdpMLineIndex":1,"sdpMid":"1"},"source":"66243add-4692-437c-89c5-ea1bf1ed5585_kurento.MediaPipeline/70417894-e749-4da4-9e58-7c7f7041850d_kurento.WebRtcEndpoint","tags":[],"timestamp":"1617604174","timestampMillis":"1617604175003","type":"OnIceCandidate"},"object":"66243add-4692-437c-89c5-ea1bf1ed5585_kurento.MediaPipeline/70417894-e749-4da4-9e58-7c7f7041850d_kurento.WebRtcEndpoint","type":"OnIceCandidate"}}}, sessionId: aba633f6-8a99-417a-b26c-8713250bbf50
0:58:19.082038708 [331m   24[00m 0x7fe690001790 [37mDEBUG  [00m [00mKurentoWebSocketEventHandler WebSocketEventHandler.cpp:56:sendEvent:[00m Sending event: {"jsonrpc":"2.0","method":"onEvent","params":{"value":{"data":{"candidate":{"__module__":"kurento","__type__":"IceCandidate","candidate":"candidate:7 1 TCP 843055359 203.151.66.107 10032 typ srflx raddr 172.18.0.12 rport 10032 tcptype passive","sdpMLineIndex":2,"sdpMid":"2"},"source":"66243add-4692-437c-89c5-ea1bf1ed5585_kurento.MediaPipeline/70417894-e749-4da4-9e58-7c7f7041850d_kurento.WebRtcEndpoint","tags":[],"timestamp":"1617604174","timestampMillis":"1617604175003","type":"OnIceCandidate"},"object":"66243add-4692-437c-89c5-ea1bf1ed5585_kurento.MediaPipeline/70417894-e749-4da4-9e58-7c7f7041850d_kurento.WebRtcEndpoint","type":"OnIceCandidate"}}}, sessionId: aba633f6-8a99-417a-b26c-8713250bbf50
0:58:19.125826914 [331m   24[00m 0x7fe6b4001840 [37mDEBUG  [00m [00mKurentoWebSocketTransport WebSocketTransport.cpp:460:processMessage:[00m Message: {"jsonrpc":"2.0","method":"invoke","params":{"object":"66243add-4692-437c-89c5-ea1bf1ed5585_kurento.MediaPipeline/70417894-e749-4da4-9e58-7c7f7041850d_kurento.WebRtcEndpoint","operation":"addIceCandidate","operationParams":{"candidate":{"candidate":"candidate:1 1 UDP 1686052863 122.155.210.8 59821 typ srflx raddr 0.0.0.0 rport 0","sdpMid":"0","sdpMLineIndex":0,"__module__":"kurento","__type__":"IceCandidate"}},"sessionId":"aba633f6-8a99-417a-b26c-8713250bbf50"},"id":482}
0:58:19.126372583 [331m   24[00m 0x7fe6b4001840 [37mDEBUG  [00m [00mKurentoWebSocketTransport WebSocketTransport.cpp:462:processMessage:[00m Response: {"id":482,"jsonrpc":"2.0","result":{"sessionId":"aba633f6-8a99-417a-b26c-8713250bbf50","value":null}}
0:58:19.130048705 [331m   24[00m 0x7fe6e4001c60 [37mDEBUG  [00m [00mKurentoWebSocketTransport WebSocketTransport.cpp:460:processMessage:[00m Message: {"jsonrpc":"2.0","method":"invoke","params":{"object":"66243add-4692-437c-89c5-ea1bf1ed5585_kurento.MediaPipeline/70417894-e749-4da4-9e58-7c7f7041850d_kurento.WebRtcEndpoint","operation":"addIceCandidate","operationParams":{"candidate":{"candidate":"candidate:1 2 UDP 1686052862 122.155.210.8 59822 typ srflx raddr 0.0.0.0 rport 0","sdpMid":"0","sdpMLineIndex":0,"__module__":"kurento","__type__":"IceCandidate"}},"sessionId":"aba633f6-8a99-417a-b26c-8713250bbf50"},"id":483}
0:58:19.130550802 [331m   24[00m 0x7fe6e4001c60 [37mDEBUG  [00m [00mKurentoWebSocketTransport WebSocketTransport.cpp:462:processMessage:[00m Response: {"id":483,"jsonrpc":"2.0","result":{"sessionId":"aba633f6-8a99-417a-b26c-8713250bbf50","value":null}}
0:58:19.130687681 [331m   24[00m 0x7fe6ec001b20 [37mDEBUG  [00m [00mKurentoWebSocketTransport WebSocketTransport.cpp:460:processMessage:[00m Message: {"jsonrpc":"2.0","method":"invoke","params":{"object":"66243add-4692-437c-89c5-ea1bf1ed5585_kurento.MediaPipeline/70417894-e749-4da4-9e58-7c7f7041850d_kurento.WebRtcEndpoint","operation":"addIceCandidate","operationParams":{"candidate":{"candidate":"","sdpMid":"0","sdpMLineIndex":0,"__module__":"kurento","__type__":"IceCandidate"}},"sessionId":"aba633f6-8a99-417a-b26c-8713250bbf50"},"id":484}
0:58:19.131022113 [331m   24[00m 0x7fe6ec001b20 [37mDEBUG  [00m [00mKurentoWebSocketTransport WebSocketTransport.cpp:462:processMessage:[00m Response: {"error":{"code":40401,"data":{"type":"ICE_ADD_CANDIDATE_ERROR"},"message":"Error adding candidate"},"id":484,"jsonrpc":"2.0"}
0:58:19.217612929 [331m   24[00m 0x7fe518026f20 [37mDEBUG  [00m [00mKurentoWebRtcEndpointImpl WebRtcEndpointImpl.cpp:292:newSelectedPairFull:<kmswebrtcendpoint26>[00m New candidate pair selected, local: 'candidate:5 1 UDP 1677722111 203.151.66.107 10066 typ srflx raddr 172.18.0.12 rport 10066', remote: 'candidate:1 1 UDP 1686052863 122.155.210.8 59821 typ srflx', stream_id: '1', component_id: 1
0:58:20.083329515 [331m   24[00m 0x7fe5a80024f0 [37mDEBUG  [00m [00mKurentoMediaElementImpl MediaElementImpl.cpp:492:mediaFlowInStateChange:<kmswebrtcendpoint26>[00m MediaFlowInStateChange: FLOWING, pad: 'default', type: 'audio'
0:58:20.409166041 [331m   24[00m 0x7fe704001840 [37mDEBUG  [00m [00mKurentoWebSocketTransport WebSocketTransport.cpp:460:processMessage:[00m Message: {"jsonrpc":"2.0","method":"release","params":{"object":"66243add-4692-437c-89c5-ea1bf1ed5585_kurento.MediaPipeline/8519a21b-7933-4633-be82-b363aeb28667_kurento.WebRtcEndpoint","sessionId":"aba633f6-8a99-417a-b26c-8713250bbf50"},"id":485}
0:58:20.409454151 [331m   24[00m 0x7fe724001920 [37mDEBUG  [00m [00mKurentoMediaElementImpl MediaElementImpl.cpp:1028:disconnect:[00m Disconnecting 66243add-4692-437c-89c5-ea1bf1ed5585_kurento.MediaPipeline/81cbc7f8-b7cc-4c46-9e6a-9ce1f6a7d997_datachannelexample.KmsSendData - 66243add-4692-437c-89c5-ea1bf1ed5585_kurento.MediaPipeline/8519a21b-7933-4633-be82-b363aeb28667_kurento.WebRtcEndpoint params AUDIO default default
0:58:20.409481751 [331m   24[00m 0x7fe704001840 [37mDEBUG  [00m [00mKurentoWebSocketTransport WebSocketTransport.cpp:462:processMessage:[00m Response: {"id":485,"jsonrpc":"2.0","result":{"sessionId":"aba633f6-8a99-417a-b26c-8713250bbf50"}}
0:58:20.409696339 [331m   24[00m 0x7fe724001920 [37mDEBUG  [00m [00mKurentoMediaElementImpl MediaElementImpl.cpp:1028:disconnect:[00m Disconnecting 66243add-4692-437c-89c5-ea1bf1ed5585_kurento.MediaPipeline/81cbc7f8-b7cc-4c46-9e6a-9ce1f6a7d997_datachannelexample.KmsSendData - 66243add-4692-437c-89c5-ea1bf1ed5585_kurento.MediaPipeline/8519a21b-7933-4633-be82-b363aeb28667_kurento.WebRtcEndpoint params DATA default default
0:58:20.409759562 [331m   24[00m 0x7fe724001920 [37mDEBUG  [00m [00mKurentoMediaElementImpl MediaElementImpl.cpp:1028:disconnect:[00m Disconnecting 66243add-4692-437c-89c5-ea1bf1ed5585_kurento.MediaPipeline/81cbc7f8-b7cc-4c46-9e6a-9ce1f6a7d997_datachannelexample.KmsSendData - 66243add-4692-437c-89c5-ea1bf1ed5585_kurento.MediaPipeline/8519a21b-7933-4633-be82-b363aeb28667_kurento.WebRtcEndpoint params VIDEO default default
0:58:20.409841120 [331m   24[00m 0x7fe724001920 [37mDEBUG  [00m [00m     KurentoMediaSet MediaSet.cpp:470:async_delete:[00m Destroying WebRtcEndpoint -> 66243add-4692-437c-89c5-ea1bf1ed5585_kurento.MediaPipeline/8519a21b-7933-4633-be82-b363aeb28667_kurento.WebRtcEndpoint
0:58:20.410652561 [331m   24[00m 0x7fe6f0001cc0 [37mDEBUG  [00m [00mKurentoWebSocketTransport WebSocketTransport.cpp:460:processMessage:[00m Message: {"jsonrpc":"2.0","method":"unsubscribe","params":{"object":"66243add-4692-437c-89c5-ea1bf1ed5585_kurento.MediaPipeline/8519a21b-7933-4633-be82-b363aeb28667_kurento.WebRtcEndpoint","subscription":"2d1bdffe-32a7-4ca2-b292-0f050403d4c8","sessionId":"aba633f6-8a99-417a-b26c-8713250bbf50"},"id":486}
0:58:20.410790224 [331m   24[00m 0x7fe6f0001cc0 [37mDEBUG  [00m [00mKurentoWebSocketTransport WebSocketTransport.cpp:462:processMessage:[00m Response: {"id":486,"jsonrpc":"2.0","result":{"sessionId":"aba633f6-8a99-417a-b26c-8713250bbf50"}}
0:58:21.843762096 [331m   24[00m 0x7fe6bc001600 [37mDEBUG  [00m [00mKurentoWebSocketTransport WebSocketTransport.cpp:460:processMessage:[00m Message: {"jsonrpc":"2.0","method":"invoke","params":{"object":"66243add-4692-437c-89c5-ea1bf1ed5585_kurento.MediaPipeline/6d453f14-f48d-4707-a83a-704154336681_kurento.WebRtcEndpoint","operation":"addIceCandidate","operationParams":{"candidate":{"candidate":"","sdpMid":"0","sdpMLineIndex":0,"__module__":"kurento","__type__":"IceCandidate"}},"sessionId":"aba633f6-8a99-417a-b26c-8713250bbf50"},"id":487}
0:58:21.844437093 [331m   24[00m 0x7fe6bc001600 [37mDEBUG  [00m [00mKurentoWebSocketTransport WebSocketTransport.cpp:462:processMessage:[00m Response: {"error":{"code":40401,"data":{"type":"ICE_ADD_CANDIDATE_ERROR"},"message":"Error adding candidate"},"id":487,"jsonrpc":"2.0"}
0:58:23.301880398 [331m   24[00m 0x7fe6b0001f00 [37mDEBUG  [00m [00mKurentoWebSocketTransport WebSocketTransport.cpp:460:processMessage:[00m Message: {"jsonrpc":"2.0","method":"create","params":{"type":"WebRtcEndpoint","constructorParams":{"mediaPipeline":"66243add-4692-437c-89c5-ea1bf1ed5585_kurento.MediaPipeline","useDataChannels":true},"properties":{},"sessionId":"aba633f6-8a99-417a-b26c-8713250bbf50"},"id":488}
0:58:23.303312940 [331m   24[00m 0x7fe6b0001f00 [36mINFO   [00m [00mKurentoWebRtcEndpointImpl WebRtcEndpointImpl.cpp:96:remove_not_supported_codecs_from_array:<kmswebrtcendpoint27>[00m Removing not supported codec 'AMR/8000'
0:58:23.303377605 [331m   24[00m 0x7fe6b0001f00 [36mINFO   [00m [00mKurentoWebRtcEndpointImpl WebRtcEndpointImpl.cpp:465:WebRtcEndpointImpl:[00m Using STUN reflexive server IP: 203.183.172.196
0:58:23.303387421 [331m   24[00m 0x7fe6b0001f00 [36mINFO   [00m [00mKurentoWebRtcEndpointImpl WebRtcEndpointImpl.cpp:466:WebRtcEndpointImpl:[00m Using STUN reflexive server Port: 3478
0:58:23.303430527 [331m   24[00m 0x7fe6b0001f00 [36mINFO   [00m [00mKurentoWebRtcEndpointImpl WebRtcEndpointImpl.cpp:487:WebRtcEndpointImpl:[00m TURN server IP address not found in config; NAT traversal requires either STUN or TURN server
0:58:23.303833568 [331m   24[00m 0x7fe6b0001f00 [37mDEBUG  [00m [00mKurentoWebSocketTransport WebSocketTransport.cpp:462:processMessage:[00m Response: {"id":488,"jsonrpc":"2.0","result":{"sessionId":"aba633f6-8a99-417a-b26c-8713250bbf50","value":"66243add-4692-437c-89c5-ea1bf1ed5585_kurento.MediaPipeline/bc4b0882-58c8-4031-8cb9-a1275755af9d_kurento.WebRtcEndpoint"}}
0:58:23.305402989 [331m   24[00m 0x7fe6f8001d80 [37mDEBUG  [00m [00mKurentoWebSocketTransport WebSocketTransport.cpp:460:processMessage:[00m Message: {"jsonrpc":"2.0","method":"subscribe","params":{"object":"66243add-4692-437c-89c5-ea1bf1ed5585_kurento.MediaPipeline/bc4b0882-58c8-4031-8cb9-a1275755af9d_kurento.WebRtcEndpoint","type":"OnIceCandidate","sessionId":"aba633f6-8a99-417a-b26c-8713250bbf50"},"id":489}
0:58:23.305567387 [331m   24[00m 0x7fe6f8001d80 [37mDEBUG  [00m [00mKurentoWebSocketTransport WebSocketTransport.cpp:462:processMessage:[00m Response: {"id":489,"jsonrpc":"2.0","result":{"sessionId":"aba633f6-8a99-417a-b26c-8713250bbf50","value":"d1c39d34-60a8-4035-b011-678b30d57171"}}
0:58:23.305602860 [331m   24[00m 0x7fe6f8001d80 [37mDEBUG  [00m [00mKurentoWebSocketTransport WebSocketTransport.cpp:460:processMessage:[00m Message: {"jsonrpc":"2.0","method":"invoke","params":{"object":"66243add-4692-437c-89c5-ea1bf1ed5585_kurento.MediaPipeline/bc4b0882-58c8-4031-8cb9-a1275755af9d_kurento.WebRtcEndpoint","operation":"processOffer","operationParams":{"offer":"v=0\r\no=mozilla...THIS_IS_SDPARTA-86.0.1 750227546184710975 0 IN IP4 0.0.0.0\r\ns=-\r\nt=0 0\r\na=fingerprint:sha-256 B2:B0:0F:C2:AF:13:E4:31:A4:BF:53:4E:3F:88:DC:98:CA:DE:29:FC:AC:68:5C:ED:BD:08:59:A5:D0:54:E9:DC\r\na=group:BUNDLE 0 1 2\r\na=ice-options:trickle\r\na=msid-semantic:WMS *\r\nm=video 9 UDP/TLS/RTP/SAVPF 120 124 121 125 126 127 97 98\r\nc=IN IP4 0.0.0.0\r\na=recvonly\r\na=extmap:3 urn:ietf:params:rtp-hdrext:sdes:mid\r\na=extmap:4 http://www.webrtc.org/experiments/rtp-hdrext/abs-send-time\r\na=extmap:5 urn:ietf:params:rtp-hdrext:toffset\r\na=extmap:6/recvonly http://www.webrtc.org/experiments/rtp-hdrext/playout-delay\r\na=extmap:7 http://www.ietf.org/id/draft-holmer-rmcat-transport-wide-cc-extensions-01\r\na=fmtp:126 profile-level-id=42e01f;level-asymmetry-allowed=1;packetization-mode=1\r\na=fmtp:97 profile-level-id=42e01f;level-asymmetry-allowed=1\r\na=fmtp:120 max-fs=12288;max-fr=60\r\na=fmtp:124 apt=120\r\na=fmtp:121 max-fs=12288;max-fr=60\r\na=fmtp:125 apt=121\r\na=fmtp:127 apt=126\r\na=fmtp:98 apt=97\r\na=ice-pwd:3b8aeb8cd6bc58fcf321d7a4ee9757d0\r\na=ice-ufrag:64ee27dc\r\na=mid:0\r\na=rtcp-fb:120 nack\r\na=rtcp-fb:120 nack pli\r\na=rtcp-fb:120 ccm fir\r\na=rtcp-fb:120 goog-remb\r\na=rtcp-fb:120 transport-cc\r\na=rtcp-fb:121 nack\r\na=rtcp-fb:121 nack pli\r\na=rtcp-fb:121 ccm fir\r\na=rtcp-fb:121 goog-remb\r\na=rtcp-fb:121 transport-cc\r\na=rtcp-fb:126 nack\r\na=rtcp-fb:126 nack pli\r\na=rtcp-fb:126 ccm fir\r\na=rtcp-fb:126 goog-remb\r\na=rtcp-fb:126 transport-cc\r\na=rtcp-fb:97 nack\r\na=rtcp-fb:97 nack pli\r\na=rtcp-fb:97 ccm fir\r\na=rtcp-fb:97 goog-remb\r\na=rtcp-fb:97 transport-cc\r\na=rtcp-mux\r\na=rtcp-rsize\r\na=rtpmap:120 VP8/90000\r\na=rtpmap:124 rtx/90000\r\na=rtpmap:121 VP9/90000\r\na=rtpmap:125 rtx/90000\r\na=rtpmap:126 H264/90000\r\na=rtpmap:127 rtx/90000\r\na=rtpmap:97 H264/90000\r\na=rtpmap:98 rtx/90000\r\na=setup:actpass\r\na=ssrc:2974742703 cname:{bc48d216-ca5e-4fb3-9dc8-a04e11d1be13}\r\nm=audio 9 UDP/TLS/RTP/SAVPF 109 9 0 8 101\r\nc=IN IP4 0.0.0.0\r\na=recvonly\r\na=extmap:1 urn:ietf:params:rtp-hdrext:ssrc-audio-level\r\na=extmap:2/recvonly urn:ietf:params:rtp-hdrext:csrc-audio-level\r\na=extmap:3 urn:ietf:params:rtp-hdrext:sdes:mid\r\na=fmtp:109 maxplaybackrate=48000;stereo=1;useinbandfec=1\r\na=fmtp:101 0-15\r\na=ice-pwd:3b8aeb8cd6bc58fcf321d7a4ee9757d0\r\na=ice-ufrag:64ee27dc\r\na=mid:1\r\na=rtcp-mux\r\na=rtpmap:109 opus/48000/2\r\na=rtpmap:9 G722/8000/1\r\na=rtpmap:0 PCMU/8000\r\na=rtpmap:8 PCMA/8000\r\na=rtpmap:101 telephone-event/8000/1\r\na=setup:actpass\r\na=ssrc:3909404771 cname:{bc48d216-ca5e-4fb3-9dc8-a04e11d1be13}\r\nm=application 9 UDP/DTLS/SCTP webrtc-datachannel\r\nc=IN IP4 0.0.0.0\r\na=sendrecv\r\na=ice-pwd:3b8aeb8cd6bc58fcf321d7a4ee9757d0\r\na=ice-ufrag:64ee27dc\r\na=mid:2\r\na=setup:actpass\r\na=sctp-port:5000\r\na=max-message-size:1073741823\r\n"},"sessionId":"aba633f6-8a99-417a-b26c-8713250bbf50"},"id":490}
0:58:23.311863740 [331m   24[00m 0x7fe6f8001d80 [37mDEBUG  [00m [00mKurentoWebSocketTransport WebSocketTransport.cpp:462:processMessage:[00m Response: {"id":490,"jsonrpc":"2.0","result":{"sessionId":"aba633f6-8a99-417a-b26c-8713250bbf50","value":"v=0\r\no=- 3826592979 3826592979 IN IP4 0.0.0.0\r\ns=Kurento Media Server\r\nc=IN IP4 0.0.0.0\r\nt=0 0\r\na=fingerprint:sha-256 B2:B0:0F:C2:AF:13:E4:31:A4:BF:53:4E:3F:88:DC:98:CA:DE:29:FC:AC:68:5C:ED:BD:08:59:A5:D0:54:E9:DC\r\na=ice-options:trickle\r\na=msid-semantic:WMS *\r\na=group:BUNDLE 0 1 2\r\nm=video 1 UDP/TLS/RTP/SAVPF 120 126 97\r\na=extmap:4 http://www.webrtc.org/experiments/rtp-hdrext/abs-send-time\r\na=sendonly\r\na=mid:0\r\na=rtcp:9 IN IP4 0.0.0.0\r\na=rtpmap:120 VP8/90000\r\na=rtpmap:126 H264/90000\r\na=rtpmap:97 H264/90000\r\na=rtcp-fb:120 nack\r\na=rtcp-fb:120 nack pli\r\na=rtcp-fb:120 ccm fir\r\na=rtcp-fb:120 goog-remb\r\na=rtcp-fb:126 nack\r\na=rtcp-fb:126 nack pli\r\na=rtcp-fb:126 ccm fir\r\na=rtcp-fb:126 goog-remb\r\na=rtcp-fb:97 nack\r\na=rtcp-fb:97 nack pli\r\na=rtcp-fb:97 ccm fir\r\na=rtcp-fb:97 goog-remb\r\na=fmtp:126 profile-level-id=42e01f;level-asymmetry-allowed=1;packetization-mode=1\r\na=fmtp:97 profile-level-id=42e01f;level-asymmetry-allowed=1\r\na=fmtp:120 max-fs=12288;max-fr=60\r\na=rtcp-mux\r\na=setup:active\r\na=ssrc:1098722381 cname:user3388681740@host-a9c9b6c9\r\na=ice-ufrag:N6uZ\r\na=ice-pwd:8ojE+FLWRTtMGJMfgj+2IW\r\na=fingerprint:sha-256 17:9B:F3:62:90:51:C9:3B:6C:B0:6D:37:A9:F8:B4:48:94:7D:68:66:01:BE:AA:30:08:D0:09:9C:9A:F8:E4:18\r\nm=audio 1 UDP/TLS/RTP/SAVPF 109 0\r\na=sendonly\r\na=mid:1\r\na=rtcp:9 IN IP4 0.0.0.0\r\na=rtpmap:109 opus/48000/2\r\na=rtpmap:0 PCMU/8000\r\na=fmtp:109 maxplaybackrate=48000;stereo=1;useinbandfec=1\r\na=rtcp-mux\r\na=setup:active\r\na=ssrc:305462453 cname:user3388681740@host-a9c9b6c9\r\na=ice-ufrag:N6uZ\r\na=ice-pwd:8ojE+FLWRTtMGJMfgj+2IW\r\na=fingerprint:sha-256 17:9B:F3:62:90:51:C9:3B:6C:B0:6D:37:A9:F8:B4:48:94:7D:68:66:01:BE:AA:30:08:D0:09:9C:9A:F8:E4:18\r\nm=application 1 UDP/DTLS/SCTP webrtc-datachannel\r\na=mid:2\r\na=sctp-port:5000\r\na=setup:active\r\na=ice-ufrag:N6uZ\r\na=ice-pwd:8ojE+FLWRTtMGJMfgj+2IW\r\na=fingerprint:sha-256 17:9B:F3:62:90:51:C9:3B:6C:B0:6D:37:A9:F8:B4:48:94:7D:68:66:01:BE:AA:30:08:D0:09:9C:9A:F8:E4:18\r\n"}}
0:58:23.315759185 [331m   24[00m 0x7fe6b4001840 [37mDEBUG  [00m [00mKurentoWebSocketTransport WebSocketTransport.cpp:460:processMessage:[00m Message: {"jsonrpc":"2.0","method":"invoke","params":{"object":"66243add-4692-437c-89c5-ea1bf1ed5585_kurento.MediaPipeline/bc4b0882-58c8-4031-8cb9-a1275755af9d_kurento.WebRtcEndpoint","operation":"gatherCandidates","sessionId":"aba633f6-8a99-417a-b26c-8713250bbf50"},"id":491}
0:58:23.318633118 [331m   24[00m 0x7fe690001790 [37mDEBUG  [00m [00mKurentoWebSocketEventHandler WebSocketEventHandler.cpp:56:sendEvent:[00m Sending event: {"jsonrpc":"2.0","method":"onEvent","params":{"value":{"data":{"candidate":{"__module__":"kurento","__type__":"IceCandidate","candidate":"candidate:1 1 UDP 2013266431 172.18.0.12 10009 typ host","sdpMLineIndex":0,"sdpMid":"0"},"source":"66243add-4692-437c-89c5-ea1bf1ed5585_kurento.MediaPipeline/bc4b0882-58c8-4031-8cb9-a1275755af9d_kurento.WebRtcEndpoint","tags":[],"timestamp":"1617604179","timestampMillis":"1617604179240","type":"OnIceCandidate"},"object":"66243add-4692-437c-89c5-ea1bf1ed5585_kurento.MediaPipeline/bc4b0882-58c8-4031-8cb9-a1275755af9d_kurento.WebRtcEndpoint","type":"OnIceCandidate"}}}, sessionId: aba633f6-8a99-417a-b26c-8713250bbf50
0:58:23.318727676 [331m   24[00m 0x7fe690001790 [37mDEBUG  [00m [00mKurentoWebSocketEventHandler WebSocketEventHandler.cpp:56:sendEvent:[00m Sending event: {"jsonrpc":"2.0","method":"onEvent","params":{"value":{"data":{"candidate":{"__module__":"kurento","__type__":"IceCandidate","candidate":"candidate:1 1 UDP 2013266431 172.18.0.12 10009 typ host","sdpMLineIndex":1,"sdpMid":"1"},"source":"66243add-4692-437c-89c5-ea1bf1ed5585_kurento.MediaPipeline/bc4b0882-58c8-4031-8cb9-a1275755af9d_kurento.WebRtcEndpoint","tags":[],"timestamp":"1617604179","timestampMillis":"1617604179240","type":"OnIceCandidate"},"object":"66243add-4692-437c-89c5-ea1bf1ed5585_kurento.MediaPipeline/bc4b0882-58c8-4031-8cb9-a1275755af9d_kurento.WebRtcEndpoint","type":"OnIceCandidate"}}}, sessionId: aba633f6-8a99-417a-b26c-8713250bbf50
0:58:23.318782699 [331m   24[00m 0x7fe690001790 [37mDEBUG  [00m [00mKurentoWebSocketEventHandler WebSocketEventHandler.cpp:56:sendEvent:[00m Sending event: {"jsonrpc":"2.0","method":"onEvent","params":{"value":{"data":{"candidate":{"__module__":"kurento","__type__":"IceCandidate","candidate":"candidate:1 1 UDP 2013266431 172.18.0.12 10009 typ host","sdpMLineIndex":2,"sdpMid":"2"},"source":"66243add-4692-437c-89c5-ea1bf1ed5585_kurento.MediaPipeline/bc4b0882-58c8-4031-8cb9-a1275755af9d_kurento.WebRtcEndpoint","tags":[],"timestamp":"1617604179","timestampMillis":"1617604179240","type":"OnIceCandidate"},"object":"66243add-4692-437c-89c5-ea1bf1ed5585_kurento.MediaPipeline/bc4b0882-58c8-4031-8cb9-a1275755af9d_kurento.WebRtcEndpoint","type":"OnIceCandidate"}}}, sessionId: aba633f6-8a99-417a-b26c-8713250bbf50
0:58:23.318838538 [331m   24[00m 0x7fe690001790 [37mDEBUG  [00m [00mKurentoWebSocketEventHandler WebSocketEventHandler.cpp:56:sendEvent:[00m Sending event: {"jsonrpc":"2.0","method":"onEvent","params":{"value":{"data":{"candidate":{"__module__":"kurento","__type__":"IceCandidate","candidate":"candidate:2 1 TCP 1015021823 172.18.0.12 9 typ host tcptype active","sdpMLineIndex":0,"sdpMid":"0"},"source":"66243add-4692-437c-89c5-ea1bf1ed5585_kurento.MediaPipeline/bc4b0882-58c8-4031-8cb9-a1275755af9d_kurento.WebRtcEndpoint","tags":[],"timestamp":"1617604179","timestampMillis":"1617604179240","type":"OnIceCandidate"},"object":"66243add-4692-437c-89c5-ea1bf1ed5585_kurento.MediaPipeline/bc4b0882-58c8-4031-8cb9-a1275755af9d_kurento.WebRtcEndpoint","type":"OnIceCandidate"}}}, sessionId: aba633f6-8a99-417a-b26c-8713250bbf50
0:58:23.318890332 [331m   24[00m 0x7fe690001790 [37mDEBUG  [00m [00mKurentoWebSocketEventHandler WebSocketEventHandler.cpp:56:sendEvent:[00m Sending event: {"jsonrpc":"2.0","method":"onEvent","params":{"value":{"data":{"candidate":{"__module__":"kurento","__type__":"IceCandidate","candidate":"candidate:2 1 TCP 1015021823 172.18.0.12 9 typ host tcptype active","sdpMLineIndex":1,"sdpMid":"1"},"source":"66243add-4692-437c-89c5-ea1bf1ed5585_kurento.MediaPipeline/bc4b0882-58c8-4031-8cb9-a1275755af9d_kurento.WebRtcEndpoint","tags":[],"timestamp":"1617604179","timestampMillis":"1617604179240","type":"OnIceCandidate"},"object":"66243add-4692-437c-89c5-ea1bf1ed5585_kurento.MediaPipeline/bc4b0882-58c8-4031-8cb9-a1275755af9d_kurento.WebRtcEndpoint","type":"OnIceCandidate"}}}, sessionId: aba633f6-8a99-417a-b26c-8713250bbf50
0:58:23.318941499 [331m   24[00m 0x7fe690001790 [37mDEBUG  [00m [00mKurentoWebSocketEventHandler WebSocketEventHandler.cpp:56:sendEvent:[00m Sending event: {"jsonrpc":"2.0","method":"onEvent","params":{"value":{"data":{"candidate":{"__module__":"kurento","__type__":"IceCandidate","candidate":"candidate:2 1 TCP 1015021823 172.18.0.12 9 typ host tcptype active","sdpMLineIndex":2,"sdpMid":"2"},"source":"66243add-4692-437c-89c5-ea1bf1ed5585_kurento.MediaPipeline/bc4b0882-58c8-4031-8cb9-a1275755af9d_kurento.WebRtcEndpoint","tags":[],"timestamp":"1617604179","timestampMillis":"1617604179240","type":"OnIceCandidate"},"object":"66243add-4692-437c-89c5-ea1bf1ed5585_kurento.MediaPipeline/bc4b0882-58c8-4031-8cb9-a1275755af9d_kurento.WebRtcEndpoint","type":"OnIceCandidate"}}}, sessionId: aba633f6-8a99-417a-b26c-8713250bbf50
0:58:23.319266748 [331m   24[00m 0x7fe690001790 [37mDEBUG  [00m [00mKurentoWebSocketEventHandler WebSocketEventHandler.cpp:56:sendEvent:[00m Sending event: {"jsonrpc":"2.0","method":"onEvent","params":{"value":{"data":{"candidate":{"__module__":"kurento","__type__":"IceCandidate","candidate":"candidate:3 1 TCP 1010827519 172.18.0.12 10030 typ host tcptype passive","sdpMLineIndex":0,"sdpMid":"0"},"source":"66243add-4692-437c-89c5-ea1bf1ed5585_kurento.MediaPipeline/bc4b0882-58c8-4031-8cb9-a1275755af9d_kurento.WebRtcEndpoint","tags":[],"timestamp":"1617604179","timestampMillis":"1617604179240","type":"OnIceCandidate"},"object":"66243add-4692-437c-89c5-ea1bf1ed5585_kurento.MediaPipeline/bc4b0882-58c8-4031-8cb9-a1275755af9d_kurento.WebRtcEndpoint","type":"OnIceCandidate"}}}, sessionId: aba633f6-8a99-417a-b26c-8713250bbf50
0:58:23.319331131 [331m   24[00m 0x7fe690001790 [37mDEBUG  [00m [00mKurentoWebSocketEventHandler WebSocketEventHandler.cpp:56:sendEvent:[00m Sending event: {"jsonrpc":"2.0","method":"onEvent","params":{"value":{"data":{"candidate":{"__module__":"kurento","__type__":"IceCandidate","candidate":"candidate:3 1 TCP 1010827519 172.18.0.12 10030 typ host tcptype passive","sdpMLineIndex":1,"sdpMid":"1"},"source":"66243add-4692-437c-89c5-ea1bf1ed5585_kurento.MediaPipeline/bc4b0882-58c8-4031-8cb9-a1275755af9d_kurento.WebRtcEndpoint","tags":[],"timestamp":"1617604179","timestampMillis":"1617604179240","type":"OnIceCandidate"},"object":"66243add-4692-437c-89c5-ea1bf1ed5585_kurento.MediaPipeline/bc4b0882-58c8-4031-8cb9-a1275755af9d_kurento.WebRtcEndpoint","type":"OnIceCandidate"}}}, sessionId: aba633f6-8a99-417a-b26c-8713250bbf50
0:58:23.319380785 [331m   24[00m 0x7fe690001790 [37mDEBUG  [00m [00mKurentoWebSocketEventHandler WebSocketEventHandler.cpp:56:sendEvent:[00m Sending event: {"jsonrpc":"2.0","method":"onEvent","params":{"value":{"data":{"candidate":{"__module__":"kurento","__type__":"IceCandidate","candidate":"candidate:3 1 TCP 1010827519 172.18.0.12 10030 typ host tcptype passive","sdpMLineIndex":2,"sdpMid":"2"},"source":"66243add-4692-437c-89c5-ea1bf1ed5585_kurento.MediaPipeline/bc4b0882-58c8-4031-8cb9-a1275755af9d_kurento.WebRtcEndpoint","tags":[],"timestamp":"1617604179","timestampMillis":"1617604179240","type":"OnIceCandidate"},"object":"66243add-4692-437c-89c5-ea1bf1ed5585_kurento.MediaPipeline/bc4b0882-58c8-4031-8cb9-a1275755af9d_kurento.WebRtcEndpoint","type":"OnIceCandidate"}}}, sessionId: aba633f6-8a99-417a-b26c-8713250bbf50
0:58:23.319428436 [331m   24[00m 0x7fe6b4001840 [37mDEBUG  [00m [00mKurentoWebSocketTransport WebSocketTransport.cpp:462:processMessage:[00m Response: {"id":491,"jsonrpc":"2.0","result":{"sessionId":"aba633f6-8a99-417a-b26c-8713250bbf50","value":null}}
0:58:23.319431689 [331m   24[00m 0x7fe690001790 [37mDEBUG  [00m [00mKurentoWebSocketEventHandler WebSocketEventHandler.cpp:56:sendEvent:[00m Sending event: {"jsonrpc":"2.0","method":"onEvent","params":{"value":{"data":{"candidate":{"__module__":"kurento","__type__":"IceCandidate","candidate":"candidate:1 2 UDP 2013266430 172.18.0.12 10075 typ host","sdpMLineIndex":0,"sdpMid":"0"},"source":"66243add-4692-437c-89c5-ea1bf1ed5585_kurento.MediaPipeline/bc4b0882-58c8-4031-8cb9-a1275755af9d_kurento.WebRtcEndpoint","tags":[],"timestamp":"1617604179","timestampMillis":"1617604179240","type":"OnIceCandidate"},"object":"66243add-4692-437c-89c5-ea1bf1ed5585_kurento.MediaPipeline/bc4b0882-58c8-4031-8cb9-a1275755af9d_kurento.WebRtcEndpoint","type":"OnIceCandidate"}}}, sessionId: aba633f6-8a99-417a-b26c-8713250bbf50
0:58:23.319511680 [331m   24[00m 0x7fe690001790 [37mDEBUG  [00m [00mKurentoWebSocketEventHandler WebSocketEventHandler.cpp:56:sendEvent:[00m Sending event: {"jsonrpc":"2.0","method":"onEvent","params":{"value":{"data":{"candidate":{"__module__":"kurento","__type__":"IceCandidate","candidate":"candidate:1 2 UDP 2013266430 172.18.0.12 10075 typ host","sdpMLineIndex":1,"sdpMid":"1"},"source":"66243add-4692-437c-89c5-ea1bf1ed5585_kurento.MediaPipeline/bc4b0882-58c8-4031-8cb9-a1275755af9d_kurento.WebRtcEndpoint","tags":[],"timestamp":"1617604179","timestampMillis":"1617604179240","type":"OnIceCandidate"},"object":"66243add-4692-437c-89c5-ea1bf1ed5585_kurento.MediaPipeline/bc4b0882-58c8-4031-8cb9-a1275755af9d_kurento.WebRtcEndpoint","type":"OnIceCandidate"}}}, sessionId: aba633f6-8a99-417a-b26c-8713250bbf50
0:58:23.319560380 [331m   24[00m 0x7fe690001790 [37mDEBUG  [00m [00mKurentoWebSocketEventHandler WebSocketEventHandler.cpp:56:sendEvent:[00m Sending event: {"jsonrpc":"2.0","method":"onEvent","params":{"value":{"data":{"candidate":{"__module__":"kurento","__type__":"IceCandidate","candidate":"candidate:1 2 UDP 2013266430 172.18.0.12 10075 typ host","sdpMLineIndex":2,"sdpMid":"2"},"source":"66243add-4692-437c-89c5-ea1bf1ed5585_kurento.MediaPipeline/bc4b0882-58c8-4031-8cb9-a1275755af9d_kurento.WebRtcEndpoint","tags":[],"timestamp":"1617604179","timestampMillis":"1617604179240","type":"OnIceCandidate"},"object":"66243add-4692-437c-89c5-ea1bf1ed5585_kurento.MediaPipeline/bc4b0882-58c8-4031-8cb9-a1275755af9d_kurento.WebRtcEndpoint","type":"OnIceCandidate"}}}, sessionId: aba633f6-8a99-417a-b26c-8713250bbf50
0:58:23.319561802 [331m   24[00m 0x7fe6b4001840 [37mDEBUG  [00m [00mKurentoWebSocketTransport WebSocketTransport.cpp:460:processMessage:[00m Message: {"jsonrpc":"2.0","method":"invoke","params":{"object":"66243add-4692-437c-89c5-ea1bf1ed5585_kurento.MediaPipeline/bc4b0882-58c8-4031-8cb9-a1275755af9d_kurento.WebRtcEndpoint","operation":"addIceCandidate","operationParams":{"candidate":{"candidate":"candidate:0 1 UDP 2122252543 781b6753-f391-4e0c-a296-ec4d136ce88a.local 57428 typ host","sdpMid":"2","sdpMLineIndex":2,"__module__":"kurento","__type__":"IceCandidate"}},"sessionId":"aba633f6-8a99-417a-b26c-8713250bbf50"},"id":492}
0:58:23.319602660 [331m   24[00m 0x7fe690001790 [37mDEBUG  [00m [00mKurentoWebSocketEventHandler WebSocketEventHandler.cpp:56:sendEvent:[00m Sending event: {"jsonrpc":"2.0","method":"onEvent","params":{"value":{"data":{"candidate":{"__module__":"kurento","__type__":"IceCandidate","candidate":"candidate:2 2 TCP 1015021822 172.18.0.12 9 typ host tcptype active","sdpMLineIndex":0,"sdpMid":"0"},"source":"66243add-4692-437c-89c5-ea1bf1ed5585_kurento.MediaPipeline/bc4b0882-58c8-4031-8cb9-a1275755af9d_kurento.WebRtcEndpoint","tags":[],"timestamp":"1617604179","timestampMillis":"1617604179240","type":"OnIceCandidate"},"object":"66243add-4692-437c-89c5-ea1bf1ed5585_kurento.MediaPipeline/bc4b0882-58c8-4031-8cb9-a1275755af9d_kurento.WebRtcEndpoint","type":"OnIceCandidate"}}}, sessionId: aba633f6-8a99-417a-b26c-8713250bbf50
0:58:23.319644689 [331m   24[00m 0x7fe690001790 [37mDEBUG  [00m [00mKurentoWebSocketEventHandler WebSocketEventHandler.cpp:56:sendEvent:[00m Sending event: {"jsonrpc":"2.0","method":"onEvent","params":{"value":{"data":{"candidate":{"__module__":"kurento","__type__":"IceCandidate","candidate":"candidate:2 2 TCP 1015021822 172.18.0.12 9 typ host tcptype active","sdpMLineIndex":1,"sdpMid":"1"},"source":"66243add-4692-437c-89c5-ea1bf1ed5585_kurento.MediaPipeline/bc4b0882-58c8-4031-8cb9-a1275755af9d_kurento.WebRtcEndpoint","tags":[],"timestamp":"1617604179","timestampMillis":"1617604179240","type":"OnIceCandidate"},"object":"66243add-4692-437c-89c5-ea1bf1ed5585_kurento.MediaPipeline/bc4b0882-58c8-4031-8cb9-a1275755af9d_kurento.WebRtcEndpoint","type":"OnIceCandidate"}}}, sessionId: aba633f6-8a99-417a-b26c-8713250bbf50
0:58:23.319685769 [331m   24[00m 0x7fe690001790 [37mDEBUG  [00m [00mKurentoWebSocketEventHandler WebSocketEventHandler.cpp:56:sendEvent:[00m Sending event: {"jsonrpc":"2.0","method":"onEvent","params":{"value":{"data":{"candidate":{"__module__":"kurento","__type__":"IceCandidate","candidate":"candidate:2 2 TCP 1015021822 172.18.0.12 9 typ host tcptype active","sdpMLineIndex":2,"sdpMid":"2"},"source":"66243add-4692-437c-89c5-ea1bf1ed5585_kurento.MediaPipeline/bc4b0882-58c8-4031-8cb9-a1275755af9d_kurento.WebRtcEndpoint","tags":[],"timestamp":"1617604179","timestampMillis":"1617604179240","type":"OnIceCandidate"},"object":"66243add-4692-437c-89c5-ea1bf1ed5585_kurento.MediaPipeline/bc4b0882-58c8-4031-8cb9-a1275755af9d_kurento.WebRtcEndpoint","type":"OnIceCandidate"}}}, sessionId: aba633f6-8a99-417a-b26c-8713250bbf50
0:58:23.319728052 [331m   24[00m 0x7fe690001790 [37mDEBUG  [00m [00mKurentoWebSocketEventHandler WebSocketEventHandler.cpp:56:sendEvent:[00m Sending event: {"jsonrpc":"2.0","method":"onEvent","params":{"value":{"data":{"candidate":{"__module__":"kurento","__type__":"IceCandidate","candidate":"candidate:3 2 TCP 1010827518 172.18.0.12 10042 typ host tcptype passive","sdpMLineIndex":0,"sdpMid":"0"},"source":"66243add-4692-437c-89c5-ea1bf1ed5585_kurento.MediaPipeline/bc4b0882-58c8-4031-8cb9-a1275755af9d_kurento.WebRtcEndpoint","tags":[],"timestamp":"1617604179","timestampMillis":"1617604179240","type":"OnIceCandidate"},"object":"66243add-4692-437c-89c5-ea1bf1ed5585_kurento.MediaPipeline/bc4b0882-58c8-4031-8cb9-a1275755af9d_kurento.WebRtcEndpoint","type":"OnIceCandidate"}}}, sessionId: aba633f6-8a99-417a-b26c-8713250bbf50
0:58:23.319770546 [331m   24[00m 0x7fe690001790 [37mDEBUG  [00m [00mKurentoWebSocketEventHandler WebSocketEventHandler.cpp:56:sendEvent:[00m Sending event: {"jsonrpc":"2.0","method":"onEvent","params":{"value":{"data":{"candidate":{"__module__":"kurento","__type__":"IceCandidate","candidate":"candidate:3 2 TCP 1010827518 172.18.0.12 10042 typ host tcptype passive","sdpMLineIndex":1,"sdpMid":"1"},"source":"66243add-4692-437c-89c5-ea1bf1ed5585_kurento.MediaPipeline/bc4b0882-58c8-4031-8cb9-a1275755af9d_kurento.WebRtcEndpoint","tags":[],"timestamp":"1617604179","timestampMillis":"1617604179240","type":"OnIceCandidate"},"object":"66243add-4692-437c-89c5-ea1bf1ed5585_kurento.MediaPipeline/bc4b0882-58c8-4031-8cb9-a1275755af9d_kurento.WebRtcEndpoint","type":"OnIceCandidate"}}}, sessionId: aba633f6-8a99-417a-b26c-8713250bbf50
0:58:23.319797870 [331m   24[00m 0x7fe6b4001840 [37mDEBUG  [00m [00mKurentoWebSocketTransport WebSocketTransport.cpp:462:processMessage:[00m Response: {"error":{"code":40401,"data":{"type":"ICE_ADD_CANDIDATE_ERROR"},"message":"Error adding candidate"},"id":492,"jsonrpc":"2.0"}
0:58:23.319813186 [331m   24[00m 0x7fe690001790 [37mDEBUG  [00m [00mKurentoWebSocketEventHandler WebSocketEventHandler.cpp:56:sendEvent:[00m Sending event: {"jsonrpc":"2.0","method":"onEvent","params":{"value":{"data":{"candidate":{"__module__":"kurento","__type__":"IceCandidate","candidate":"candidate:3 2 TCP 1010827518 172.18.0.12 10042 typ host tcptype passive","sdpMLineIndex":2,"sdpMid":"2"},"source":"66243add-4692-437c-89c5-ea1bf1ed5585_kurento.MediaPipeline/bc4b0882-58c8-4031-8cb9-a1275755af9d_kurento.WebRtcEndpoint","tags":[],"timestamp":"1617604179","timestampMillis":"1617604179240","type":"OnIceCandidate"},"object":"66243add-4692-437c-89c5-ea1bf1ed5585_kurento.MediaPipeline/bc4b0882-58c8-4031-8cb9-a1275755af9d_kurento.WebRtcEndpoint","type":"OnIceCandidate"}}}, sessionId: aba633f6-8a99-417a-b26c-8713250bbf50
0:58:23.319814766 [331m   24[00m 0x7fe6b4001840 [37mDEBUG  [00m [00mKurentoWebSocketTransport WebSocketTransport.cpp:460:processMessage:[00m Message: {"jsonrpc":"2.0","method":"invoke","params":{"object":"66243add-4692-437c-89c5-ea1bf1ed5585_kurento.MediaPipeline/bc4b0882-58c8-4031-8cb9-a1275755af9d_kurento.WebRtcEndpoint","operation":"addIceCandidate","operationParams":{"candidate":{"candidate":"candidate:2 1 TCP 2105524479 781b6753-f391-4e0c-a296-ec4d136ce88a.local 9 typ host tcptype active","sdpMid":"2","sdpMLineIndex":2,"__module__":"kurento","__type__":"IceCandidate"}},"sessionId":"aba633f6-8a99-417a-b26c-8713250bbf50"},"id":493}
0:58:23.320342485 [331m   24[00m 0x7fe6b4001840 [37mDEBUG  [00m [00mKurentoWebSocketTransport WebSocketTransport.cpp:462:processMessage:[00m Response: {"error":{"code":40401,"data":{"type":"ICE_ADD_CANDIDATE_ERROR"},"message":"Error adding candidate"},"id":493,"jsonrpc":"2.0"}
0:58:23.320368950 [331m   24[00m 0x7fe6b4001840 [37mDEBUG  [00m [00mKurentoWebSocketTransport WebSocketTransport.cpp:460:processMessage:[00m Message: {"jsonrpc":"2.0","method":"invoke","params":{"object":"66243add-4692-437c-89c5-ea1bf1ed5585_kurento.MediaPipeline/81cbc7f8-b7cc-4c46-9e6a-9ce1f6a7d997_datachannelexample.KmsSendData","operation":"connect","operationParams":{"sink":"66243add-4692-437c-89c5-ea1bf1ed5585_kurento.MediaPipeline/bc4b0882-58c8-4031-8cb9-a1275755af9d_kurento.WebRtcEndpoint"},"sessionId":"aba633f6-8a99-417a-b26c-8713250bbf50"},"id":494}
0:58:23.320432491 [331m   24[00m 0x7fe6b4001840 [37mDEBUG  [00m [00mKurentoMediaElementImpl MediaElementImpl.cpp:902:connect:[00m Connecting 66243add-4692-437c-89c5-ea1bf1ed5585_kurento.MediaPipeline/81cbc7f8-b7cc-4c46-9e6a-9ce1f6a7d997_datachannelexample.KmsSendData -> 66243add-4692-437c-89c5-ea1bf1ed5585_kurento.MediaPipeline/bc4b0882-58c8-4031-8cb9-a1275755af9d_kurento.WebRtcEndpoint params AUDIO default default
0:58:23.320558469 [331m   24[00m 0x7fe6b4001840 [37mDEBUG  [00m [00mKurentoMediaElementImpl MediaElementImpl.cpp:902:connect:[00m Connecting 66243add-4692-437c-89c5-ea1bf1ed5585_kurento.MediaPipeline/81cbc7f8-b7cc-4c46-9e6a-9ce1f6a7d997_datachannelexample.KmsSendData -> 66243add-4692-437c-89c5-ea1bf1ed5585_kurento.MediaPipeline/bc4b0882-58c8-4031-8cb9-a1275755af9d_kurento.WebRtcEndpoint params VIDEO default default
