0:56:06.994947879 [331m   24[00m 0x7fe6f8001d80 [37mDEBUG  [00m [00mKurentoWebSocketTransport WebSocketTransport.cpp:462:processMessage:[00m Response: {"id":245,"jsonrpc":"2.0","result":{"sessionId":"aba633f6-8a99-417a-b26c-8713250bbf50","value":"pong"}}
0:56:07.039495075 [331m   24[00m 0x7fe6f0001cc0 [37mDEBUG  [00m [00mKurentoWebSocketTransport WebSocketTransport.cpp:460:processMessage:[00m Message: {"jsonrpc":"2.0","method":"create","params":{"type":"WebRtcEndpoint","constructorParams":{"mediaPipeline":"66243add-4692-437c-89c5-ea1bf1ed5585_kurento.MediaPipeline","useDataChannels":true},"properties":{},"sessionId":"aba633f6-8a99-417a-b26c-8713250bbf50"},"id":246}
0:56:07.040613834 [331m   24[00m 0x7fe6f0001cc0 [36mINFO   [00m [00mKurentoWebRtcEndpointImpl WebRtcEndpointImpl.cpp:96:remove_not_supported_codecs_from_array:<kmswebrtcendpoint12>[00m Removing not supported codec 'AMR/8000'
0:56:07.040662598 [331m   24[00m 0x7fe6f0001cc0 [36mINFO   [00m [00mKurentoWebRtcEndpointImpl WebRtcEndpointImpl.cpp:465:WebRtcEndpointImpl:[00m Using STUN reflexive server IP: 203.183.172.196
0:56:07.040669793 [331m   24[00m 0x7fe6f0001cc0 [36mINFO   [00m [00mKurentoWebRtcEndpointImpl WebRtcEndpointImpl.cpp:466:WebRtcEndpointImpl:[00m Using STUN reflexive server Port: 3478
0:56:07.040701509 [331m   24[00m 0x7fe6f0001cc0 [36mINFO   [00m [00mKurentoWebRtcEndpointImpl WebRtcEndpointImpl.cpp:487:WebRtcEndpointImpl:[00m TURN server IP address not found in config; NAT traversal requires either STUN or TURN server
0:56:07.041031039 [331m   24[00m 0x7fe6f0001cc0 [37mDEBUG  [00m [00mKurentoWebSocketTransport WebSocketTransport.cpp:462:processMessage:[00m Response: {"id":246,"jsonrpc":"2.0","result":{"sessionId":"aba633f6-8a99-417a-b26c-8713250bbf50","value":"66243add-4692-437c-89c5-ea1bf1ed5585_kurento.MediaPipeline/8ab2ffbc-e15a-4727-97c6-715bdd1753ed_kurento.WebRtcEndpoint"}}
0:56:07.042422177 [331m   24[00m 0x7fe6e4001c60 [37mDEBUG  [00m [00mKurentoWebSocketTransport WebSocketTransport.cpp:460:processMessage:[00m Message: {"jsonrpc":"2.0","method":"subscribe","params":{"object":"66243add-4692-437c-89c5-ea1bf1ed5585_kurento.MediaPipeline/8ab2ffbc-e15a-4727-97c6-715bdd1753ed_kurento.WebRtcEndpoint","type":"OnIceCandidate","sessionId":"aba633f6-8a99-417a-b26c-8713250bbf50"},"id":247}
0:56:07.042595241 [331m   24[00m 0x7fe6e4001c60 [37mDEBUG  [00m [00mKurentoWebSocketTransport WebSocketTransport.cpp:462:processMessage:[00m Response: {"id":247,"jsonrpc":"2.0","result":{"sessionId":"aba633f6-8a99-417a-b26c-8713250bbf50","value":"9950127f-01c8-4e11-95d2-275314f8523f"}}
0:56:07.042682214 [331m   24[00m 0x7fe6e4001c60 [37mDEBUG  [00m [00mKurentoWebSocketTransport WebSocketTransport.cpp:460:processMessage:[00m Message: {"jsonrpc":"2.0","method":"invoke","params":{"object":"66243add-4692-437c-89c5-ea1bf1ed5585_kurento.MediaPipeline/8ab2ffbc-e15a-4727-97c6-715bdd1753ed_kurento.WebRtcEndpoint","operation":"processOffer","operationParams":{"offer":"v=0\r\no=mozilla...THIS_IS_SDPARTA-83.0 609121195242341833 0 IN IP4 0.0.0.0\r\ns=-\r\nt=0 0\r\na=fingerprint:sha-256 72:0C:D2:62:0A:56:A3:4E:FA:BB:EF:36:30:58:40:92:B2:45:A6:9A:97:92:37:2F:45:AF:30:F8:75:C5:11:92\r\na=group:BUNDLE 0 1 2\r\na=ice-options:trickle\r\na=msid-semantic:WMS *\r\nm=video 9 UDP/TLS/RTP/SAVPF 120 124 121 125 126 127 97 98\r\nc=IN IP4 0.0.0.0\r\na=recvonly\r\na=extmap:3 urn:ietf:params:rtp-hdrext:sdes:mid\r\na=extmap:4 http://www.webrtc.org/experiments/rtp-hdrext/abs-send-time\r\na=extmap:5 urn:ietf:params:rtp-hdrext:toffset\r\na=extmap:6/recvonly http://www.webrtc.org/experiments/rtp-hdrext/playout-delay\r\na=extmap:7 http://www.ietf.org/id/draft-holmer-rmcat-transport-wide-cc-extensions-01\r\na=fmtp:126 profile-level-id=42e01f;level-asymmetry-allowed=1;packetization-mode=1\r\na=fmtp:97 profile-level-id=42e01f;level-asymmetry-allowed=1\r\na=fmtp:120 max-fs=12288;max-fr=60\r\na=fmtp:124 apt=120\r\na=fmtp:121 max-fs=12288;max-fr=60\r\na=fmtp:125 apt=121\r\na=fmtp:127 apt=126\r\na=fmtp:98 apt=97\r\na=ice-pwd:817910357af247484c543001c3e87a23\r\na=ice-ufrag:9b8514bf\r\na=mid:0\r\na=rtcp-fb:120 nack\r\na=rtcp-fb:120 nack pli\r\na=rtcp-fb:120 ccm fir\r\na=rtcp-fb:120 goog-remb\r\na=rtcp-fb:120 transport-cc\r\na=rtcp-fb:121 nack\r\na=rtcp-fb:121 nack pli\r\na=rtcp-fb:121 ccm fir\r\na=rtcp-fb:121 goog-remb\r\na=rtcp-fb:121 transport-cc\r\na=rtcp-fb:126 nack\r\na=rtcp-fb:126 nack pli\r\na=rtcp-fb:126 ccm fir\r\na=rtcp-fb:126 goog-remb\r\na=rtcp-fb:126 transport-cc\r\na=rtcp-fb:97 nack\r\na=rtcp-fb:97 nack pli\r\na=rtcp-fb:97 ccm fir\r\na=rtcp-fb:97 goog-remb\r\na=rtcp-fb:97 transport-cc\r\na=rtcp-mux\r\na=rtcp-rsize\r\na=rtpmap:120 VP8/90000\r\na=rtpmap:124 rtx/90000\r\na=rtpmap:121 VP9/90000\r\na=rtpmap:125 rtx/90000\r\na=rtpmap:126 H264/90000\r\na=rtpmap:127 rtx/90000\r\na=rtpmap:97 H264/90000\r\na=rtpmap:98 rtx/90000\r\na=setup:actpass\r\na=ssrc:3799003659 cname:{21cae51d-87c1-4f78-bb6d-6797d9365a00}\r\nm=audio 9 UDP/TLS/RTP/SAVPF 109 9 0 8 101\r\nc=IN IP4 0.0.0.0\r\na=recvonly\r\na=extmap:1 urn:ietf:params:rtp-hdrext:ssrc-audio-level\r\na=extmap:2/recvonly urn:ietf:params:rtp-hdrext:csrc-audio-level\r\na=extmap:3 urn:ietf:params:rtp-hdrext:sdes:mid\r\na=fmtp:109 maxplaybackrate=48000;stereo=1;useinbandfec=1\r\na=fmtp:101 0-15\r\na=ice-pwd:817910357af247484c543001c3e87a23\r\na=ice-ufrag:9b8514bf\r\na=mid:1\r\na=rtcp-mux\r\na=rtpmap:109 opus/48000/2\r\na=rtpmap:9 G722/8000/1\r\na=rtpmap:0 PCMU/8000\r\na=rtpmap:8 PCMA/8000\r\na=rtpmap:101 telephone-event/8000/1\r\na=setup:actpass\r\na=ssrc:3489866509 cname:{21cae51d-87c1-4f78-bb6d-6797d9365a00}\r\nm=application 9 UDP/DTLS/SCTP webrtc-datachannel\r\nc=IN IP4 0.0.0.0\r\na=sendrecv\r\na=ice-pwd:817910357af247484c543001c3e87a23\r\na=ice-ufrag:9b8514bf\r\na=mid:2\r\na=setup:actpass\r\na=sctp-port:5000\r\na=max-message-size:1073741823\r\n"},"sessionId":"aba633f6-8a99-417a-b26c-8713250bbf50"},"id":248}
0:56:07.050196030 [331m   24[00m 0x7fe6e4001c60 [37mDEBUG  [00m [00mKurentoWebSocketTransport WebSocketTransport.cpp:462:processMessage:[00m Response: {"id":248,"jsonrpc":"2.0","result":{"sessionId":"aba633f6-8a99-417a-b26c-8713250bbf50","value":"v=0\r\no=- 3826592842 3826592842 IN IP4 0.0.0.0\r\ns=Kurento Media Server\r\nc=IN IP4 0.0.0.0\r\nt=0 0\r\na=fingerprint:sha-256 72:0C:D2:62:0A:56:A3:4E:FA:BB:EF:36:30:58:40:92:B2:45:A6:9A:97:92:37:2F:45:AF:30:F8:75:C5:11:92\r\na=ice-options:trickle\r\na=msid-semantic:WMS *\r\na=group:BUNDLE 0 1 2\r\nm=video 1 UDP/TLS/RTP/SAVPF 120 126 97\r\na=extmap:4 http://www.webrtc.org/experiments/rtp-hdrext/abs-send-time\r\na=sendonly\r\na=mid:0\r\na=rtcp:9 IN IP4 0.0.0.0\r\na=rtpmap:120 VP8/90000\r\na=rtpmap:126 H264/90000\r\na=rtpmap:97 H264/90000\r\na=rtcp-fb:120 nack\r\na=rtcp-fb:120 nack pli\r\na=rtcp-fb:120 ccm fir\r\na=rtcp-fb:120 goog-remb\r\na=rtcp-fb:126 nack\r\na=rtcp-fb:126 nack pli\r\na=rtcp-fb:126 ccm fir\r\na=rtcp-fb:126 goog-remb\r\na=rtcp-fb:97 nack\r\na=rtcp-fb:97 nack pli\r\na=rtcp-fb:97 ccm fir\r\na=rtcp-fb:97 goog-remb\r\na=fmtp:126 profile-level-id=42e01f;level-asymmetry-allowed=1;packetization-mode=1\r\na=fmtp:97 profile-level-id=42e01f;level-asymmetry-allowed=1\r\na=fmtp:120 max-fs=12288;max-fr=60\r\na=rtcp-mux\r\na=setup:active\r\na=ssrc:1036185824 cname:user1598129692@host-d81b2350\r\na=ice-ufrag:v7q0\r\na=ice-pwd:X7bFMDVzFXHLVTxkLU60O6\r\na=fingerprint:sha-256 17:9B:F3:62:90:51:C9:3B:6C:B0:6D:37:A9:F8:B4:48:94:7D:68:66:01:BE:AA:30:08:D0:09:9C:9A:F8:E4:18\r\nm=audio 1 UDP/TLS/RTP/SAVPF 109 0\r\na=sendonly\r\na=mid:1\r\na=rtcp:9 IN IP4 0.0.0.0\r\na=rtpmap:109 opus/48000/2\r\na=rtpmap:0 PCMU/8000\r\na=fmtp:109 maxplaybackrate=48000;stereo=1;useinbandfec=1\r\na=rtcp-mux\r\na=setup:active\r\na=ssrc:2795513096 cname:user1598129692@host-d81b2350\r\na=ice-ufrag:v7q0\r\na=ice-pwd:X7bFMDVzFXHLVTxkLU60O6\r\na=fingerprint:sha-256 17:9B:F3:62:90:51:C9:3B:6C:B0:6D:37:A9:F8:B4:48:94:7D:68:66:01:BE:AA:30:08:D0:09:9C:9A:F8:E4:18\r\nm=application 1 UDP/DTLS/SCTP webrtc-datachannel\r\na=mid:2\r\na=sctp-port:5000\r\na=setup:active\r\na=ice-ufrag:v7q0\r\na=ice-pwd:X7bFMDVzFXHLVTxkLU60O6\r\na=fingerprint:sha-256 17:9B:F3:62:90:51:C9:3B:6C:B0:6D:37:A9:F8:B4:48:94:7D:68:66:01:BE:AA:30:08:D0:09:9C:9A:F8:E4:18\r\n"}}
0:56:07.050346706 [331m   24[00m 0x7fe6e4001c60 [37mDEBUG  [00m [00mKurentoWebSocketTransport WebSocketTransport.cpp:460:processMessage:[00m Message: {"jsonrpc":"2.0","method":"invoke","params":{"object":"66243add-4692-437c-89c5-ea1bf1ed5585_kurento.MediaPipeline/8ab2ffbc-e15a-4727-97c6-715bdd1753ed_kurento.WebRtcEndpoint","operation":"addIceCandidate","operationParams":{"candidate":{"candidate":"candidate:0 1 UDP 2122252543 2a2c0046-9b83-46c9-b8f4-d5bb4a71dbda.local 63576 typ host","sdpMid":"2","sdpMLineIndex":2,"__module__":"kurento","__type__":"IceCandidate"}},"sessionId":"aba633f6-8a99-417a-b26c-8713250bbf50"},"id":249}
0:56:07.050645783 [331m   24[00m 0x7fe6e4001c60 [37mDEBUG  [00m [00mKurentoWebSocketTransport WebSocketTransport.cpp:462:processMessage:[00m Response: {"error":{"code":40401,"data":{"type":"ICE_ADD_CANDIDATE_ERROR"},"message":"Error adding candidate"},"id":249,"jsonrpc":"2.0"}
0:56:07.052241283 [331m   24[00m 0x7fe704001840 [37mDEBUG  [00m [00mKurentoWebSocketTransport WebSocketTransport.cpp:460:processMessage:[00m Message: {"jsonrpc":"2.0","method":"invoke","params":{"object":"66243add-4692-437c-89c5-ea1bf1ed5585_kurento.MediaPipeline/8ab2ffbc-e15a-4727-97c6-715bdd1753ed_kurento.WebRtcEndpoint","operation":"addIceCandidate","operationParams":{"candidate":{"candidate":"candidate:2 1 TCP 2105524479 2a2c0046-9b83-46c9-b8f4-d5bb4a71dbda.local 9 typ host tcptype active","sdpMid":"2","sdpMLineIndex":2,"__module__":"kurento","__type__":"IceCandidate"}},"sessionId":"aba633f6-8a99-417a-b26c-8713250bbf50"},"id":250}
0:56:07.052671367 [331m   24[00m 0x7fe704001840 [37mDEBUG  [00m [00mKurentoWebSocketTransport WebSocketTransport.cpp:462:processMessage:[00m Response: {"error":{"code":40401,"data":{"type":"ICE_ADD_CANDIDATE_ERROR"},"message":"Error adding candidate"},"id":250,"jsonrpc":"2.0"}
0:56:07.053001350 [331m   24[00m 0x7fe6fc007980 [37mDEBUG  [00m [00mKurentoWebSocketTransport WebSocketTransport.cpp:460:processMessage:[00m Message: {"jsonrpc":"2.0","method":"invoke","params":{"object":"66243add-4692-437c-89c5-ea1bf1ed5585_kurento.MediaPipeline/8ab2ffbc-e15a-4727-97c6-715bdd1753ed_kurento.WebRtcEndpoint","operation":"addIceCandidate","operationParams":{"candidate":{"candidate":"candidate:0 1 UDP 2122252543 2a2c0046-9b83-46c9-b8f4-d5bb4a71dbda.local 63577 typ host","sdpMid":"0","sdpMLineIndex":0,"__module__":"kurento","__type__":"IceCandidate"}},"sessionId":"aba633f6-8a99-417a-b26c-8713250bbf50"},"id":251}
0:56:07.053397050 [331m   24[00m 0x7fe6fc007980 [37mDEBUG  [00m [00mKurentoWebSocketTransport WebSocketTransport.cpp:462:processMessage:[00m Response: {"error":{"code":40401,"data":{"type":"ICE_ADD_CANDIDATE_ERROR"},"message":"Error adding candidate"},"id":251,"jsonrpc":"2.0"}
0:56:07.053628544 [331m   24[00m 0x7fe6b0001f00 [37mDEBUG  [00m [00mKurentoWebSocketTransport WebSocketTransport.cpp:460:processMessage:[00m Message: {"jsonrpc":"2.0","method":"invoke","params":{"object":"66243add-4692-437c-89c5-ea1bf1ed5585_kurento.MediaPipeline/8ab2ffbc-e15a-4727-97c6-715bdd1753ed_kurento.WebRtcEndpoint","operation":"addIceCandidate","operationParams":{"candidate":{"candidate":"candidate:2 1 TCP 2105524479 2a2c0046-9b83-46c9-b8f4-d5bb4a71dbda.local 9 typ host tcptype active","sdpMid":"0","sdpMLineIndex":0,"__module__":"kurento","__type__":"IceCandidate"}},"sessionId":"aba633f6-8a99-417a-b26c-8713250bbf50"},"id":252}
0:56:07.053896543 [331m   24[00m 0x7fe6b0001f00 [37mDEBUG  [00m [00mKurentoWebSocketTransport WebSocketTransport.cpp:462:processMessage:[00m Response: {"error":{"code":40401,"data":{"type":"ICE_ADD_CANDIDATE_ERROR"},"message":"Error adding candidate"},"id":252,"jsonrpc":"2.0"}
0:56:07.054384130 [331m   24[00m 0x7fe6f8001d80 [37mDEBUG  [00m [00mKurentoWebSocketTransport WebSocketTransport.cpp:460:processMessage:[00m Message: {"jsonrpc":"2.0","method":"invoke","params":{"object":"66243add-4692-437c-89c5-ea1bf1ed5585_kurento.MediaPipeline/8ab2ffbc-e15a-4727-97c6-715bdd1753ed_kurento.WebRtcEndpoint","operation":"addIceCandidate","operationParams":{"candidate":{"candidate":"candidate:0 2 UDP 2122252542 2a2c0046-9b83-46c9-b8f4-d5bb4a71dbda.local 63578 typ host","sdpMid":"0","sdpMLineIndex":0,"__module__":"kurento","__type__":"IceCandidate"}},"sessionId":"aba633f6-8a99-417a-b26c-8713250bbf50"},"id":253}
0:56:07.054629745 [331m   24[00m 0x7fe6f8001d80 [37mDEBUG  [00m [00mKurentoWebSocketTransport WebSocketTransport.cpp:462:processMessage:[00m Response: {"error":{"code":40401,"data":{"type":"ICE_ADD_CANDIDATE_ERROR"},"message":"Error adding candidate"},"id":253,"jsonrpc":"2.0"}
0:56:07.055019740 [331m   24[00m 0x7fe6f0001cc0 [37mDEBUG  [00m [00mKurentoWebSocketTransport WebSocketTransport.cpp:460:processMessage:[00m Message: {"jsonrpc":"2.0","method":"invoke","params":{"object":"66243add-4692-437c-89c5-ea1bf1ed5585_kurento.MediaPipeline/8ab2ffbc-e15a-4727-97c6-715bdd1753ed_kurento.WebRtcEndpoint","operation":"addIceCandidate","operationParams":{"candidate":{"candidate":"candidate:2 2 TCP 2105524478 2a2c0046-9b83-46c9-b8f4-d5bb4a71dbda.local 9 typ host tcptype active","sdpMid":"0","sdpMLineIndex":0,"__module__":"kurento","__type__":"IceCandidate"}},"sessionId":"aba633f6-8a99-417a-b26c-8713250bbf50"},"id":254}
0:56:07.055244573 [331m   24[00m 0x7fe6f0001cc0 [37mDEBUG  [00m [00mKurentoWebSocketTransport WebSocketTransport.cpp:462:processMessage:[00m Response: {"error":{"code":40401,"data":{"type":"ICE_ADD_CANDIDATE_ERROR"},"message":"Error adding candidate"},"id":254,"jsonrpc":"2.0"}
0:56:07.055652666 [331m   24[00m 0x7fe6bc001f60 [37mDEBUG  [00m [00mKurentoWebSocketTransport WebSocketTransport.cpp:460:processMessage:[00m Message: {"jsonrpc":"2.0","method":"invoke","params":{"object":"66243add-4692-437c-89c5-ea1bf1ed5585_kurento.MediaPipeline/8ab2ffbc-e15a-4727-97c6-715bdd1753ed_kurento.WebRtcEndpoint","operation":"addIceCandidate","operationParams":{"candidate":{"candidate":"candidate:0 1 UDP 2122252543 2a2c0046-9b83-46c9-b8f4-d5bb4a71dbda.local 63579 typ host","sdpMid":"1","sdpMLineIndex":1,"__module__":"kurento","__type__":"IceCandidate"}},"sessionId":"aba633f6-8a99-417a-b26c-8713250bbf50"},"id":255}
0:56:07.055898626 [331m   24[00m 0x7fe6bc001f60 [37mDEBUG  [00m [00mKurentoWebSocketTransport WebSocketTransport.cpp:462:processMessage:[00m Response: {"error":{"code":40401,"data":{"type":"ICE_ADD_CANDIDATE_ERROR"},"message":"Error adding candidate"},"id":255,"jsonrpc":"2.0"}
0:56:07.056292297 [331m   24[00m 0x7fe6ec001b20 [37mDEBUG  [00m [00mKurentoWebSocketTransport WebSocketTransport.cpp:460:processMessage:[00m Message: {"jsonrpc":"2.0","method":"invoke","params":{"object":"66243add-4692-437c-89c5-ea1bf1ed5585_kurento.MediaPipeline/8ab2ffbc-e15a-4727-97c6-715bdd1753ed_kurento.WebRtcEndpoint","operation":"addIceCandidate","operationParams":{"candidate":{"candidate":"candidate:2 1 TCP 2105524479 2a2c0046-9b83-46c9-b8f4-d5bb4a71dbda.local 9 typ host tcptype active","sdpMid":"1","sdpMLineIndex":1,"__module__":"kurento","__type__":"IceCandidate"}},"sessionId":"aba633f6-8a99-417a-b26c-8713250bbf50"},"id":256}
0:56:07.056566803 [331m   24[00m 0x7fe6ec001b20 [37mDEBUG  [00m [00mKurentoWebSocketTransport WebSocketTransport.cpp:462:processMessage:[00m Response: {"error":{"code":40401,"data":{"type":"ICE_ADD_CANDIDATE_ERROR"},"message":"Error adding candidate"},"id":256,"jsonrpc":"2.0"}
0:56:07.056920391 [331m   24[00m 0x7fe6e4001c60 [37mDEBUG  [00m [00mKurentoWebSocketTransport WebSocketTransport.cpp:460:processMessage:[00m Message: {"jsonrpc":"2.0","method":"invoke","params":{"object":"66243add-4692-437c-89c5-ea1bf1ed5585_kurento.MediaPipeline/8ab2ffbc-e15a-4727-97c6-715bdd1753ed_kurento.WebRtcEndpoint","operation":"addIceCandidate","operationParams":{"candidate":{"candidate":"candidate:0 2 UDP 2122252542 2a2c0046-9b83-46c9-b8f4-d5bb4a71dbda.local 63580 typ host","sdpMid":"1","sdpMLineIndex":1,"__module__":"kurento","__type__":"IceCandidate"}},"sessionId":"aba633f6-8a99-417a-b26c-8713250bbf50"},"id":257}
0:56:07.057132971 [331m   24[00m 0x7fe6e4001c60 [37mDEBUG  [00m [00mKurentoWebSocketTransport WebSocketTransport.cpp:462:processMessage:[00m Response: {"error":{"code":40401,"data":{"type":"ICE_ADD_CANDIDATE_ERROR"},"message":"Error adding candidate"},"id":257,"jsonrpc":"2.0"}
0:56:07.058427290 [331m   24[00m 0x7fe704001840 [37mDEBUG  [00m [00mKurentoWebSocketTransport WebSocketTransport.cpp:460:processMessage:[00m Message: {"jsonrpc":"2.0","method":"invoke","params":{"object":"66243add-4692-437c-89c5-ea1bf1ed5585_kurento.MediaPipeline/8ab2ffbc-e15a-4727-97c6-715bdd1753ed_kurento.WebRtcEndpoint","operation":"addIceCandidate","operationParams":{"candidate":{"candidate":"candidate:2 2 TCP 2105524478 2a2c0046-9b83-46c9-b8f4-d5bb4a71dbda.local 9 typ host tcptype active","sdpMid":"1","sdpMLineIndex":1,"__module__":"kurento","__type__":"IceCandidate"}},"sessionId":"aba633f6-8a99-417a-b26c-8713250bbf50"},"id":258}
0:56:07.058679092 [331m   24[00m 0x7fe704001840 [37mDEBUG  [00m [00mKurentoWebSocketTransport WebSocketTransport.cpp:462:processMessage:[00m Response: {"error":{"code":40401,"data":{"type":"ICE_ADD_CANDIDATE_ERROR"},"message":"Error adding candidate"},"id":258,"jsonrpc":"2.0"}
0:56:07.062009436 [331m   24[00m 0x7fe6bc001600 [37mDEBUG  [00m [00mKurentoWebSocketTransport WebSocketTransport.cpp:460:processMessage:[00m Message: {"jsonrpc":"2.0","method":"invoke","params":{"object":"66243add-4692-437c-89c5-ea1bf1ed5585_kurento.MediaPipeline/8ab2ffbc-e15a-4727-97c6-715bdd1753ed_kurento.WebRtcEndpoint","operation":"gatherCandidates","sessionId":"aba633f6-8a99-417a-b26c-8713250bbf50"},"id":259}
0:56:07.063902102 [331m   24[00m 0x7fe690001790 [37mDEBUG  [00m [00mKurentoWebSocketEventHandler WebSocketEventHandler.cpp:56:sendEvent:[00m Sending event: {"jsonrpc":"2.0","method":"onEvent","params":{"value":{"data":{"candidate":{"__module__":"kurento","__type__":"IceCandidate","candidate":"candidate:1 1 UDP 2013266431 172.18.0.12 10042 typ host","sdpMLineIndex":0,"sdpMid":"0"},"source":"66243add-4692-437c-89c5-ea1bf1ed5585_kurento.MediaPipeline/8ab2ffbc-e15a-4727-97c6-715bdd1753ed_kurento.WebRtcEndpoint","tags":[],"timestamp":"1617604042","timestampMillis":"1617604042985","type":"OnIceCandidate"},"object":"66243add-4692-437c-89c5-ea1bf1ed5585_kurento.MediaPipeline/8ab2ffbc-e15a-4727-97c6-715bdd1753ed_kurento.WebRtcEndpoint","type":"OnIceCandidate"}}}, sessionId: aba633f6-8a99-417a-b26c-8713250bbf50
0:56:07.063994345 [331m   24[00m 0x7fe690001790 [37mDEBUG  [00m [00mKurentoWebSocketEventHandler WebSocketEventHandler.cpp:56:sendEvent:[00m Sending event: {"jsonrpc":"2.0","method":"onEvent","params":{"value":{"data":{"candidate":{"__module__":"kurento","__type__":"IceCandidate","candidate":"candidate:1 1 UDP 2013266431 172.18.0.12 10042 typ host","sdpMLineIndex":1,"sdpMid":"1"},"source":"66243add-4692-437c-89c5-ea1bf1ed5585_kurento.MediaPipeline/8ab2ffbc-e15a-4727-97c6-715bdd1753ed_kurento.WebRtcEndpoint","tags":[],"timestamp":"1617604042","timestampMillis":"1617604042985","type":"OnIceCandidate"},"object":"66243add-4692-437c-89c5-ea1bf1ed5585_kurento.MediaPipeline/8ab2ffbc-e15a-4727-97c6-715bdd1753ed_kurento.WebRtcEndpoint","type":"OnIceCandidate"}}}, sessionId: aba633f6-8a99-417a-b26c-8713250bbf50
0:56:07.064052377 [331m   24[00m 0x7fe690001790 [37mDEBUG  [00m [00mKurentoWebSocketEventHandler WebSocketEventHandler.cpp:56:sendEvent:[00m Sending event: {"jsonrpc":"2.0","method":"onEvent","params":{"value":{"data":{"candidate":{"__module__":"kurento","__type__":"IceCandidate","candidate":"candidate:1 1 UDP 2013266431 172.18.0.12 10042 typ host","sdpMLineIndex":2,"sdpMid":"2"},"source":"66243add-4692-437c-89c5-ea1bf1ed5585_kurento.MediaPipeline/8ab2ffbc-e15a-4727-97c6-715bdd1753ed_kurento.WebRtcEndpoint","tags":[],"timestamp":"1617604042","timestampMillis":"1617604042985","type":"OnIceCandidate"},"object":"66243add-4692-437c-89c5-ea1bf1ed5585_kurento.MediaPipeline/8ab2ffbc-e15a-4727-97c6-715bdd1753ed_kurento.WebRtcEndpoint","type":"OnIceCandidate"}}}, sessionId: aba633f6-8a99-417a-b26c-8713250bbf50
0:56:07.064107206 [331m   24[00m 0x7fe690001790 [37mDEBUG  [00m [00mKurentoWebSocketEventHandler WebSocketEventHandler.cpp:56:sendEvent:[00m Sending event: {"jsonrpc":"2.0","method":"onEvent","params":{"value":{"data":{"candidate":{"__module__":"kurento","__type__":"IceCandidate","candidate":"candidate:2 1 TCP 1015021823 172.18.0.12 9 typ host tcptype active","sdpMLineIndex":0,"sdpMid":"0"},"source":"66243add-4692-437c-89c5-ea1bf1ed5585_kurento.MediaPipeline/8ab2ffbc-e15a-4727-97c6-715bdd1753ed_kurento.WebRtcEndpoint","tags":[],"timestamp":"1617604042","timestampMillis":"1617604042985","type":"OnIceCandidate"},"object":"66243add-4692-437c-89c5-ea1bf1ed5585_kurento.MediaPipeline/8ab2ffbc-e15a-4727-97c6-715bdd1753ed_kurento.WebRtcEndpoint","type":"OnIceCandidate"}}}, sessionId: aba633f6-8a99-417a-b26c-8713250bbf50
0:56:07.064158689 [331m   24[00m 0x7fe690001790 [37mDEBUG  [00m [00mKurentoWebSocketEventHandler WebSocketEventHandler.cpp:56:sendEvent:[00m Sending event: {"jsonrpc":"2.0","method":"onEvent","params":{"value":{"data":{"candidate":{"__module__":"kurento","__type__":"IceCandidate","candidate":"candidate:2 1 TCP 1015021823 172.18.0.12 9 typ host tcptype active","sdpMLineIndex":1,"sdpMid":"1"},"source":"66243add-4692-437c-89c5-ea1bf1ed5585_kurento.MediaPipeline/8ab2ffbc-e15a-4727-97c6-715bdd1753ed_kurento.WebRtcEndpoint","tags":[],"timestamp":"1617604042","timestampMillis":"1617604042985","type":"OnIceCandidate"},"object":"66243add-4692-437c-89c5-ea1bf1ed5585_kurento.MediaPipeline/8ab2ffbc-e15a-4727-97c6-715bdd1753ed_kurento.WebRtcEndpoint","type":"OnIceCandidate"}}}, sessionId: aba633f6-8a99-417a-b26c-8713250bbf50
0:56:07.064233768 [331m   24[00m 0x7fe690001790 [37mDEBUG  [00m [00mKurentoWebSocketEventHandler WebSocketEventHandler.cpp:56:sendEvent:[00m Sending event: {"jsonrpc":"2.0","method":"onEvent","params":{"value":{"data":{"candidate":{"__module__":"kurento","__type__":"IceCandidate","candidate":"candidate:2 1 TCP 1015021823 172.18.0.12 9 typ host tcptype active","sdpMLineIndex":2,"sdpMid":"2"},"source":"66243add-4692-437c-89c5-ea1bf1ed5585_kurento.MediaPipeline/8ab2ffbc-e15a-4727-97c6-715bdd1753ed_kurento.WebRtcEndpoint","tags":[],"timestamp":"1617604042","timestampMillis":"1617604042985","type":"OnIceCandidate"},"object":"66243add-4692-437c-89c5-ea1bf1ed5585_kurento.MediaPipeline/8ab2ffbc-e15a-4727-97c6-715bdd1753ed_kurento.WebRtcEndpoint","type":"OnIceCandidate"}}}, sessionId: aba633f6-8a99-417a-b26c-8713250bbf50
0:56:07.064287877 [331m   24[00m 0x7fe690001790 [37mDEBUG  [00m [00mKurentoWebSocketEventHandler WebSocketEventHandler.cpp:56:sendEvent:[00m Sending event: {"jsonrpc":"2.0","method":"onEvent","params":{"value":{"data":{"candidate":{"__module__":"kurento","__type__":"IceCandidate","candidate":"candidate:3 1 TCP 1010827519 172.18.0.12 10087 typ host tcptype passive","sdpMLineIndex":0,"sdpMid":"0"},"source":"66243add-4692-437c-89c5-ea1bf1ed5585_kurento.MediaPipeline/8ab2ffbc-e15a-4727-97c6-715bdd1753ed_kurento.WebRtcEndpoint","tags":[],"timestamp":"1617604042","timestampMillis":"1617604042985","type":"OnIceCandidate"},"object":"66243add-4692-437c-89c5-ea1bf1ed5585_kurento.MediaPipeline/8ab2ffbc-e15a-4727-97c6-715bdd1753ed_kurento.WebRtcEndpoint","type":"OnIceCandidate"}}}, sessionId: aba633f6-8a99-417a-b26c-8713250bbf50
0:56:07.064337313 [331m   24[00m 0x7fe690001790 [37mDEBUG  [00m [00mKurentoWebSocketEventHandler WebSocketEventHandler.cpp:56:sendEvent:[00m Sending event: {"jsonrpc":"2.0","method":"onEvent","params":{"value":{"data":{"candidate":{"__module__":"kurento","__type__":"IceCandidate","candidate":"candidate:3 1 TCP 1010827519 172.18.0.12 10087 typ host tcptype passive","sdpMLineIndex":1,"sdpMid":"1"},"source":"66243add-4692-437c-89c5-ea1bf1ed5585_kurento.MediaPipeline/8ab2ffbc-e15a-4727-97c6-715bdd1753ed_kurento.WebRtcEndpoint","tags":[],"timestamp":"1617604042","timestampMillis":"1617604042985","type":"OnIceCandidate"},"object":"66243add-4692-437c-89c5-ea1bf1ed5585_kurento.MediaPipeline/8ab2ffbc-e15a-4727-97c6-715bdd1753ed_kurento.WebRtcEndpoint","type":"OnIceCandidate"}}}, sessionId: aba633f6-8a99-417a-b26c-8713250bbf50
0:56:07.064385730 [331m   24[00m 0x7fe690001790 [37mDEBUG  [00m [00mKurentoWebSocketEventHandler WebSocketEventHandler.cpp:56:sendEvent:[00m Sending event: {"jsonrpc":"2.0","method":"onEvent","params":{"value":{"data":{"candidate":{"__module__":"kurento","__type__":"IceCandidate","candidate":"candidate:3 1 TCP 1010827519 172.18.0.12 10087 typ host tcptype passive","sdpMLineIndex":2,"sdpMid":"2"},"source":"66243add-4692-437c-89c5-ea1bf1ed5585_kurento.MediaPipeline/8ab2ffbc-e15a-4727-97c6-715bdd1753ed_kurento.WebRtcEndpoint","tags":[],"timestamp":"1617604042","timestampMillis":"1617604042985","type":"OnIceCandidate"},"object":"66243add-4692-437c-89c5-ea1bf1ed5585_kurento.MediaPipeline/8ab2ffbc-e15a-4727-97c6-715bdd1753ed_kurento.WebRtcEndpoint","type":"OnIceCandidate"}}}, sessionId: aba633f6-8a99-417a-b26c-8713250bbf50
0:56:07.064436789 [331m   24[00m 0x7fe690001790 [37mDEBUG  [00m [00mKurentoWebSocketEventHandler WebSocketEventHandler.cpp:56:sendEvent:[00m Sending event: {"jsonrpc":"2.0","method":"onEvent","params":{"value":{"data":{"candidate":{"__module__":"kurento","__type__":"IceCandidate","candidate":"candidate:1 2 UDP 2013266430 172.18.0.12 10095 typ host","sdpMLineIndex":0,"sdpMid":"0"},"source":"66243add-4692-437c-89c5-ea1bf1ed5585_kurento.MediaPipeline/8ab2ffbc-e15a-4727-97c6-715bdd1753ed_kurento.WebRtcEndpoint","tags":[],"timestamp":"1617604042","timestampMillis":"1617604042985","type":"OnIceCandidate"},"object":"66243add-4692-437c-89c5-ea1bf1ed5585_kurento.MediaPipeline/8ab2ffbc-e15a-4727-97c6-715bdd1753ed_kurento.WebRtcEndpoint","type":"OnIceCandidate"}}}, sessionId: aba633f6-8a99-417a-b26c-8713250bbf50
0:56:07.064486420 [331m   24[00m 0x7fe690001790 [37mDEBUG  [00m [00mKurentoWebSocketEventHandler WebSocketEventHandler.cpp:56:sendEvent:[00m Sending event: {"jsonrpc":"2.0","method":"onEvent","params":{"value":{"data":{"candidate":{"__module__":"kurento","__type__":"IceCandidate","candidate":"candidate:1 2 UDP 2013266430 172.18.0.12 10095 typ host","sdpMLineIndex":1,"sdpMid":"1"},"source":"66243add-4692-437c-89c5-ea1bf1ed5585_kurento.MediaPipeline/8ab2ffbc-e15a-4727-97c6-715bdd1753ed_kurento.WebRtcEndpoint","tags":[],"timestamp":"1617604042","timestampMillis":"1617604042985","type":"OnIceCandidate"},"object":"66243add-4692-437c-89c5-ea1bf1ed5585_kurento.MediaPipeline/8ab2ffbc-e15a-4727-97c6-715bdd1753ed_kurento.WebRtcEndpoint","type":"OnIceCandidate"}}}, sessionId: aba633f6-8a99-417a-b26c-8713250bbf50
0:56:07.064736223 [331m   24[00m 0x7fe6bc001600 [37mDEBUG  [00m [00mKurentoWebSocketTransport WebSocketTransport.cpp:462:processMessage:[00m Response: {"id":259,"jsonrpc":"2.0","result":{"sessionId":"aba633f6-8a99-417a-b26c-8713250bbf50","value":null}}
0:56:07.064808898 [331m   24[00m 0x7fe690001790 [37mDEBUG  [00m [00mKurentoWebSocketEventHandler WebSocketEventHandler.cpp:56:sendEvent:[00m Sending event: {"jsonrpc":"2.0","method":"onEvent","params":{"value":{"data":{"candidate":{"__module__":"kurento","__type__":"IceCandidate","candidate":"candidate:1 2 UDP 2013266430 172.18.0.12 10095 typ host","sdpMLineIndex":2,"sdpMid":"2"},"source":"66243add-4692-437c-89c5-ea1bf1ed5585_kurento.MediaPipeline/8ab2ffbc-e15a-4727-97c6-715bdd1753ed_kurento.WebRtcEndpoint","tags":[],"timestamp":"1617604042","timestampMillis":"1617604042985","type":"OnIceCandidate"},"object":"66243add-4692-437c-89c5-ea1bf1ed5585_kurento.MediaPipeline/8ab2ffbc-e15a-4727-97c6-715bdd1753ed_kurento.WebRtcEndpoint","type":"OnIceCandidate"}}}, sessionId: aba633f6-8a99-417a-b26c-8713250bbf50
0:56:07.064886892 [331m   24[00m 0x7fe6bc001600 [37mDEBUG  [00m [00mKurentoWebSocketTransport WebSocketTransport.cpp:460:processMessage:[00m Message: {"jsonrpc":"2.0","method":"invoke","params":{"object":"66243add-4692-437c-89c5-ea1bf1ed5585_kurento.MediaPipeline/81cbc7f8-b7cc-4c46-9e6a-9ce1f6a7d997_datachannelexample.KmsSendData","operation":"connect","operationParams":{"sink":"66243add-4692-437c-89c5-ea1bf1ed5585_kurento.MediaPipeline/8ab2ffbc-e15a-4727-97c6-715bdd1753ed_kurento.WebRtcEndpoint"},"sessionId":"aba633f6-8a99-417a-b26c-8713250bbf50"},"id":260}
0:56:07.065071069 [331m   24[00m 0x7fe6bc001600 [37mDEBUG  [00m [00mKurentoMediaElementImpl MediaElementImpl.cpp:902:connect:[00m Connecting 66243add-4692-437c-89c5-ea1bf1ed5585_kurento.MediaPipeline/81cbc7f8-b7cc-4c46-9e6a-9ce1f6a7d997_datachannelexample.KmsSendData -> 66243add-4692-437c-89c5-ea1bf1ed5585_kurento.MediaPipeline/8ab2ffbc-e15a-4727-97c6-715bdd1753ed_kurento.WebRtcEndpoint params AUDIO default default
0:56:07.065148502 [331m   24[00m 0x7fe690001790 [37mDEBUG  [00m [00mKurentoWebSocketEventHandler WebSocketEventHandler.cpp:56:sendEvent:[00m Sending event: {"jsonrpc":"2.0","method":"onEvent","params":{"value":{"data":{"candidate":{"__module__":"kurento","__type__":"IceCandidate","candidate":"candidate:2 2 TCP 1015021822 172.18.0.12 9 typ host tcptype active","sdpMLineIndex":0,"sdpMid":"0"},"source":"66243add-4692-437c-89c5-ea1bf1ed5585_kurento.MediaPipeline/8ab2ffbc-e15a-4727-97c6-715bdd1753ed_kurento.WebRtcEndpoint","tags":[],"timestamp":"1617604042","timestampMillis":"1617604042985","type":"OnIceCandidate"},"object":"66243add-4692-437c-89c5-ea1bf1ed5585_kurento.MediaPipeline/8ab2ffbc-e15a-4727-97c6-715bdd1753ed_kurento.WebRtcEndpoint","type":"OnIceCandidate"}}}, sessionId: aba633f6-8a99-417a-b26c-8713250bbf50
0:56:07.065229561 [331m   24[00m 0x7fe6bc001600 [37mDEBUG  [00m [00mKurentoMediaElementImpl MediaElementImpl.cpp:902:connect:[00m Connecting 66243add-4692-437c-89c5-ea1bf1ed5585_kurento.MediaPipeline/81cbc7f8-b7cc-4c46-9e6a-9ce1f6a7d997_datachannelexample.KmsSendData -> 66243add-4692-437c-89c5-ea1bf1ed5585_kurento.MediaPipeline/8ab2ffbc-e15a-4727-97c6-715bdd1753ed_kurento.WebRtcEndpoint params VIDEO default default
0:56:07.065302581 [331m   24[00m 0x7fe6bc001600 [37mDEBUG  [00m [00mKurentoMediaElementImpl MediaElementImpl.cpp:902:connect:[00m Connecting 66243add-4692-437c-89c5-ea1bf1ed5585_kurento.MediaPipeline/81cbc7f8-b7cc-4c46-9e6a-9ce1f6a7d997_datachannelexample.KmsSendData -> 66243add-4692-437c-89c5-ea1bf1ed5585_kurento.MediaPipeline/8ab2ffbc-e15a-4727-97c6-715bdd1753ed_kurento.WebRtcEndpoint params DATA default default
0:56:07.065421701 [331m   24[00m 0x7fe6bc001600 [37mDEBUG  [00m [00mKurentoWebSocketTransport WebSocketTransport.cpp:462:processMessage:[00m Response: {"id":260,"jsonrpc":"2.0","result":{"sessionId":"aba633f6-8a99-417a-b26c-8713250bbf50","value":null}}
0:56:07.065458375 [331m   24[00m 0x7fe690001790 [37mDEBUG  [00m [00mKurentoWebSocketEventHandler WebSocketEventHandler.cpp:56:sendEvent:[00m Sending event: {"jsonrpc":"2.0","method":"onEvent","params":{"value":{"data":{"candidate":{"__module__":"kurento","__type__":"IceCandidate","candidate":"candidate:2 2 TCP 1015021822 172.18.0.12 9 typ host tcptype active","sdpMLineIndex":1,"sdpMid":"1"},"source":"66243add-4692-437c-89c5-ea1bf1ed5585_kurento.MediaPipeline/8ab2ffbc-e15a-4727-97c6-715bdd1753ed_kurento.WebRtcEndpoint","tags":[],"timestamp":"1617604042","timestampMillis":"1617604042985","type":"OnIceCandidate"},"object":"66243add-4692-437c-89c5-ea1bf1ed5585_kurento.MediaPipeline/8ab2ffbc-e15a-4727-97c6-715bdd1753ed_kurento.WebRtcEndpoint","type":"OnIceCandidate"}}}, sessionId: aba633f6-8a99-417a-b26c-8713250bbf50
0:56:07.065705320 [331m   24[00m 0x7fe690001790 [37mDEBUG  [00m [00mKurentoWebSocketEventHandler WebSocketEventHandler.cpp:56:sendEvent:[00m Sending event: {"jsonrpc":"2.0","method":"onEvent","params":{"value":{"data":{"candidate":{"__module__":"kurento","__type__":"IceCandidate","candidate":"candidate:2 2 TCP 1015021822 172.18.0.12 9 typ host tcptype active","sdpMLineIndex":2,"sdpMid":"2"},"source":"66243add-4692-437c-89c5-ea1bf1ed5585_kurento.MediaPipeline/8ab2ffbc-e15a-4727-97c6-715bdd1753ed_kurento.WebRtcEndpoint","tags":[],"timestamp":"1617604042","timestampMillis":"1617604042985","type":"OnIceCandidate"},"object":"66243add-4692-437c-89c5-ea1bf1ed5585_kurento.MediaPipeline/8ab2ffbc-e15a-4727-97c6-715bdd1753ed_kurento.WebRtcEndpoint","type":"OnIceCandidate"}}}, sessionId: aba633f6-8a99-417a-b26c-8713250bbf50
0:56:07.065925831 [331m   24[00m 0x7fe690001790 [37mDEBUG  [00m [00mKurentoWebSocketEventHandler WebSocketEventHandler.cpp:56:sendEvent:[00m Sending event: {"jsonrpc":"2.0","method":"onEvent","params":{"value":{"data":{"candidate":{"__module__":"kurento","__type__":"IceCandidate","candidate":"candidate:3 2 TCP 1010827518 172.18.0.12 10053 typ host tcptype passive","sdpMLineIndex":0,"sdpMid":"0"},"source":"66243add-4692-437c-89c5-ea1bf1ed5585_kurento.MediaPipeline/8ab2ffbc-e15a-4727-97c6-715bdd1753ed_kurento.WebRtcEndpoint","tags":[],"timestamp":"1617604042","timestampMillis":"1617604042986","type":"OnIceCandidate"},"object":"66243add-4692-437c-89c5-ea1bf1ed5585_kurento.MediaPipeline/8ab2ffbc-e15a-4727-97c6-715bdd1753ed_kurento.WebRtcEndpoint","type":"OnIceCandidate"}}}, sessionId: aba633f6-8a99-417a-b26c-8713250bbf50
0:56:07.066190299 [331m   24[00m 0x7fe690001790 [37mDEBUG  [00m [00mKurentoWebSocketEventHandler WebSocketEventHandler.cpp:56:sendEvent:[00m Sending event: {"jsonrpc":"2.0","method":"onEvent","params":{"value":{"data":{"candidate":{"__module__":"kurento","__type__":"IceCandidate","candidate":"candidate:3 2 TCP 1010827518 172.18.0.12 10053 typ host tcptype passive","sdpMLineIndex":1,"sdpMid":"1"},"source":"66243add-4692-437c-89c5-ea1bf1ed5585_kurento.MediaPipeline/8ab2ffbc-e15a-4727-97c6-715bdd1753ed_kurento.WebRtcEndpoint","tags":[],"timestamp":"1617604042","timestampMillis":"1617604042986","type":"OnIceCandidate"},"object":"66243add-4692-437c-89c5-ea1bf1ed5585_kurento.MediaPipeline/8ab2ffbc-e15a-4727-97c6-715bdd1753ed_kurento.WebRtcEndpoint","type":"OnIceCandidate"}}}, sessionId: aba633f6-8a99-417a-b26c-8713250bbf50
0:56:07.066511342 [331m   24[00m 0x7fe690001790 [37mDEBUG  [00m [00mKurentoWebSocketEventHandler WebSocketEventHandler.cpp:56:sendEvent:[00m Sending event: {"jsonrpc":"2.0","method":"onEvent","params":{"value":{"data":{"candidate":{"__module__":"kurento","__type__":"IceCandidate","candidate":"candidate:3 2 TCP 1010827518 172.18.0.12 10053 typ host tcptype passive","sdpMLineIndex":2,"sdpMid":"2"},"source":"66243add-4692-437c-89c5-ea1bf1ed5585_kurento.MediaPipeline/8ab2ffbc-e15a-4727-97c6-715bdd1753ed_kurento.WebRtcEndpoint","tags":[],"timestamp":"1617604042","timestampMillis":"1617604042986","type":"OnIceCandidate"},"object":"66243add-4692-437c-89c5-ea1bf1ed5585_kurento.MediaPipeline/8ab2ffbc-e15a-4727-97c6-715bdd1753ed_kurento.WebRtcEndpoint","type":"OnIceCandidate"}}}, sessionId: aba633f6-8a99-417a-b26c-8713250bbf50
0:56:07.152975610 [331m   24[00m 0x7fe690001790 [37mDEBUG  [00m [00mKurentoWebSocketEventHandler WebSocketEventHandler.cpp:56:sendEvent:[00m Sending event: {"jsonrpc":"2.0","method":"onEvent","params":{"value":{"data":{"candidate":{"__module__":"kurento","__type__":"IceCandidate","candidate":"candidate:4 1 UDP 1677722111 203.151.66.107 10042 typ srflx raddr 172.18.0.12 rport 10042","sdpMLineIndex":0,"sdpMid":"0"},"source":"66243add-4692-437c-89c5-ea1bf1ed5585_kurento.MediaPipeline/8ab2ffbc-e15a-4727-97c6-715bdd1753ed_kurento.WebRtcEndpoint","tags":[],"timestamp":"1617604043","timestampMillis":"1617604043074","type":"OnIceCandidate"},"object":"66243add-4692-437c-89c5-ea1bf1ed5585_kurento.MediaPipeline/8ab2ffbc-e15a-4727-97c6-715bdd1753ed_kurento.WebRtcEndpoint","type":"OnIceCandidate"}}}, sessionId: aba633f6-8a99-417a-b26c-8713250bbf50
0:56:07.153138145 [331m   24[00m 0x7fe690001790 [37mDEBUG  [00m [00mKurentoWebSocketEventHandler WebSocketEventHandler.cpp:56:sendEvent:[00m Sending event: {"jsonrpc":"2.0","method":"onEvent","params":{"value":{"data":{"candidate":{"__module__":"kurento","__type__":"IceCandidate","candidate":"candidate:4 1 UDP 1677722111 203.151.66.107 10042 typ srflx raddr 172.18.0.12 rport 10042","sdpMLineIndex":1,"sdpMid":"1"},"source":"66243add-4692-437c-89c5-ea1bf1ed5585_kurento.MediaPipeline/8ab2ffbc-e15a-4727-97c6-715bdd1753ed_kurento.WebRtcEndpoint","tags":[],"timestamp":"1617604043","timestampMillis":"1617604043074","type":"OnIceCandidate"},"object":"66243add-4692-437c-89c5-ea1bf1ed5585_kurento.MediaPipeline/8ab2ffbc-e15a-4727-97c6-715bdd1753ed_kurento.WebRtcEndpoint","type":"OnIceCandidate"}}}, sessionId: aba633f6-8a99-417a-b26c-8713250bbf50
0:56:07.153219413 [331m   24[00m 0x7fe690001790 [37mDEBUG  [00m [00mKurentoWebSocketEventHandler WebSocketEventHandler.cpp:56:sendEvent:[00m Sending event: {"jsonrpc":"2.0","method":"onEvent","params":{"value":{"data":{"candidate":{"__module__":"kurento","__type__":"IceCandidate","candidate":"candidate:4 1 UDP 1677722111 203.151.66.107 10042 typ srflx raddr 172.18.0.12 rport 10042","sdpMLineIndex":2,"sdpMid":"2"},"source":"66243add-4692-437c-89c5-ea1bf1ed5585_kurento.MediaPipeline/8ab2ffbc-e15a-4727-97c6-715bdd1753ed_kurento.WebRtcEndpoint","tags":[],"timestamp":"1617604043","timestampMillis":"1617604043074","type":"OnIceCandidate"},"object":"66243add-4692-437c-89c5-ea1bf1ed5585_kurento.MediaPipeline/8ab2ffbc-e15a-4727-97c6-715bdd1753ed_kurento.WebRtcEndpoint","type":"OnIceCandidate"}}}, sessionId: aba633f6-8a99-417a-b26c-8713250bbf50
0:56:07.153300600 [331m   24[00m 0x7fe690001790 [37mDEBUG  [00m [00mKurentoWebSocketEventHandler WebSocketEventHandler.cpp:56:sendEvent:[00m Sending event: {"jsonrpc":"2.0","method":"onEvent","params":{"value":{"data":{"candidate":{"__module__":"kurento","__type__":"IceCandidate","candidate":"candidate:5 1 TCP 847249663 203.151.66.107 9 typ srflx raddr 172.18.0.12 rport 9 tcptype active","sdpMLineIndex":0,"sdpMid":"0"},"source":"66243add-4692-437c-89c5-ea1bf1ed5585_kurento.MediaPipeline/8ab2ffbc-e15a-4727-97c6-715bdd1753ed_kurento.WebRtcEndpoint","tags":[],"timestamp":"1617604043","timestampMillis":"1617604043074","type":"OnIceCandidate"},"object":"66243add-4692-437c-89c5-ea1bf1ed5585_kurento.MediaPipeline/8ab2ffbc-e15a-4727-97c6-715bdd1753ed_kurento.WebRtcEndpoint","type":"OnIceCandidate"}}}, sessionId: aba633f6-8a99-417a-b26c-8713250bbf50
0:56:07.153379197 [331m   24[00m 0x7fe690001790 [37mDEBUG  [00m [00mKurentoWebSocketEventHandler WebSocketEventHandler.cpp:56:sendEvent:[00m Sending event: {"jsonrpc":"2.0","method":"onEvent","params":{"value":{"data":{"candidate":{"__module__":"kurento","__type__":"IceCandidate","candidate":"candidate:5 1 TCP 847249663 203.151.66.107 9 typ srflx raddr 172.18.0.12 rport 9 tcptype active","sdpMLineIndex":1,"sdpMid":"1"},"source":"66243add-4692-437c-89c5-ea1bf1ed5585_kurento.MediaPipeline/8ab2ffbc-e15a-4727-97c6-715bdd1753ed_kurento.WebRtcEndpoint","tags":[],"timestamp":"1617604043","timestampMillis":"1617604043074","type":"OnIceCandidate"},"object":"66243add-4692-437c-89c5-ea1bf1ed5585_kurento.MediaPipeline/8ab2ffbc-e15a-4727-97c6-715bdd1753ed_kurento.WebRtcEndpoint","type":"OnIceCandidate"}}}, sessionId: aba633f6-8a99-417a-b26c-8713250bbf50
0:56:07.153458840 [331m   24[00m 0x7fe690001790 [37mDEBUG  [00m [00mKurentoWebSocketEventHandler WebSocketEventHandler.cpp:56:sendEvent:[00m Sending event: {"jsonrpc":"2.0","method":"onEvent","params":{"value":{"data":{"candidate":{"__module__":"kurento","__type__":"IceCandidate","candidate":"candidate:5 1 TCP 847249663 203.151.66.107 9 typ srflx raddr 172.18.0.12 rport 9 tcptype active","sdpMLineIndex":2,"sdpMid":"2"},"source":"66243add-4692-437c-89c5-ea1bf1ed5585_kurento.MediaPipeline/8ab2ffbc-e15a-4727-97c6-715bdd1753ed_kurento.WebRtcEndpoint","tags":[],"timestamp":"1617604043","timestampMillis":"1617604043074","type":"OnIceCandidate"},"object":"66243add-4692-437c-89c5-ea1bf1ed5585_kurento.MediaPipeline/8ab2ffbc-e15a-4727-97c6-715bdd1753ed_kurento.WebRtcEndpoint","type":"OnIceCandidate"}}}, sessionId: aba633f6-8a99-417a-b26c-8713250bbf50
0:56:07.153536493 [331m   24[00m 0x7fe690001790 [37mDEBUG  [00m [00mKurentoWebSocketEventHandler WebSocketEventHandler.cpp:56:sendEvent:[00m Sending event: {"jsonrpc":"2.0","method":"onEvent","params":{"value":{"data":{"candidate":{"__module__":"kurento","__type__":"IceCandidate","candidate":"candidate:6 1 TCP 843055359 203.151.66.107 10087 typ srflx raddr 172.18.0.12 rport 10087 tcptype passive","sdpMLineIndex":0,"sdpMid":"0"},"source":"66243add-4692-437c-89c5-ea1bf1ed5585_kurento.MediaPipeline/8ab2ffbc-e15a-4727-97c6-715bdd1753ed_kurento.WebRtcEndpoint","tags":[],"timestamp":"1617604043","timestampMillis":"1617604043074","type":"OnIceCandidate"},"object":"66243add-4692-437c-89c5-ea1bf1ed5585_kurento.MediaPipeline/8ab2ffbc-e15a-4727-97c6-715bdd1753ed_kurento.WebRtcEndpoint","type":"OnIceCandidate"}}}, sessionId: aba633f6-8a99-417a-b26c-8713250bbf50
0:56:07.153618996 [331m   24[00m 0x7fe690001790 [37mDEBUG  [00m [00mKurentoWebSocketEventHandler WebSocketEventHandler.cpp:56:sendEvent:[00m Sending event: {"jsonrpc":"2.0","method":"onEvent","params":{"value":{"data":{"candidate":{"__module__":"kurento","__type__":"IceCandidate","candidate":"candidate:6 1 TCP 843055359 203.151.66.107 10087 typ srflx raddr 172.18.0.12 rport 10087 tcptype passive","sdpMLineIndex":1,"sdpMid":"1"},"source":"66243add-4692-437c-89c5-ea1bf1ed5585_kurento.MediaPipeline/8ab2ffbc-e15a-4727-97c6-715bdd1753ed_kurento.WebRtcEndpoint","tags":[],"timestamp":"1617604043","timestampMillis":"1617604043074","type":"OnIceCandidate"},"object":"66243add-4692-437c-89c5-ea1bf1ed5585_kurento.MediaPipeline/8ab2ffbc-e15a-4727-97c6-715bdd1753ed_kurento.WebRtcEndpoint","type":"OnIceCandidate"}}}, sessionId: aba633f6-8a99-417a-b26c-8713250bbf50
0:56:07.153696283 [331m   24[00m 0x7fe690001790 [37mDEBUG  [00m [00mKurentoWebSocketEventHandler WebSocketEventHandler.cpp:56:sendEvent:[00m Sending event: {"jsonrpc":"2.0","method":"onEvent","params":{"value":{"data":{"candidate":{"__module__":"kurento","__type__":"IceCandidate","candidate":"candidate:6 1 TCP 843055359 203.151.66.107 10087 typ srflx raddr 172.18.0.12 rport 10087 tcptype passive","sdpMLineIndex":2,"sdpMid":"2"},"source":"66243add-4692-437c-89c5-ea1bf1ed5585_kurento.MediaPipeline/8ab2ffbc-e15a-4727-97c6-715bdd1753ed_kurento.WebRtcEndpoint","tags":[],"timestamp":"1617604043","timestampMillis":"1617604043074","type":"OnIceCandidate"},"object":"66243add-4692-437c-89c5-ea1bf1ed5585_kurento.MediaPipeline/8ab2ffbc-e15a-4727-97c6-715bdd1753ed_kurento.WebRtcEndpoint","type":"OnIceCandidate"}}}, sessionId: aba633f6-8a99-417a-b26c-8713250bbf50
0:56:07.162739767 [331m   24[00m 0x7fe6fc007980 [37mDEBUG  [00m [00mKurentoWebSocketTransport WebSocketTransport.cpp:460:processMessage:[00m Message: {"jsonrpc":"2.0","method":"invoke","params":{"object":"66243add-4692-437c-89c5-ea1bf1ed5585_kurento.MediaPipeline/8ab2ffbc-e15a-4727-97c6-715bdd1753ed_kurento.WebRtcEndpoint","operation":"addIceCandidate","operationParams":{"candidate":{"candidate":"candidate:1 1 UDP 1686052863 58.97.53.190 63577 typ srflx raddr 0.0.0.0 rport 0","sdpMid":"0","sdpMLineIndex":0,"__module__":"kurento","__type__":"IceCandidate"}},"sessionId":"aba633f6-8a99-417a-b26c-8713250bbf50"},"id":261}
0:56:07.163325601 [331m   24[00m 0x7fe6fc007980 [37mDEBUG  [00m [00mKurentoWebSocketTransport WebSocketTransport.cpp:462:processMessage:[00m Response: {"id":261,"jsonrpc":"2.0","result":{"sessionId":"aba633f6-8a99-417a-b26c-8713250bbf50","value":null}}
0:56:07.184945913 [331m   24[00m 0x7fe6bc001f60 [37mDEBUG  [00m [00mKurentoWebSocketTransport WebSocketTransport.cpp:460:processMessage:[00m Message: {"jsonrpc":"2.0","method":"invoke","params":{"object":"66243add-4692-437c-89c5-ea1bf1ed5585_kurento.MediaPipeline/8ab2ffbc-e15a-4727-97c6-715bdd1753ed_kurento.WebRtcEndpoint","operation":"addIceCandidate","operationParams":{"candidate":{"candidate":"candidate:1 2 UDP 1686052862 58.97.53.190 63578 typ srflx raddr 0.0.0.0 rport 0","sdpMid":"0","sdpMLineIndex":0,"__module__":"kurento","__type__":"IceCandidate"}},"sessionId":"aba633f6-8a99-417a-b26c-8713250bbf50"},"id":262}
0:56:07.185441283 [331m   24[00m 0x7fe6bc001f60 [37mDEBUG  [00m [00mKurentoWebSocketTransport WebSocketTransport.cpp:462:processMessage:[00m Response: {"id":262,"jsonrpc":"2.0","result":{"sessionId":"aba633f6-8a99-417a-b26c-8713250bbf50","value":null}}
0:56:07.185731084 [331m   24[00m 0x7fe6ec001b20 [37mDEBUG  [00m [00mKurentoWebSocketTransport WebSocketTransport.cpp:460:processMessage:[00m Message: {"jsonrpc":"2.0","method":"invoke","params":{"object":"66243add-4692-437c-89c5-ea1bf1ed5585_kurento.MediaPipeline/8ab2ffbc-e15a-4727-97c6-715bdd1753ed_kurento.WebRtcEndpoint","operation":"addIceCandidate","operationParams":{"candidate":{"candidate":"","sdpMid":"0","sdpMLineIndex":0,"__module__":"kurento","__type__":"IceCandidate"}},"sessionId":"aba633f6-8a99-417a-b26c-8713250bbf50"},"id":263}
0:56:07.185986002 [331m   24[00m 0x7fe6ec001b20 [37mDEBUG  [00m [00mKurentoWebSocketTransport WebSocketTransport.cpp:462:processMessage:[00m Response: {"error":{"code":40401,"data":{"type":"ICE_ADD_CANDIDATE_ERROR"},"message":"Error adding candidate"},"id":263,"jsonrpc":"2.0"}
0:56:07.190377907 [331m   24[00m 0x7fe6e8064de0 [37mDEBUG  [00m [00mKurentoWebRtcEndpointImpl WebRtcEndpointImpl.cpp:292:newSelectedPairFull:<kmswebrtcendpoint12>[00m New candidate pair selected, local: 'candidate:4 1 UDP 1677722111 203.151.66.107 10042 typ srflx raddr 172.18.0.12 rport 10042', remote: 'candidate:1 1 UDP 1686052863 58.97.53.190 63577 typ srflx', stream_id: '1', component_id: 1
0:56:08.087578037 [331m   24[00m 0x7fe53c002770 [37mDEBUG  [00m [00mKurentoMediaElementImpl MediaElementImpl.cpp:492:mediaFlowInStateChange:<kmswebrtcendpoint12>[00m MediaFlowInStateChange: FLOWING, pad: 'default', type: 'audio'
0:56:10.432681994 [331m   24[00m 0x7fe6e4001c60 [37mDEBUG  [00m [00mKurentoWebSocketTransport WebSocketTransport.cpp:460:processMessage:[00m Message: {"jsonrpc":"2.0","method":"release","params":{"object":"66243add-4692-437c-89c5-ea1bf1ed5585_kurento.MediaPipeline/29bc3305-2a11-4787-8670-c885f4873954_kurento.WebRtcEndpoint","sessionId":"aba633f6-8a99-417a-b26c-8713250bbf50"},"id":264}
0:56:10.433064069 [331m   24[00m 0x7fe710001960 [37mDEBUG  [00m [00mKurentoMediaElementImpl MediaElementImpl.cpp:1028:disconnect:[00m Disconnecting 66243add-4692-437c-89c5-ea1bf1ed5585_kurento.MediaPipeline/81cbc7f8-b7cc-4c46-9e6a-9ce1f6a7d997_datachannelexample.KmsSendData - 66243add-4692-437c-89c5-ea1bf1ed5585_kurento.MediaPipeline/29bc3305-2a11-4787-8670-c885f4873954_kurento.WebRtcEndpoint params AUDIO default default
0:56:10.433081977 [331m   24[00m 0x7fe6e4001c60 [37mDEBUG  [00m [00mKurentoWebSocketTransport WebSocketTransport.cpp:462:processMessage:[00m Response: {"id":264,"jsonrpc":"2.0","result":{"sessionId":"aba633f6-8a99-417a-b26c-8713250bbf50"}}
0:56:10.433518417 [331m   24[00m 0x7fe710001960 [37mDEBUG  [00m [00mKurentoMediaElementImpl MediaElementImpl.cpp:1028:disconnect:[00m Disconnecting 66243add-4692-437c-89c5-ea1bf1ed5585_kurento.MediaPipeline/81cbc7f8-b7cc-4c46-9e6a-9ce1f6a7d997_datachannelexample.KmsSendData - 66243add-4692-437c-89c5-ea1bf1ed5585_kurento.MediaPipeline/29bc3305-2a11-4787-8670-c885f4873954_kurento.WebRtcEndpoint params DATA default default
0:56:10.433664357 [331m   24[00m 0x7fe710001960 [37mDEBUG  [00m [00mKurentoMediaElementImpl MediaElementImpl.cpp:1028:disconnect:[00m Disconnecting 66243add-4692-437c-89c5-ea1bf1ed5585_kurento.MediaPipeline/81cbc7f8-b7cc-4c46-9e6a-9ce1f6a7d997_datachannelexample.KmsSendData - 66243add-4692-437c-89c5-ea1bf1ed5585_kurento.MediaPipeline/29bc3305-2a11-4787-8670-c885f4873954_kurento.WebRtcEndpoint params VIDEO default default
0:56:10.433817644 [331m   24[00m 0x7fe710001960 [37mDEBUG  [00m [00m     KurentoMediaSet MediaSet.cpp:470:async_delete:[00m Destroying WebRtcEndpoint -> 66243add-4692-437c-89c5-ea1bf1ed5585_kurento.MediaPipeline/29bc3305-2a11-4787-8670-c885f4873954_kurento.WebRtcEndpoint
0:56:10.434509661 [331m   24[00m 0x7fe6bc001600 [37mDEBUG  [00m [00mKurentoWebSocketTransport WebSocketTransport.cpp:460:processMessage:[00m Message: {"jsonrpc":"2.0","method":"unsubscribe","params":{"object":"66243add-4692-437c-89c5-ea1bf1ed5585_kurento.MediaPipeline/29bc3305-2a11-4787-8670-c885f4873954_kurento.WebRtcEndpoint","subscription":"51e06416-17f7-41b1-b1b7-4612fe1216ad","sessionId":"aba633f6-8a99-417a-b26c-8713250bbf50"},"id":265}
0:56:10.434714221 [331m   24[00m 0x7fe6bc001600 [37mDEBUG  [00m [00mKurentoWebSocketTransport WebSocketTransport.cpp:462:processMessage:[00m Response: {"id":265,"jsonrpc":"2.0","result":{"sessionId":"aba633f6-8a99-417a-b26c-8713250bbf50"}}
0:56:12.025427924 [331m   24[00m 0x7fe6b0001f00 [37mDEBUG  [00m [00mKurentoWebSocketTransport WebSocketTransport.cpp:460:processMessage:[00m Message: {"jsonrpc":"2.0","method":"create","params":{"type":"WebRtcEndpoint","constructorParams":{"mediaPipeline":"66243add-4692-437c-89c5-ea1bf1ed5585_kurento.MediaPipeline","useDataChannels":true},"properties":{},"sessionId":"aba633f6-8a99-417a-b26c-8713250bbf50"},"id":266}
0:56:12.026788465 [331m   24[00m 0x7fe6b0001f00 [36mINFO   [00m [00mKurentoWebRtcEndpointImpl WebRtcEndpointImpl.cpp:96:remove_not_supported_codecs_from_array:<kmswebrtcendpoint13>[00m Removing not supported codec 'AMR/8000'
0:56:12.026882451 [331m   24[00m 0x7fe6b0001f00 [36mINFO   [00m [00mKurentoWebRtcEndpointImpl WebRtcEndpointImpl.cpp:465:WebRtcEndpointImpl:[00m Using STUN reflexive server IP: 203.183.172.196
