1:01:34.404971232 [331m   24[00m 0x7fe6e4006680 [37mDEBUG  [00m [00mKurentoMediaElementImpl MediaElementImpl.cpp:496:mediaFlowInStateChange:<kmswebrtcendpoint14>[00m MediaFlowInStateChange: NOT FLOWING, pad: 'default', type: 'audio'
1:01:34.453269636 [331m   24[00m 0x7fe6e4006680 [37mDEBUG  [00m [00mKurentoMediaElementImpl MediaElementImpl.cpp:496:mediaFlowInStateChange:<kmswebrtcendpoint27>[00m MediaFlowInStateChange: NOT FLOWING, pad: 'default', type: 'audio'
1:01:35.614215318 [331m   24[00m 0x7fe6f8001d80 [37mDEBUG  [00m [00mKurentoWebSocketTransport WebSocketTransport.cpp:460:processMessage:[00m Message: {"jsonrpc":"2.0","method":"create","params":{"type":"WebRtcEndpoint","constructorParams":{"mediaPipeline":"66243add-4692-437c-89c5-ea1bf1ed5585_kurento.MediaPipeline","useDataChannels":true},"properties":{},"sessionId":"aba633f6-8a99-417a-b26c-8713250bbf50"},"id":664}
1:01:35.616372598 [331m   24[00m 0x7fe6f8001d80 [36mINFO   [00m [00mKurentoWebRtcEndpointImpl WebRtcEndpointImpl.cpp:96:remove_not_supported_codecs_from_array:<kmswebrtcendpoint37>[00m Removing not supported codec 'AMR/8000'
1:01:35.616424446 [331m   24[00m 0x7fe6f8001d80 [36mINFO   [00m [00mKurentoWebRtcEndpointImpl WebRtcEndpointImpl.cpp:465:WebRtcEndpointImpl:[00m Using STUN reflexive server IP: 203.183.172.196
1:01:35.616433582 [331m   24[00m 0x7fe6f8001d80 [36mINFO   [00m [00mKurentoWebRtcEndpointImpl WebRtcEndpointImpl.cpp:466:WebRtcEndpointImpl:[00m Using STUN reflexive server Port: 3478
1:01:35.616478303 [331m   24[00m 0x7fe6f8001d80 [36mINFO   [00m [00mKurentoWebRtcEndpointImpl WebRtcEndpointImpl.cpp:487:WebRtcEndpointImpl:[00m TURN server IP address not found in config; NAT traversal requires either STUN or TURN server
1:01:35.616912540 [331m   24[00m 0x7fe6f8001d80 [37mDEBUG  [00m [00mKurentoWebSocketTransport WebSocketTransport.cpp:462:processMessage:[00m Response: {"id":664,"jsonrpc":"2.0","result":{"sessionId":"aba633f6-8a99-417a-b26c-8713250bbf50","value":"66243add-4692-437c-89c5-ea1bf1ed5585_kurento.MediaPipeline/9ff48c0b-29d6-476e-9734-a5be1efed44d_kurento.WebRtcEndpoint"}}
1:01:35.617393898 [331m   24[00m 0x7fe6bc001600 [37mDEBUG  [00m [00mKurentoWebSocketTransport WebSocketTransport.cpp:460:processMessage:[00m Message: {"jsonrpc":"2.0","method":"invoke","params":{"object":"66243add-4692-437c-89c5-ea1bf1ed5585_kurento.MediaPipeline/03b5e2a4-1ad1-446e-890f-40aa84bc0350_kurento.WebRtcEndpoint","operation":"addIceCandidate","operationParams":{"candidate":{"candidate":"candidate:0 1 UDP 2122187007 10.13.201.10 58984 typ host","sdpMid":"0","sdpMLineIndex":0,"__module__":"kurento","__type__":"IceCandidate"}},"sessionId":"aba633f6-8a99-417a-b26c-8713250bbf50"},"id":665}
1:01:35.617639621 [331m   24[00m 0x7fe6bc001600 [37mDEBUG  [00m [00mKurentoWebSocketTransport WebSocketTransport.cpp:462:processMessage:[00m Response: {"error":{"code":40101,"data":{"type":"MEDIA_OBJECT_NOT_FOUND"},"message":"Object '66243add-4692-437c-89c5-ea1bf1ed5585_kurento.MediaPipeline/03b5e2a4-1ad1-446e-890f-40aa84bc0350_kurento.WebRtcEndpoint' not found"},"id":665,"jsonrpc":"2.0"}
1:01:35.618014552 [331m   24[00m 0x7fe704001840 [37mDEBUG  [00m [00mKurentoWebSocketTransport WebSocketTransport.cpp:460:processMessage:[00m Message: {"jsonrpc":"2.0","method":"invoke","params":{"object":"66243add-4692-437c-89c5-ea1bf1ed5585_kurento.MediaPipeline/03b5e2a4-1ad1-446e-890f-40aa84bc0350_kurento.WebRtcEndpoint","operation":"addIceCandidate","operationParams":{"candidate":{"candidate":"candidate:3 1 UDP 2122252543 172.17.16.1 58985 typ host","sdpMid":"0","sdpMLineIndex":0,"__module__":"kurento","__type__":"IceCandidate"}},"sessionId":"aba633f6-8a99-417a-b26c-8713250bbf50"},"id":666}
1:01:35.618256850 [331m   24[00m 0x7fe704001840 [37mDEBUG  [00m [00mKurentoWebSocketTransport WebSocketTransport.cpp:462:processMessage:[00m Response: {"error":{"code":40101,"data":{"type":"MEDIA_OBJECT_NOT_FOUND"},"message":"Object '66243add-4692-437c-89c5-ea1bf1ed5585_kurento.MediaPipeline/03b5e2a4-1ad1-446e-890f-40aa84bc0350_kurento.WebRtcEndpoint' not found"},"id":666,"jsonrpc":"2.0"}
1:01:35.618649133 [331m   24[00m 0x7fe6ec001b20 [37mDEBUG  [00m [00mKurentoWebSocketTransport WebSocketTransport.cpp:460:processMessage:[00m Message: {"jsonrpc":"2.0","method":"invoke","params":{"object":"66243add-4692-437c-89c5-ea1bf1ed5585_kurento.MediaPipeline/03b5e2a4-1ad1-446e-890f-40aa84bc0350_kurento.WebRtcEndpoint","operation":"addIceCandidate","operationParams":{"candidate":{"candidate":"candidate:6 1 TCP 2105458943 10.13.201.10 9 typ host tcptype active","sdpMid":"0","sdpMLineIndex":0,"__module__":"kurento","__type__":"IceCandidate"}},"sessionId":"aba633f6-8a99-417a-b26c-8713250bbf50"},"id":667}
1:01:35.618921034 [331m   24[00m 0x7fe6ec001b20 [37mDEBUG  [00m [00mKurentoWebSocketTransport WebSocketTransport.cpp:462:processMessage:[00m Response: {"error":{"code":40101,"data":{"type":"MEDIA_OBJECT_NOT_FOUND"},"message":"Object '66243add-4692-437c-89c5-ea1bf1ed5585_kurento.MediaPipeline/03b5e2a4-1ad1-446e-890f-40aa84bc0350_kurento.WebRtcEndpoint' not found"},"id":667,"jsonrpc":"2.0"}
1:01:35.620841937 [331m   24[00m 0x7fe6b4001840 [37mDEBUG  [00m [00mKurentoWebSocketTransport WebSocketTransport.cpp:460:processMessage:[00m Message: {"jsonrpc":"2.0","method":"invoke","params":{"object":"66243add-4692-437c-89c5-ea1bf1ed5585_kurento.MediaPipeline/03b5e2a4-1ad1-446e-890f-40aa84bc0350_kurento.WebRtcEndpoint","operation":"addIceCandidate","operationParams":{"candidate":{"candidate":"candidate:7 1 TCP 2105524479 172.17.16.1 9 typ host tcptype active","sdpMid":"0","sdpMLineIndex":0,"__module__":"kurento","__type__":"IceCandidate"}},"sessionId":"aba633f6-8a99-417a-b26c-8713250bbf50"},"id":668}
1:01:35.621047455 [331m   24[00m 0x7fe6b4001840 [37mDEBUG  [00m [00mKurentoWebSocketTransport WebSocketTransport.cpp:462:processMessage:[00m Response: {"error":{"code":40101,"data":{"type":"MEDIA_OBJECT_NOT_FOUND"},"message":"Object '66243add-4692-437c-89c5-ea1bf1ed5585_kurento.MediaPipeline/03b5e2a4-1ad1-446e-890f-40aa84bc0350_kurento.WebRtcEndpoint' not found"},"id":668,"jsonrpc":"2.0"}
1:01:35.621501932 [331m   24[00m 0x7fe6fc007980 [37mDEBUG  [00m [00mKurentoWebSocketTransport WebSocketTransport.cpp:460:processMessage:[00m Message: {"jsonrpc":"2.0","method":"invoke","params":{"object":"66243add-4692-437c-89c5-ea1bf1ed5585_kurento.MediaPipeline/03b5e2a4-1ad1-446e-890f-40aa84bc0350_kurento.WebRtcEndpoint","operation":"addIceCandidate","operationParams":{"candidate":{"candidate":"candidate:0 2 UDP 2122187006 10.13.201.10 58986 typ host","sdpMid":"0","sdpMLineIndex":0,"__module__":"kurento","__type__":"IceCandidate"}},"sessionId":"aba633f6-8a99-417a-b26c-8713250bbf50"},"id":669}
1:01:35.621700581 [331m   24[00m 0x7fe6fc007980 [37mDEBUG  [00m [00mKurentoWebSocketTransport WebSocketTransport.cpp:462:processMessage:[00m Response: {"error":{"code":40101,"data":{"type":"MEDIA_OBJECT_NOT_FOUND"},"message":"Object '66243add-4692-437c-89c5-ea1bf1ed5585_kurento.MediaPipeline/03b5e2a4-1ad1-446e-890f-40aa84bc0350_kurento.WebRtcEndpoint' not found"},"id":669,"jsonrpc":"2.0"}
1:01:35.622126118 [331m   24[00m 0x7fe6f0001cc0 [37mDEBUG  [00m [00mKurentoWebSocketTransport WebSocketTransport.cpp:460:processMessage:[00m Message: {"jsonrpc":"2.0","method":"invoke","params":{"object":"66243add-4692-437c-89c5-ea1bf1ed5585_kurento.MediaPipeline/03b5e2a4-1ad1-446e-890f-40aa84bc0350_kurento.WebRtcEndpoint","operation":"addIceCandidate","operationParams":{"candidate":{"candidate":"candidate:3 2 UDP 2122252542 172.17.16.1 58987 typ host","sdpMid":"0","sdpMLineIndex":0,"__module__":"kurento","__type__":"IceCandidate"}},"sessionId":"aba633f6-8a99-417a-b26c-8713250bbf50"},"id":670}
1:01:35.622309069 [331m   24[00m 0x7fe6f0001cc0 [37mDEBUG  [00m [00mKurentoWebSocketTransport WebSocketTransport.cpp:462:processMessage:[00m Response: {"error":{"code":40101,"data":{"type":"MEDIA_OBJECT_NOT_FOUND"},"message":"Object '66243add-4692-437c-89c5-ea1bf1ed5585_kurento.MediaPipeline/03b5e2a4-1ad1-446e-890f-40aa84bc0350_kurento.WebRtcEndpoint' not found"},"id":670,"jsonrpc":"2.0"}
1:01:35.622749284 [331m   24[00m 0x7fe6bc001f60 [37mDEBUG  [00m [00mKurentoWebSocketTransport WebSocketTransport.cpp:460:processMessage:[00m Message: {"jsonrpc":"2.0","method":"invoke","params":{"object":"66243add-4692-437c-89c5-ea1bf1ed5585_kurento.MediaPipeline/03b5e2a4-1ad1-446e-890f-40aa84bc0350_kurento.WebRtcEndpoint","operation":"addIceCandidate","operationParams":{"candidate":{"candidate":"candidate:6 2 TCP 2105458942 10.13.201.10 9 typ host tcptype active","sdpMid":"0","sdpMLineIndex":0,"__module__":"kurento","__type__":"IceCandidate"}},"sessionId":"aba633f6-8a99-417a-b26c-8713250bbf50"},"id":671}
1:01:35.623561609 [331m   24[00m 0x7fe6bc001f60 [37mDEBUG  [00m [00mKurentoWebSocketTransport WebSocketTransport.cpp:462:processMessage:[00m Response: {"error":{"code":40101,"data":{"type":"MEDIA_OBJECT_NOT_FOUND"},"message":"Object '66243add-4692-437c-89c5-ea1bf1ed5585_kurento.MediaPipeline/03b5e2a4-1ad1-446e-890f-40aa84bc0350_kurento.WebRtcEndpoint' not found"},"id":671,"jsonrpc":"2.0"}
1:01:35.624038947 [331m   24[00m 0x7fe6bc001f60 [37mDEBUG  [00m [00mKurentoWebSocketTransport WebSocketTransport.cpp:460:processMessage:[00m Message: {"jsonrpc":"2.0","method":"invoke","params":{"object":"66243add-4692-437c-89c5-ea1bf1ed5585_kurento.MediaPipeline/03b5e2a4-1ad1-446e-890f-40aa84bc0350_kurento.WebRtcEndpoint","operation":"addIceCandidate","operationParams":{"candidate":{"candidate":"candidate:7 2 TCP 2105524478 172.17.16.1 9 typ host tcptype active","sdpMid":"0","sdpMLineIndex":0,"__module__":"kurento","__type__":"IceCandidate"}},"sessionId":"aba633f6-8a99-417a-b26c-8713250bbf50"},"id":672}
1:01:35.624335666 [331m   24[00m 0x7fe6bc001f60 [37mDEBUG  [00m [00mKurentoWebSocketTransport WebSocketTransport.cpp:462:processMessage:[00m Response: {"error":{"code":40101,"data":{"type":"MEDIA_OBJECT_NOT_FOUND"},"message":"Object '66243add-4692-437c-89c5-ea1bf1ed5585_kurento.MediaPipeline/03b5e2a4-1ad1-446e-890f-40aa84bc0350_kurento.WebRtcEndpoint' not found"},"id":672,"jsonrpc":"2.0"}
1:01:35.627195719 [331m   24[00m 0x7fe6f8001d80 [37mDEBUG  [00m [00mKurentoWebSocketTransport WebSocketTransport.cpp:460:processMessage:[00m Message: {"jsonrpc":"2.0","method":"subscribe","params":{"object":"66243add-4692-437c-89c5-ea1bf1ed5585_kurento.MediaPipeline/9ff48c0b-29d6-476e-9734-a5be1efed44d_kurento.WebRtcEndpoint","type":"OnIceCandidate","sessionId":"aba633f6-8a99-417a-b26c-8713250bbf50"},"id":673}
1:01:35.627488122 [331m   24[00m 0x7fe6f8001d80 [37mDEBUG  [00m [00mKurentoWebSocketTransport WebSocketTransport.cpp:462:processMessage:[00m Response: {"id":673,"jsonrpc":"2.0","result":{"sessionId":"aba633f6-8a99-417a-b26c-8713250bbf50","value":"73b58e2b-204e-4667-8cdc-3e2570d1b5d3"}}
1:01:35.628620368 [331m   24[00m 0x7fe6b0001f00 [37mDEBUG  [00m [00mKurentoWebSocketTransport WebSocketTransport.cpp:460:processMessage:[00m Message: {"jsonrpc":"2.0","method":"invoke","params":{"object":"66243add-4692-437c-89c5-ea1bf1ed5585_kurento.MediaPipeline/9ff48c0b-29d6-476e-9734-a5be1efed44d_kurento.WebRtcEndpoint","operation":"processOffer","operationParams":{"offer":"v=0\r\no=mozilla...THIS_IS_SDPARTA-86.0.1 8029367730713843374 0 IN IP4 0.0.0.0\r\ns=-\r\nt=0 0\r\na=sendrecv\r\na=fingerprint:sha-256 13:3F:C8:E3:BE:7A:8A:5A:D6:2D:6A:60:27:B2:DF:D1:3C:2B:9D:DB:10:9F:C5:F2:89:66:B8:6E:D0:0E:D4:9B\r\na=group:BUNDLE 0\r\na=ice-options:trickle\r\na=msid-semantic:WMS *\r\nm=audio 9 UDP/TLS/RTP/SAVPF 109 9 0 8 101\r\nc=IN IP4 0.0.0.0\r\na=sendonly\r\na=extmap:1 urn:ietf:params:rtp-hdrext:ssrc-audio-level\r\na=extmap:2/recvonly urn:ietf:params:rtp-hdrext:csrc-audio-level\r\na=extmap:3 urn:ietf:params:rtp-hdrext:sdes:mid\r\na=fmtp:109 maxplaybackrate=48000;stereo=1;useinbandfec=1\r\na=fmtp:101 0-15\r\na=ice-pwd:a2f6f57f281f2295533a28a45ba21bf8\r\na=ice-ufrag:1045e099\r\na=mid:0\r\na=msid:{c68f0de5-c8fa-4112-a537-249995dc381a} {dc6bc6bf-c057-4bd4-b743-2cf73b4ec2ca}\r\na=rtcp-mux\r\na=rtpmap:109 opus/48000/2\r\na=rtpmap:9 G722/8000/1\r\na=rtpmap:0 PCMU/8000\r\na=rtpmap:8 PCMA/8000\r\na=rtpmap:101 telephone-event/8000\r\na=setup:actpass\r\na=ssrc:3920555944 cname:{e221e8ca-1296-419f-905a-19bc45137799}\r\n"},"sessionId":"aba633f6-8a99-417a-b26c-8713250bbf50"},"id":674}
1:01:35.635114034 [331m   24[00m 0x7fe6b0001f00 [37mDEBUG  [00m [00mKurentoWebSocketTransport WebSocketTransport.cpp:462:processMessage:[00m Response: {"id":674,"jsonrpc":"2.0","result":{"sessionId":"aba633f6-8a99-417a-b26c-8713250bbf50","value":"v=0\r\no=- 3826593171 3826593171 IN IP4 0.0.0.0\r\ns=Kurento Media Server\r\nc=IN IP4 0.0.0.0\r\nt=0 0\r\na=sendrecv:\r\na=fingerprint:sha-256 13:3F:C8:E3:BE:7A:8A:5A:D6:2D:6A:60:27:B2:DF:D1:3C:2B:9D:DB:10:9F:C5:F2:89:66:B8:6E:D0:0E:D4:9B\r\na=ice-options:trickle\r\na=msid-semantic:WMS *\r\na=group:BUNDLE 0\r\nm=audio 1 UDP/TLS/RTP/SAVPF 109 0\r\na=recvonly\r\na=mid:0\r\na=rtcp:9 IN IP4 0.0.0.0\r\na=rtpmap:109 opus/48000/2\r\na=rtpmap:0 PCMU/8000\r\na=fmtp:109 maxplaybackrate=48000;stereo=1;useinbandfec=1\r\na=rtcp-mux\r\na=setup:active\r\na=ssrc:2433140287 cname:user1945848510@host-63fe55b\r\na=ice-ufrag:9/u6\r\na=ice-pwd:S2MzsNKI7RowS2e/aB71MK\r\na=fingerprint:sha-256 17:9B:F3:62:90:51:C9:3B:6C:B0:6D:37:A9:F8:B4:48:94:7D:68:66:01:BE:AA:30:08:D0:09:9C:9A:F8:E4:18\r\n"}}
1:01:35.677898865 [331m   24[00m 0x7fe6e4001c60 [37mDEBUG  [00m [00mKurentoWebSocketTransport WebSocketTransport.cpp:460:processMessage:[00m Message: {"jsonrpc":"2.0","method":"invoke","params":{"object":"66243add-4692-437c-89c5-ea1bf1ed5585_kurento.MediaPipeline/9ff48c0b-29d6-476e-9734-a5be1efed44d_kurento.WebRtcEndpoint","operation":"gatherCandidates","sessionId":"aba633f6-8a99-417a-b26c-8713250bbf50"},"id":675}
1:01:35.685347539 [331m   24[00m 0x7fe690001790 [37mDEBUG  [00m [00mKurentoWebSocketEventHandler WebSocketEventHandler.cpp:56:sendEvent:[00m Sending event: {"jsonrpc":"2.0","method":"onEvent","params":{"value":{"data":{"candidate":{"__module__":"kurento","__type__":"IceCandidate","candidate":"candidate:5 1 UDP 2013266431 172.18.0.12 10042 typ host","sdpMLineIndex":0,"sdpMid":"0"},"source":"66243add-4692-437c-89c5-ea1bf1ed5585_kurento.MediaPipeline/9ff48c0b-29d6-476e-9734-a5be1efed44d_kurento.WebRtcEndpoint","tags":[],"timestamp":"1617604371","timestampMillis":"1617604371606","type":"OnIceCandidate"},"object":"66243add-4692-437c-89c5-ea1bf1ed5585_kurento.MediaPipeline/9ff48c0b-29d6-476e-9734-a5be1efed44d_kurento.WebRtcEndpoint","type":"OnIceCandidate"}}}, sessionId: aba633f6-8a99-417a-b26c-8713250bbf50
1:01:35.685472654 [331m   24[00m 0x7fe690001790 [37mDEBUG  [00m [00mKurentoWebSocketEventHandler WebSocketEventHandler.cpp:56:sendEvent:[00m Sending event: {"jsonrpc":"2.0","method":"onEvent","params":{"value":{"data":{"candidate":{"__module__":"kurento","__type__":"IceCandidate","candidate":"candidate:6 1 TCP 1015021823 172.18.0.12 9 typ host tcptype active","sdpMLineIndex":0,"sdpMid":"0"},"source":"66243add-4692-437c-89c5-ea1bf1ed5585_kurento.MediaPipeline/9ff48c0b-29d6-476e-9734-a5be1efed44d_kurento.WebRtcEndpoint","tags":[],"timestamp":"1617604371","timestampMillis":"1617604371606","type":"OnIceCandidate"},"object":"66243add-4692-437c-89c5-ea1bf1ed5585_kurento.MediaPipeline/9ff48c0b-29d6-476e-9734-a5be1efed44d_kurento.WebRtcEndpoint","type":"OnIceCandidate"}}}, sessionId: aba633f6-8a99-417a-b26c-8713250bbf50
1:01:35.685547672 [331m   24[00m 0x7fe690001790 [37mDEBUG  [00m [00mKurentoWebSocketEventHandler WebSocketEventHandler.cpp:56:sendEvent:[00m Sending event: {"jsonrpc":"2.0","method":"onEvent","params":{"value":{"data":{"candidate":{"__module__":"kurento","__type__":"IceCandidate","candidate":"candidate:9 1 TCP 1010827519 172.18.0.12 10066 typ host tcptype passive","sdpMLineIndex":0,"sdpMid":"0"},"source":"66243add-4692-437c-89c5-ea1bf1ed5585_kurento.MediaPipeline/9ff48c0b-29d6-476e-9734-a5be1efed44d_kurento.WebRtcEndpoint","tags":[],"timestamp":"1617604371","timestampMillis":"1617604371606","type":"OnIceCandidate"},"object":"66243add-4692-437c-89c5-ea1bf1ed5585_kurento.MediaPipeline/9ff48c0b-29d6-476e-9734-a5be1efed44d_kurento.WebRtcEndpoint","type":"OnIceCandidate"}}}, sessionId: aba633f6-8a99-417a-b26c-8713250bbf50
1:01:35.685661396 [331m   24[00m 0x7fe690001790 [37mDEBUG  [00m [00mKurentoWebSocketEventHandler WebSocketEventHandler.cpp:56:sendEvent:[00m Sending event: {"jsonrpc":"2.0","method":"onEvent","params":{"value":{"data":{"candidate":{"__module__":"kurento","__type__":"IceCandidate","candidate":"candidate:5 2 UDP 2013266430 172.18.0.12 10054 typ host","sdpMLineIndex":0,"sdpMid":"0"},"source":"66243add-4692-437c-89c5-ea1bf1ed5585_kurento.MediaPipeline/9ff48c0b-29d6-476e-9734-a5be1efed44d_kurento.WebRtcEndpoint","tags":[],"timestamp":"1617604371","timestampMillis":"1617604371607","type":"OnIceCandidate"},"object":"66243add-4692-437c-89c5-ea1bf1ed5585_kurento.MediaPipeline/9ff48c0b-29d6-476e-9734-a5be1efed44d_kurento.WebRtcEndpoint","type":"OnIceCandidate"}}}, sessionId: aba633f6-8a99-417a-b26c-8713250bbf50
1:01:35.685774431 [331m   24[00m 0x7fe690001790 [37mDEBUG  [00m [00mKurentoWebSocketEventHandler WebSocketEventHandler.cpp:56:sendEvent:[00m Sending event: {"jsonrpc":"2.0","method":"onEvent","params":{"value":{"data":{"candidate":{"__module__":"kurento","__type__":"IceCandidate","candidate":"candidate:6 2 TCP 1015021822 172.18.0.12 9 typ host tcptype active","sdpMLineIndex":0,"sdpMid":"0"},"source":"66243add-4692-437c-89c5-ea1bf1ed5585_kurento.MediaPipeline/9ff48c0b-29d6-476e-9734-a5be1efed44d_kurento.WebRtcEndpoint","tags":[],"timestamp":"1617604371","timestampMillis":"1617604371607","type":"OnIceCandidate"},"object":"66243add-4692-437c-89c5-ea1bf1ed5585_kurento.MediaPipeline/9ff48c0b-29d6-476e-9734-a5be1efed44d_kurento.WebRtcEndpoint","type":"OnIceCandidate"}}}, sessionId: aba633f6-8a99-417a-b26c-8713250bbf50
1:01:35.685884032 [331m   24[00m 0x7fe690001790 [37mDEBUG  [00m [00mKurentoWebSocketEventHandler WebSocketEventHandler.cpp:56:sendEvent:[00m Sending event: {"jsonrpc":"2.0","method":"onEvent","params":{"value":{"data":{"candidate":{"__module__":"kurento","__type__":"IceCandidate","candidate":"candidate:9 2 TCP 1010827518 172.18.0.12 10017 typ host tcptype passive","sdpMLineIndex":0,"sdpMid":"0"},"source":"66243add-4692-437c-89c5-ea1bf1ed5585_kurento.MediaPipeline/9ff48c0b-29d6-476e-9734-a5be1efed44d_kurento.WebRtcEndpoint","tags":[],"timestamp":"1617604371","timestampMillis":"1617604371607","type":"OnIceCandidate"},"object":"66243add-4692-437c-89c5-ea1bf1ed5585_kurento.MediaPipeline/9ff48c0b-29d6-476e-9734-a5be1efed44d_kurento.WebRtcEndpoint","type":"OnIceCandidate"}}}, sessionId: aba633f6-8a99-417a-b26c-8713250bbf50
1:01:35.686008276 [331m   24[00m 0x7fe6e4001c60 [37mDEBUG  [00m [00mKurentoWebSocketTransport WebSocketTransport.cpp:462:processMessage:[00m Response: {"id":675,"jsonrpc":"2.0","result":{"sessionId":"aba633f6-8a99-417a-b26c-8713250bbf50","value":null}}
1:01:35.686050531 [331m   24[00m 0x7fe6e4001c60 [37mDEBUG  [00m [00mKurentoWebSocketTransport WebSocketTransport.cpp:460:processMessage:[00m Message: {"jsonrpc":"2.0","method":"create","params":{"type":"RecorderEndpoint","constructorParams":{"mediaPipeline":"66243add-4692-437c-89c5-ea1bf1ed5585_kurento.MediaPipeline","mediaProfile":"WEBM_AUDIO_ONLY","uri":"file://var/log/media_logs/4188/4188_2021_04_05_13_32_eey3krkn47vlak.webm"},"properties":{},"sessionId":"aba633f6-8a99-417a-b26c-8713250bbf50"},"id":676}
1:01:35.687401256 [331m   24[00m 0x7fe6e4001c60 [36mINFO   [00m [00mKurentoRecorderEndpointImpl RecorderEndpointImpl.cpp:105:RecorderEndpointImpl:[00m Set WEBM AUDIO ONLY profile
1:01:35.687578551 [331m   24[00m 0x7fe6e4001c60 [37mDEBUG  [00m [00mKurentoWebSocketTransport WebSocketTransport.cpp:462:processMessage:[00m Response: {"id":676,"jsonrpc":"2.0","result":{"sessionId":"aba633f6-8a99-417a-b26c-8713250bbf50","value":"66243add-4692-437c-89c5-ea1bf1ed5585_kurento.MediaPipeline/ef9a9614-4d10-4b51-bcef-323a44922ae3_kurento.RecorderEndpoint"}}
1:01:35.687749181 [331m   24[00m 0x7fe6b4001840 [37mDEBUG  [00m [00mKurentoWebSocketTransport WebSocketTransport.cpp:460:processMessage:[00m Message: {"jsonrpc":"2.0","method":"subscribe","params":{"object":"66243add-4692-437c-89c5-ea1bf1ed5585_kurento.MediaPipeline/9ff48c0b-29d6-476e-9734-a5be1efed44d_kurento.WebRtcEndpoint","type":"ConnectionStateChanged","sessionId":"aba633f6-8a99-417a-b26c-8713250bbf50"},"id":677}
1:01:35.687919990 [331m   24[00m 0x7fe6b4001840 [37mDEBUG  [00m [00mKurentoWebSocketTransport WebSocketTransport.cpp:462:processMessage:[00m Response: {"id":677,"jsonrpc":"2.0","result":{"sessionId":"aba633f6-8a99-417a-b26c-8713250bbf50","value":"2aec3eed-5352-405a-9ea9-b38b4f946536"}}
1:01:35.687940629 [331m   24[00m 0x7fe6b4001840 [37mDEBUG  [00m [00mKurentoWebSocketTransport WebSocketTransport.cpp:460:processMessage:[00m Message: {"jsonrpc":"2.0","method":"invoke","params":{"object":"66243add-4692-437c-89c5-ea1bf1ed5585_kurento.MediaPipeline/9ff48c0b-29d6-476e-9734-a5be1efed44d_kurento.WebRtcEndpoint","operation":"connect","operationParams":{"sink":"66243add-4692-437c-89c5-ea1bf1ed5585_kurento.MediaPipeline/81cbc7f8-b7cc-4c46-9e6a-9ce1f6a7d997_datachannelexample.KmsSendData"},"sessionId":"aba633f6-8a99-417a-b26c-8713250bbf50"},"id":678}
1:01:35.688023889 [331m   24[00m 0x7fe6b4001840 [37mDEBUG  [00m [00mKurentoMediaElementImpl MediaElementImpl.cpp:902:connect:[00m Connecting 66243add-4692-437c-89c5-ea1bf1ed5585_kurento.MediaPipeline/9ff48c0b-29d6-476e-9734-a5be1efed44d_kurento.WebRtcEndpoint -> 66243add-4692-437c-89c5-ea1bf1ed5585_kurento.MediaPipeline/81cbc7f8-b7cc-4c46-9e6a-9ce1f6a7d997_datachannelexample.KmsSendData params AUDIO default default
1:01:35.688106290 [331m   24[00m 0x7fe6b4001840 [37mDEBUG  [00m [00mKurentoMediaElementImpl MediaElementImpl.cpp:902:connect:[00m Connecting 66243add-4692-437c-89c5-ea1bf1ed5585_kurento.MediaPipeline/9ff48c0b-29d6-476e-9734-a5be1efed44d_kurento.WebRtcEndpoint -> 66243add-4692-437c-89c5-ea1bf1ed5585_kurento.MediaPipeline/81cbc7f8-b7cc-4c46-9e6a-9ce1f6a7d997_datachannelexample.KmsSendData params VIDEO default default
1:01:35.688144464 [331m   24[00m 0x7fe6b4001840 [37mDEBUG  [00m [00mKurentoMediaElementImpl MediaElementImpl.cpp:902:connect:[00m Connecting 66243add-4692-437c-89c5-ea1bf1ed5585_kurento.MediaPipeline/9ff48c0b-29d6-476e-9734-a5be1efed44d_kurento.WebRtcEndpoint -> 66243add-4692-437c-89c5-ea1bf1ed5585_kurento.MediaPipeline/81cbc7f8-b7cc-4c46-9e6a-9ce1f6a7d997_datachannelexample.KmsSendData params DATA default default
1:01:35.688256440 [331m   24[00m 0x7fe6b4001840 [37mDEBUG  [00m [00mKurentoWebSocketTransport WebSocketTransport.cpp:462:processMessage:[00m Response: {"id":678,"jsonrpc":"2.0","result":{"sessionId":"aba633f6-8a99-417a-b26c-8713250bbf50","value":null}}
1:01:35.691426312 [331m   24[00m 0x7fe6bc001600 [37mDEBUG  [00m [00mKurentoWebSocketTransport WebSocketTransport.cpp:460:processMessage:[00m Message: {"jsonrpc":"2.0","method":"invoke","params":{"object":"66243add-4692-437c-89c5-ea1bf1ed5585_kurento.MediaPipeline/62a41163-47a4-4110-9ffa-f8c27825468b_kurento.RecorderEndpoint","operation":"stop","sessionId":"aba633f6-8a99-417a-b26c-8713250bbf50"},"id":679}
1:01:35.691987793 [331m   24[00m 0x7fe6bc001600 [37mDEBUG  [00m [00mKurentoWebSocketTransport WebSocketTransport.cpp:462:processMessage:[00m Response: {"id":679,"jsonrpc":"2.0","result":{"sessionId":"aba633f6-8a99-417a-b26c-8713250bbf50","value":null}}
1:01:35.692114954 [331m   24[00m 0x7fe6bc001600 [37mDEBUG  [00m [00mKurentoWebSocketTransport WebSocketTransport.cpp:460:processMessage:[00m Message: {"jsonrpc":"2.0","method":"invoke","params":{"object":"66243add-4692-437c-89c5-ea1bf1ed5585_kurento.MediaPipeline/81cbc7f8-b7cc-4c46-9e6a-9ce1f6a7d997_datachannelexample.KmsSendData","operation":"connect","operationParams":{"sink":"66243add-4692-437c-89c5-ea1bf1ed5585_kurento.MediaPipeline/ef9a9614-4d10-4b51-bcef-323a44922ae3_kurento.RecorderEndpoint","mediaType":"AUDIO"},"sessionId":"aba633f6-8a99-417a-b26c-8713250bbf50"},"id":680}
1:01:35.692232567 [331m   24[00m 0x7fe6bc001600 [37mDEBUG  [00m [00mKurentoMediaElementImpl MediaElementImpl.cpp:902:connect:[00m Connecting 66243add-4692-437c-89c5-ea1bf1ed5585_kurento.MediaPipeline/81cbc7f8-b7cc-4c46-9e6a-9ce1f6a7d997_datachannelexample.KmsSendData -> 66243add-4692-437c-89c5-ea1bf1ed5585_kurento.MediaPipeline/ef9a9614-4d10-4b51-bcef-323a44922ae3_kurento.RecorderEndpoint params AUDIO default default
1:01:35.692483188 [331m   24[00m 0x7fe6bc001600 [37mDEBUG  [00m [00mKurentoWebSocketTransport WebSocketTransport.cpp:462:processMessage:[00m Response: {"id":680,"jsonrpc":"2.0","result":{"sessionId":"aba633f6-8a99-417a-b26c-8713250bbf50","value":null}}
1:01:35.711901186 [331m   24[00m 0x7fe6540032d0 [37mDEBUG  [00m [00mKurentoRecorderEndpointImpl RecorderEndpointImpl.cpp:168:onStateChanged:<kmsrecorderendpoint2>[00m State changed to Stopped
1:01:35.734311349 [331m   24[00m 0x7fe6f8001d80 [37mDEBUG  [00m [00mKurentoWebSocketTransport WebSocketTransport.cpp:460:processMessage:[00m Message: {"jsonrpc":"2.0","method":"invoke","params":{"object":"66243add-4692-437c-89c5-ea1bf1ed5585_kurento.MediaPipeline/ef9a9614-4d10-4b51-bcef-323a44922ae3_kurento.RecorderEndpoint","operation":"record","sessionId":"aba633f6-8a99-417a-b26c-8713250bbf50"},"id":681}
1:01:35.737181665 [331m   24[00m 0x7fe6f8001d80 [37mDEBUG  [00m [00mKurentoWebSocketTransport WebSocketTransport.cpp:462:processMessage:[00m Response: {"id":681,"jsonrpc":"2.0","result":{"sessionId":"aba633f6-8a99-417a-b26c-8713250bbf50","value":null}}
1:01:35.774126867 [331m   24[00m 0x7fe690001790 [37mDEBUG  [00m [00mKurentoWebSocketEventHandler WebSocketEventHandler.cpp:56:sendEvent:[00m Sending event: {"jsonrpc":"2.0","method":"onEvent","params":{"value":{"data":{"candidate":{"__module__":"kurento","__type__":"IceCandidate","candidate":"candidate:10 1 UDP 1677722111 203.151.66.107 10042 typ srflx raddr 172.18.0.12 rport 10042","sdpMLineIndex":0,"sdpMid":"0"},"source":"66243add-4692-437c-89c5-ea1bf1ed5585_kurento.MediaPipeline/9ff48c0b-29d6-476e-9734-a5be1efed44d_kurento.WebRtcEndpoint","tags":[],"timestamp":"1617604371","timestampMillis":"1617604371695","type":"OnIceCandidate"},"object":"66243add-4692-437c-89c5-ea1bf1ed5585_kurento.MediaPipeline/9ff48c0b-29d6-476e-9734-a5be1efed44d_kurento.WebRtcEndpoint","type":"OnIceCandidate"}}}, sessionId: aba633f6-8a99-417a-b26c-8713250bbf50
1:01:35.774347291 [331m   24[00m 0x7fe690001790 [37mDEBUG  [00m [00mKurentoWebSocketEventHandler WebSocketEventHandler.cpp:56:sendEvent:[00m Sending event: {"jsonrpc":"2.0","method":"onEvent","params":{"value":{"data":{"candidate":{"__module__":"kurento","__type__":"IceCandidate","candidate":"candidate:11 1 TCP 847249663 203.151.66.107 9 typ srflx raddr 172.18.0.12 rport 9 tcptype active","sdpMLineIndex":0,"sdpMid":"0"},"source":"66243add-4692-437c-89c5-ea1bf1ed5585_kurento.MediaPipeline/9ff48c0b-29d6-476e-9734-a5be1efed44d_kurento.WebRtcEndpoint","tags":[],"timestamp":"1617604371","timestampMillis":"1617604371695","type":"OnIceCandidate"},"object":"66243add-4692-437c-89c5-ea1bf1ed5585_kurento.MediaPipeline/9ff48c0b-29d6-476e-9734-a5be1efed44d_kurento.WebRtcEndpoint","type":"OnIceCandidate"}}}, sessionId: aba633f6-8a99-417a-b26c-8713250bbf50
1:01:35.774438274 [331m   24[00m 0x7fe690001790 [37mDEBUG  [00m [00mKurentoWebSocketEventHandler WebSocketEventHandler.cpp:56:sendEvent:[00m Sending event: {"jsonrpc":"2.0","method":"onEvent","params":{"value":{"data":{"candidate":{"__module__":"kurento","__type__":"IceCandidate","candidate":"candidate:12 1 TCP 843055359 203.151.66.107 10066 typ srflx raddr 172.18.0.12 rport 10066 tcptype passive","sdpMLineIndex":0,"sdpMid":"0"},"source":"66243add-4692-437c-89c5-ea1bf1ed5585_kurento.MediaPipeline/9ff48c0b-29d6-476e-9734-a5be1efed44d_kurento.WebRtcEndpoint","tags":[],"timestamp":"1617604371","timestampMillis":"1617604371695","type":"OnIceCandidate"},"object":"66243add-4692-437c-89c5-ea1bf1ed5585_kurento.MediaPipeline/9ff48c0b-29d6-476e-9734-a5be1efed44d_kurento.WebRtcEndpoint","type":"OnIceCandidate"}}}, sessionId: aba633f6-8a99-417a-b26c-8713250bbf50
1:01:35.852328500 [331m   24[00m 0x7fe6ec001b20 [37mDEBUG  [00m [00mKurentoWebSocketTransport WebSocketTransport.cpp:460:processMessage:[00m Message: {"jsonrpc":"2.0","method":"invoke","params":{"object":"66243add-4692-437c-89c5-ea1bf1ed5585_kurento.MediaPipeline/9ff48c0b-29d6-476e-9734-a5be1efed44d_kurento.WebRtcEndpoint","operation":"addIceCandidate","operationParams":{"candidate":{"candidate":"candidate:2 1 UDP 1685987071 202.29.24.207 58984 typ srflx raddr 10.13.201.10 rport 58984","sdpMid":"0","sdpMLineIndex":0,"__module__":"kurento","__type__":"IceCandidate"}},"sessionId":"aba633f6-8a99-417a-b26c-8713250bbf50"},"id":682}
1:01:35.853034089 [331m   24[00m 0x7fe6ec001b20 [37mDEBUG  [00m [00mKurentoWebSocketTransport WebSocketTransport.cpp:462:processMessage:[00m Response: {"id":682,"jsonrpc":"2.0","result":{"sessionId":"aba633f6-8a99-417a-b26c-8713250bbf50","value":null}}
1:01:35.889507827 [331m   24[00m 0x7fe680002b70 [37mDEBUG  [00m [00mKurentoWebRtcEndpointImpl WebRtcEndpointImpl.cpp:292:newSelectedPairFull:<kmswebrtcendpoint37>[00m New candidate pair selected, local: 'candidate:10 1 UDP 1677722111 203.151.66.107 10042 typ srflx raddr 172.18.0.12 rport 10042', remote: 'candidate:2 1 UDP 1685987071 202.29.24.207 58984 typ srflx raddr 10.13.201.10 rport 58984', stream_id: '1', component_id: 1
1:01:35.919942387 [331m   24[00m 0x7fe6b4001840 [37mDEBUG  [00m [00mKurentoWebSocketTransport WebSocketTransport.cpp:460:processMessage:[00m Message: {"jsonrpc":"2.0","method":"invoke","params":{"object":"66243add-4692-437c-89c5-ea1bf1ed5585_kurento.MediaPipeline/9ff48c0b-29d6-476e-9734-a5be1efed44d_kurento.WebRtcEndpoint","operation":"addIceCandidate","operationParams":{"candidate":{"candidate":"candidate:2 2 UDP 1685987070 202.29.24.207 58986 typ srflx raddr 10.13.201.10 rport 58986","sdpMid":"0","sdpMLineIndex":0,"__module__":"kurento","__type__":"IceCandidate"}},"sessionId":"aba633f6-8a99-417a-b26c-8713250bbf50"},"id":683}
1:01:35.920585952 [331m   24[00m 0x7fe6b4001840 [37mDEBUG  [00m [00mKurentoWebSocketTransport WebSocketTransport.cpp:462:processMessage:[00m Response: {"id":683,"jsonrpc":"2.0","result":{"sessionId":"aba633f6-8a99-417a-b26c-8713250bbf50","value":null}}
1:01:36.669978913 [331m   24[00m 0x7fe690001790 [37mDEBUG  [00m [00mKurentoWebSocketEventHandler WebSocketEventHandler.cpp:56:sendEvent:[00m Sending event: {"jsonrpc":"2.0","method":"onEvent","params":{"value":{"data":{"newState":"CONNECTED","oldState":"DISCONNECTED","source":"66243add-4692-437c-89c5-ea1bf1ed5585_kurento.MediaPipeline/9ff48c0b-29d6-476e-9734-a5be1efed44d_kurento.WebRtcEndpoint","tags":[],"timestamp":"1617604372","timestampMillis":"1617604372591","type":"ConnectionStateChanged"},"object":"66243add-4692-437c-89c5-ea1bf1ed5585_kurento.MediaPipeline/9ff48c0b-29d6-476e-9734-a5be1efed44d_kurento.WebRtcEndpoint","type":"ConnectionStateChanged"}}}, sessionId: aba633f6-8a99-417a-b26c-8713250bbf50
1:01:36.682959572 [331m   24[00m 0x7fe6fc007980 [37mDEBUG  [00m [00mKurentoWebSocketTransport WebSocketTransport.cpp:460:processMessage:[00m Message: {"jsonrpc":"2.0","method":"create","params":{"type":"WebRtcEndpoint","constructorParams":{"mediaPipeline":"66243add-4692-437c-89c5-ea1bf1ed5585_kurento.MediaPipeline","useDataChannels":true},"properties":{},"sessionId":"aba633f6-8a99-417a-b26c-8713250bbf50"},"id":684}
1:01:36.684364202 [331m   24[00m 0x7fe6fc007980 [36mINFO   [00m [00mKurentoWebRtcEndpointImpl WebRtcEndpointImpl.cpp:96:remove_not_supported_codecs_from_array:<kmswebrtcendpoint38>[00m Removing not supported codec 'AMR/8000'
1:01:36.684424239 [331m   24[00m 0x7fe6fc007980 [36mINFO   [00m [00mKurentoWebRtcEndpointImpl WebRtcEndpointImpl.cpp:465:WebRtcEndpointImpl:[00m Using STUN reflexive server IP: 203.183.172.196
1:01:36.684432487 [331m   24[00m 0x7fe6fc007980 [36mINFO   [00m [00mKurentoWebRtcEndpointImpl WebRtcEndpointImpl.cpp:466:WebRtcEndpointImpl:[00m Using STUN reflexive server Port: 3478
1:01:36.684467907 [331m   24[00m 0x7fe6fc007980 [36mINFO   [00m [00mKurentoWebRtcEndpointImpl WebRtcEndpointImpl.cpp:487:WebRtcEndpointImpl:[00m TURN server IP address not found in config; NAT traversal requires either STUN or TURN server
1:01:36.684791989 [331m   24[00m 0x7fe6fc007980 [37mDEBUG  [00m [00mKurentoWebSocketTransport WebSocketTransport.cpp:462:processMessage:[00m Response: {"id":684,"jsonrpc":"2.0","result":{"sessionId":"aba633f6-8a99-417a-b26c-8713250bbf50","value":"66243add-4692-437c-89c5-ea1bf1ed5585_kurento.MediaPipeline/d0690040-9cb3-451d-b4bf-5469f46a6571_kurento.WebRtcEndpoint"}}
1:01:36.686278782 [331m   24[00m 0x7fe704001840 [37mDEBUG  [00m [00mKurentoWebSocketTransport WebSocketTransport.cpp:460:processMessage:[00m Message: {"jsonrpc":"2.0","method":"subscribe","params":{"object":"66243add-4692-437c-89c5-ea1bf1ed5585_kurento.MediaPipeline/d0690040-9cb3-451d-b4bf-5469f46a6571_kurento.WebRtcEndpoint","type":"OnIceCandidate","sessionId":"aba633f6-8a99-417a-b26c-8713250bbf50"},"id":685}
1:01:36.686512780 [331m   24[00m 0x7fe704001840 [37mDEBUG  [00m [00mKurentoWebSocketTransport WebSocketTransport.cpp:462:processMessage:[00m Response: {"id":685,"jsonrpc":"2.0","result":{"sessionId":"aba633f6-8a99-417a-b26c-8713250bbf50","value":"3231e3ae-e783-4689-a24b-fcd4625023fa"}}
1:01:36.686665809 [331m   24[00m 0x7fe6b0001f00 [37mDEBUG  [00m [00mKurentoWebSocketTransport WebSocketTransport.cpp:460:processMessage:[00m Message: {"jsonrpc":"2.0","method":"invoke","params":{"object":"66243add-4692-437c-89c5-ea1bf1ed5585_kurento.MediaPipeline/d0690040-9cb3-451d-b4bf-5469f46a6571_kurento.WebRtcEndpoint","operation":"processOffer","operationParams":{"offer":"v=0\r\no=mozilla...THIS_IS_SDPARTA-72.0.2 3163923795535367777 0 IN IP4 0.0.0.0\r\ns=-\r\nt=0 0\r\na=fingerprint:sha-256 0F:1A:68:F3:65:6A:8A:31:24:4E:95:C8:EE:19:FB:CD:E9:60:14:62:AC:25:22:19:F6:35:18:6D:64:B1:4C:7E\r\na=group:BUNDLE 0 1\r\na=ice-options:trickle\r\na=msid-semantic:WMS *\r\nm=video 9 UDP/TLS/RTP/SAVPF 120 121 126 97\r\nc=IN IP4 0.0.0.0\r\na=recvonly\r\na=extmap:3 urn:ietf:params:rtp-hdrext:sdes:mid\r\na=extmap:4 http://www.webrtc.org/experiments/rtp-hdrext/abs-send-time\r\na=extmap:5 urn:ietf:params:rtp-hdrext:toffset\r\na=extmap:6/recvonly http://www.webrtc.org/experiments/rtp-hdrext/playout-delay\r\na=fmtp:126 profile-level-id=42e01f;level-asymmetry-allowed=1;packetization-mode=1\r\na=fmtp:97 profile-level-id=42e01f;level-asymmetry-allowed=1\r\na=fmtp:120 max-fs=12288;max-fr=60\r\na=fmtp:121 max-fs=12288;max-fr=60\r\na=ice-pwd:859a8382a315f3e192b3c3d929dfd360\r\na=ice-ufrag:7b2455e7\r\na=mid:0\r\na=rtcp-fb:120 nack\r\na=rtcp-fb:120 nack pli\r\na=rtcp-fb:120 ccm fir\r\na=rtcp-fb:120 goog-remb\r\na=rtcp-fb:121 nack\r\na=rtcp-fb:121 nack pli\r\na=rtcp-fb:121 ccm fir\r\na=rtcp-fb:121 goog-remb\r\na=rtcp-fb:126 nack\r\na=rtcp-fb:126 nack pli\r\na=rtcp-fb:126 ccm fir\r\na=rtcp-fb:126 goog-remb\r\na=rtcp-fb:97 nack\r\na=rtcp-fb:97 nack pli\r\na=rtcp-fb:97 ccm fir\r\na=rtcp-fb:97 goog-remb\r\na=rtcp-mux\r\na=rtpmap:120 VP8/90000\r\na=rtpmap:121 VP9/90000\r\na=rtpmap:126 H264/90000\r\na=rtpmap:97 H264/90000\r\na=setup:actpass\r\na=ssrc:360670565 cname:{e01d0874-5308-402a-9491-36d9d1bb8372}\r\nm=audio 9 UDP/TLS/RTP/SAVPF 109 9 0 8 101\r\nc=IN IP4 0.0.0.0\r\na=recvonly\r\na=extmap:1 urn:ietf:params:rtp-hdrext:ssrc-audio-level\r\na=extmap:2/recvonly urn:ietf:params:rtp-hdrext:csrc-audio-level\r\na=extmap:3 urn:ietf:params:rtp-hdrext:sdes:mid\r\na=fmtp:109 maxplaybackrate=48000;stereo=1;useinbandfec=1\r\na=fmtp:101 0-15\r\na=ice-pwd:859a8382a315f3e192b3c3d929dfd360\r\na=ice-ufrag:7b2455e7\r\na=mid:1\r\na=rtcp-mux\r\na=rtpmap:109 opus/48000/2\r\na=rtpmap:9 G722/8000/1\r\na=rtpmap:0 PCMU/8000\r\na=rtpmap:8 PCMA/8000\r\na=rtpmap:101 telephone-event/8000/1\r\na=setup:actpass\r\na=ssrc:3676287737 cname:{e01d0874-5308-402a-9491-36d9d1bb8372}\r\n"},"sessionId":"aba633f6-8a99-417a-b26c-8713250bbf50"},"id":686}
1:01:36.692713574 [331m   24[00m 0x7fe6b0001f00 [37mDEBUG  [00m [00mKurentoWebSocketTransport WebSocketTransport.cpp:462:processMessage:[00m Response: {"id":686,"jsonrpc":"2.0","result":{"sessionId":"aba633f6-8a99-417a-b26c-8713250bbf50","value":"v=0\r\no=- 3826593172 3826593172 IN IP4 0.0.0.0\r\ns=Kurento Media Server\r\nc=IN IP4 0.0.0.0\r\nt=0 0\r\na=fingerprint:sha-256 0F:1A:68:F3:65:6A:8A:31:24:4E:95:C8:EE:19:FB:CD:E9:60:14:62:AC:25:22:19:F6:35:18:6D:64:B1:4C:7E\r\na=ice-options:trickle\r\na=msid-semantic:WMS *\r\na=group:BUNDLE 0 1\r\nm=video 1 UDP/TLS/RTP/SAVPF 120 126 97\r\na=extmap:4 http://www.webrtc.org/experiments/rtp-hdrext/abs-send-time\r\na=sendonly\r\na=mid:0\r\na=rtcp:9 IN IP4 0.0.0.0\r\na=rtpmap:120 VP8/90000\r\na=rtpmap:126 H264/90000\r\na=rtpmap:97 H264/90000\r\na=rtcp-fb:120 nack\r\na=rtcp-fb:120 nack pli\r\na=rtcp-fb:120 ccm fir\r\na=rtcp-fb:120 goog-remb\r\na=rtcp-fb:126 nack\r\na=rtcp-fb:126 nack pli\r\na=rtcp-fb:126 ccm fir\r\na=rtcp-fb:126 goog-remb\r\na=rtcp-fb:97 nack\r\na=rtcp-fb:97 nack pli\r\na=rtcp-fb:97 ccm fir\r\na=rtcp-fb:97 goog-remb\r\na=fmtp:126 profile-level-id=42e01f;level-asymmetry-allowed=1;packetization-mode=1\r\na=fmtp:97 profile-level-id=42e01f;level-asymmetry-allowed=1\r\na=fmtp:120 max-fs=12288;max-fr=60\r\na=rtcp-mux\r\na=setup:active\r\na=ssrc:1739756102 cname:user2939470470@host-f8aaad88\r\na=ice-ufrag:1eIy\r\na=ice-pwd:+ObJUIS58D3wwXYbb60zOt\r\na=fingerprint:sha-256 17:9B:F3:62:90:51:C9:3B:6C:B0:6D:37:A9:F8:B4:48:94:7D:68:66:01:BE:AA:30:08:D0:09:9C:9A:F8:E4:18\r\nm=audio 1 UDP/TLS/RTP/SAVPF 109 0\r\na=sendonly\r\na=mid:1\r\na=rtcp:9 IN IP4 0.0.0.0\r\na=rtpmap:109 opus/48000/2\r\na=rtpmap:0 PCMU/8000\r\na=fmtp:109 maxplaybackrate=48000;stereo=1;useinbandfec=1\r\na=rtcp-mux\r\na=setup:active\r\na=ssrc:4271803995 cname:user2939470470@host-f8aaad88\r\na=ice-ufrag:1eIy\r\na=ice-pwd:+ObJUIS58D3wwXYbb60zOt\r\na=fingerprint:sha-256 17:9B:F3:62:90:51:C9:3B:6C:B0:6D:37:A9:F8:B4:48:94:7D:68:66:01:BE:AA:30:08:D0:09:9C:9A:F8:E4:18\r\n"}}
1:01:36.692836394 [331m   24[00m 0x7fe6b0001f00 [37mDEBUG  [00m [00mKurentoWebSocketTransport WebSocketTransport.cpp:460:processMessage:[00m Message: {"jsonrpc":"2.0","method":"invoke","params":{"object":"66243add-4692-437c-89c5-ea1bf1ed5585_kurento.MediaPipeline/d0690040-9cb3-451d-b4bf-5469f46a6571_kurento.WebRtcEndpoint","operation":"addIceCandidate","operationParams":{"candidate":{"candidate":"candidate:0 1 UDP 2122252543 49.229.17.246 53909 typ host","sdpMid":"0","sdpMLineIndex":0,"__module__":"kurento","__type__":"IceCandidate"}},"sessionId":"aba633f6-8a99-417a-b26c-8713250bbf50"},"id":687}
1:01:36.693048269 [331m   24[00m 0x7fe6b0001f00 [37mDEBUG  [00m [00mKurentoWebSocketTransport WebSocketTransport.cpp:462:processMessage:[00m Response: {"id":687,"jsonrpc":"2.0","result":{"sessionId":"aba633f6-8a99-417a-b26c-8713250bbf50","value":null}}
1:01:36.693065013 [331m   24[00m 0x7fe6b0001f00 [37mDEBUG  [00m [00mKurentoWebSocketTransport WebSocketTransport.cpp:460:processMessage:[00m Message: {"jsonrpc":"2.0","method":"invoke","params":{"object":"66243add-4692-437c-89c5-ea1bf1ed5585_kurento.MediaPipeline/d0690040-9cb3-451d-b4bf-5469f46a6571_kurento.WebRtcEndpoint","operation":"addIceCandidate","operationParams":{"candidate":{"candidate":"candidate:2 1 TCP 2105524479 49.229.17.246 9 typ host tcptype active","sdpMid":"0","sdpMLineIndex":0,"__module__":"kurento","__type__":"IceCandidate"}},"sessionId":"aba633f6-8a99-417a-b26c-8713250bbf50"},"id":688}
1:01:36.693234564 [331m   24[00m 0x7fe6b0001f00 [37mDEBUG  [00m [00mKurentoWebSocketTransport WebSocketTransport.cpp:462:processMessage:[00m Response: {"id":688,"jsonrpc":"2.0","result":{"sessionId":"aba633f6-8a99-417a-b26c-8713250bbf50","value":null}}
1:01:36.693253272 [331m   24[00m 0x7fe6b0001f00 [37mDEBUG  [00m [00mKurentoWebSocketTransport WebSocketTransport.cpp:460:processMessage:[00m Message: {"jsonrpc":"2.0","method":"invoke","params":{"object":"66243add-4692-437c-89c5-ea1bf1ed5585_kurento.MediaPipeline/d0690040-9cb3-451d-b4bf-5469f46a6571_kurento.WebRtcEndpoint","operation":"addIceCandidate","operationParams":{"candidate":{"candidate":"candidate:0 2 UDP 2122252542 49.229.17.246 53910 typ host","sdpMid":"0","sdpMLineIndex":0,"__module__":"kurento","__type__":"IceCandidate"}},"sessionId":"aba633f6-8a99-417a-b26c-8713250bbf50"},"id":689}
1:01:36.693380026 [331m   24[00m 0x7fe6b0001f00 [37mDEBUG  [00m [00mKurentoWebSocketTransport WebSocketTransport.cpp:462:processMessage:[00m Response: {"id":689,"jsonrpc":"2.0","result":{"sessionId":"aba633f6-8a99-417a-b26c-8713250bbf50","value":null}}
1:01:36.693393775 [331m   24[00m 0x7fe6b0001f00 [37mDEBUG  [00m [00mKurentoWebSocketTransport WebSocketTransport.cpp:460:processMessage:[00m Message: {"jsonrpc":"2.0","method":"invoke","params":{"object":"66243add-4692-437c-89c5-ea1bf1ed5585_kurento.MediaPipeline/d0690040-9cb3-451d-b4bf-5469f46a6571_kurento.WebRtcEndpoint","operation":"addIceCandidate","operationParams":{"candidate":{"candidate":"candidate:2 2 TCP 2105524478 49.229.17.246 9 typ host tcptype active","sdpMid":"0","sdpMLineIndex":0,"__module__":"kurento","__type__":"IceCandidate"}},"sessionId":"aba633f6-8a99-417a-b26c-8713250bbf50"},"id":690}
1:01:36.693510853 [331m   24[00m 0x7fe6b0001f00 [37mDEBUG  [00m [00mKurentoWebSocketTransport WebSocketTransport.cpp:462:processMessage:[00m Response: {"id":690,"jsonrpc":"2.0","result":{"sessionId":"aba633f6-8a99-417a-b26c-8713250bbf50","value":null}}
1:01:36.693524029 [331m   24[00m 0x7fe6b0001f00 [37mDEBUG  [00m [00mKurentoWebSocketTransport WebSocketTransport.cpp:460:processMessage:[00m Message: {"jsonrpc":"2.0","method":"invoke","params":{"object":"66243add-4692-437c-89c5-ea1bf1ed5585_kurento.MediaPipeline/d0690040-9cb3-451d-b4bf-5469f46a6571_kurento.WebRtcEndpoint","operation":"addIceCandidate","operationParams":{"candidate":{"candidate":"candidate:0 1 UDP 2122252543 49.229.17.246 53911 typ host","sdpMid":"1","sdpMLineIndex":1,"__module__":"kurento","__type__":"IceCandidate"}},"sessionId":"aba633f6-8a99-417a-b26c-8713250bbf50"},"id":691}
1:01:36.693636579 [331m   24[00m 0x7fe6b0001f00 [37mDEBUG  [00m [00mKurentoWebSocketTransport WebSocketTransport.cpp:462:processMessage:[00m Response: {"id":691,"jsonrpc":"2.0","result":{"sessionId":"aba633f6-8a99-417a-b26c-8713250bbf50","value":null}}
1:01:36.693652452 [331m   24[00m 0x7fe6b0001f00 [37mDEBUG  [00m [00mKurentoWebSocketTransport WebSocketTransport.cpp:460:processMessage:[00m Message: {"jsonrpc":"2.0","method":"invoke","params":{"object":"66243add-4692-437c-89c5-ea1bf1ed5585_kurento.MediaPipeline/d0690040-9cb3-451d-b4bf-5469f46a6571_kurento.WebRtcEndpoint","operation":"addIceCandidate","operationParams":{"candidate":{"candidate":"candidate:2 1 TCP 2105524479 49.229.17.246 9 typ host tcptype active","sdpMid":"1","sdpMLineIndex":1,"__module__":"kurento","__type__":"IceCandidate"}},"sessionId":"aba633f6-8a99-417a-b26c-8713250bbf50"},"id":692}
1:01:36.693767438 [331m   24[00m 0x7fe6b0001f00 [37mDEBUG  [00m [00mKurentoWebSocketTransport WebSocketTransport.cpp:462:processMessage:[00m Response: {"id":692,"jsonrpc":"2.0","result":{"sessionId":"aba633f6-8a99-417a-b26c-8713250bbf50","value":null}}
1:01:36.693863205 [331m   24[00m 0x7fe6fc007980 [37mDEBUG  [00m [00mKurentoWebSocketTransport WebSocketTransport.cpp:460:processMessage:[00m Message: {"jsonrpc":"2.0","method":"invoke","params":{"object":"66243add-4692-437c-89c5-ea1bf1ed5585_kurento.MediaPipeline/d0690040-9cb3-451d-b4bf-5469f46a6571_kurento.WebRtcEndpoint","operation":"addIceCandidate","operationParams":{"candidate":{"candidate":"candidate:0 2 UDP 2122252542 49.229.17.246 53912 typ host","sdpMid":"1","sdpMLineIndex":1,"__module__":"kurento","__type__":"IceCandidate"}},"sessionId":"aba633f6-8a99-417a-b26c-8713250bbf50"},"id":693}
1:01:36.694206792 [331m   24[00m 0x7fe6fc007980 [37mDEBUG  [00m [00mKurentoWebSocketTransport WebSocketTransport.cpp:462:processMessage:[00m Response: {"id":693,"jsonrpc":"2.0","result":{"sessionId":"aba633f6-8a99-417a-b26c-8713250bbf50","value":null}}
1:01:36.694306473 [331m   24[00m 0x7fe6fc007980 [37mDEBUG  [00m [00mKurentoWebSocketTransport WebSocketTransport.cpp:460:processMessage:[00m Message: {"jsonrpc":"2.0","method":"invoke","params":{"object":"66243add-4692-437c-89c5-ea1bf1ed5585_kurento.MediaPipeline/d0690040-9cb3-451d-b4bf-5469f46a6571_kurento.WebRtcEndpoint","operation":"addIceCandidate","operationParams":{"candidate":{"candidate":"candidate:2 2 TCP 2105524478 49.229.17.246 9 typ host tcptype active","sdpMid":"1","sdpMLineIndex":1,"__module__":"kurento","__type__":"IceCandidate"}},"sessionId":"aba633f6-8a99-417a-b26c-8713250bbf50"},"id":694}
1:01:36.694512975 [331m   24[00m 0x7fe6fc007980 [37mDEBUG  [00m [00mKurentoWebSocketTransport WebSocketTransport.cpp:462:processMessage:[00m Response: {"id":694,"jsonrpc":"2.0","result":{"sessionId":"aba633f6-8a99-417a-b26c-8713250bbf50","value":null}}
1:01:36.694653476 [331m   24[00m 0x7fe704001840 [37mDEBUG  [00m [00mKurentoWebSocketTransport WebSocketTransport.cpp:460:processMessage:[00m Message: {"jsonrpc":"2.0","method":"create","params":{"type":"WebRtcEndpoint","constructorParams":{"mediaPipeline":"66243add-4692-437c-89c5-ea1bf1ed5585_kurento.MediaPipeline","useDataChannels":true},"properties":{},"sessionId":"aba633f6-8a99-417a-b26c-8713250bbf50"},"id":695}
1:01:36.695734706 [331m   24[00m 0x7fe704001840 [36mINFO   [00m [00mKurentoWebRtcEndpointImpl WebRtcEndpointImpl.cpp:96:remove_not_supported_codecs_from_array:<kmswebrtcendpoint39>[00m Removing not supported codec 'AMR/8000'
1:01:36.695776651 [331m   24[00m 0x7fe704001840 [36mINFO   [00m [00mKurentoWebRtcEndpointImpl WebRtcEndpointImpl.cpp:465:WebRtcEndpointImpl:[00m Using STUN reflexive server IP: 203.183.172.196
1:01:36.695783839 [331m   24[00m 0x7fe704001840 [36mINFO   [00m [00mKurentoWebRtcEndpointImpl WebRtcEndpointImpl.cpp:466:WebRtcEndpointImpl:[00m Using STUN reflexive server Port: 3478
1:01:36.695813843 [331m   24[00m 0x7fe704001840 [36mINFO   [00m [00mKurentoWebRtcEndpointImpl WebRtcEndpointImpl.cpp:487:WebRtcEndpointImpl:[00m TURN server IP address not found in config; NAT traversal requires either STUN or TURN server
1:01:36.696115861 [331m   24[00m 0x7fe704001840 [37mDEBUG  [00m [00mKurentoWebSocketTransport WebSocketTransport.cpp:462:processMessage:[00m Response: {"id":695,"jsonrpc":"2.0","result":{"sessionId":"aba633f6-8a99-417a-b26c-8713250bbf50","value":"66243add-4692-437c-89c5-ea1bf1ed5585_kurento.MediaPipeline/1f966eab-edf0-48ab-8994-b217ba82d08c_kurento.WebRtcEndpoint"}}
1:01:36.696681206 [331m   24[00m 0x7fe6b4001840 [37mDEBUG  [00m [00mKurentoWebSocketTransport WebSocketTransport.cpp:460:processMessage:[00m Message: {"jsonrpc":"2.0","method":"invoke","params":{"object":"66243add-4692-437c-89c5-ea1bf1ed5585_kurento.MediaPipeline/d0690040-9cb3-451d-b4bf-5469f46a6571_kurento.WebRtcEndpoint","operation":"gatherCandidates","sessionId":"aba633f6-8a99-417a-b26c-8713250bbf50"},"id":696}
1:01:36.698612812 [331m   24[00m 0x7fe690001790 [37mDEBUG  [00m [00mKurentoWebSocketEventHandler WebSocketEventHandler.cpp:56:sendEvent:[00m Sending event: {"jsonrpc":"2.0","method":"onEvent","params":{"value":{"data":{"candidate":{"__module__":"kurento","__type__":"IceCandidate","candidate":"candidate:1 1 UDP 2013266431 172.18.0.12 10084 typ host","sdpMLineIndex":0,"sdpMid":"0"},"source":"66243add-4692-437c-89c5-ea1bf1ed5585_kurento.MediaPipeline/d0690040-9cb3-451d-b4bf-5469f46a6571_kurento.WebRtcEndpoint","tags":[],"timestamp":"1617604372","timestampMillis":"1617604372620","type":"OnIceCandidate"},"object":"66243add-4692-437c-89c5-ea1bf1ed5585_kurento.MediaPipeline/d0690040-9cb3-451d-b4bf-5469f46a6571_kurento.WebRtcEndpoint","type":"OnIceCandidate"}}}, sessionId: aba633f6-8a99-417a-b26c-8713250bbf50
1:01:36.698698996 [331m   24[00m 0x7fe690001790 [37mDEBUG  [00m [00mKurentoWebSocketEventHandler WebSocketEventHandler.cpp:56:sendEvent:[00m Sending event: {"jsonrpc":"2.0","method":"onEvent","params":{"value":{"data":{"candidate":{"__module__":"kurento","__type__":"IceCandidate","candidate":"candidate:1 1 UDP 2013266431 172.18.0.12 10084 typ host","sdpMLineIndex":1,"sdpMid":"1"},"source":"66243add-4692-437c-89c5-ea1bf1ed5585_kurento.MediaPipeline/d0690040-9cb3-451d-b4bf-5469f46a6571_kurento.WebRtcEndpoint","tags":[],"timestamp":"1617604372","timestampMillis":"1617604372620","type":"OnIceCandidate"},"object":"66243add-4692-437c-89c5-ea1bf1ed5585_kurento.MediaPipeline/d0690040-9cb3-451d-b4bf-5469f46a6571_kurento.WebRtcEndpoint","type":"OnIceCandidate"}}}, sessionId: aba633f6-8a99-417a-b26c-8713250bbf50
1:01:36.698754256 [331m   24[00m 0x7fe690001790 [37mDEBUG  [00m [00mKurentoWebSocketEventHandler WebSocketEventHandler.cpp:56:sendEvent:[00m Sending event: {"jsonrpc":"2.0","method":"onEvent","params":{"value":{"data":{"candidate":{"__module__":"kurento","__type__":"IceCandidate","candidate":"candidate:2 1 TCP 1015021823 172.18.0.12 9 typ host tcptype active","sdpMLineIndex":0,"sdpMid":"0"},"source":"66243add-4692-437c-89c5-ea1bf1ed5585_kurento.MediaPipeline/d0690040-9cb3-451d-b4bf-5469f46a6571_kurento.WebRtcEndpoint","tags":[],"timestamp":"1617604372","timestampMillis":"1617604372620","type":"OnIceCandidate"},"object":"66243add-4692-437c-89c5-ea1bf1ed5585_kurento.MediaPipeline/d0690040-9cb3-451d-b4bf-5469f46a6571_kurento.WebRtcEndpoint","type":"OnIceCandidate"}}}, sessionId: aba633f6-8a99-417a-b26c-8713250bbf50
