1:00:49.647388768 [331m   24[00m 0x7fe6f0001cc0 [37mDEBUG  [00m [00mKurentoWebSocketTransport WebSocketTransport.cpp:460:processMessage:[00m Message: {"jsonrpc":"2.0","method":"invoke","params":{"object":"66243add-4692-437c-89c5-ea1bf1ed5585_kurento.MediaPipeline/f2c4ccc9-d585-45f9-a87f-16e46d3e571a_kurento.WebRtcEndpoint","operation":"processOffer","operationParams":{"offer":"v=0\r\no=mozilla...THIS_IS_SDPARTA-83.0 357586011299720058 0 IN IP4 0.0.0.0\r\ns=-\r\nt=0 0\r\na=fingerprint:sha-256 B2:B3:33:B6:64:FC:7E:B4:F9:9C:7D:08:9A:76:F2:E6:13:62:92:71:10:90:EF:A8:D8:B0:DF:07:E4:62:83:9B\r\na=group:BUNDLE 0 1 2\r\na=ice-options:trickle\r\na=msid-semantic:WMS *\r\nm=video 9 UDP/TLS/RTP/SAVPF 120 124 121 125 126 127 97 98\r\nc=IN IP4 0.0.0.0\r\na=recvonly\r\na=extmap:3 urn:ietf:params:rtp-hdrext:sdes:mid\r\na=extmap:4 http://www.webrtc.org/experiments/rtp-hdrext/abs-send-time\r\na=extmap:5 urn:ietf:params:rtp-hdrext:toffset\r\na=extmap:6/recvonly http://www.webrtc.org/experiments/rtp-hdrext/playout-delay\r\na=extmap:7 http://www.ietf.org/id/draft-holmer-rmcat-transport-wide-cc-extensions-01\r\na=fmtp:126 profile-level-id=42e01f;level-asymmetry-allowed=1;packetization-mode=1\r\na=fmtp:97 profile-level-id=42e01f;level-asymmetry-allowed=1\r\na=fmtp:120 max-fs=12288;max-fr=60\r\na=fmtp:124 apt=120\r\na=fmtp:121 max-fs=12288;max-fr=60\r\na=fmtp:125 apt=121\r\na=fmtp:127 apt=126\r\na=fmtp:98 apt=97\r\na=ice-pwd:931276cc99122e1e020e2c41ca2d09c7\r\na=ice-ufrag:6f312db9\r\na=mid:0\r\na=rtcp-fb:120 nack\r\na=rtcp-fb:120 nack pli\r\na=rtcp-fb:120 ccm fir\r\na=rtcp-fb:120 goog-remb\r\na=rtcp-fb:120 transport-cc\r\na=rtcp-fb:121 nack\r\na=rtcp-fb:121 nack pli\r\na=rtcp-fb:121 ccm fir\r\na=rtcp-fb:121 goog-remb\r\na=rtcp-fb:121 transport-cc\r\na=rtcp-fb:126 nack\r\na=rtcp-fb:126 nack pli\r\na=rtcp-fb:126 ccm fir\r\na=rtcp-fb:126 goog-remb\r\na=rtcp-fb:126 transport-cc\r\na=rtcp-fb:97 nack\r\na=rtcp-fb:97 nack pli\r\na=rtcp-fb:97 ccm fir\r\na=rtcp-fb:97 goog-remb\r\na=rtcp-fb:97 transport-cc\r\na=rtcp-mux\r\na=rtcp-rsize\r\na=rtpmap:120 VP8/90000\r\na=rtpmap:124 rtx/90000\r\na=rtpmap:121 VP9/90000\r\na=rtpmap:125 rtx/90000\r\na=rtpmap:126 H264/90000\r\na=rtpmap:127 rtx/90000\r\na=rtpmap:97 H264/90000\r\na=rtpmap:98 rtx/90000\r\na=setup:actpass\r\na=ssrc:3197242412 cname:{bc5c1227-8a66-4555-a9fb-8ea98cece1cd}\r\nm=audio 9 UDP/TLS/RTP/SAVPF 109 9 0 8 101\r\nc=IN IP4 0.0.0.0\r\na=recvonly\r\na=extmap:1 urn:ietf:params:rtp-hdrext:ssrc-audio-level\r\na=extmap:2/recvonly urn:ietf:params:rtp-hdrext:csrc-audio-level\r\na=extmap:3 urn:ietf:params:rtp-hdrext:sdes:mid\r\na=fmtp:109 maxplaybackrate=48000;stereo=1;useinbandfec=1\r\na=fmtp:101 0-15\r\na=ice-pwd:931276cc99122e1e020e2c41ca2d09c7\r\na=ice-ufrag:6f312db9\r\na=mid:1\r\na=rtcp-mux\r\na=rtpmap:109 opus/48000/2\r\na=rtpmap:9 G722/8000/1\r\na=rtpmap:0 PCMU/8000\r\na=rtpmap:8 PCMA/8000\r\na=rtpmap:101 telephone-event/8000/1\r\na=setup:actpass\r\na=ssrc:1544675803 cname:{bc5c1227-8a66-4555-a9fb-8ea98cece1cd}\r\nm=application 9 UDP/DTLS/SCTP webrtc-datachannel\r\nc=IN IP4 0.0.0.0\r\na=sendrecv\r\na=ice-pwd:931276cc99122e1e020e2c41ca2d09c7\r\na=ice-ufrag:6f312db9\r\na=mid:2\r\na=setup:actpass\r\na=sctp-port:5000\r\na=max-message-size:1073741823\r\n"},"sessionId":"aba633f6-8a99-417a-b26c-8713250bbf50"},"id":630}
1:00:49.655863752 [331m   24[00m 0x7fe6f0001cc0 [37mDEBUG  [00m [00mKurentoWebSocketTransport WebSocketTransport.cpp:462:processMessage:[00m Response: {"id":630,"jsonrpc":"2.0","result":{"sessionId":"aba633f6-8a99-417a-b26c-8713250bbf50","value":"v=0\r\no=- 3826593125 3826593125 IN IP4 0.0.0.0\r\ns=Kurento Media Server\r\nc=IN IP4 0.0.0.0\r\nt=0 0\r\na=fingerprint:sha-256 B2:B3:33:B6:64:FC:7E:B4:F9:9C:7D:08:9A:76:F2:E6:13:62:92:71:10:90:EF:A8:D8:B0:DF:07:E4:62:83:9B\r\na=ice-options:trickle\r\na=msid-semantic:WMS *\r\na=group:BUNDLE 0 1 2\r\nm=video 1 UDP/TLS/RTP/SAVPF 120 126 97\r\na=extmap:4 http://www.webrtc.org/experiments/rtp-hdrext/abs-send-time\r\na=sendonly\r\na=mid:0\r\na=rtcp:9 IN IP4 0.0.0.0\r\na=rtpmap:120 VP8/90000\r\na=rtpmap:126 H264/90000\r\na=rtpmap:97 H264/90000\r\na=rtcp-fb:120 nack\r\na=rtcp-fb:120 nack pli\r\na=rtcp-fb:120 ccm fir\r\na=rtcp-fb:120 goog-remb\r\na=rtcp-fb:126 nack\r\na=rtcp-fb:126 nack pli\r\na=rtcp-fb:126 ccm fir\r\na=rtcp-fb:126 goog-remb\r\na=rtcp-fb:97 nack\r\na=rtcp-fb:97 nack pli\r\na=rtcp-fb:97 ccm fir\r\na=rtcp-fb:97 goog-remb\r\na=fmtp:126 profile-level-id=42e01f;level-asymmetry-allowed=1;packetization-mode=1\r\na=fmtp:97 profile-level-id=42e01f;level-asymmetry-allowed=1\r\na=fmtp:120 max-fs=12288;max-fr=60\r\na=rtcp-mux\r\na=setup:active\r\na=ssrc:839026475 cname:user496607360@host-9a56f275\r\na=ice-ufrag:tQHm\r\na=ice-pwd:dmZTSHyFZVcl0q3TtrVUW3\r\na=fingerprint:sha-256 17:9B:F3:62:90:51:C9:3B:6C:B0:6D:37:A9:F8:B4:48:94:7D:68:66:01:BE:AA:30:08:D0:09:9C:9A:F8:E4:18\r\nm=audio 1 UDP/TLS/RTP/SAVPF 109 0\r\na=sendonly\r\na=mid:1\r\na=rtcp:9 IN IP4 0.0.0.0\r\na=rtpmap:109 opus/48000/2\r\na=rtpmap:0 PCMU/8000\r\na=fmtp:109 maxplaybackrate=48000;stereo=1;useinbandfec=1\r\na=rtcp-mux\r\na=setup:active\r\na=ssrc:518916387 cname:user496607360@host-9a56f275\r\na=ice-ufrag:tQHm\r\na=ice-pwd:dmZTSHyFZVcl0q3TtrVUW3\r\na=fingerprint:sha-256 17:9B:F3:62:90:51:C9:3B:6C:B0:6D:37:A9:F8:B4:48:94:7D:68:66:01:BE:AA:30:08:D0:09:9C:9A:F8:E4:18\r\nm=application 1 UDP/DTLS/SCTP webrtc-datachannel\r\na=mid:2\r\na=sctp-port:5000\r\na=setup:active\r\na=ice-ufrag:tQHm\r\na=ice-pwd:dmZTSHyFZVcl0q3TtrVUW3\r\na=fingerprint:sha-256 17:9B:F3:62:90:51:C9:3B:6C:B0:6D:37:A9:F8:B4:48:94:7D:68:66:01:BE:AA:30:08:D0:09:9C:9A:F8:E4:18\r\n"}}
1:00:49.656037202 [331m   24[00m 0x7fe6f0001cc0 [37mDEBUG  [00m [00mKurentoWebSocketTransport WebSocketTransport.cpp:460:processMessage:[00m Message: {"jsonrpc":"2.0","method":"invoke","params":{"object":"66243add-4692-437c-89c5-ea1bf1ed5585_kurento.MediaPipeline/f2c4ccc9-d585-45f9-a87f-16e46d3e571a_kurento.WebRtcEndpoint","operation":"addIceCandidate","operationParams":{"candidate":{"candidate":"candidate:0 1 UDP 2122252543 5662232c-d280-48b3-afdb-4b23307a980a.local 53211 typ host","sdpMid":"2","sdpMLineIndex":2,"__module__":"kurento","__type__":"IceCandidate"}},"sessionId":"aba633f6-8a99-417a-b26c-8713250bbf50"},"id":631}
1:00:49.656402685 [331m   24[00m 0x7fe6f0001cc0 [37mDEBUG  [00m [00mKurentoWebSocketTransport WebSocketTransport.cpp:462:processMessage:[00m Response: {"error":{"code":40401,"data":{"type":"ICE_ADD_CANDIDATE_ERROR"},"message":"Error adding candidate"},"id":631,"jsonrpc":"2.0"}
1:00:49.656432147 [331m   24[00m 0x7fe6f0001cc0 [37mDEBUG  [00m [00mKurentoWebSocketTransport WebSocketTransport.cpp:460:processMessage:[00m Message: {"jsonrpc":"2.0","method":"invoke","params":{"object":"66243add-4692-437c-89c5-ea1bf1ed5585_kurento.MediaPipeline/f2c4ccc9-d585-45f9-a87f-16e46d3e571a_kurento.WebRtcEndpoint","operation":"addIceCandidate","operationParams":{"candidate":{"candidate":"candidate:2 1 TCP 2105524479 5662232c-d280-48b3-afdb-4b23307a980a.local 9 typ host tcptype active","sdpMid":"2","sdpMLineIndex":2,"__module__":"kurento","__type__":"IceCandidate"}},"sessionId":"aba633f6-8a99-417a-b26c-8713250bbf50"},"id":632}
1:00:49.656666970 [331m   24[00m 0x7fe6f0001cc0 [37mDEBUG  [00m [00mKurentoWebSocketTransport WebSocketTransport.cpp:462:processMessage:[00m Response: {"error":{"code":40401,"data":{"type":"ICE_ADD_CANDIDATE_ERROR"},"message":"Error adding candidate"},"id":632,"jsonrpc":"2.0"}
1:00:49.656685036 [331m   24[00m 0x7fe6f0001cc0 [37mDEBUG  [00m [00mKurentoWebSocketTransport WebSocketTransport.cpp:460:processMessage:[00m Message: {"jsonrpc":"2.0","method":"invoke","params":{"object":"66243add-4692-437c-89c5-ea1bf1ed5585_kurento.MediaPipeline/f2c4ccc9-d585-45f9-a87f-16e46d3e571a_kurento.WebRtcEndpoint","operation":"addIceCandidate","operationParams":{"candidate":{"candidate":"candidate:0 1 UDP 2122252543 5662232c-d280-48b3-afdb-4b23307a980a.local 53212 typ host","sdpMid":"0","sdpMLineIndex":0,"__module__":"kurento","__type__":"IceCandidate"}},"sessionId":"aba633f6-8a99-417a-b26c-8713250bbf50"},"id":633}
1:00:49.656907659 [331m   24[00m 0x7fe6f0001cc0 [37mDEBUG  [00m [00mKurentoWebSocketTransport WebSocketTransport.cpp:462:processMessage:[00m Response: {"error":{"code":40401,"data":{"type":"ICE_ADD_CANDIDATE_ERROR"},"message":"Error adding candidate"},"id":633,"jsonrpc":"2.0"}
1:00:49.656930292 [331m   24[00m 0x7fe6f0001cc0 [37mDEBUG  [00m [00mKurentoWebSocketTransport WebSocketTransport.cpp:460:processMessage:[00m Message: {"jsonrpc":"2.0","method":"invoke","params":{"object":"66243add-4692-437c-89c5-ea1bf1ed5585_kurento.MediaPipeline/f2c4ccc9-d585-45f9-a87f-16e46d3e571a_kurento.WebRtcEndpoint","operation":"addIceCandidate","operationParams":{"candidate":{"candidate":"candidate:2 1 TCP 2105524479 5662232c-d280-48b3-afdb-4b23307a980a.local 9 typ host tcptype active","sdpMid":"0","sdpMLineIndex":0,"__module__":"kurento","__type__":"IceCandidate"}},"sessionId":"aba633f6-8a99-417a-b26c-8713250bbf50"},"id":634}
1:00:49.657232649 [331m   24[00m 0x7fe6f0001cc0 [37mDEBUG  [00m [00mKurentoWebSocketTransport WebSocketTransport.cpp:462:processMessage:[00m Response: {"error":{"code":40401,"data":{"type":"ICE_ADD_CANDIDATE_ERROR"},"message":"Error adding candidate"},"id":634,"jsonrpc":"2.0"}
1:00:49.657268070 [331m   24[00m 0x7fe6f0001cc0 [37mDEBUG  [00m [00mKurentoWebSocketTransport WebSocketTransport.cpp:460:processMessage:[00m Message: {"jsonrpc":"2.0","method":"invoke","params":{"object":"66243add-4692-437c-89c5-ea1bf1ed5585_kurento.MediaPipeline/f2c4ccc9-d585-45f9-a87f-16e46d3e571a_kurento.WebRtcEndpoint","operation":"addIceCandidate","operationParams":{"candidate":{"candidate":"candidate:0 2 UDP 2122252542 5662232c-d280-48b3-afdb-4b23307a980a.local 53213 typ host","sdpMid":"0","sdpMLineIndex":0,"__module__":"kurento","__type__":"IceCandidate"}},"sessionId":"aba633f6-8a99-417a-b26c-8713250bbf50"},"id":635}
1:00:49.657485179 [331m   24[00m 0x7fe6f0001cc0 [37mDEBUG  [00m [00mKurentoWebSocketTransport WebSocketTransport.cpp:462:processMessage:[00m Response: {"error":{"code":40401,"data":{"type":"ICE_ADD_CANDIDATE_ERROR"},"message":"Error adding candidate"},"id":635,"jsonrpc":"2.0"}
1:00:49.657504188 [331m   24[00m 0x7fe6f0001cc0 [37mDEBUG  [00m [00mKurentoWebSocketTransport WebSocketTransport.cpp:460:processMessage:[00m Message: {"jsonrpc":"2.0","method":"invoke","params":{"object":"66243add-4692-437c-89c5-ea1bf1ed5585_kurento.MediaPipeline/f2c4ccc9-d585-45f9-a87f-16e46d3e571a_kurento.WebRtcEndpoint","operation":"addIceCandidate","operationParams":{"candidate":{"candidate":"candidate:2 2 TCP 2105524478 5662232c-d280-48b3-afdb-4b23307a980a.local 9 typ host tcptype active","sdpMid":"0","sdpMLineIndex":0,"__module__":"kurento","__type__":"IceCandidate"}},"sessionId":"aba633f6-8a99-417a-b26c-8713250bbf50"},"id":636}
1:00:49.657680860 [331m   24[00m 0x7fe6f0001cc0 [37mDEBUG  [00m [00mKurentoWebSocketTransport WebSocketTransport.cpp:462:processMessage:[00m Response: {"error":{"code":40401,"data":{"type":"ICE_ADD_CANDIDATE_ERROR"},"message":"Error adding candidate"},"id":636,"jsonrpc":"2.0"}
1:00:49.657703118 [331m   24[00m 0x7fe6f0001cc0 [37mDEBUG  [00m [00mKurentoWebSocketTransport WebSocketTransport.cpp:460:processMessage:[00m Message: {"jsonrpc":"2.0","method":"invoke","params":{"object":"66243add-4692-437c-89c5-ea1bf1ed5585_kurento.MediaPipeline/f2c4ccc9-d585-45f9-a87f-16e46d3e571a_kurento.WebRtcEndpoint","operation":"addIceCandidate","operationParams":{"candidate":{"candidate":"candidate:0 1 UDP 2122252543 5662232c-d280-48b3-afdb-4b23307a980a.local 53214 typ host","sdpMid":"1","sdpMLineIndex":1,"__module__":"kurento","__type__":"IceCandidate"}},"sessionId":"aba633f6-8a99-417a-b26c-8713250bbf50"},"id":637}
1:00:49.657884444 [331m   24[00m 0x7fe6f0001cc0 [37mDEBUG  [00m [00mKurentoWebSocketTransport WebSocketTransport.cpp:462:processMessage:[00m Response: {"error":{"code":40401,"data":{"type":"ICE_ADD_CANDIDATE_ERROR"},"message":"Error adding candidate"},"id":637,"jsonrpc":"2.0"}
1:00:49.657968569 [331m   24[00m 0x7fe6f0001cc0 [37mDEBUG  [00m [00mKurentoWebSocketTransport WebSocketTransport.cpp:460:processMessage:[00m Message: {"jsonrpc":"2.0","method":"invoke","params":{"object":"66243add-4692-437c-89c5-ea1bf1ed5585_kurento.MediaPipeline/f2c4ccc9-d585-45f9-a87f-16e46d3e571a_kurento.WebRtcEndpoint","operation":"addIceCandidate","operationParams":{"candidate":{"candidate":"candidate:2 1 TCP 2105524479 5662232c-d280-48b3-afdb-4b23307a980a.local 9 typ host tcptype active","sdpMid":"1","sdpMLineIndex":1,"__module__":"kurento","__type__":"IceCandidate"}},"sessionId":"aba633f6-8a99-417a-b26c-8713250bbf50"},"id":638}
1:00:49.658164561 [331m   24[00m 0x7fe6f0001cc0 [37mDEBUG  [00m [00mKurentoWebSocketTransport WebSocketTransport.cpp:462:processMessage:[00m Response: {"error":{"code":40401,"data":{"type":"ICE_ADD_CANDIDATE_ERROR"},"message":"Error adding candidate"},"id":638,"jsonrpc":"2.0"}
1:00:49.658180696 [331m   24[00m 0x7fe6f0001cc0 [37mDEBUG  [00m [00mKurentoWebSocketTransport WebSocketTransport.cpp:460:processMessage:[00m Message: {"jsonrpc":"2.0","method":"invoke","params":{"object":"66243add-4692-437c-89c5-ea1bf1ed5585_kurento.MediaPipeline/f2c4ccc9-d585-45f9-a87f-16e46d3e571a_kurento.WebRtcEndpoint","operation":"addIceCandidate","operationParams":{"candidate":{"candidate":"candidate:0 2 UDP 2122252542 5662232c-d280-48b3-afdb-4b23307a980a.local 53215 typ host","sdpMid":"1","sdpMLineIndex":1,"__module__":"kurento","__type__":"IceCandidate"}},"sessionId":"aba633f6-8a99-417a-b26c-8713250bbf50"},"id":639}
1:00:49.658331892 [331m   24[00m 0x7fe6f0001cc0 [37mDEBUG  [00m [00mKurentoWebSocketTransport WebSocketTransport.cpp:462:processMessage:[00m Response: {"error":{"code":40401,"data":{"type":"ICE_ADD_CANDIDATE_ERROR"},"message":"Error adding candidate"},"id":639,"jsonrpc":"2.0"}
1:00:49.658485698 [331m   24[00m 0x7fe6ec001b20 [37mDEBUG  [00m [00mKurentoWebSocketTransport WebSocketTransport.cpp:460:processMessage:[00m Message: {"jsonrpc":"2.0","method":"invoke","params":{"object":"66243add-4692-437c-89c5-ea1bf1ed5585_kurento.MediaPipeline/f2c4ccc9-d585-45f9-a87f-16e46d3e571a_kurento.WebRtcEndpoint","operation":"addIceCandidate","operationParams":{"candidate":{"candidate":"candidate:2 2 TCP 2105524478 5662232c-d280-48b3-afdb-4b23307a980a.local 9 typ host tcptype active","sdpMid":"1","sdpMLineIndex":1,"__module__":"kurento","__type__":"IceCandidate"}},"sessionId":"aba633f6-8a99-417a-b26c-8713250bbf50"},"id":640}
1:00:49.659221748 [331m   24[00m 0x7fe6ec001b20 [37mDEBUG  [00m [00mKurentoWebSocketTransport WebSocketTransport.cpp:462:processMessage:[00m Response: {"error":{"code":40401,"data":{"type":"ICE_ADD_CANDIDATE_ERROR"},"message":"Error adding candidate"},"id":640,"jsonrpc":"2.0"}
1:00:49.664837086 [331m   24[00m 0x7fe6bc001600 [37mDEBUG  [00m [00mKurentoWebSocketTransport WebSocketTransport.cpp:460:processMessage:[00m Message: {"jsonrpc":"2.0","method":"invoke","params":{"object":"66243add-4692-437c-89c5-ea1bf1ed5585_kurento.MediaPipeline/f2c4ccc9-d585-45f9-a87f-16e46d3e571a_kurento.WebRtcEndpoint","operation":"gatherCandidates","sessionId":"aba633f6-8a99-417a-b26c-8713250bbf50"},"id":641}
1:00:49.667397730 [331m   24[00m 0x7fe690001790 [37mDEBUG  [00m [00mKurentoWebSocketEventHandler WebSocketEventHandler.cpp:56:sendEvent:[00m Sending event: {"jsonrpc":"2.0","method":"onEvent","params":{"value":{"data":{"candidate":{"__module__":"kurento","__type__":"IceCandidate","candidate":"candidate:1 1 UDP 2013266431 172.18.0.12 10014 typ host","sdpMLineIndex":0,"sdpMid":"0"},"source":"66243add-4692-437c-89c5-ea1bf1ed5585_kurento.MediaPipeline/f2c4ccc9-d585-45f9-a87f-16e46d3e571a_kurento.WebRtcEndpoint","tags":[],"timestamp":"1617604325","timestampMillis":"1617604325588","type":"OnIceCandidate"},"object":"66243add-4692-437c-89c5-ea1bf1ed5585_kurento.MediaPipeline/f2c4ccc9-d585-45f9-a87f-16e46d3e571a_kurento.WebRtcEndpoint","type":"OnIceCandidate"}}}, sessionId: aba633f6-8a99-417a-b26c-8713250bbf50
1:00:49.667531102 [331m   24[00m 0x7fe690001790 [37mDEBUG  [00m [00mKurentoWebSocketEventHandler WebSocketEventHandler.cpp:56:sendEvent:[00m Sending event: {"jsonrpc":"2.0","method":"onEvent","params":{"value":{"data":{"candidate":{"__module__":"kurento","__type__":"IceCandidate","candidate":"candidate:1 1 UDP 2013266431 172.18.0.12 10014 typ host","sdpMLineIndex":1,"sdpMid":"1"},"source":"66243add-4692-437c-89c5-ea1bf1ed5585_kurento.MediaPipeline/f2c4ccc9-d585-45f9-a87f-16e46d3e571a_kurento.WebRtcEndpoint","tags":[],"timestamp":"1617604325","timestampMillis":"1617604325588","type":"OnIceCandidate"},"object":"66243add-4692-437c-89c5-ea1bf1ed5585_kurento.MediaPipeline/f2c4ccc9-d585-45f9-a87f-16e46d3e571a_kurento.WebRtcEndpoint","type":"OnIceCandidate"}}}, sessionId: aba633f6-8a99-417a-b26c-8713250bbf50
1:00:49.667610080 [331m   24[00m 0x7fe690001790 [37mDEBUG  [00m [00mKurentoWebSocketEventHandler WebSocketEventHandler.cpp:56:sendEvent:[00m Sending event: {"jsonrpc":"2.0","method":"onEvent","params":{"value":{"data":{"candidate":{"__module__":"kurento","__type__":"IceCandidate","candidate":"candidate:1 1 UDP 2013266431 172.18.0.12 10014 typ host","sdpMLineIndex":2,"sdpMid":"2"},"source":"66243add-4692-437c-89c5-ea1bf1ed5585_kurento.MediaPipeline/f2c4ccc9-d585-45f9-a87f-16e46d3e571a_kurento.WebRtcEndpoint","tags":[],"timestamp":"1617604325","timestampMillis":"1617604325588","type":"OnIceCandidate"},"object":"66243add-4692-437c-89c5-ea1bf1ed5585_kurento.MediaPipeline/f2c4ccc9-d585-45f9-a87f-16e46d3e571a_kurento.WebRtcEndpoint","type":"OnIceCandidate"}}}, sessionId: aba633f6-8a99-417a-b26c-8713250bbf50
1:00:49.667687066 [331m   24[00m 0x7fe690001790 [37mDEBUG  [00m [00mKurentoWebSocketEventHandler WebSocketEventHandler.cpp:56:sendEvent:[00m Sending event: {"jsonrpc":"2.0","method":"onEvent","params":{"value":{"data":{"candidate":{"__module__":"kurento","__type__":"IceCandidate","candidate":"candidate:2 1 TCP 1015021823 172.18.0.12 9 typ host tcptype active","sdpMLineIndex":0,"sdpMid":"0"},"source":"66243add-4692-437c-89c5-ea1bf1ed5585_kurento.MediaPipeline/f2c4ccc9-d585-45f9-a87f-16e46d3e571a_kurento.WebRtcEndpoint","tags":[],"timestamp":"1617604325","timestampMillis":"1617604325588","type":"OnIceCandidate"},"object":"66243add-4692-437c-89c5-ea1bf1ed5585_kurento.MediaPipeline/f2c4ccc9-d585-45f9-a87f-16e46d3e571a_kurento.WebRtcEndpoint","type":"OnIceCandidate"}}}, sessionId: aba633f6-8a99-417a-b26c-8713250bbf50
1:00:49.667840280 [331m   24[00m 0x7fe690001790 [37mDEBUG  [00m [00mKurentoWebSocketEventHandler WebSocketEventHandler.cpp:56:sendEvent:[00m Sending event: {"jsonrpc":"2.0","method":"onEvent","params":{"value":{"data":{"candidate":{"__module__":"kurento","__type__":"IceCandidate","candidate":"candidate:2 1 TCP 1015021823 172.18.0.12 9 typ host tcptype active","sdpMLineIndex":1,"sdpMid":"1"},"source":"66243add-4692-437c-89c5-ea1bf1ed5585_kurento.MediaPipeline/f2c4ccc9-d585-45f9-a87f-16e46d3e571a_kurento.WebRtcEndpoint","tags":[],"timestamp":"1617604325","timestampMillis":"1617604325588","type":"OnIceCandidate"},"object":"66243add-4692-437c-89c5-ea1bf1ed5585_kurento.MediaPipeline/f2c4ccc9-d585-45f9-a87f-16e46d3e571a_kurento.WebRtcEndpoint","type":"OnIceCandidate"}}}, sessionId: aba633f6-8a99-417a-b26c-8713250bbf50
1:00:49.667925815 [331m   24[00m 0x7fe690001790 [37mDEBUG  [00m [00mKurentoWebSocketEventHandler WebSocketEventHandler.cpp:56:sendEvent:[00m Sending event: {"jsonrpc":"2.0","method":"onEvent","params":{"value":{"data":{"candidate":{"__module__":"kurento","__type__":"IceCandidate","candidate":"candidate:2 1 TCP 1015021823 172.18.0.12 9 typ host tcptype active","sdpMLineIndex":2,"sdpMid":"2"},"source":"66243add-4692-437c-89c5-ea1bf1ed5585_kurento.MediaPipeline/f2c4ccc9-d585-45f9-a87f-16e46d3e571a_kurento.WebRtcEndpoint","tags":[],"timestamp":"1617604325","timestampMillis":"1617604325588","type":"OnIceCandidate"},"object":"66243add-4692-437c-89c5-ea1bf1ed5585_kurento.MediaPipeline/f2c4ccc9-d585-45f9-a87f-16e46d3e571a_kurento.WebRtcEndpoint","type":"OnIceCandidate"}}}, sessionId: aba633f6-8a99-417a-b26c-8713250bbf50
1:00:49.668003469 [331m   24[00m 0x7fe690001790 [37mDEBUG  [00m [00mKurentoWebSocketEventHandler WebSocketEventHandler.cpp:56:sendEvent:[00m Sending event: {"jsonrpc":"2.0","method":"onEvent","params":{"value":{"data":{"candidate":{"__module__":"kurento","__type__":"IceCandidate","candidate":"candidate:4 1 TCP 1010827519 172.18.0.12 10091 typ host tcptype passive","sdpMLineIndex":0,"sdpMid":"0"},"source":"66243add-4692-437c-89c5-ea1bf1ed5585_kurento.MediaPipeline/f2c4ccc9-d585-45f9-a87f-16e46d3e571a_kurento.WebRtcEndpoint","tags":[],"timestamp":"1617604325","timestampMillis":"1617604325589","type":"OnIceCandidate"},"object":"66243add-4692-437c-89c5-ea1bf1ed5585_kurento.MediaPipeline/f2c4ccc9-d585-45f9-a87f-16e46d3e571a_kurento.WebRtcEndpoint","type":"OnIceCandidate"}}}, sessionId: aba633f6-8a99-417a-b26c-8713250bbf50
1:00:49.668102426 [331m   24[00m 0x7fe690001790 [37mDEBUG  [00m [00mKurentoWebSocketEventHandler WebSocketEventHandler.cpp:56:sendEvent:[00m Sending event: {"jsonrpc":"2.0","method":"onEvent","params":{"value":{"data":{"candidate":{"__module__":"kurento","__type__":"IceCandidate","candidate":"candidate:4 1 TCP 1010827519 172.18.0.12 10091 typ host tcptype passive","sdpMLineIndex":1,"sdpMid":"1"},"source":"66243add-4692-437c-89c5-ea1bf1ed5585_kurento.MediaPipeline/f2c4ccc9-d585-45f9-a87f-16e46d3e571a_kurento.WebRtcEndpoint","tags":[],"timestamp":"1617604325","timestampMillis":"1617604325589","type":"OnIceCandidate"},"object":"66243add-4692-437c-89c5-ea1bf1ed5585_kurento.MediaPipeline/f2c4ccc9-d585-45f9-a87f-16e46d3e571a_kurento.WebRtcEndpoint","type":"OnIceCandidate"}}}, sessionId: aba633f6-8a99-417a-b26c-8713250bbf50
1:00:49.668120044 [331m   24[00m 0x7fe6bc001600 [37mDEBUG  [00m [00mKurentoWebSocketTransport WebSocketTransport.cpp:462:processMessage:[00m Response: {"id":641,"jsonrpc":"2.0","result":{"sessionId":"aba633f6-8a99-417a-b26c-8713250bbf50","value":null}}
1:00:49.668181894 [331m   24[00m 0x7fe690001790 [37mDEBUG  [00m [00mKurentoWebSocketEventHandler WebSocketEventHandler.cpp:56:sendEvent:[00m Sending event: {"jsonrpc":"2.0","method":"onEvent","params":{"value":{"data":{"candidate":{"__module__":"kurento","__type__":"IceCandidate","candidate":"candidate:4 1 TCP 1010827519 172.18.0.12 10091 typ host tcptype passive","sdpMLineIndex":2,"sdpMid":"2"},"source":"66243add-4692-437c-89c5-ea1bf1ed5585_kurento.MediaPipeline/f2c4ccc9-d585-45f9-a87f-16e46d3e571a_kurento.WebRtcEndpoint","tags":[],"timestamp":"1617604325","timestampMillis":"1617604325589","type":"OnIceCandidate"},"object":"66243add-4692-437c-89c5-ea1bf1ed5585_kurento.MediaPipeline/f2c4ccc9-d585-45f9-a87f-16e46d3e571a_kurento.WebRtcEndpoint","type":"OnIceCandidate"}}}, sessionId: aba633f6-8a99-417a-b26c-8713250bbf50
1:00:49.668277419 [331m   24[00m 0x7fe690001790 [37mDEBUG  [00m [00mKurentoWebSocketEventHandler WebSocketEventHandler.cpp:56:sendEvent:[00m Sending event: {"jsonrpc":"2.0","method":"onEvent","params":{"value":{"data":{"candidate":{"__module__":"kurento","__type__":"IceCandidate","candidate":"candidate:1 2 UDP 2013266430 172.18.0.12 10025 typ host","sdpMLineIndex":0,"sdpMid":"0"},"source":"66243add-4692-437c-89c5-ea1bf1ed5585_kurento.MediaPipeline/f2c4ccc9-d585-45f9-a87f-16e46d3e571a_kurento.WebRtcEndpoint","tags":[],"timestamp":"1617604325","timestampMillis":"1617604325589","type":"OnIceCandidate"},"object":"66243add-4692-437c-89c5-ea1bf1ed5585_kurento.MediaPipeline/f2c4ccc9-d585-45f9-a87f-16e46d3e571a_kurento.WebRtcEndpoint","type":"OnIceCandidate"}}}, sessionId: aba633f6-8a99-417a-b26c-8713250bbf50
1:00:49.668302489 [331m   24[00m 0x7fe6b0001f00 [37mDEBUG  [00m [00mKurentoWebSocketTransport WebSocketTransport.cpp:460:processMessage:[00m Message: {"jsonrpc":"2.0","method":"invoke","params":{"object":"66243add-4692-437c-89c5-ea1bf1ed5585_kurento.MediaPipeline/81cbc7f8-b7cc-4c46-9e6a-9ce1f6a7d997_datachannelexample.KmsSendData","operation":"connect","operationParams":{"sink":"66243add-4692-437c-89c5-ea1bf1ed5585_kurento.MediaPipeline/f2c4ccc9-d585-45f9-a87f-16e46d3e571a_kurento.WebRtcEndpoint"},"sessionId":"aba633f6-8a99-417a-b26c-8713250bbf50"},"id":642}
1:00:49.668341907 [331m   24[00m 0x7fe690001790 [37mDEBUG  [00m [00mKurentoWebSocketEventHandler WebSocketEventHandler.cpp:56:sendEvent:[00m Sending event: {"jsonrpc":"2.0","method":"onEvent","params":{"value":{"data":{"candidate":{"__module__":"kurento","__type__":"IceCandidate","candidate":"candidate:1 2 UDP 2013266430 172.18.0.12 10025 typ host","sdpMLineIndex":1,"sdpMid":"1"},"source":"66243add-4692-437c-89c5-ea1bf1ed5585_kurento.MediaPipeline/f2c4ccc9-d585-45f9-a87f-16e46d3e571a_kurento.WebRtcEndpoint","tags":[],"timestamp":"1617604325","timestampMillis":"1617604325589","type":"OnIceCandidate"},"object":"66243add-4692-437c-89c5-ea1bf1ed5585_kurento.MediaPipeline/f2c4ccc9-d585-45f9-a87f-16e46d3e571a_kurento.WebRtcEndpoint","type":"OnIceCandidate"}}}, sessionId: aba633f6-8a99-417a-b26c-8713250bbf50
1:00:49.668403792 [331m   24[00m 0x7fe690001790 [37mDEBUG  [00m [00mKurentoWebSocketEventHandler WebSocketEventHandler.cpp:56:sendEvent:[00m Sending event: {"jsonrpc":"2.0","method":"onEvent","params":{"value":{"data":{"candidate":{"__module__":"kurento","__type__":"IceCandidate","candidate":"candidate:1 2 UDP 2013266430 172.18.0.12 10025 typ host","sdpMLineIndex":2,"sdpMid":"2"},"source":"66243add-4692-437c-89c5-ea1bf1ed5585_kurento.MediaPipeline/f2c4ccc9-d585-45f9-a87f-16e46d3e571a_kurento.WebRtcEndpoint","tags":[],"timestamp":"1617604325","timestampMillis":"1617604325589","type":"OnIceCandidate"},"object":"66243add-4692-437c-89c5-ea1bf1ed5585_kurento.MediaPipeline/f2c4ccc9-d585-45f9-a87f-16e46d3e571a_kurento.WebRtcEndpoint","type":"OnIceCandidate"}}}, sessionId: aba633f6-8a99-417a-b26c-8713250bbf50
1:00:49.668464502 [331m   24[00m 0x7fe690001790 [37mDEBUG  [00m [00mKurentoWebSocketEventHandler WebSocketEventHandler.cpp:56:sendEvent:[00m Sending event: {"jsonrpc":"2.0","method":"onEvent","params":{"value":{"data":{"candidate":{"__module__":"kurento","__type__":"IceCandidate","candidate":"candidate:2 2 TCP 1015021822 172.18.0.12 9 typ host tcptype active","sdpMLineIndex":0,"sdpMid":"0"},"source":"66243add-4692-437c-89c5-ea1bf1ed5585_kurento.MediaPipeline/f2c4ccc9-d585-45f9-a87f-16e46d3e571a_kurento.WebRtcEndpoint","tags":[],"timestamp":"1617604325","timestampMillis":"1617604325589","type":"OnIceCandidate"},"object":"66243add-4692-437c-89c5-ea1bf1ed5585_kurento.MediaPipeline/f2c4ccc9-d585-45f9-a87f-16e46d3e571a_kurento.WebRtcEndpoint","type":"OnIceCandidate"}}}, sessionId: aba633f6-8a99-417a-b26c-8713250bbf50
1:00:49.668484555 [331m   24[00m 0x7fe6b0001f00 [37mDEBUG  [00m [00mKurentoMediaElementImpl MediaElementImpl.cpp:902:connect:[00m Connecting 66243add-4692-437c-89c5-ea1bf1ed5585_kurento.MediaPipeline/81cbc7f8-b7cc-4c46-9e6a-9ce1f6a7d997_datachannelexample.KmsSendData -> 66243add-4692-437c-89c5-ea1bf1ed5585_kurento.MediaPipeline/f2c4ccc9-d585-45f9-a87f-16e46d3e571a_kurento.WebRtcEndpoint params AUDIO default default
1:00:49.668524339 [331m   24[00m 0x7fe690001790 [37mDEBUG  [00m [00mKurentoWebSocketEventHandler WebSocketEventHandler.cpp:56:sendEvent:[00m Sending event: {"jsonrpc":"2.0","method":"onEvent","params":{"value":{"data":{"candidate":{"__module__":"kurento","__type__":"IceCandidate","candidate":"candidate:2 2 TCP 1015021822 172.18.0.12 9 typ host tcptype active","sdpMLineIndex":1,"sdpMid":"1"},"source":"66243add-4692-437c-89c5-ea1bf1ed5585_kurento.MediaPipeline/f2c4ccc9-d585-45f9-a87f-16e46d3e571a_kurento.WebRtcEndpoint","tags":[],"timestamp":"1617604325","timestampMillis":"1617604325589","type":"OnIceCandidate"},"object":"66243add-4692-437c-89c5-ea1bf1ed5585_kurento.MediaPipeline/f2c4ccc9-d585-45f9-a87f-16e46d3e571a_kurento.WebRtcEndpoint","type":"OnIceCandidate"}}}, sessionId: aba633f6-8a99-417a-b26c-8713250bbf50
1:00:49.668586422 [331m   24[00m 0x7fe690001790 [37mDEBUG  [00m [00mKurentoWebSocketEventHandler WebSocketEventHandler.cpp:56:sendEvent:[00m Sending event: {"jsonrpc":"2.0","method":"onEvent","params":{"value":{"data":{"candidate":{"__module__":"kurento","__type__":"IceCandidate","candidate":"candidate:2 2 TCP 1015021822 172.18.0.12 9 typ host tcptype active","sdpMLineIndex":2,"sdpMid":"2"},"source":"66243add-4692-437c-89c5-ea1bf1ed5585_kurento.MediaPipeline/f2c4ccc9-d585-45f9-a87f-16e46d3e571a_kurento.WebRtcEndpoint","tags":[],"timestamp":"1617604325","timestampMillis":"1617604325589","type":"OnIceCandidate"},"object":"66243add-4692-437c-89c5-ea1bf1ed5585_kurento.MediaPipeline/f2c4ccc9-d585-45f9-a87f-16e46d3e571a_kurento.WebRtcEndpoint","type":"OnIceCandidate"}}}, sessionId: aba633f6-8a99-417a-b26c-8713250bbf50
1:00:49.668655543 [331m   24[00m 0x7fe690001790 [37mDEBUG  [00m [00mKurentoWebSocketEventHandler WebSocketEventHandler.cpp:56:sendEvent:[00m Sending event: {"jsonrpc":"2.0","method":"onEvent","params":{"value":{"data":{"candidate":{"__module__":"kurento","__type__":"IceCandidate","candidate":"candidate:4 2 TCP 1010827518 172.18.0.12 10077 typ host tcptype passive","sdpMLineIndex":0,"sdpMid":"0"},"source":"66243add-4692-437c-89c5-ea1bf1ed5585_kurento.MediaPipeline/f2c4ccc9-d585-45f9-a87f-16e46d3e571a_kurento.WebRtcEndpoint","tags":[],"timestamp":"1617604325","timestampMillis":"1617604325589","type":"OnIceCandidate"},"object":"66243add-4692-437c-89c5-ea1bf1ed5585_kurento.MediaPipeline/f2c4ccc9-d585-45f9-a87f-16e46d3e571a_kurento.WebRtcEndpoint","type":"OnIceCandidate"}}}, sessionId: aba633f6-8a99-417a-b26c-8713250bbf50
1:00:49.668712667 [331m   24[00m 0x7fe690001790 [37mDEBUG  [00m [00mKurentoWebSocketEventHandler WebSocketEventHandler.cpp:56:sendEvent:[00m Sending event: {"jsonrpc":"2.0","method":"onEvent","params":{"value":{"data":{"candidate":{"__module__":"kurento","__type__":"IceCandidate","candidate":"candidate:4 2 TCP 1010827518 172.18.0.12 10077 typ host tcptype passive","sdpMLineIndex":1,"sdpMid":"1"},"source":"66243add-4692-437c-89c5-ea1bf1ed5585_kurento.MediaPipeline/f2c4ccc9-d585-45f9-a87f-16e46d3e571a_kurento.WebRtcEndpoint","tags":[],"timestamp":"1617604325","timestampMillis":"1617604325589","type":"OnIceCandidate"},"object":"66243add-4692-437c-89c5-ea1bf1ed5585_kurento.MediaPipeline/f2c4ccc9-d585-45f9-a87f-16e46d3e571a_kurento.WebRtcEndpoint","type":"OnIceCandidate"}}}, sessionId: aba633f6-8a99-417a-b26c-8713250bbf50
1:00:49.668732031 [331m   24[00m 0x7fe6b0001f00 [37mDEBUG  [00m [00mKurentoMediaElementImpl MediaElementImpl.cpp:902:connect:[00m Connecting 66243add-4692-437c-89c5-ea1bf1ed5585_kurento.MediaPipeline/81cbc7f8-b7cc-4c46-9e6a-9ce1f6a7d997_datachannelexample.KmsSendData -> 66243add-4692-437c-89c5-ea1bf1ed5585_kurento.MediaPipeline/f2c4ccc9-d585-45f9-a87f-16e46d3e571a_kurento.WebRtcEndpoint params VIDEO default default
1:00:49.668765351 [331m   24[00m 0x7fe690001790 [37mDEBUG  [00m [00mKurentoWebSocketEventHandler WebSocketEventHandler.cpp:56:sendEvent:[00m Sending event: {"jsonrpc":"2.0","method":"onEvent","params":{"value":{"data":{"candidate":{"__module__":"kurento","__type__":"IceCandidate","candidate":"candidate:4 2 TCP 1010827518 172.18.0.12 10077 typ host tcptype passive","sdpMLineIndex":2,"sdpMid":"2"},"source":"66243add-4692-437c-89c5-ea1bf1ed5585_kurento.MediaPipeline/f2c4ccc9-d585-45f9-a87f-16e46d3e571a_kurento.WebRtcEndpoint","tags":[],"timestamp":"1617604325","timestampMillis":"1617604325589","type":"OnIceCandidate"},"object":"66243add-4692-437c-89c5-ea1bf1ed5585_kurento.MediaPipeline/f2c4ccc9-d585-45f9-a87f-16e46d3e571a_kurento.WebRtcEndpoint","type":"OnIceCandidate"}}}, sessionId: aba633f6-8a99-417a-b26c-8713250bbf50
1:00:49.668848570 [331m   24[00m 0x7fe6b0001f00 [37mDEBUG  [00m [00mKurentoMediaElementImpl MediaElementImpl.cpp:902:connect:[00m Connecting 66243add-4692-437c-89c5-ea1bf1ed5585_kurento.MediaPipeline/81cbc7f8-b7cc-4c46-9e6a-9ce1f6a7d997_datachannelexample.KmsSendData -> 66243add-4692-437c-89c5-ea1bf1ed5585_kurento.MediaPipeline/f2c4ccc9-d585-45f9-a87f-16e46d3e571a_kurento.WebRtcEndpoint params DATA default default
1:00:49.669037358 [331m   24[00m 0x7fe6b0001f00 [37mDEBUG  [00m [00mKurentoWebSocketTransport WebSocketTransport.cpp:462:processMessage:[00m Response: {"id":642,"jsonrpc":"2.0","result":{"sessionId":"aba633f6-8a99-417a-b26c-8713250bbf50","value":null}}
1:00:49.757823354 [331m   24[00m 0x7fe690001790 [37mDEBUG  [00m [00mKurentoWebSocketEventHandler WebSocketEventHandler.cpp:56:sendEvent:[00m Sending event: {"jsonrpc":"2.0","method":"onEvent","params":{"value":{"data":{"candidate":{"__module__":"kurento","__type__":"IceCandidate","candidate":"candidate:5 1 UDP 1677722111 203.151.66.107 10014 typ srflx raddr 172.18.0.12 rport 10014","sdpMLineIndex":0,"sdpMid":"0"},"source":"66243add-4692-437c-89c5-ea1bf1ed5585_kurento.MediaPipeline/f2c4ccc9-d585-45f9-a87f-16e46d3e571a_kurento.WebRtcEndpoint","tags":[],"timestamp":"1617604325","timestampMillis":"1617604325679","type":"OnIceCandidate"},"object":"66243add-4692-437c-89c5-ea1bf1ed5585_kurento.MediaPipeline/f2c4ccc9-d585-45f9-a87f-16e46d3e571a_kurento.WebRtcEndpoint","type":"OnIceCandidate"}}}, sessionId: aba633f6-8a99-417a-b26c-8713250bbf50
1:00:49.758023332 [331m   24[00m 0x7fe690001790 [37mDEBUG  [00m [00mKurentoWebSocketEventHandler WebSocketEventHandler.cpp:56:sendEvent:[00m Sending event: {"jsonrpc":"2.0","method":"onEvent","params":{"value":{"data":{"candidate":{"__module__":"kurento","__type__":"IceCandidate","candidate":"candidate:5 1 UDP 1677722111 203.151.66.107 10014 typ srflx raddr 172.18.0.12 rport 10014","sdpMLineIndex":1,"sdpMid":"1"},"source":"66243add-4692-437c-89c5-ea1bf1ed5585_kurento.MediaPipeline/f2c4ccc9-d585-45f9-a87f-16e46d3e571a_kurento.WebRtcEndpoint","tags":[],"timestamp":"1617604325","timestampMillis":"1617604325679","type":"OnIceCandidate"},"object":"66243add-4692-437c-89c5-ea1bf1ed5585_kurento.MediaPipeline/f2c4ccc9-d585-45f9-a87f-16e46d3e571a_kurento.WebRtcEndpoint","type":"OnIceCandidate"}}}, sessionId: aba633f6-8a99-417a-b26c-8713250bbf50
1:00:49.758163301 [331m   24[00m 0x7fe690001790 [37mDEBUG  [00m [00mKurentoWebSocketEventHandler WebSocketEventHandler.cpp:56:sendEvent:[00m Sending event: {"jsonrpc":"2.0","method":"onEvent","params":{"value":{"data":{"candidate":{"__module__":"kurento","__type__":"IceCandidate","candidate":"candidate:5 1 UDP 1677722111 203.151.66.107 10014 typ srflx raddr 172.18.0.12 rport 10014","sdpMLineIndex":2,"sdpMid":"2"},"source":"66243add-4692-437c-89c5-ea1bf1ed5585_kurento.MediaPipeline/f2c4ccc9-d585-45f9-a87f-16e46d3e571a_kurento.WebRtcEndpoint","tags":[],"timestamp":"1617604325","timestampMillis":"1617604325679","type":"OnIceCandidate"},"object":"66243add-4692-437c-89c5-ea1bf1ed5585_kurento.MediaPipeline/f2c4ccc9-d585-45f9-a87f-16e46d3e571a_kurento.WebRtcEndpoint","type":"OnIceCandidate"}}}, sessionId: aba633f6-8a99-417a-b26c-8713250bbf50
1:00:49.758259271 [331m   24[00m 0x7fe690001790 [37mDEBUG  [00m [00mKurentoWebSocketEventHandler WebSocketEventHandler.cpp:56:sendEvent:[00m Sending event: {"jsonrpc":"2.0","method":"onEvent","params":{"value":{"data":{"candidate":{"__module__":"kurento","__type__":"IceCandidate","candidate":"candidate:6 1 TCP 847249663 203.151.66.107 9 typ srflx raddr 172.18.0.12 rport 9 tcptype active","sdpMLineIndex":0,"sdpMid":"0"},"source":"66243add-4692-437c-89c5-ea1bf1ed5585_kurento.MediaPipeline/f2c4ccc9-d585-45f9-a87f-16e46d3e571a_kurento.WebRtcEndpoint","tags":[],"timestamp":"1617604325","timestampMillis":"1617604325679","type":"OnIceCandidate"},"object":"66243add-4692-437c-89c5-ea1bf1ed5585_kurento.MediaPipeline/f2c4ccc9-d585-45f9-a87f-16e46d3e571a_kurento.WebRtcEndpoint","type":"OnIceCandidate"}}}, sessionId: aba633f6-8a99-417a-b26c-8713250bbf50
1:00:49.758356609 [331m   24[00m 0x7fe690001790 [37mDEBUG  [00m [00mKurentoWebSocketEventHandler WebSocketEventHandler.cpp:56:sendEvent:[00m Sending event: {"jsonrpc":"2.0","method":"onEvent","params":{"value":{"data":{"candidate":{"__module__":"kurento","__type__":"IceCandidate","candidate":"candidate:6 1 TCP 847249663 203.151.66.107 9 typ srflx raddr 172.18.0.12 rport 9 tcptype active","sdpMLineIndex":1,"sdpMid":"1"},"source":"66243add-4692-437c-89c5-ea1bf1ed5585_kurento.MediaPipeline/f2c4ccc9-d585-45f9-a87f-16e46d3e571a_kurento.WebRtcEndpoint","tags":[],"timestamp":"1617604325","timestampMillis":"1617604325679","type":"OnIceCandidate"},"object":"66243add-4692-437c-89c5-ea1bf1ed5585_kurento.MediaPipeline/f2c4ccc9-d585-45f9-a87f-16e46d3e571a_kurento.WebRtcEndpoint","type":"OnIceCandidate"}}}, sessionId: aba633f6-8a99-417a-b26c-8713250bbf50
1:00:49.758438333 [331m   24[00m 0x7fe690001790 [37mDEBUG  [00m [00mKurentoWebSocketEventHandler WebSocketEventHandler.cpp:56:sendEvent:[00m Sending event: {"jsonrpc":"2.0","method":"onEvent","params":{"value":{"data":{"candidate":{"__module__":"kurento","__type__":"IceCandidate","candidate":"candidate:6 1 TCP 847249663 203.151.66.107 9 typ srflx raddr 172.18.0.12 rport 9 tcptype active","sdpMLineIndex":2,"sdpMid":"2"},"source":"66243add-4692-437c-89c5-ea1bf1ed5585_kurento.MediaPipeline/f2c4ccc9-d585-45f9-a87f-16e46d3e571a_kurento.WebRtcEndpoint","tags":[],"timestamp":"1617604325","timestampMillis":"1617604325679","type":"OnIceCandidate"},"object":"66243add-4692-437c-89c5-ea1bf1ed5585_kurento.MediaPipeline/f2c4ccc9-d585-45f9-a87f-16e46d3e571a_kurento.WebRtcEndpoint","type":"OnIceCandidate"}}}, sessionId: aba633f6-8a99-417a-b26c-8713250bbf50
1:00:49.758522694 [331m   24[00m 0x7fe690001790 [37mDEBUG  [00m [00mKurentoWebSocketEventHandler WebSocketEventHandler.cpp:56:sendEvent:[00m Sending event: {"jsonrpc":"2.0","method":"onEvent","params":{"value":{"data":{"candidate":{"__module__":"kurento","__type__":"IceCandidate","candidate":"candidate:7 1 TCP 843055359 203.151.66.107 10091 typ srflx raddr 172.18.0.12 rport 10091 tcptype passive","sdpMLineIndex":0,"sdpMid":"0"},"source":"66243add-4692-437c-89c5-ea1bf1ed5585_kurento.MediaPipeline/f2c4ccc9-d585-45f9-a87f-16e46d3e571a_kurento.WebRtcEndpoint","tags":[],"timestamp":"1617604325","timestampMillis":"1617604325679","type":"OnIceCandidate"},"object":"66243add-4692-437c-89c5-ea1bf1ed5585_kurento.MediaPipeline/f2c4ccc9-d585-45f9-a87f-16e46d3e571a_kurento.WebRtcEndpoint","type":"OnIceCandidate"}}}, sessionId: aba633f6-8a99-417a-b26c-8713250bbf50
1:00:49.758608200 [331m   24[00m 0x7fe690001790 [37mDEBUG  [00m [00mKurentoWebSocketEventHandler WebSocketEventHandler.cpp:56:sendEvent:[00m Sending event: {"jsonrpc":"2.0","method":"onEvent","params":{"value":{"data":{"candidate":{"__module__":"kurento","__type__":"IceCandidate","candidate":"candidate:7 1 TCP 843055359 203.151.66.107 10091 typ srflx raddr 172.18.0.12 rport 10091 tcptype passive","sdpMLineIndex":1,"sdpMid":"1"},"source":"66243add-4692-437c-89c5-ea1bf1ed5585_kurento.MediaPipeline/f2c4ccc9-d585-45f9-a87f-16e46d3e571a_kurento.WebRtcEndpoint","tags":[],"timestamp":"1617604325","timestampMillis":"1617604325679","type":"OnIceCandidate"},"object":"66243add-4692-437c-89c5-ea1bf1ed5585_kurento.MediaPipeline/f2c4ccc9-d585-45f9-a87f-16e46d3e571a_kurento.WebRtcEndpoint","type":"OnIceCandidate"}}}, sessionId: aba633f6-8a99-417a-b26c-8713250bbf50
1:00:49.758693548 [331m   24[00m 0x7fe690001790 [37mDEBUG  [00m [00mKurentoWebSocketEventHandler WebSocketEventHandler.cpp:56:sendEvent:[00m Sending event: {"jsonrpc":"2.0","method":"onEvent","params":{"value":{"data":{"candidate":{"__module__":"kurento","__type__":"IceCandidate","candidate":"candidate:7 1 TCP 843055359 203.151.66.107 10091 typ srflx raddr 172.18.0.12 rport 10091 tcptype passive","sdpMLineIndex":2,"sdpMid":"2"},"source":"66243add-4692-437c-89c5-ea1bf1ed5585_kurento.MediaPipeline/f2c4ccc9-d585-45f9-a87f-16e46d3e571a_kurento.WebRtcEndpoint","tags":[],"timestamp":"1617604325","timestampMillis":"1617604325679","type":"OnIceCandidate"},"object":"66243add-4692-437c-89c5-ea1bf1ed5585_kurento.MediaPipeline/f2c4ccc9-d585-45f9-a87f-16e46d3e571a_kurento.WebRtcEndpoint","type":"OnIceCandidate"}}}, sessionId: aba633f6-8a99-417a-b26c-8713250bbf50
1:00:49.761127676 [331m   24[00m 0x7fe6bc001f60 [37mDEBUG  [00m [00mKurentoWebSocketTransport WebSocketTransport.cpp:460:processMessage:[00m Message: {"jsonrpc":"2.0","method":"invoke","params":{"object":"66243add-4692-437c-89c5-ea1bf1ed5585_kurento.MediaPipeline/f2c4ccc9-d585-45f9-a87f-16e46d3e571a_kurento.WebRtcEndpoint","operation":"addIceCandidate","operationParams":{"candidate":{"candidate":"candidate:1 1 UDP 1686052863 58.97.53.190 53212 typ srflx raddr 0.0.0.0 rport 0","sdpMid":"0","sdpMLineIndex":0,"__module__":"kurento","__type__":"IceCandidate"}},"sessionId":"aba633f6-8a99-417a-b26c-8713250bbf50"},"id":643}
1:00:49.761774832 [331m   24[00m 0x7fe6bc001f60 [37mDEBUG  [00m [00mKurentoWebSocketTransport WebSocketTransport.cpp:462:processMessage:[00m Response: {"id":643,"jsonrpc":"2.0","result":{"sessionId":"aba633f6-8a99-417a-b26c-8713250bbf50","value":null}}
1:00:49.787464293 [331m   24[00m 0x7fe6f8001d80 [37mDEBUG  [00m [00mKurentoWebSocketTransport WebSocketTransport.cpp:460:processMessage:[00m Message: {"jsonrpc":"2.0","method":"invoke","params":{"object":"66243add-4692-437c-89c5-ea1bf1ed5585_kurento.MediaPipeline/f2c4ccc9-d585-45f9-a87f-16e46d3e571a_kurento.WebRtcEndpoint","operation":"addIceCandidate","operationParams":{"candidate":{"candidate":"candidate:1 2 UDP 1686052862 58.97.53.190 53213 typ srflx raddr 0.0.0.0 rport 0","sdpMid":"0","sdpMLineIndex":0,"__module__":"kurento","__type__":"IceCandidate"}},"sessionId":"aba633f6-8a99-417a-b26c-8713250bbf50"},"id":644}
1:00:49.788036061 [331m   24[00m 0x7fe6f8001d80 [37mDEBUG  [00m [00mKurentoWebSocketTransport WebSocketTransport.cpp:462:processMessage:[00m Response: {"id":644,"jsonrpc":"2.0","result":{"sessionId":"aba633f6-8a99-417a-b26c-8713250bbf50","value":null}}
1:00:49.789316442 [331m   24[00m 0x7fe534002e30 [37mDEBUG  [00m [00mKurentoWebRtcEndpointImpl WebRtcEndpointImpl.cpp:292:newSelectedPairFull:<kmswebrtcendpoint35>[00m New candidate pair selected, local: 'candidate:5 1 UDP 1677722111 203.151.66.107 10014 typ srflx raddr 172.18.0.12 rport 10014', remote: 'candidate:remote1 1 UDP 1853817087 110.164.89.190 53212 typ prflx', stream_id: '1', component_id: 1
1:00:49.789638626 [331m   24[00m 0x7fe6ec001b20 [37mDEBUG  [00m [00mKurentoWebSocketTransport WebSocketTransport.cpp:460:processMessage:[00m Message: {"jsonrpc":"2.0","method":"invoke","params":{"object":"66243add-4692-437c-89c5-ea1bf1ed5585_kurento.MediaPipeline/f2c4ccc9-d585-45f9-a87f-16e46d3e571a_kurento.WebRtcEndpoint","operation":"addIceCandidate","operationParams":{"candidate":{"candidate":"","sdpMid":"0","sdpMLineIndex":0,"__module__":"kurento","__type__":"IceCandidate"}},"sessionId":"aba633f6-8a99-417a-b26c-8713250bbf50"},"id":645}
1:00:49.791173151 [331m   24[00m 0x7fe6ec001b20 [37mDEBUG  [00m [00mKurentoWebSocketTransport WebSocketTransport.cpp:462:processMessage:[00m Response: {"error":{"code":40401,"data":{"type":"ICE_ADD_CANDIDATE_ERROR"},"message":"Error adding candidate"},"id":645,"jsonrpc":"2.0"}
1:00:50.691523507 [331m   24[00m 0x7fe53c0022d0 [37mDEBUG  [00m [00mKurentoMediaElementImpl MediaElementImpl.cpp:492:mediaFlowInStateChange:<kmswebrtcendpoint35>[00m MediaFlowInStateChange: FLOWING, pad: 'default', type: 'audio'
1:01:06.230230986 [331m   24[00m 0x7fe6c0001860 [36mINFO   [00m [00mKurentoWebSocketTransport WebSocketTransport.cpp:296:keepAliveSessions:[00m Keep alive aba633f6-8a99-417a-b26c-8713250bbf50
1:01:07.016939055 [331m   24[00m 0x7fe6bc001600 [37mDEBUG  [00m [00mKurentoWebSocketTransport WebSocketTransport.cpp:460:processMessage:[00m Message: {"jsonrpc":"2.0","method":"ping","id":646}
1:01:07.017134215 [331m   24[00m 0x7fe6bc001600 [36mINFO   [00m [00mKurentoServerMethods ServerMethods.cpp:814:ping:[00m WebSocket Ping/Pong with sessionId aba633f6-8a99-417a-b26c-8713250bbf50
1:01:07.017224928 [331m   24[00m 0x7fe6bc001600 [37mDEBUG  [00m [00mKurentoWebSocketTransport WebSocketTransport.cpp:462:processMessage:[00m Response: {"id":646,"jsonrpc":"2.0","result":{"sessionId":"aba633f6-8a99-417a-b26c-8713250bbf50","value":"pong"}}
1:01:10.440571948 [331m   24[00m 0x7fe704001840 [37mDEBUG  [00m [00mKurentoWebSocketTransport WebSocketTransport.cpp:460:processMessage:[00m Message: {"jsonrpc":"2.0","method":"release","params":{"object":"66243add-4692-437c-89c5-ea1bf1ed5585_kurento.MediaPipeline/019b6768-5431-418c-a962-7f661c1ae0d3_kurento.WebRtcEndpoint","sessionId":"aba633f6-8a99-417a-b26c-8713250bbf50"},"id":647}
1:01:10.440908687 [331m   24[00m 0x7fe704001840 [37mDEBUG  [00m [00mKurentoWebSocketTransport WebSocketTransport.cpp:462:processMessage:[00m Response: {"id":647,"jsonrpc":"2.0","result":{"sessionId":"aba633f6-8a99-417a-b26c-8713250bbf50"}}
1:01:10.441052176 [331m   24[00m 0x7fe728001780 [37mDEBUG  [00m [00mKurentoMediaElementImpl MediaElementImpl.cpp:1028:disconnect:[00m Disconnecting 66243add-4692-437c-89c5-ea1bf1ed5585_kurento.MediaPipeline/81cbc7f8-b7cc-4c46-9e6a-9ce1f6a7d997_datachannelexample.KmsSendData - 66243add-4692-437c-89c5-ea1bf1ed5585_kurento.MediaPipeline/019b6768-5431-418c-a962-7f661c1ae0d3_kurento.WebRtcEndpoint params AUDIO default default
1:01:10.442552730 [331m   24[00m 0x7fe6b4001840 [37mDEBUG  [00m [00mKurentoWebSocketTransport WebSocketTransport.cpp:460:processMessage:[00m Message: {"jsonrpc":"2.0","method":"unsubscribe","params":{"object":"66243add-4692-437c-89c5-ea1bf1ed5585_kurento.MediaPipeline/019b6768-5431-418c-a962-7f661c1ae0d3_kurento.WebRtcEndpoint","subscription":"dd56ba5d-6241-4066-bd12-b1b106a56db0","sessionId":"aba633f6-8a99-417a-b26c-8713250bbf50"},"id":648}
1:01:10.442631334 [331m   24[00m 0x7fe728001780 [37mDEBUG  [00m [00mKurentoMediaElementImpl MediaElementImpl.cpp:1028:disconnect:[00m Disconnecting 66243add-4692-437c-89c5-ea1bf1ed5585_kurento.MediaPipeline/81cbc7f8-b7cc-4c46-9e6a-9ce1f6a7d997_datachannelexample.KmsSendData - 66243add-4692-437c-89c5-ea1bf1ed5585_kurento.MediaPipeline/019b6768-5431-418c-a962-7f661c1ae0d3_kurento.WebRtcEndpoint params DATA default default
1:01:10.442725928 [331m   24[00m 0x7fe6b4001840 [37mDEBUG  [00m [00mKurentoWebSocketTransport WebSocketTransport.cpp:462:processMessage:[00m Response: {"id":648,"jsonrpc":"2.0","result":{"sessionId":"aba633f6-8a99-417a-b26c-8713250bbf50"}}
1:01:10.442761504 [331m   24[00m 0x7fe728001780 [37mDEBUG  [00m [00mKurentoMediaElementImpl MediaElementImpl.cpp:1028:disconnect:[00m Disconnecting 66243add-4692-437c-89c5-ea1bf1ed5585_kurento.MediaPipeline/81cbc7f8-b7cc-4c46-9e6a-9ce1f6a7d997_datachannelexample.KmsSendData - 66243add-4692-437c-89c5-ea1bf1ed5585_kurento.MediaPipeline/019b6768-5431-418c-a962-7f661c1ae0d3_kurento.WebRtcEndpoint params VIDEO default default
1:01:10.442891940 [331m   24[00m 0x7fe728001780 [37mDEBUG  [00m [00m     KurentoMediaSet MediaSet.cpp:470:async_delete:[00m Destroying WebRtcEndpoint -> 66243add-4692-437c-89c5-ea1bf1ed5585_kurento.MediaPipeline/019b6768-5431-418c-a962-7f661c1ae0d3_kurento.WebRtcEndpoint
1:01:12.458582100 [331m   24[00m 0x7fe6f0001cc0 [37mDEBUG  [00m [00mKurentoWebSocketTransport WebSocketTransport.cpp:460:processMessage:[00m Message: {"jsonrpc":"2.0","method":"create","params":{"type":"WebRtcEndpoint","constructorParams":{"mediaPipeline":"66243add-4692-437c-89c5-ea1bf1ed5585_kurento.MediaPipeline","useDataChannels":true},"properties":{},"sessionId":"aba633f6-8a99-417a-b26c-8713250bbf50"},"id":649}
1:01:12.459987958 [331m   24[00m 0x7fe6f0001cc0 [36mINFO   [00m [00mKurentoWebRtcEndpointImpl WebRtcEndpointImpl.cpp:96:remove_not_supported_codecs_from_array:<kmswebrtcendpoint36>[00m Removing not supported codec 'AMR/8000'
1:01:12.460039365 [331m   24[00m 0x7fe6f0001cc0 [36mINFO   [00m [00mKurentoWebRtcEndpointImpl WebRtcEndpointImpl.cpp:465:WebRtcEndpointImpl:[00m Using STUN reflexive server IP: 203.183.172.196
1:01:12.460047002 [331m   24[00m 0x7fe6f0001cc0 [36mINFO   [00m [00mKurentoWebRtcEndpointImpl WebRtcEndpointImpl.cpp:466:WebRtcEndpointImpl:[00m Using STUN reflexive server Port: 3478
1:01:12.460100017 [331m   24[00m 0x7fe6f0001cc0 [36mINFO   [00m [00mKurentoWebRtcEndpointImpl WebRtcEndpointImpl.cpp:487:WebRtcEndpointImpl:[00m TURN server IP address not found in config; NAT traversal requires either STUN or TURN server
1:01:12.460447448 [331m   24[00m 0x7fe6f0001cc0 [37mDEBUG  [00m [00mKurentoWebSocketTransport WebSocketTransport.cpp:462:processMessage:[00m Response: {"id":649,"jsonrpc":"2.0","result":{"sessionId":"aba633f6-8a99-417a-b26c-8713250bbf50","value":"66243add-4692-437c-89c5-ea1bf1ed5585_kurento.MediaPipeline/25d85db6-801c-4a48-aa5a-97bd2be42fa0_kurento.WebRtcEndpoint"}}
1:01:12.461761638 [331m   24[00m 0x7fe6fc007980 [37mDEBUG  [00m [00mKurentoWebSocketTransport WebSocketTransport.cpp:460:processMessage:[00m Message: {"jsonrpc":"2.0","method":"subscribe","params":{"object":"66243add-4692-437c-89c5-ea1bf1ed5585_kurento.MediaPipeline/25d85db6-801c-4a48-aa5a-97bd2be42fa0_kurento.WebRtcEndpoint","type":"OnIceCandidate","sessionId":"aba633f6-8a99-417a-b26c-8713250bbf50"},"id":650}
1:01:12.461949168 [331m   24[00m 0x7fe6fc007980 [37mDEBUG  [00m [00mKurentoWebSocketTransport WebSocketTransport.cpp:462:processMessage:[00m Response: {"id":650,"jsonrpc":"2.0","result":{"sessionId":"aba633f6-8a99-417a-b26c-8713250bbf50","value":"93c855a5-bba9-4545-bd8c-0f4ceefac14e"}}
