0:58:23.847741038 [331m   24[00m 0x7fe690001790 [37mDEBUG  [00m [00mKurentoWebSocketEventHandler WebSocketEventHandler.cpp:56:sendEvent:[00m Sending event: {"jsonrpc":"2.0","method":"onEvent","params":{"value":{"data":{"candidate":{"__module__":"kurento","__type__":"IceCandidate","candidate":"candidate:4 2 TCP 1010827518 172.18.0.12 10076 typ host tcptype passive","sdpMLineIndex":2,"sdpMid":"2"},"source":"66243add-4692-437c-89c5-ea1bf1ed5585_kurento.MediaPipeline/9599ead3-fcb9-4aaa-bb6d-1a2787562cbb_kurento.WebRtcEndpoint","tags":[],"timestamp":"1617604179","timestampMillis":"1617604179768","type":"OnIceCandidate"},"object":"66243add-4692-437c-89c5-ea1bf1ed5585_kurento.MediaPipeline/9599ead3-fcb9-4aaa-bb6d-1a2787562cbb_kurento.WebRtcEndpoint","type":"OnIceCandidate"}}}, sessionId: aba633f6-8a99-417a-b26c-8713250bbf50
0:58:23.847986504 [331m   24[00m 0x7fe6f8001d80 [37mDEBUG  [00m [00mKurentoWebSocketTransport WebSocketTransport.cpp:462:processMessage:[00m Response: {"error":{"code":40401,"data":{"type":"ICE_ADD_CANDIDATE_ERROR"},"message":"Error adding candidate"},"id":518,"jsonrpc":"2.0"}
0:58:23.848010086 [331m   24[00m 0x7fe6f8001d80 [37mDEBUG  [00m [00mKurentoWebSocketTransport WebSocketTransport.cpp:460:processMessage:[00m Message: {"jsonrpc":"2.0","method":"invoke","params":{"object":"66243add-4692-437c-89c5-ea1bf1ed5585_kurento.MediaPipeline/9599ead3-fcb9-4aaa-bb6d-1a2787562cbb_kurento.WebRtcEndpoint","operation":"addIceCandidate","operationParams":{"candidate":{"candidate":"candidate:2 1 TCP 2105524479 ace83a89-ffd7-46d8-b294-5a5fbc243a82.local 9 typ host tcptype active","sdpMid":"2","sdpMLineIndex":2,"__module__":"kurento","__type__":"IceCandidate"}},"sessionId":"aba633f6-8a99-417a-b26c-8713250bbf50"},"id":519}
0:58:23.848174766 [331m   24[00m 0x7fe6f8001d80 [37mDEBUG  [00m [00mKurentoWebSocketTransport WebSocketTransport.cpp:462:processMessage:[00m Response: {"error":{"code":40401,"data":{"type":"ICE_ADD_CANDIDATE_ERROR"},"message":"Error adding candidate"},"id":519,"jsonrpc":"2.0"}
0:58:23.848192202 [331m   24[00m 0x7fe6f8001d80 [37mDEBUG  [00m [00mKurentoWebSocketTransport WebSocketTransport.cpp:460:processMessage:[00m Message: {"jsonrpc":"2.0","method":"invoke","params":{"object":"66243add-4692-437c-89c5-ea1bf1ed5585_kurento.MediaPipeline/81cbc7f8-b7cc-4c46-9e6a-9ce1f6a7d997_datachannelexample.KmsSendData","operation":"connect","operationParams":{"sink":"66243add-4692-437c-89c5-ea1bf1ed5585_kurento.MediaPipeline/9599ead3-fcb9-4aaa-bb6d-1a2787562cbb_kurento.WebRtcEndpoint"},"sessionId":"aba633f6-8a99-417a-b26c-8713250bbf50"},"id":520}
0:58:23.848271414 [331m   24[00m 0x7fe6f8001d80 [37mDEBUG  [00m [00mKurentoMediaElementImpl MediaElementImpl.cpp:902:connect:[00m Connecting 66243add-4692-437c-89c5-ea1bf1ed5585_kurento.MediaPipeline/81cbc7f8-b7cc-4c46-9e6a-9ce1f6a7d997_datachannelexample.KmsSendData -> 66243add-4692-437c-89c5-ea1bf1ed5585_kurento.MediaPipeline/9599ead3-fcb9-4aaa-bb6d-1a2787562cbb_kurento.WebRtcEndpoint params AUDIO default default
0:58:23.848400116 [331m   24[00m 0x7fe6f8001d80 [37mDEBUG  [00m [00mKurentoMediaElementImpl MediaElementImpl.cpp:902:connect:[00m Connecting 66243add-4692-437c-89c5-ea1bf1ed5585_kurento.MediaPipeline/81cbc7f8-b7cc-4c46-9e6a-9ce1f6a7d997_datachannelexample.KmsSendData -> 66243add-4692-437c-89c5-ea1bf1ed5585_kurento.MediaPipeline/9599ead3-fcb9-4aaa-bb6d-1a2787562cbb_kurento.WebRtcEndpoint params VIDEO default default
0:58:23.848492748 [331m   24[00m 0x7fe6f8001d80 [37mDEBUG  [00m [00mKurentoMediaElementImpl MediaElementImpl.cpp:902:connect:[00m Connecting 66243add-4692-437c-89c5-ea1bf1ed5585_kurento.MediaPipeline/81cbc7f8-b7cc-4c46-9e6a-9ce1f6a7d997_datachannelexample.KmsSendData -> 66243add-4692-437c-89c5-ea1bf1ed5585_kurento.MediaPipeline/9599ead3-fcb9-4aaa-bb6d-1a2787562cbb_kurento.WebRtcEndpoint params DATA default default
0:58:23.848585025 [331m   24[00m 0x7fe6f8001d80 [37mDEBUG  [00m [00mKurentoWebSocketTransport WebSocketTransport.cpp:462:processMessage:[00m Response: {"id":520,"jsonrpc":"2.0","result":{"sessionId":"aba633f6-8a99-417a-b26c-8713250bbf50","value":null}}
0:58:23.934246990 [331m   24[00m 0x7fe690001790 [37mDEBUG  [00m [00mKurentoWebSocketEventHandler WebSocketEventHandler.cpp:56:sendEvent:[00m Sending event: {"jsonrpc":"2.0","method":"onEvent","params":{"value":{"data":{"candidate":{"__module__":"kurento","__type__":"IceCandidate","candidate":"candidate:5 1 UDP 1677722111 203.151.66.107 10015 typ srflx raddr 172.18.0.12 rport 10015","sdpMLineIndex":0,"sdpMid":"0"},"source":"66243add-4692-437c-89c5-ea1bf1ed5585_kurento.MediaPipeline/9599ead3-fcb9-4aaa-bb6d-1a2787562cbb_kurento.WebRtcEndpoint","tags":[],"timestamp":"1617604179","timestampMillis":"1617604179855","type":"OnIceCandidate"},"object":"66243add-4692-437c-89c5-ea1bf1ed5585_kurento.MediaPipeline/9599ead3-fcb9-4aaa-bb6d-1a2787562cbb_kurento.WebRtcEndpoint","type":"OnIceCandidate"}}}, sessionId: aba633f6-8a99-417a-b26c-8713250bbf50
0:58:23.934380894 [331m   24[00m 0x7fe690001790 [37mDEBUG  [00m [00mKurentoWebSocketEventHandler WebSocketEventHandler.cpp:56:sendEvent:[00m Sending event: {"jsonrpc":"2.0","method":"onEvent","params":{"value":{"data":{"candidate":{"__module__":"kurento","__type__":"IceCandidate","candidate":"candidate:5 1 UDP 1677722111 203.151.66.107 10015 typ srflx raddr 172.18.0.12 rport 10015","sdpMLineIndex":1,"sdpMid":"1"},"source":"66243add-4692-437c-89c5-ea1bf1ed5585_kurento.MediaPipeline/9599ead3-fcb9-4aaa-bb6d-1a2787562cbb_kurento.WebRtcEndpoint","tags":[],"timestamp":"1617604179","timestampMillis":"1617604179855","type":"OnIceCandidate"},"object":"66243add-4692-437c-89c5-ea1bf1ed5585_kurento.MediaPipeline/9599ead3-fcb9-4aaa-bb6d-1a2787562cbb_kurento.WebRtcEndpoint","type":"OnIceCandidate"}}}, sessionId: aba633f6-8a99-417a-b26c-8713250bbf50
0:58:23.934430699 [331m   24[00m 0x7fe690001790 [37mDEBUG  [00m [00mKurentoWebSocketEventHandler WebSocketEventHandler.cpp:56:sendEvent:[00m Sending event: {"jsonrpc":"2.0","method":"onEvent","params":{"value":{"data":{"candidate":{"__module__":"kurento","__type__":"IceCandidate","candidate":"candidate:5 1 UDP 1677722111 203.151.66.107 10015 typ srflx raddr 172.18.0.12 rport 10015","sdpMLineIndex":2,"sdpMid":"2"},"source":"66243add-4692-437c-89c5-ea1bf1ed5585_kurento.MediaPipeline/9599ead3-fcb9-4aaa-bb6d-1a2787562cbb_kurento.WebRtcEndpoint","tags":[],"timestamp":"1617604179","timestampMillis":"1617604179855","type":"OnIceCandidate"},"object":"66243add-4692-437c-89c5-ea1bf1ed5585_kurento.MediaPipeline/9599ead3-fcb9-4aaa-bb6d-1a2787562cbb_kurento.WebRtcEndpoint","type":"OnIceCandidate"}}}, sessionId: aba633f6-8a99-417a-b26c-8713250bbf50
0:58:23.935076785 [331m   24[00m 0x7fe690001790 [37mDEBUG  [00m [00mKurentoWebSocketEventHandler WebSocketEventHandler.cpp:56:sendEvent:[00m Sending event: {"jsonrpc":"2.0","method":"onEvent","params":{"value":{"data":{"candidate":{"__module__":"kurento","__type__":"IceCandidate","candidate":"candidate:6 1 TCP 847249663 203.151.66.107 9 typ srflx raddr 172.18.0.12 rport 9 tcptype active","sdpMLineIndex":0,"sdpMid":"0"},"source":"66243add-4692-437c-89c5-ea1bf1ed5585_kurento.MediaPipeline/9599ead3-fcb9-4aaa-bb6d-1a2787562cbb_kurento.WebRtcEndpoint","tags":[],"timestamp":"1617604179","timestampMillis":"1617604179856","type":"OnIceCandidate"},"object":"66243add-4692-437c-89c5-ea1bf1ed5585_kurento.MediaPipeline/9599ead3-fcb9-4aaa-bb6d-1a2787562cbb_kurento.WebRtcEndpoint","type":"OnIceCandidate"}}}, sessionId: aba633f6-8a99-417a-b26c-8713250bbf50
0:58:23.935147108 [331m   24[00m 0x7fe690001790 [37mDEBUG  [00m [00mKurentoWebSocketEventHandler WebSocketEventHandler.cpp:56:sendEvent:[00m Sending event: {"jsonrpc":"2.0","method":"onEvent","params":{"value":{"data":{"candidate":{"__module__":"kurento","__type__":"IceCandidate","candidate":"candidate:6 1 TCP 847249663 203.151.66.107 9 typ srflx raddr 172.18.0.12 rport 9 tcptype active","sdpMLineIndex":1,"sdpMid":"1"},"source":"66243add-4692-437c-89c5-ea1bf1ed5585_kurento.MediaPipeline/9599ead3-fcb9-4aaa-bb6d-1a2787562cbb_kurento.WebRtcEndpoint","tags":[],"timestamp":"1617604179","timestampMillis":"1617604179856","type":"OnIceCandidate"},"object":"66243add-4692-437c-89c5-ea1bf1ed5585_kurento.MediaPipeline/9599ead3-fcb9-4aaa-bb6d-1a2787562cbb_kurento.WebRtcEndpoint","type":"OnIceCandidate"}}}, sessionId: aba633f6-8a99-417a-b26c-8713250bbf50
0:58:23.935201691 [331m   24[00m 0x7fe690001790 [37mDEBUG  [00m [00mKurentoWebSocketEventHandler WebSocketEventHandler.cpp:56:sendEvent:[00m Sending event: {"jsonrpc":"2.0","method":"onEvent","params":{"value":{"data":{"candidate":{"__module__":"kurento","__type__":"IceCandidate","candidate":"candidate:6 1 TCP 847249663 203.151.66.107 9 typ srflx raddr 172.18.0.12 rport 9 tcptype active","sdpMLineIndex":2,"sdpMid":"2"},"source":"66243add-4692-437c-89c5-ea1bf1ed5585_kurento.MediaPipeline/9599ead3-fcb9-4aaa-bb6d-1a2787562cbb_kurento.WebRtcEndpoint","tags":[],"timestamp":"1617604179","timestampMillis":"1617604179856","type":"OnIceCandidate"},"object":"66243add-4692-437c-89c5-ea1bf1ed5585_kurento.MediaPipeline/9599ead3-fcb9-4aaa-bb6d-1a2787562cbb_kurento.WebRtcEndpoint","type":"OnIceCandidate"}}}, sessionId: aba633f6-8a99-417a-b26c-8713250bbf50
0:58:23.935259634 [331m   24[00m 0x7fe690001790 [37mDEBUG  [00m [00mKurentoWebSocketEventHandler WebSocketEventHandler.cpp:56:sendEvent:[00m Sending event: {"jsonrpc":"2.0","method":"onEvent","params":{"value":{"data":{"candidate":{"__module__":"kurento","__type__":"IceCandidate","candidate":"candidate:7 1 TCP 843055359 203.151.66.107 10025 typ srflx raddr 172.18.0.12 rport 10025 tcptype passive","sdpMLineIndex":0,"sdpMid":"0"},"source":"66243add-4692-437c-89c5-ea1bf1ed5585_kurento.MediaPipeline/9599ead3-fcb9-4aaa-bb6d-1a2787562cbb_kurento.WebRtcEndpoint","tags":[],"timestamp":"1617604179","timestampMillis":"1617604179856","type":"OnIceCandidate"},"object":"66243add-4692-437c-89c5-ea1bf1ed5585_kurento.MediaPipeline/9599ead3-fcb9-4aaa-bb6d-1a2787562cbb_kurento.WebRtcEndpoint","type":"OnIceCandidate"}}}, sessionId: aba633f6-8a99-417a-b26c-8713250bbf50
0:58:23.935312613 [331m   24[00m 0x7fe690001790 [37mDEBUG  [00m [00mKurentoWebSocketEventHandler WebSocketEventHandler.cpp:56:sendEvent:[00m Sending event: {"jsonrpc":"2.0","method":"onEvent","params":{"value":{"data":{"candidate":{"__module__":"kurento","__type__":"IceCandidate","candidate":"candidate:7 1 TCP 843055359 203.151.66.107 10025 typ srflx raddr 172.18.0.12 rport 10025 tcptype passive","sdpMLineIndex":1,"sdpMid":"1"},"source":"66243add-4692-437c-89c5-ea1bf1ed5585_kurento.MediaPipeline/9599ead3-fcb9-4aaa-bb6d-1a2787562cbb_kurento.WebRtcEndpoint","tags":[],"timestamp":"1617604179","timestampMillis":"1617604179856","type":"OnIceCandidate"},"object":"66243add-4692-437c-89c5-ea1bf1ed5585_kurento.MediaPipeline/9599ead3-fcb9-4aaa-bb6d-1a2787562cbb_kurento.WebRtcEndpoint","type":"OnIceCandidate"}}}, sessionId: aba633f6-8a99-417a-b26c-8713250bbf50
0:58:23.935361762 [331m   24[00m 0x7fe690001790 [37mDEBUG  [00m [00mKurentoWebSocketEventHandler WebSocketEventHandler.cpp:56:sendEvent:[00m Sending event: {"jsonrpc":"2.0","method":"onEvent","params":{"value":{"data":{"candidate":{"__module__":"kurento","__type__":"IceCandidate","candidate":"candidate:7 1 TCP 843055359 203.151.66.107 10025 typ srflx raddr 172.18.0.12 rport 10025 tcptype passive","sdpMLineIndex":2,"sdpMid":"2"},"source":"66243add-4692-437c-89c5-ea1bf1ed5585_kurento.MediaPipeline/9599ead3-fcb9-4aaa-bb6d-1a2787562cbb_kurento.WebRtcEndpoint","tags":[],"timestamp":"1617604179","timestampMillis":"1617604179856","type":"OnIceCandidate"},"object":"66243add-4692-437c-89c5-ea1bf1ed5585_kurento.MediaPipeline/9599ead3-fcb9-4aaa-bb6d-1a2787562cbb_kurento.WebRtcEndpoint","type":"OnIceCandidate"}}}, sessionId: aba633f6-8a99-417a-b26c-8713250bbf50
0:58:24.004555580 [331m   24[00m 0x7fe6ec001b20 [37mDEBUG  [00m [00mKurentoWebSocketTransport WebSocketTransport.cpp:460:processMessage:[00m Message: {"jsonrpc":"2.0","method":"invoke","params":{"object":"66243add-4692-437c-89c5-ea1bf1ed5585_kurento.MediaPipeline/9599ead3-fcb9-4aaa-bb6d-1a2787562cbb_kurento.WebRtcEndpoint","operation":"addIceCandidate","operationParams":{"candidate":{"candidate":"candidate:1 1 UDP 1686052863 182.232.16.146 50385 typ srflx raddr 0.0.0.0 rport 0","sdpMid":"0","sdpMLineIndex":0,"__module__":"kurento","__type__":"IceCandidate"}},"sessionId":"aba633f6-8a99-417a-b26c-8713250bbf50"},"id":521}
0:58:24.005273045 [331m   24[00m 0x7fe6ec001b20 [37mDEBUG  [00m [00mKurentoWebSocketTransport WebSocketTransport.cpp:462:processMessage:[00m Response: {"id":521,"jsonrpc":"2.0","result":{"sessionId":"aba633f6-8a99-417a-b26c-8713250bbf50","value":null}}
0:58:24.005417907 [331m   24[00m 0x7fe6ec001b20 [37mDEBUG  [00m [00mKurentoWebSocketTransport WebSocketTransport.cpp:460:processMessage:[00m Message: {"jsonrpc":"2.0","method":"invoke","params":{"object":"66243add-4692-437c-89c5-ea1bf1ed5585_kurento.MediaPipeline/9599ead3-fcb9-4aaa-bb6d-1a2787562cbb_kurento.WebRtcEndpoint","operation":"addIceCandidate","operationParams":{"candidate":{"candidate":"candidate:1 2 UDP 1686052862 182.232.16.146 50386 typ srflx raddr 0.0.0.0 rport 0","sdpMid":"0","sdpMLineIndex":0,"__module__":"kurento","__type__":"IceCandidate"}},"sessionId":"aba633f6-8a99-417a-b26c-8713250bbf50"},"id":522}
0:58:24.005710536 [331m   24[00m 0x7fe6ec001b20 [37mDEBUG  [00m [00mKurentoWebSocketTransport WebSocketTransport.cpp:462:processMessage:[00m Response: {"id":522,"jsonrpc":"2.0","result":{"sessionId":"aba633f6-8a99-417a-b26c-8713250bbf50","value":null}}
0:58:24.005918556 [331m   24[00m 0x7fe6bc001600 [37mDEBUG  [00m [00mKurentoWebSocketTransport WebSocketTransport.cpp:460:processMessage:[00m Message: {"jsonrpc":"2.0","method":"invoke","params":{"object":"66243add-4692-437c-89c5-ea1bf1ed5585_kurento.MediaPipeline/9599ead3-fcb9-4aaa-bb6d-1a2787562cbb_kurento.WebRtcEndpoint","operation":"addIceCandidate","operationParams":{"candidate":{"candidate":"","sdpMid":"0","sdpMLineIndex":0,"__module__":"kurento","__type__":"IceCandidate"}},"sessionId":"aba633f6-8a99-417a-b26c-8713250bbf50"},"id":523}
0:58:24.006220100 [331m   24[00m 0x7fe6bc001600 [37mDEBUG  [00m [00mKurentoWebSocketTransport WebSocketTransport.cpp:462:processMessage:[00m Response: {"error":{"code":40401,"data":{"type":"ICE_ADD_CANDIDATE_ERROR"},"message":"Error adding candidate"},"id":523,"jsonrpc":"2.0"}
0:58:24.122711642 [331m   24[00m 0x7fe624003770 [37mDEBUG  [00m [00mKurentoWebRtcEndpointImpl WebRtcEndpointImpl.cpp:292:newSelectedPairFull:<kmswebrtcendpoint28>[00m New candidate pair selected, local: 'candidate:5 1 UDP 1677722111 203.151.66.107 10015 typ srflx raddr 172.18.0.12 rport 10015', remote: 'candidate:1 1 UDP 1686052863 182.232.16.146 50385 typ srflx', stream_id: '1', component_id: 1
0:58:24.401788503 [331m   24[00m 0x7fe5e0003e30 [37mDEBUG  [00m [00mKurentoMediaElementImpl MediaElementImpl.cpp:492:mediaFlowInStateChange:<kmswebrtcendpoint27>[00m MediaFlowInStateChange: FLOWING, pad: 'default', type: 'audio'
0:58:24.920229969 [331m   24[00m 0x7fe5e0003ca0 [37mDEBUG  [00m [00mKurentoMediaElementImpl MediaElementImpl.cpp:492:mediaFlowInStateChange:<kmswebrtcendpoint28>[00m MediaFlowInStateChange: FLOWING, pad: 'default', type: 'audio'
0:59:02.831814937 [331m   24[00m 0x7fe6e4001c60 [37mDEBUG  [00m [00mKurentoWebSocketTransport WebSocketTransport.cpp:460:processMessage:[00m Message: {"jsonrpc":"2.0","method":"release","params":{"object":"66243add-4692-437c-89c5-ea1bf1ed5585_kurento.MediaPipeline/6d453f14-f48d-4707-a83a-704154336681_kurento.WebRtcEndpoint","sessionId":"aba633f6-8a99-417a-b26c-8713250bbf50"},"id":524}
0:59:02.832141431 [331m   24[00m 0x7fe6e4001c60 [37mDEBUG  [00m [00mKurentoWebSocketTransport WebSocketTransport.cpp:462:processMessage:[00m Response: {"id":524,"jsonrpc":"2.0","result":{"sessionId":"aba633f6-8a99-417a-b26c-8713250bbf50"}}
0:59:02.832133625 [331m   24[00m 0x7fe728001780 [37mDEBUG  [00m [00mKurentoMediaElementImpl MediaElementImpl.cpp:1028:disconnect:[00m Disconnecting 66243add-4692-437c-89c5-ea1bf1ed5585_kurento.MediaPipeline/6d453f14-f48d-4707-a83a-704154336681_kurento.WebRtcEndpoint - 66243add-4692-437c-89c5-ea1bf1ed5585_kurento.MediaPipeline/81cbc7f8-b7cc-4c46-9e6a-9ce1f6a7d997_datachannelexample.KmsSendData params AUDIO default default
0:59:02.833944683 [331m   24[00m 0x7fe728001780 [37mDEBUG  [00m [00mKurentoMediaElementImpl MediaElementImpl.cpp:1028:disconnect:[00m Disconnecting 66243add-4692-437c-89c5-ea1bf1ed5585_kurento.MediaPipeline/6d453f14-f48d-4707-a83a-704154336681_kurento.WebRtcEndpoint - 66243add-4692-437c-89c5-ea1bf1ed5585_kurento.MediaPipeline/81cbc7f8-b7cc-4c46-9e6a-9ce1f6a7d997_datachannelexample.KmsSendData params DATA default default
0:59:02.834029310 [331m   24[00m 0x7fe728001780 [37mDEBUG  [00m [00mKurentoMediaElementImpl MediaElementImpl.cpp:1028:disconnect:[00m Disconnecting 66243add-4692-437c-89c5-ea1bf1ed5585_kurento.MediaPipeline/6d453f14-f48d-4707-a83a-704154336681_kurento.WebRtcEndpoint - 66243add-4692-437c-89c5-ea1bf1ed5585_kurento.MediaPipeline/81cbc7f8-b7cc-4c46-9e6a-9ce1f6a7d997_datachannelexample.KmsSendData params VIDEO default default
0:59:02.834032019 [331m   24[00m 0x7fe6f0001cc0 [37mDEBUG  [00m [00mKurentoWebSocketTransport WebSocketTransport.cpp:460:processMessage:[00m Message: {"jsonrpc":"2.0","method":"unsubscribe","params":{"object":"66243add-4692-437c-89c5-ea1bf1ed5585_kurento.MediaPipeline/6d453f14-f48d-4707-a83a-704154336681_kurento.WebRtcEndpoint","subscription":"442af88c-607e-4225-9e76-23a271915edd","sessionId":"aba633f6-8a99-417a-b26c-8713250bbf50"},"id":525}
0:59:02.834085262 [331m   24[00m 0x7fe728001780 [37mDEBUG  [00m [00m     KurentoMediaSet MediaSet.cpp:470:async_delete:[00m Destroying WebRtcEndpoint -> 66243add-4692-437c-89c5-ea1bf1ed5585_kurento.MediaPipeline/6d453f14-f48d-4707-a83a-704154336681_kurento.WebRtcEndpoint
0:59:02.834240530 [331m   24[00m 0x7fe6f0001cc0 [37mDEBUG  [00m [00mKurentoWebSocketTransport WebSocketTransport.cpp:462:processMessage:[00m Response: {"id":525,"jsonrpc":"2.0","result":{"sessionId":"aba633f6-8a99-417a-b26c-8713250bbf50"}}
0:59:02.834677264 [331m   24[00m 0x7fe704001840 [37mDEBUG  [00m [00mKurentoWebSocketTransport WebSocketTransport.cpp:460:processMessage:[00m Message: {"jsonrpc":"2.0","method":"unsubscribe","params":{"object":"66243add-4692-437c-89c5-ea1bf1ed5585_kurento.MediaPipeline/6d453f14-f48d-4707-a83a-704154336681_kurento.WebRtcEndpoint","subscription":"7eddb75d-ff06-4e72-a28d-4d70d4f639fa","sessionId":"aba633f6-8a99-417a-b26c-8713250bbf50"},"id":526}
0:59:02.835077486 [331m   24[00m 0x7fe704001840 [37mDEBUG  [00m [00mKurentoWebSocketTransport WebSocketTransport.cpp:462:processMessage:[00m Response: {"id":526,"jsonrpc":"2.0","result":{"sessionId":"aba633f6-8a99-417a-b26c-8713250bbf50"}}
0:59:03.901443323 [331m   24[00m 0x7fe6e4006680 [37mDEBUG  [00m [00mKurentoMediaElementImpl MediaElementImpl.cpp:464:mediaFlowOutStateChange:<kmssenddata0>[00m MediaFlowOutStateChange: NOT FLOWING, pad: 'default', type: 'audio'
0:59:03.901525225 [331m   24[00m 0x7fe6e4006680 [37mDEBUG  [00m [00mKurentoMediaElementImpl MediaElementImpl.cpp:496:mediaFlowInStateChange:<kmssenddata0>[00m MediaFlowInStateChange: NOT FLOWING, pad: 'default', type: 'audio'
0:59:03.901542542 [331m   24[00m 0x7fe6e4006680 [37mDEBUG  [00m [00mKurentoMediaElementImpl MediaElementImpl.cpp:496:mediaFlowInStateChange:<kmswebrtcendpoint1>[00m MediaFlowInStateChange: NOT FLOWING, pad: 'default', type: 'audio'
0:59:03.901559441 [331m   24[00m 0x7fe6e4006680 [37mDEBUG  [00m [00mKurentoMediaElementImpl MediaElementImpl.cpp:496:mediaFlowInStateChange:<kmswebrtcendpoint2>[00m MediaFlowInStateChange: NOT FLOWING, pad: 'default', type: 'audio'
0:59:03.901573470 [331m   24[00m 0x7fe6e4006680 [37mDEBUG  [00m [00mKurentoMediaElementImpl MediaElementImpl.cpp:496:mediaFlowInStateChange:<kmswebrtcendpoint3>[00m MediaFlowInStateChange: NOT FLOWING, pad: 'default', type: 'audio'
0:59:03.901589013 [331m   24[00m 0x7fe6e4006680 [37mDEBUG  [00m [00mKurentoMediaElementImpl MediaElementImpl.cpp:496:mediaFlowInStateChange:<kmswebrtcendpoint4>[00m MediaFlowInStateChange: NOT FLOWING, pad: 'default', type: 'audio'
0:59:04.075913096 [331m   24[00m 0x7fe6e4006680 [37mDEBUG  [00m [00mKurentoMediaElementImpl MediaElementImpl.cpp:496:mediaFlowInStateChange:<kmswebrtcendpoint26>[00m MediaFlowInStateChange: NOT FLOWING, pad: 'default', type: 'audio'
0:59:04.210267487 [331m   24[00m 0x7fe6e4006680 [37mDEBUG  [00m [00mKurentoMediaElementImpl MediaElementImpl.cpp:496:mediaFlowInStateChange:<kmswebrtcendpoint7>[00m MediaFlowInStateChange: NOT FLOWING, pad: 'default', type: 'audio'
0:59:04.349596792 [331m   24[00m 0x7fe6e4006680 [37mDEBUG  [00m [00mKurentoMediaElementImpl MediaElementImpl.cpp:496:mediaFlowInStateChange:<kmswebrtcendpoint14>[00m MediaFlowInStateChange: NOT FLOWING, pad: 'default', type: 'audio'
0:59:04.400951357 [331m   24[00m 0x7fe6e4006680 [37mDEBUG  [00m [00mKurentoMediaElementImpl MediaElementImpl.cpp:496:mediaFlowInStateChange:<kmswebrtcendpoint27>[00m MediaFlowInStateChange: NOT FLOWING, pad: 'default', type: 'audio'
0:59:04.492262871 [331m   24[00m 0x7fe6e4006680 [37mDEBUG  [00m [00mKurentoMediaElementImpl MediaElementImpl.cpp:496:mediaFlowInStateChange:<kmswebrtcendpoint18>[00m MediaFlowInStateChange: NOT FLOWING, pad: 'default', type: 'audio'
0:59:04.561651813 [331m   24[00m 0x7fe6e4006680 [37mDEBUG  [00m [00mKurentoMediaElementImpl MediaElementImpl.cpp:496:mediaFlowInStateChange:<kmswebrtcendpoint22>[00m MediaFlowInStateChange: NOT FLOWING, pad: 'default', type: 'audio'
0:59:04.581912279 [331m   24[00m 0x7fe6e4006680 [37mDEBUG  [00m [00mKurentoMediaElementImpl MediaElementImpl.cpp:496:mediaFlowInStateChange:<kmswebrtcendpoint23>[00m MediaFlowInStateChange: NOT FLOWING, pad: 'default', type: 'audio'
0:59:04.603179922 [331m   24[00m 0x7fe6e4006680 [37mDEBUG  [00m [00mKurentoMediaElementImpl MediaElementImpl.cpp:496:mediaFlowInStateChange:<kmsrecorderendpoint1>[00m MediaFlowInStateChange: NOT FLOWING, pad: 'default', type: 'audio'
0:59:04.881711424 [331m   24[00m 0x7fe6e4006680 [37mDEBUG  [00m [00mKurentoMediaElementImpl MediaElementImpl.cpp:496:mediaFlowInStateChange:<kmswebrtcendpoint15>[00m MediaFlowInStateChange: NOT FLOWING, pad: 'default', type: 'audio'
0:59:04.927084152 [331m   24[00m 0x7fe6e4006680 [37mDEBUG  [00m [00mKurentoMediaElementImpl MediaElementImpl.cpp:496:mediaFlowInStateChange:<kmswebrtcendpoint28>[00m MediaFlowInStateChange: NOT FLOWING, pad: 'default', type: 'audio'
0:59:05.540913257 [331m   24[00m 0x7fe6e4006680 [37mDEBUG  [00m [00mKurentoMediaElementImpl MediaElementImpl.cpp:496:mediaFlowInStateChange:<kmswebrtcendpoint19>[00m MediaFlowInStateChange: NOT FLOWING, pad: 'default', type: 'audio'
0:59:05.773383117 [331m   24[00m 0x7fe6e4006680 [37mDEBUG  [00m [00mKurentoMediaElementImpl MediaElementImpl.cpp:496:mediaFlowInStateChange:<kmswebrtcendpoint20>[00m MediaFlowInStateChange: NOT FLOWING, pad: 'default', type: 'audio'
0:59:06.229777508 [331m   24[00m 0x7fe6c0001860 [36mINFO   [00m [00mKurentoWebSocketTransport WebSocketTransport.cpp:296:keepAliveSessions:[00m Keep alive aba633f6-8a99-417a-b26c-8713250bbf50
0:59:07.005991864 [331m   24[00m 0x7fe6f8001d80 [37mDEBUG  [00m [00mKurentoWebSocketTransport WebSocketTransport.cpp:460:processMessage:[00m Message: {"jsonrpc":"2.0","method":"ping","id":527}
0:59:07.006185182 [331m   24[00m 0x7fe6f8001d80 [36mINFO   [00m [00mKurentoServerMethods ServerMethods.cpp:814:ping:[00m WebSocket Ping/Pong with sessionId aba633f6-8a99-417a-b26c-8713250bbf50
0:59:07.006314195 [331m   24[00m 0x7fe6f8001d80 [37mDEBUG  [00m [00mKurentoWebSocketTransport WebSocketTransport.cpp:462:processMessage:[00m Response: {"id":527,"jsonrpc":"2.0","result":{"sessionId":"aba633f6-8a99-417a-b26c-8713250bbf50","value":"pong"}}
0:59:13.808603607 [331m   24[00m 0x7fe6ec001b20 [37mDEBUG  [00m [00mKurentoWebSocketTransport WebSocketTransport.cpp:460:processMessage:[00m Message: {"jsonrpc":"2.0","method":"create","params":{"type":"WebRtcEndpoint","constructorParams":{"mediaPipeline":"66243add-4692-437c-89c5-ea1bf1ed5585_kurento.MediaPipeline","useDataChannels":true},"properties":{},"sessionId":"aba633f6-8a99-417a-b26c-8713250bbf50"},"id":528}
0:59:13.809923884 [331m   24[00m 0x7fe6ec001b20 [36mINFO   [00m [00mKurentoWebRtcEndpointImpl WebRtcEndpointImpl.cpp:96:remove_not_supported_codecs_from_array:<kmswebrtcendpoint29>[00m Removing not supported codec 'AMR/8000'
0:59:13.809975112 [331m   24[00m 0x7fe6ec001b20 [36mINFO   [00m [00mKurentoWebRtcEndpointImpl WebRtcEndpointImpl.cpp:465:WebRtcEndpointImpl:[00m Using STUN reflexive server IP: 203.183.172.196
0:59:13.809996168 [331m   24[00m 0x7fe6ec001b20 [36mINFO   [00m [00mKurentoWebRtcEndpointImpl WebRtcEndpointImpl.cpp:466:WebRtcEndpointImpl:[00m Using STUN reflexive server Port: 3478
0:59:13.810030988 [331m   24[00m 0x7fe6ec001b20 [36mINFO   [00m [00mKurentoWebRtcEndpointImpl WebRtcEndpointImpl.cpp:487:WebRtcEndpointImpl:[00m TURN server IP address not found in config; NAT traversal requires either STUN or TURN server
0:59:13.810359568 [331m   24[00m 0x7fe6ec001b20 [37mDEBUG  [00m [00mKurentoWebSocketTransport WebSocketTransport.cpp:462:processMessage:[00m Response: {"id":528,"jsonrpc":"2.0","result":{"sessionId":"aba633f6-8a99-417a-b26c-8713250bbf50","value":"66243add-4692-437c-89c5-ea1bf1ed5585_kurento.MediaPipeline/03b5e2a4-1ad1-446e-890f-40aa84bc0350_kurento.WebRtcEndpoint"}}
0:59:13.810887478 [331m   24[00m 0x7fe6bc001600 [37mDEBUG  [00m [00mKurentoWebSocketTransport WebSocketTransport.cpp:460:processMessage:[00m Message: {"jsonrpc":"2.0","method":"invoke","params":{"object":"66243add-4692-437c-89c5-ea1bf1ed5585_kurento.MediaPipeline/6d453f14-f48d-4707-a83a-704154336681_kurento.WebRtcEndpoint","operation":"addIceCandidate","operationParams":{"candidate":{"candidate":"candidate:0 1 UDP 2122187007 10.13.201.10 55749 typ host","sdpMid":"0","sdpMLineIndex":0,"__module__":"kurento","__type__":"IceCandidate"}},"sessionId":"aba633f6-8a99-417a-b26c-8713250bbf50"},"id":529}
0:59:13.811088060 [331m   24[00m 0x7fe6bc001600 [37mDEBUG  [00m [00mKurentoWebSocketTransport WebSocketTransport.cpp:462:processMessage:[00m Response: {"error":{"code":40101,"data":{"type":"MEDIA_OBJECT_NOT_FOUND"},"message":"Object '66243add-4692-437c-89c5-ea1bf1ed5585_kurento.MediaPipeline/6d453f14-f48d-4707-a83a-704154336681_kurento.WebRtcEndpoint' not found"},"id":529,"jsonrpc":"2.0"}
0:59:13.811505439 [331m   24[00m 0x7fe6e4001c60 [37mDEBUG  [00m [00mKurentoWebSocketTransport WebSocketTransport.cpp:460:processMessage:[00m Message: {"jsonrpc":"2.0","method":"invoke","params":{"object":"66243add-4692-437c-89c5-ea1bf1ed5585_kurento.MediaPipeline/6d453f14-f48d-4707-a83a-704154336681_kurento.WebRtcEndpoint","operation":"addIceCandidate","operationParams":{"candidate":{"candidate":"candidate:3 1 UDP 2122252543 172.17.16.1 55752 typ host","sdpMid":"0","sdpMLineIndex":0,"__module__":"kurento","__type__":"IceCandidate"}},"sessionId":"aba633f6-8a99-417a-b26c-8713250bbf50"},"id":530}
0:59:13.811688662 [331m   24[00m 0x7fe6e4001c60 [37mDEBUG  [00m [00mKurentoWebSocketTransport WebSocketTransport.cpp:462:processMessage:[00m Response: {"error":{"code":40101,"data":{"type":"MEDIA_OBJECT_NOT_FOUND"},"message":"Object '66243add-4692-437c-89c5-ea1bf1ed5585_kurento.MediaPipeline/6d453f14-f48d-4707-a83a-704154336681_kurento.WebRtcEndpoint' not found"},"id":530,"jsonrpc":"2.0"}
0:59:13.812085274 [331m   24[00m 0x7fe6f0001cc0 [37mDEBUG  [00m [00mKurentoWebSocketTransport WebSocketTransport.cpp:460:processMessage:[00m Message: {"jsonrpc":"2.0","method":"invoke","params":{"object":"66243add-4692-437c-89c5-ea1bf1ed5585_kurento.MediaPipeline/6d453f14-f48d-4707-a83a-704154336681_kurento.WebRtcEndpoint","operation":"addIceCandidate","operationParams":{"candidate":{"candidate":"candidate:6 1 TCP 2105458943 10.13.201.10 9 typ host tcptype active","sdpMid":"0","sdpMLineIndex":0,"__module__":"kurento","__type__":"IceCandidate"}},"sessionId":"aba633f6-8a99-417a-b26c-8713250bbf50"},"id":531}
0:59:13.812307859 [331m   24[00m 0x7fe6f0001cc0 [37mDEBUG  [00m [00mKurentoWebSocketTransport WebSocketTransport.cpp:462:processMessage:[00m Response: {"error":{"code":40101,"data":{"type":"MEDIA_OBJECT_NOT_FOUND"},"message":"Object '66243add-4692-437c-89c5-ea1bf1ed5585_kurento.MediaPipeline/6d453f14-f48d-4707-a83a-704154336681_kurento.WebRtcEndpoint' not found"},"id":531,"jsonrpc":"2.0"}
0:59:13.813635282 [331m   24[00m 0x7fe704001840 [37mDEBUG  [00m [00mKurentoWebSocketTransport WebSocketTransport.cpp:460:processMessage:[00m Message: {"jsonrpc":"2.0","method":"invoke","params":{"object":"66243add-4692-437c-89c5-ea1bf1ed5585_kurento.MediaPipeline/6d453f14-f48d-4707-a83a-704154336681_kurento.WebRtcEndpoint","operation":"addIceCandidate","operationParams":{"candidate":{"candidate":"candidate:7 1 TCP 2105524479 172.17.16.1 9 typ host tcptype active","sdpMid":"0","sdpMLineIndex":0,"__module__":"kurento","__type__":"IceCandidate"}},"sessionId":"aba633f6-8a99-417a-b26c-8713250bbf50"},"id":532}
0:59:13.813815894 [331m   24[00m 0x7fe704001840 [37mDEBUG  [00m [00mKurentoWebSocketTransport WebSocketTransport.cpp:462:processMessage:[00m Response: {"error":{"code":40101,"data":{"type":"MEDIA_OBJECT_NOT_FOUND"},"message":"Object '66243add-4692-437c-89c5-ea1bf1ed5585_kurento.MediaPipeline/6d453f14-f48d-4707-a83a-704154336681_kurento.WebRtcEndpoint' not found"},"id":532,"jsonrpc":"2.0"}
0:59:13.814224322 [331m   24[00m 0x7fe6b4001840 [37mDEBUG  [00m [00mKurentoWebSocketTransport WebSocketTransport.cpp:460:processMessage:[00m Message: {"jsonrpc":"2.0","method":"invoke","params":{"object":"66243add-4692-437c-89c5-ea1bf1ed5585_kurento.MediaPipeline/6d453f14-f48d-4707-a83a-704154336681_kurento.WebRtcEndpoint","operation":"addIceCandidate","operationParams":{"candidate":{"candidate":"candidate:0 2 UDP 2122187006 10.13.201.10 55753 typ host","sdpMid":"0","sdpMLineIndex":0,"__module__":"kurento","__type__":"IceCandidate"}},"sessionId":"aba633f6-8a99-417a-b26c-8713250bbf50"},"id":533}
0:59:13.814385843 [331m   24[00m 0x7fe6b4001840 [37mDEBUG  [00m [00mKurentoWebSocketTransport WebSocketTransport.cpp:462:processMessage:[00m Response: {"error":{"code":40101,"data":{"type":"MEDIA_OBJECT_NOT_FOUND"},"message":"Object '66243add-4692-437c-89c5-ea1bf1ed5585_kurento.MediaPipeline/6d453f14-f48d-4707-a83a-704154336681_kurento.WebRtcEndpoint' not found"},"id":533,"jsonrpc":"2.0"}
0:59:13.814771320 [331m   24[00m 0x7fe6bc001f60 [37mDEBUG  [00m [00mKurentoWebSocketTransport WebSocketTransport.cpp:460:processMessage:[00m Message: {"jsonrpc":"2.0","method":"invoke","params":{"object":"66243add-4692-437c-89c5-ea1bf1ed5585_kurento.MediaPipeline/6d453f14-f48d-4707-a83a-704154336681_kurento.WebRtcEndpoint","operation":"addIceCandidate","operationParams":{"candidate":{"candidate":"candidate:3 2 UDP 2122252542 172.17.16.1 55754 typ host","sdpMid":"0","sdpMLineIndex":0,"__module__":"kurento","__type__":"IceCandidate"}},"sessionId":"aba633f6-8a99-417a-b26c-8713250bbf50"},"id":534}
0:59:13.814946285 [331m   24[00m 0x7fe6bc001f60 [37mDEBUG  [00m [00mKurentoWebSocketTransport WebSocketTransport.cpp:462:processMessage:[00m Response: {"error":{"code":40101,"data":{"type":"MEDIA_OBJECT_NOT_FOUND"},"message":"Object '66243add-4692-437c-89c5-ea1bf1ed5585_kurento.MediaPipeline/6d453f14-f48d-4707-a83a-704154336681_kurento.WebRtcEndpoint' not found"},"id":534,"jsonrpc":"2.0"}
0:59:13.815301115 [331m   24[00m 0x7fe6f8001d80 [37mDEBUG  [00m [00mKurentoWebSocketTransport WebSocketTransport.cpp:460:processMessage:[00m Message: {"jsonrpc":"2.0","method":"invoke","params":{"object":"66243add-4692-437c-89c5-ea1bf1ed5585_kurento.MediaPipeline/6d453f14-f48d-4707-a83a-704154336681_kurento.WebRtcEndpoint","operation":"addIceCandidate","operationParams":{"candidate":{"candidate":"candidate:6 2 TCP 2105458942 10.13.201.10 9 typ host tcptype active","sdpMid":"0","sdpMLineIndex":0,"__module__":"kurento","__type__":"IceCandidate"}},"sessionId":"aba633f6-8a99-417a-b26c-8713250bbf50"},"id":535}
0:59:13.815493415 [331m   24[00m 0x7fe6f8001d80 [37mDEBUG  [00m [00mKurentoWebSocketTransport WebSocketTransport.cpp:462:processMessage:[00m Response: {"error":{"code":40101,"data":{"type":"MEDIA_OBJECT_NOT_FOUND"},"message":"Object '66243add-4692-437c-89c5-ea1bf1ed5585_kurento.MediaPipeline/6d453f14-f48d-4707-a83a-704154336681_kurento.WebRtcEndpoint' not found"},"id":535,"jsonrpc":"2.0"}
0:59:13.815809107 [331m   24[00m 0x7fe6ec001b20 [37mDEBUG  [00m [00mKurentoWebSocketTransport WebSocketTransport.cpp:460:processMessage:[00m Message: {"jsonrpc":"2.0","method":"invoke","params":{"object":"66243add-4692-437c-89c5-ea1bf1ed5585_kurento.MediaPipeline/6d453f14-f48d-4707-a83a-704154336681_kurento.WebRtcEndpoint","operation":"addIceCandidate","operationParams":{"candidate":{"candidate":"candidate:7 2 TCP 2105524478 172.17.16.1 9 typ host tcptype active","sdpMid":"0","sdpMLineIndex":0,"__module__":"kurento","__type__":"IceCandidate"}},"sessionId":"aba633f6-8a99-417a-b26c-8713250bbf50"},"id":536}
0:59:13.815975969 [331m   24[00m 0x7fe6ec001b20 [37mDEBUG  [00m [00mKurentoWebSocketTransport WebSocketTransport.cpp:462:processMessage:[00m Response: {"error":{"code":40101,"data":{"type":"MEDIA_OBJECT_NOT_FOUND"},"message":"Object '66243add-4692-437c-89c5-ea1bf1ed5585_kurento.MediaPipeline/6d453f14-f48d-4707-a83a-704154336681_kurento.WebRtcEndpoint' not found"},"id":536,"jsonrpc":"2.0"}
0:59:13.820868013 [331m   24[00m 0x7fe6bc001600 [37mDEBUG  [00m [00mKurentoWebSocketTransport WebSocketTransport.cpp:460:processMessage:[00m Message: {"jsonrpc":"2.0","method":"subscribe","params":{"object":"66243add-4692-437c-89c5-ea1bf1ed5585_kurento.MediaPipeline/03b5e2a4-1ad1-446e-890f-40aa84bc0350_kurento.WebRtcEndpoint","type":"OnIceCandidate","sessionId":"aba633f6-8a99-417a-b26c-8713250bbf50"},"id":537}
0:59:13.821075285 [331m   24[00m 0x7fe6bc001600 [37mDEBUG  [00m [00mKurentoWebSocketTransport WebSocketTransport.cpp:462:processMessage:[00m Response: {"id":537,"jsonrpc":"2.0","result":{"sessionId":"aba633f6-8a99-417a-b26c-8713250bbf50","value":"45e0127f-3965-47d1-b098-b07998029e24"}}
0:59:13.821181018 [331m   24[00m 0x7fe6bc001600 [37mDEBUG  [00m [00mKurentoWebSocketTransport WebSocketTransport.cpp:460:processMessage:[00m Message: {"jsonrpc":"2.0","method":"invoke","params":{"object":"66243add-4692-437c-89c5-ea1bf1ed5585_kurento.MediaPipeline/03b5e2a4-1ad1-446e-890f-40aa84bc0350_kurento.WebRtcEndpoint","operation":"processOffer","operationParams":{"offer":"v=0\r\no=mozilla...THIS_IS_SDPARTA-86.0.1 3094643816045718803 0 IN IP4 0.0.0.0\r\ns=-\r\nt=0 0\r\na=sendrecv\r\na=fingerprint:sha-256 55:99:E2:F1:2D:7C:D7:E2:5D:A2:E4:6E:64:AA:06:F2:FF:76:5F:5C:00:CD:7E:8D:EB:4E:50:DA:39:6F:F2:AE\r\na=group:BUNDLE 0\r\na=ice-options:trickle\r\na=msid-semantic:WMS *\r\nm=audio 9 UDP/TLS/RTP/SAVPF 109 9 0 8 101\r\nc=IN IP4 0.0.0.0\r\na=sendonly\r\na=extmap:1 urn:ietf:params:rtp-hdrext:ssrc-audio-level\r\na=extmap:2/recvonly urn:ietf:params:rtp-hdrext:csrc-audio-level\r\na=extmap:3 urn:ietf:params:rtp-hdrext:sdes:mid\r\na=fmtp:109 maxplaybackrate=48000;stereo=1;useinbandfec=1\r\na=fmtp:101 0-15\r\na=ice-pwd:56bf0566edb55e9a970b0f1e516f73a4\r\na=ice-ufrag:33a80f52\r\na=mid:0\r\na=msid:{6be5e3ca-2869-4c42-80a8-47aeef15eb3f} {8a7cdd27-3462-4879-a398-adc838f6b6b6}\r\na=rtcp-mux\r\na=rtpmap:109 opus/48000/2\r\na=rtpmap:9 G722/8000/1\r\na=rtpmap:0 PCMU/8000\r\na=rtpmap:8 PCMA/8000\r\na=rtpmap:101 telephone-event/8000\r\na=setup:actpass\r\na=ssrc:2498425672 cname:{d8b6da1d-93b3-47b7-8e31-f0b45fa2e005}\r\n"},"sessionId":"aba633f6-8a99-417a-b26c-8713250bbf50"},"id":538}
0:59:13.825803511 [331m   24[00m 0x7fe6bc001600 [37mDEBUG  [00m [00mKurentoWebSocketTransport WebSocketTransport.cpp:462:processMessage:[00m Response: {"id":538,"jsonrpc":"2.0","result":{"sessionId":"aba633f6-8a99-417a-b26c-8713250bbf50","value":"v=0\r\no=- 3826593029 3826593029 IN IP4 0.0.0.0\r\ns=Kurento Media Server\r\nc=IN IP4 0.0.0.0\r\nt=0 0\r\na=sendrecv:\r\na=fingerprint:sha-256 55:99:E2:F1:2D:7C:D7:E2:5D:A2:E4:6E:64:AA:06:F2:FF:76:5F:5C:00:CD:7E:8D:EB:4E:50:DA:39:6F:F2:AE\r\na=ice-options:trickle\r\na=msid-semantic:WMS *\r\na=group:BUNDLE 0\r\nm=audio 1 UDP/TLS/RTP/SAVPF 109 0\r\na=recvonly\r\na=mid:0\r\na=rtcp:9 IN IP4 0.0.0.0\r\na=rtpmap:109 opus/48000/2\r\na=rtpmap:0 PCMU/8000\r\na=fmtp:109 maxplaybackrate=48000;stereo=1;useinbandfec=1\r\na=rtcp-mux\r\na=setup:active\r\na=ssrc:639675065 cname:user197781009@host-dc8e3c51\r\na=ice-ufrag:BORz\r\na=ice-pwd:oST+QYn3ZnnqIlnBa6HCum\r\na=fingerprint:sha-256 17:9B:F3:62:90:51:C9:3B:6C:B0:6D:37:A9:F8:B4:48:94:7D:68:66:01:BE:AA:30:08:D0:09:9C:9A:F8:E4:18\r\n"}}
0:59:13.867969415 [331m   24[00m 0x7fe6e4001c60 [37mDEBUG  [00m [00mKurentoWebSocketTransport WebSocketTransport.cpp:460:processMessage:[00m Message: {"jsonrpc":"2.0","method":"invoke","params":{"object":"66243add-4692-437c-89c5-ea1bf1ed5585_kurento.MediaPipeline/03b5e2a4-1ad1-446e-890f-40aa84bc0350_kurento.WebRtcEndpoint","operation":"gatherCandidates","sessionId":"aba633f6-8a99-417a-b26c-8713250bbf50"},"id":539}
0:59:13.870706300 [331m   24[00m 0x7fe690001790 [37mDEBUG  [00m [00mKurentoWebSocketEventHandler WebSocketEventHandler.cpp:56:sendEvent:[00m Sending event: {"jsonrpc":"2.0","method":"onEvent","params":{"value":{"data":{"candidate":{"__module__":"kurento","__type__":"IceCandidate","candidate":"candidate:1 1 UDP 2013266431 172.18.0.12 10093 typ host","sdpMLineIndex":0,"sdpMid":"0"},"source":"66243add-4692-437c-89c5-ea1bf1ed5585_kurento.MediaPipeline/03b5e2a4-1ad1-446e-890f-40aa84bc0350_kurento.WebRtcEndpoint","tags":[],"timestamp":"1617604229","timestampMillis":"1617604229792","type":"OnIceCandidate"},"object":"66243add-4692-437c-89c5-ea1bf1ed5585_kurento.MediaPipeline/03b5e2a4-1ad1-446e-890f-40aa84bc0350_kurento.WebRtcEndpoint","type":"OnIceCandidate"}}}, sessionId: aba633f6-8a99-417a-b26c-8713250bbf50
0:59:13.870830464 [331m   24[00m 0x7fe690001790 [37mDEBUG  [00m [00mKurentoWebSocketEventHandler WebSocketEventHandler.cpp:56:sendEvent:[00m Sending event: {"jsonrpc":"2.0","method":"onEvent","params":{"value":{"data":{"candidate":{"__module__":"kurento","__type__":"IceCandidate","candidate":"candidate:2 1 TCP 1015021823 172.18.0.12 9 typ host tcptype active","sdpMLineIndex":0,"sdpMid":"0"},"source":"66243add-4692-437c-89c5-ea1bf1ed5585_kurento.MediaPipeline/03b5e2a4-1ad1-446e-890f-40aa84bc0350_kurento.WebRtcEndpoint","tags":[],"timestamp":"1617604229","timestampMillis":"1617604229792","type":"OnIceCandidate"},"object":"66243add-4692-437c-89c5-ea1bf1ed5585_kurento.MediaPipeline/03b5e2a4-1ad1-446e-890f-40aa84bc0350_kurento.WebRtcEndpoint","type":"OnIceCandidate"}}}, sessionId: aba633f6-8a99-417a-b26c-8713250bbf50
0:59:13.870886661 [331m   24[00m 0x7fe690001790 [37mDEBUG  [00m [00mKurentoWebSocketEventHandler WebSocketEventHandler.cpp:56:sendEvent:[00m Sending event: {"jsonrpc":"2.0","method":"onEvent","params":{"value":{"data":{"candidate":{"__module__":"kurento","__type__":"IceCandidate","candidate":"candidate:3 1 TCP 1010827519 172.18.0.12 10075 typ host tcptype passive","sdpMLineIndex":0,"sdpMid":"0"},"source":"66243add-4692-437c-89c5-ea1bf1ed5585_kurento.MediaPipeline/03b5e2a4-1ad1-446e-890f-40aa84bc0350_kurento.WebRtcEndpoint","tags":[],"timestamp":"1617604229","timestampMillis":"1617604229792","type":"OnIceCandidate"},"object":"66243add-4692-437c-89c5-ea1bf1ed5585_kurento.MediaPipeline/03b5e2a4-1ad1-446e-890f-40aa84bc0350_kurento.WebRtcEndpoint","type":"OnIceCandidate"}}}, sessionId: aba633f6-8a99-417a-b26c-8713250bbf50
0:59:13.870954975 [331m   24[00m 0x7fe690001790 [37mDEBUG  [00m [00mKurentoWebSocketEventHandler WebSocketEventHandler.cpp:56:sendEvent:[00m Sending event: {"jsonrpc":"2.0","method":"onEvent","params":{"value":{"data":{"candidate":{"__module__":"kurento","__type__":"IceCandidate","candidate":"candidate:1 2 UDP 2013266430 172.18.0.12 10023 typ host","sdpMLineIndex":0,"sdpMid":"0"},"source":"66243add-4692-437c-89c5-ea1bf1ed5585_kurento.MediaPipeline/03b5e2a4-1ad1-446e-890f-40aa84bc0350_kurento.WebRtcEndpoint","tags":[],"timestamp":"1617604229","timestampMillis":"1617604229792","type":"OnIceCandidate"},"object":"66243add-4692-437c-89c5-ea1bf1ed5585_kurento.MediaPipeline/03b5e2a4-1ad1-446e-890f-40aa84bc0350_kurento.WebRtcEndpoint","type":"OnIceCandidate"}}}, sessionId: aba633f6-8a99-417a-b26c-8713250bbf50
0:59:13.871058869 [331m   24[00m 0x7fe690001790 [37mDEBUG  [00m [00mKurentoWebSocketEventHandler WebSocketEventHandler.cpp:56:sendEvent:[00m Sending event: {"jsonrpc":"2.0","method":"onEvent","params":{"value":{"data":{"candidate":{"__module__":"kurento","__type__":"IceCandidate","candidate":"candidate:2 2 TCP 1015021822 172.18.0.12 9 typ host tcptype active","sdpMLineIndex":0,"sdpMid":"0"},"source":"66243add-4692-437c-89c5-ea1bf1ed5585_kurento.MediaPipeline/03b5e2a4-1ad1-446e-890f-40aa84bc0350_kurento.WebRtcEndpoint","tags":[],"timestamp":"1617604229","timestampMillis":"1617604229792","type":"OnIceCandidate"},"object":"66243add-4692-437c-89c5-ea1bf1ed5585_kurento.MediaPipeline/03b5e2a4-1ad1-446e-890f-40aa84bc0350_kurento.WebRtcEndpoint","type":"OnIceCandidate"}}}, sessionId: aba633f6-8a99-417a-b26c-8713250bbf50
0:59:13.871117265 [331m   24[00m 0x7fe690001790 [37mDEBUG  [00m [00mKurentoWebSocketEventHandler WebSocketEventHandler.cpp:56:sendEvent:[00m Sending event: {"jsonrpc":"2.0","method":"onEvent","params":{"value":{"data":{"candidate":{"__module__":"kurento","__type__":"IceCandidate","candidate":"candidate:3 2 TCP 1010827518 172.18.0.12 10026 typ host tcptype passive","sdpMLineIndex":0,"sdpMid":"0"},"source":"66243add-4692-437c-89c5-ea1bf1ed5585_kurento.MediaPipeline/03b5e2a4-1ad1-446e-890f-40aa84bc0350_kurento.WebRtcEndpoint","tags":[],"timestamp":"1617604229","timestampMillis":"1617604229792","type":"OnIceCandidate"},"object":"66243add-4692-437c-89c5-ea1bf1ed5585_kurento.MediaPipeline/03b5e2a4-1ad1-446e-890f-40aa84bc0350_kurento.WebRtcEndpoint","type":"OnIceCandidate"}}}, sessionId: aba633f6-8a99-417a-b26c-8713250bbf50
0:59:13.871179728 [331m   24[00m 0x7fe6e4001c60 [37mDEBUG  [00m [00mKurentoWebSocketTransport WebSocketTransport.cpp:462:processMessage:[00m Response: {"id":539,"jsonrpc":"2.0","result":{"sessionId":"aba633f6-8a99-417a-b26c-8713250bbf50","value":null}}
0:59:13.871308095 [331m   24[00m 0x7fe6e4001c60 [37mDEBUG  [00m [00mKurentoWebSocketTransport WebSocketTransport.cpp:460:processMessage:[00m Message: {"jsonrpc":"2.0","method":"create","params":{"type":"RecorderEndpoint","constructorParams":{"mediaPipeline":"66243add-4692-437c-89c5-ea1bf1ed5585_kurento.MediaPipeline","mediaProfile":"WEBM_AUDIO_ONLY","uri":"file://var/log/media_logs/4188/4188_2021_04_05_13_30_eey3krkn47sjvf.webm"},"properties":{},"sessionId":"aba633f6-8a99-417a-b26c-8713250bbf50"},"id":540}
0:59:13.872366454 [331m   24[00m 0x7fe6e4001c60 [36mINFO   [00m [00mKurentoRecorderEndpointImpl RecorderEndpointImpl.cpp:105:RecorderEndpointImpl:[00m Set WEBM AUDIO ONLY profile
0:59:13.872517647 [331m   24[00m 0x7fe6e4001c60 [37mDEBUG  [00m [00mKurentoWebSocketTransport WebSocketTransport.cpp:462:processMessage:[00m Response: {"id":540,"jsonrpc":"2.0","result":{"sessionId":"aba633f6-8a99-417a-b26c-8713250bbf50","value":"66243add-4692-437c-89c5-ea1bf1ed5585_kurento.MediaPipeline/62a41163-47a4-4110-9ffa-f8c27825468b_kurento.RecorderEndpoint"}}
0:59:13.872545315 [331m   24[00m 0x7fe6e4001c60 [37mDEBUG  [00m [00mKurentoWebSocketTransport WebSocketTransport.cpp:460:processMessage:[00m Message: {"jsonrpc":"2.0","method":"subscribe","params":{"object":"66243add-4692-437c-89c5-ea1bf1ed5585_kurento.MediaPipeline/03b5e2a4-1ad1-446e-890f-40aa84bc0350_kurento.WebRtcEndpoint","type":"ConnectionStateChanged","sessionId":"aba633f6-8a99-417a-b26c-8713250bbf50"},"id":541}
0:59:13.872662402 [331m   24[00m 0x7fe6e4001c60 [37mDEBUG  [00m [00mKurentoWebSocketTransport WebSocketTransport.cpp:462:processMessage:[00m Response: {"id":541,"jsonrpc":"2.0","result":{"sessionId":"aba633f6-8a99-417a-b26c-8713250bbf50","value":"bcc2da5e-3085-405a-a1f0-18fb8baf3c7c"}}
0:59:13.872677607 [331m   24[00m 0x7fe6e4001c60 [37mDEBUG  [00m [00mKurentoWebSocketTransport WebSocketTransport.cpp:460:processMessage:[00m Message: {"jsonrpc":"2.0","method":"invoke","params":{"object":"66243add-4692-437c-89c5-ea1bf1ed5585_kurento.MediaPipeline/03b5e2a4-1ad1-446e-890f-40aa84bc0350_kurento.WebRtcEndpoint","operation":"connect","operationParams":{"sink":"66243add-4692-437c-89c5-ea1bf1ed5585_kurento.MediaPipeline/81cbc7f8-b7cc-4c46-9e6a-9ce1f6a7d997_datachannelexample.KmsSendData"},"sessionId":"aba633f6-8a99-417a-b26c-8713250bbf50"},"id":542}
0:59:13.872736138 [331m   24[00m 0x7fe6e4001c60 [37mDEBUG  [00m [00mKurentoMediaElementImpl MediaElementImpl.cpp:902:connect:[00m Connecting 66243add-4692-437c-89c5-ea1bf1ed5585_kurento.MediaPipeline/03b5e2a4-1ad1-446e-890f-40aa84bc0350_kurento.WebRtcEndpoint -> 66243add-4692-437c-89c5-ea1bf1ed5585_kurento.MediaPipeline/81cbc7f8-b7cc-4c46-9e6a-9ce1f6a7d997_datachannelexample.KmsSendData params AUDIO default default
0:59:13.872788269 [331m   24[00m 0x7fe6e4001c60 [37mDEBUG  [00m [00mKurentoMediaElementImpl MediaElementImpl.cpp:902:connect:[00m Connecting 66243add-4692-437c-89c5-ea1bf1ed5585_kurento.MediaPipeline/03b5e2a4-1ad1-446e-890f-40aa84bc0350_kurento.WebRtcEndpoint -> 66243add-4692-437c-89c5-ea1bf1ed5585_kurento.MediaPipeline/81cbc7f8-b7cc-4c46-9e6a-9ce1f6a7d997_datachannelexample.KmsSendData params VIDEO default default
0:59:13.872808864 [331m   24[00m 0x7fe6e4001c60 [37mDEBUG  [00m [00mKurentoMediaElementImpl MediaElementImpl.cpp:902:connect:[00m Connecting 66243add-4692-437c-89c5-ea1bf1ed5585_kurento.MediaPipeline/03b5e2a4-1ad1-446e-890f-40aa84bc0350_kurento.WebRtcEndpoint -> 66243add-4692-437c-89c5-ea1bf1ed5585_kurento.MediaPipeline/81cbc7f8-b7cc-4c46-9e6a-9ce1f6a7d997_datachannelexample.KmsSendData params DATA default default
0:59:13.872872865 [331m   24[00m 0x7fe6e4001c60 [37mDEBUG  [00m [00mKurentoWebSocketTransport WebSocketTransport.cpp:462:processMessage:[00m Response: {"id":542,"jsonrpc":"2.0","result":{"sessionId":"aba633f6-8a99-417a-b26c-8713250bbf50","value":null}}
0:59:13.915479201 [331m   24[00m 0x7fe6ec001b20 [37mDEBUG  [00m [00mKurentoWebSocketTransport WebSocketTransport.cpp:460:processMessage:[00m Message: {"jsonrpc":"2.0","method":"invoke","params":{"object":"66243add-4692-437c-89c5-ea1bf1ed5585_kurento.MediaPipeline/68025578-f914-4462-a4b9-39723d3a3708_kurento.RecorderEndpoint","operation":"stop","sessionId":"aba633f6-8a99-417a-b26c-8713250bbf50"},"id":543}
0:59:13.916158927 [331m   24[00m 0x7fe6ec001b20 [37mDEBUG  [00m [00mKurentoWebSocketTransport WebSocketTransport.cpp:462:processMessage:[00m Response: {"id":543,"jsonrpc":"2.0","result":{"sessionId":"aba633f6-8a99-417a-b26c-8713250bbf50","value":null}}
0:59:13.916306401 [331m   24[00m 0x7fe6ec001b20 [37mDEBUG  [00m [00mKurentoWebSocketTransport WebSocketTransport.cpp:460:processMessage:[00m Message: {"jsonrpc":"2.0","method":"invoke","params":{"object":"66243add-4692-437c-89c5-ea1bf1ed5585_kurento.MediaPipeline/81cbc7f8-b7cc-4c46-9e6a-9ce1f6a7d997_datachannelexample.KmsSendData","operation":"connect","operationParams":{"sink":"66243add-4692-437c-89c5-ea1bf1ed5585_kurento.MediaPipeline/62a41163-47a4-4110-9ffa-f8c27825468b_kurento.RecorderEndpoint","mediaType":"AUDIO"},"sessionId":"aba633f6-8a99-417a-b26c-8713250bbf50"},"id":544}
0:59:13.916423113 [331m   24[00m 0x7fe6ec001b20 [37mDEBUG  [00m [00mKurentoMediaElementImpl MediaElementImpl.cpp:902:connect:[00m Connecting 66243add-4692-437c-89c5-ea1bf1ed5585_kurento.MediaPipeline/81cbc7f8-b7cc-4c46-9e6a-9ce1f6a7d997_datachannelexample.KmsSendData -> 66243add-4692-437c-89c5-ea1bf1ed5585_kurento.MediaPipeline/62a41163-47a4-4110-9ffa-f8c27825468b_kurento.RecorderEndpoint params AUDIO default default
0:59:13.916707488 [331m   24[00m 0x7fe6ec001b20 [37mDEBUG  [00m [00mKurentoWebSocketTransport WebSocketTransport.cpp:462:processMessage:[00m Response: {"id":544,"jsonrpc":"2.0","result":{"sessionId":"aba633f6-8a99-417a-b26c-8713250bbf50","value":null}}
0:59:13.926114806 [331m   24[00m 0x7fe65c003280 [37mDEBUG  [00m [00mKurentoRecorderEndpointImpl RecorderEndpointImpl.cpp:168:onStateChanged:<kmsrecorderendpoint1>[00m State changed to Stopped
0:59:13.941694410 [331m   24[00m 0x7fe6f0001cc0 [37mDEBUG  [00m [00mKurentoWebSocketTransport WebSocketTransport.cpp:460:processMessage:[00m Message: {"jsonrpc":"2.0","method":"invoke","params":{"object":"66243add-4692-437c-89c5-ea1bf1ed5585_kurento.MediaPipeline/03b5e2a4-1ad1-446e-890f-40aa84bc0350_kurento.WebRtcEndpoint","operation":"addIceCandidate","operationParams":{"candidate":{"candidate":"candidate:1 1 UDP 1685987327 202.29.24.207 55749 typ srflx raddr 10.13.201.10 rport 55749","sdpMid":"0","sdpMLineIndex":0,"__module__":"kurento","__type__":"IceCandidate"}},"sessionId":"aba633f6-8a99-417a-b26c-8713250bbf50"},"id":545}
0:59:13.942314899 [331m   24[00m 0x7fe6f0001cc0 [37mDEBUG  [00m [00mKurentoWebSocketTransport WebSocketTransport.cpp:462:processMessage:[00m Response: {"id":545,"jsonrpc":"2.0","result":{"sessionId":"aba633f6-8a99-417a-b26c-8713250bbf50","value":null}}
