1:06:05.976597057 [331m   24[00m 0x7f2c2809d8c0 [37mDEBUG  [00m [00mKurentoWebSocketEventHandler WebSocketEventHandler.cpp:56:sendEvent:[00m Sending event: {"jsonrpc":"2.0","method":"onEvent","params":{"value":{"data":{"candidate":{"__module__":"kurento","__type__":"IceCandidate","candidate":"candidate:6 1 TCP 847249663 203.151.66.107 9 typ srflx raddr 172.18.0.12 rport 9 tcptype active","sdpMLineIndex":2,"sdpMid":"2"},"source":"f7d978de-56a1-4b71-b7ef-3ff4b2dab424_kurento.MediaPipeline/5725aec8-44ca-486b-abec-367d1baf10f5_kurento.WebRtcEndpoint","tags":[],"timestamp":"1618980413","timestampMillis":"1618980413816","type":"OnIceCandidate"},"object":"f7d978de-56a1-4b71-b7ef-3ff4b2dab424_kurento.MediaPipeline/5725aec8-44ca-486b-abec-367d1baf10f5_kurento.WebRtcEndpoint","type":"OnIceCandidate"}}}, sessionId: a1dc5234-6041-4879-bf7c-ae3357500a9e
1:06:05.976668499 [331m   24[00m 0x7f2c2809d8c0 [37mDEBUG  [00m [00mKurentoWebSocketEventHandler WebSocketEventHandler.cpp:56:sendEvent:[00m Sending event: {"jsonrpc":"2.0","method":"onEvent","params":{"value":{"data":{"candidate":{"__module__":"kurento","__type__":"IceCandidate","candidate":"candidate:7 1 TCP 843055359 203.151.66.107 10114 typ srflx raddr 172.18.0.12 rport 10114 tcptype passive","sdpMLineIndex":0,"sdpMid":"0"},"source":"f7d978de-56a1-4b71-b7ef-3ff4b2dab424_kurento.MediaPipeline/5725aec8-44ca-486b-abec-367d1baf10f5_kurento.WebRtcEndpoint","tags":[],"timestamp":"1618980413","timestampMillis":"1618980413816","type":"OnIceCandidate"},"object":"f7d978de-56a1-4b71-b7ef-3ff4b2dab424_kurento.MediaPipeline/5725aec8-44ca-486b-abec-367d1baf10f5_kurento.WebRtcEndpoint","type":"OnIceCandidate"}}}, sessionId: a1dc5234-6041-4879-bf7c-ae3357500a9e
1:06:05.976732593 [331m   24[00m 0x7f2c2809d8c0 [37mDEBUG  [00m [00mKurentoWebSocketEventHandler WebSocketEventHandler.cpp:56:sendEvent:[00m Sending event: {"jsonrpc":"2.0","method":"onEvent","params":{"value":{"data":{"candidate":{"__module__":"kurento","__type__":"IceCandidate","candidate":"candidate:7 1 TCP 843055359 203.151.66.107 10114 typ srflx raddr 172.18.0.12 rport 10114 tcptype passive","sdpMLineIndex":1,"sdpMid":"1"},"source":"f7d978de-56a1-4b71-b7ef-3ff4b2dab424_kurento.MediaPipeline/5725aec8-44ca-486b-abec-367d1baf10f5_kurento.WebRtcEndpoint","tags":[],"timestamp":"1618980413","timestampMillis":"1618980413816","type":"OnIceCandidate"},"object":"f7d978de-56a1-4b71-b7ef-3ff4b2dab424_kurento.MediaPipeline/5725aec8-44ca-486b-abec-367d1baf10f5_kurento.WebRtcEndpoint","type":"OnIceCandidate"}}}, sessionId: a1dc5234-6041-4879-bf7c-ae3357500a9e
1:06:05.976838621 [331m   24[00m 0x7f2c2809d8c0 [37mDEBUG  [00m [00mKurentoWebSocketEventHandler WebSocketEventHandler.cpp:56:sendEvent:[00m Sending event: {"jsonrpc":"2.0","method":"onEvent","params":{"value":{"data":{"candidate":{"__module__":"kurento","__type__":"IceCandidate","candidate":"candidate:7 1 TCP 843055359 203.151.66.107 10114 typ srflx raddr 172.18.0.12 rport 10114 tcptype passive","sdpMLineIndex":2,"sdpMid":"2"},"source":"f7d978de-56a1-4b71-b7ef-3ff4b2dab424_kurento.MediaPipeline/5725aec8-44ca-486b-abec-367d1baf10f5_kurento.WebRtcEndpoint","tags":[],"timestamp":"1618980413","timestampMillis":"1618980413816","type":"OnIceCandidate"},"object":"f7d978de-56a1-4b71-b7ef-3ff4b2dab424_kurento.MediaPipeline/5725aec8-44ca-486b-abec-367d1baf10f5_kurento.WebRtcEndpoint","type":"OnIceCandidate"}}}, sessionId: a1dc5234-6041-4879-bf7c-ae3357500a9e
1:06:06.100555935 [331m   24[00m 0x7f2c78001840 [37mDEBUG  [00m [00mKurentoWebSocketTransport WebSocketTransport.cpp:460:processMessage:[00m Message: {"jsonrpc":"2.0","method":"invoke","params":{"object":"f7d978de-56a1-4b71-b7ef-3ff4b2dab424_kurento.MediaPipeline/5725aec8-44ca-486b-abec-367d1baf10f5_kurento.WebRtcEndpoint","operation":"addIceCandidate","operationParams":{"candidate":{"candidate":"candidate:842163049 1 udp 1677729535 184.22.200.240 52234 typ srflx raddr 0.0.0.0 rport 0 generation 0 ufrag 7q+G network-cost 999","sdpMid":"0","sdpMLineIndex":0,"__module__":"kurento","__type__":"IceCandidate"}},"sessionId":"a1dc5234-6041-4879-bf7c-ae3357500a9e"},"id":275}
1:06:06.103710904 [331m   24[00m 0x7f2c78001840 [37mDEBUG  [00m [00mKurentoWebSocketTransport WebSocketTransport.cpp:462:processMessage:[00m Response: {"id":275,"jsonrpc":"2.0","result":{"sessionId":"a1dc5234-6041-4879-bf7c-ae3357500a9e","value":null}}
1:06:06.155947830 [331m   24[00m 0x7f2c28091b70 [37mDEBUG  [00m [00mKurentoWebRtcEndpointImpl WebRtcEndpointImpl.cpp:292:newSelectedPairFull:<kmswebrtcendpoint10>[00m New candidate pair selected, local: 'candidate:5 1 UDP 1677722111 203.151.66.107 10158 typ srflx raddr 172.18.0.12 rport 10158', remote: 'candidate:842163049 1 UDP 1677729535 184.22.200.240 52234 typ srflx', stream_id: '1', component_id: 1
1:06:06.910117128 [331m   24[00m 0x7f2bd411b1e0 [37mDEBUG  [00m [00mKurentoMediaElementImpl MediaElementImpl.cpp:492:mediaFlowInStateChange:<kmswebrtcendpoint10>[00m MediaFlowInStateChange: FLOWING, pad: 'default', type: 'audio'
1:06:07.107400900 [331m   24[00m 0x7f2bd411b050 [37mDEBUG  [00m [00mKurentoMediaElementImpl MediaElementImpl.cpp:492:mediaFlowInStateChange:<kmswebrtcendpoint10>[00m MediaFlowInStateChange: FLOWING, pad: 'default', type: 'video'
1:06:12.480843885 [331m   24[00m 0x7f2c74007980 [37mDEBUG  [00m [00mKurentoWebSocketTransport WebSocketTransport.cpp:460:processMessage:[00m Message: {"jsonrpc":"2.0","method":"release","params":{"object":"f7d978de-56a1-4b71-b7ef-3ff4b2dab424_kurento.MediaPipeline/5725aec8-44ca-486b-abec-367d1baf10f5_kurento.WebRtcEndpoint","sessionId":"a1dc5234-6041-4879-bf7c-ae3357500a9e"},"id":276}
1:06:12.481212009 [331m   24[00m 0x7f2c74007980 [37mDEBUG  [00m [00mKurentoWebSocketTransport WebSocketTransport.cpp:462:processMessage:[00m Response: {"id":276,"jsonrpc":"2.0","result":{"sessionId":"a1dc5234-6041-4879-bf7c-ae3357500a9e"}}
1:06:12.481232545 [331m   24[00m 0x7f2c90001860 [37mDEBUG  [00m [00mKurentoMediaElementImpl MediaElementImpl.cpp:1028:disconnect:[00m Disconnecting f7d978de-56a1-4b71-b7ef-3ff4b2dab424_kurento.MediaPipeline/751cbe9d-5d4f-4287-8584-2686d4a71d6a_datachannelexample.KmsSendData - f7d978de-56a1-4b71-b7ef-3ff4b2dab424_kurento.MediaPipeline/5725aec8-44ca-486b-abec-367d1baf10f5_kurento.WebRtcEndpoint params AUDIO default default
1:06:12.481592090 [331m   24[00m 0x7f2c90001860 [37mDEBUG  [00m [00mKurentoMediaElementImpl MediaElementImpl.cpp:1028:disconnect:[00m Disconnecting f7d978de-56a1-4b71-b7ef-3ff4b2dab424_kurento.MediaPipeline/751cbe9d-5d4f-4287-8584-2686d4a71d6a_datachannelexample.KmsSendData - f7d978de-56a1-4b71-b7ef-3ff4b2dab424_kurento.MediaPipeline/5725aec8-44ca-486b-abec-367d1baf10f5_kurento.WebRtcEndpoint params DATA default default
1:06:12.481657689 [331m   24[00m 0x7f2c90001860 [37mDEBUG  [00m [00mKurentoMediaElementImpl MediaElementImpl.cpp:1028:disconnect:[00m Disconnecting f7d978de-56a1-4b71-b7ef-3ff4b2dab424_kurento.MediaPipeline/751cbe9d-5d4f-4287-8584-2686d4a71d6a_datachannelexample.KmsSendData - f7d978de-56a1-4b71-b7ef-3ff4b2dab424_kurento.MediaPipeline/5725aec8-44ca-486b-abec-367d1baf10f5_kurento.WebRtcEndpoint params VIDEO default default
1:06:12.481872435 [331m   24[00m 0x7f2c90001860 [37mDEBUG  [00m [00m     KurentoMediaSet MediaSet.cpp:470:async_delete:[00m Destroying WebRtcEndpoint -> f7d978de-56a1-4b71-b7ef-3ff4b2dab424_kurento.MediaPipeline/5725aec8-44ca-486b-abec-367d1baf10f5_kurento.WebRtcEndpoint
1:06:12.483922108 [331m   24[00m 0x7f2c68001ac0 [37mDEBUG  [00m [00mKurentoWebSocketTransport WebSocketTransport.cpp:460:processMessage:[00m Message: {"jsonrpc":"2.0","method":"unsubscribe","params":{"object":"f7d978de-56a1-4b71-b7ef-3ff4b2dab424_kurento.MediaPipeline/5725aec8-44ca-486b-abec-367d1baf10f5_kurento.WebRtcEndpoint","subscription":"8d6d7422-d3bf-4b23-99e1-179bd23b6f3b","sessionId":"a1dc5234-6041-4879-bf7c-ae3357500a9e"},"id":277}
1:06:12.484328995 [331m   24[00m 0x7f2c68001ac0 [37mDEBUG  [00m [00mKurentoWebSocketTransport WebSocketTransport.cpp:462:processMessage:[00m Response: {"id":277,"jsonrpc":"2.0","result":{"sessionId":"a1dc5234-6041-4879-bf7c-ae3357500a9e"}}
1:06:27.900648844 [331m   24[00m 0x7f2c28001e90 [37mDEBUG  [00m [00mKurentoWebSocketTransport WebSocketTransport.cpp:460:processMessage:[00m Message: {"jsonrpc":"2.0","method":"create","params":{"type":"WebRtcEndpoint","constructorParams":{"mediaPipeline":"f7d978de-56a1-4b71-b7ef-3ff4b2dab424_kurento.MediaPipeline","useDataChannels":true},"properties":{},"sessionId":"a1dc5234-6041-4879-bf7c-ae3357500a9e"},"id":278}
1:06:27.902178642 [331m   24[00m 0x7f2c28001e90 [36mINFO   [00m [00mKurentoWebRtcEndpointImpl WebRtcEndpointImpl.cpp:96:remove_not_supported_codecs_from_array:<kmswebrtcendpoint11>[00m Removing not supported codec 'AMR/8000'
1:06:27.902273916 [331m   24[00m 0x7f2c28001e90 [36mINFO   [00m [00mKurentoWebRtcEndpointImpl WebRtcEndpointImpl.cpp:465:WebRtcEndpointImpl:[00m Using STUN reflexive server IP: 203.183.172.196
1:06:27.902287245 [331m   24[00m 0x7f2c28001e90 [36mINFO   [00m [00mKurentoWebRtcEndpointImpl WebRtcEndpointImpl.cpp:466:WebRtcEndpointImpl:[00m Using STUN reflexive server Port: 3478
1:06:27.902354103 [331m   24[00m 0x7f2c28001e90 [36mINFO   [00m [00mKurentoWebRtcEndpointImpl WebRtcEndpointImpl.cpp:487:WebRtcEndpointImpl:[00m TURN server IP address not found in config; NAT traversal requires either STUN or TURN server
1:06:27.902850175 [331m   24[00m 0x7f2c28001e90 [37mDEBUG  [00m [00mKurentoWebSocketTransport WebSocketTransport.cpp:462:processMessage:[00m Response: {"id":278,"jsonrpc":"2.0","result":{"sessionId":"a1dc5234-6041-4879-bf7c-ae3357500a9e","value":"f7d978de-56a1-4b71-b7ef-3ff4b2dab424_kurento.MediaPipeline/02bf93b8-0e70-475e-ad65-8031c59f0d27_kurento.WebRtcEndpoint"}}
1:06:27.905931986 [331m   24[00m 0x7f2c70001600 [37mDEBUG  [00m [00mKurentoWebSocketTransport WebSocketTransport.cpp:460:processMessage:[00m Message: {"jsonrpc":"2.0","method":"subscribe","params":{"object":"f7d978de-56a1-4b71-b7ef-3ff4b2dab424_kurento.MediaPipeline/02bf93b8-0e70-475e-ad65-8031c59f0d27_kurento.WebRtcEndpoint","type":"OnIceCandidate","sessionId":"a1dc5234-6041-4879-bf7c-ae3357500a9e"},"id":279}
1:06:27.906265291 [331m   24[00m 0x7f2c70001600 [37mDEBUG  [00m [00mKurentoWebSocketTransport WebSocketTransport.cpp:462:processMessage:[00m Response: {"id":279,"jsonrpc":"2.0","result":{"sessionId":"a1dc5234-6041-4879-bf7c-ae3357500a9e","value":"ff53f4f3-8151-4b19-a469-792e5d29e01a"}}
1:06:27.907559555 [331m   24[00m 0x7f2c34001af0 [37mDEBUG  [00m [00mKurentoWebSocketTransport WebSocketTransport.cpp:460:processMessage:[00m Message: {"jsonrpc":"2.0","method":"invoke","params":{"object":"f7d978de-56a1-4b71-b7ef-3ff4b2dab424_kurento.MediaPipeline/02bf93b8-0e70-475e-ad65-8031c59f0d27_kurento.WebRtcEndpoint","operation":"processOffer","operationParams":{"offer":"v=0\r\no=mozilla...THIS_IS_SDPARTA-72.0.2 7120153404927820032 0 IN IP4 0.0.0.0\r\ns=-\r\nt=0 0\r\na=fingerprint:sha-256 E5:6C:A1:2F:38:D7:DC:EA:56:74:DB:6C:A5:B2:37:11:7F:A7:2F:76:B3:FA:62:1E:C0:A5:A6:8E:57:3D:4E:9B\r\na=group:BUNDLE 0 1 2\r\na=ice-options:trickle\r\na=msid-semantic:WMS *\r\nm=video 9 UDP/TLS/RTP/SAVPF 120 121 126 97\r\nc=IN IP4 0.0.0.0\r\na=recvonly\r\na=extmap:3 urn:ietf:params:rtp-hdrext:sdes:mid\r\na=extmap:4 http://www.webrtc.org/experiments/rtp-hdrext/abs-send-time\r\na=extmap:5 urn:ietf:params:rtp-hdrext:toffset\r\na=extmap:6/recvonly http://www.webrtc.org/experiments/rtp-hdrext/playout-delay\r\na=fmtp:126 profile-level-id=42e01f;level-asymmetry-allowed=1;packetization-mode=1\r\na=fmtp:97 profile-level-id=42e01f;level-asymmetry-allowed=1\r\na=fmtp:120 max-fs=12288;max-fr=60\r\na=fmtp:121 max-fs=12288;max-fr=60\r\na=ice-pwd:6f9777643289d84d5b10bfd75f546eca\r\na=ice-ufrag:c006b067\r\na=mid:0\r\na=rtcp-fb:120 nack\r\na=rtcp-fb:120 nack pli\r\na=rtcp-fb:120 ccm fir\r\na=rtcp-fb:120 goog-remb\r\na=rtcp-fb:121 nack\r\na=rtcp-fb:121 nack pli\r\na=rtcp-fb:121 ccm fir\r\na=rtcp-fb:121 goog-remb\r\na=rtcp-fb:126 nack\r\na=rtcp-fb:126 nack pli\r\na=rtcp-fb:126 ccm fir\r\na=rtcp-fb:126 goog-remb\r\na=rtcp-fb:97 nack\r\na=rtcp-fb:97 nack pli\r\na=rtcp-fb:97 ccm fir\r\na=rtcp-fb:97 goog-remb\r\na=rtcp-mux\r\na=rtpmap:120 VP8/90000\r\na=rtpmap:121 VP9/90000\r\na=rtpmap:126 H264/90000\r\na=rtpmap:97 H264/90000\r\na=setup:actpass\r\na=ssrc:2328522150 cname:{8e7e2585-eea3-4b1a-9fc6-6ced2f40a7a8}\r\nm=audio 9 UDP/TLS/RTP/SAVPF 109 9 0 8 101\r\nc=IN IP4 0.0.0.0\r\na=recvonly\r\na=extmap:1 urn:ietf:params:rtp-hdrext:ssrc-audio-level\r\na=extmap:2/recvonly urn:ietf:params:rtp-hdrext:csrc-audio-level\r\na=extmap:3 urn:ietf:params:rtp-hdrext:sdes:mid\r\na=fmtp:109 maxplaybackrate=48000;stereo=1;useinbandfec=1\r\na=fmtp:101 0-15\r\na=ice-pwd:6f9777643289d84d5b10bfd75f546eca\r\na=ice-ufrag:c006b067\r\na=mid:1\r\na=rtcp-mux\r\na=rtpmap:109 opus/48000/2\r\na=rtpmap:9 G722/8000/1\r\na=rtpmap:0 PCMU/8000\r\na=rtpmap:8 PCMA/8000\r\na=rtpmap:101 telephone-event/8000/1\r\na=setup:actpass\r\na=ssrc:4289716966 cname:{8e7e2585-eea3-4b1a-9fc6-6ced2f40a7a8}\r\nm=application 9 UDP/DTLS/SCTP webrtc-datachannel\r\nc=IN IP4 0.0.0.0\r\na=sendrecv\r\na=ice-pwd:6f9777643289d84d5b10bfd75f546eca\r\na=ice-ufrag:c006b067\r\na=mid:2\r\na=setup:actpass\r\na=sctp-port:5000\r\na=max-message-size:1073741823\r\n"},"sessionId":"a1dc5234-6041-4879-bf7c-ae3357500a9e"},"id":280}
1:06:27.918605987 [331m   24[00m 0x7f2c34001af0 [37mDEBUG  [00m [00mKurentoWebSocketTransport WebSocketTransport.cpp:462:processMessage:[00m Response: {"id":280,"jsonrpc":"2.0","result":{"sessionId":"a1dc5234-6041-4879-bf7c-ae3357500a9e","value":"v=0\r\no=- 3827969235 3827969235 IN IP4 0.0.0.0\r\ns=Kurento Media Server\r\nc=IN IP4 0.0.0.0\r\nt=0 0\r\na=fingerprint:sha-256 E5:6C:A1:2F:38:D7:DC:EA:56:74:DB:6C:A5:B2:37:11:7F:A7:2F:76:B3:FA:62:1E:C0:A5:A6:8E:57:3D:4E:9B\r\na=ice-options:trickle\r\na=msid-semantic:WMS *\r\na=group:BUNDLE 0 1 2\r\nm=video 1 UDP/TLS/RTP/SAVPF 120 126 97\r\na=extmap:4 http://www.webrtc.org/experiments/rtp-hdrext/abs-send-time\r\na=sendonly\r\na=mid:0\r\na=rtcp:9 IN IP4 0.0.0.0\r\na=rtpmap:120 VP8/90000\r\na=rtpmap:126 H264/90000\r\na=rtpmap:97 H264/90000\r\na=rtcp-fb:120 nack\r\na=rtcp-fb:120 nack pli\r\na=rtcp-fb:120 ccm fir\r\na=rtcp-fb:120 goog-remb\r\na=rtcp-fb:126 nack\r\na=rtcp-fb:126 nack pli\r\na=rtcp-fb:126 ccm fir\r\na=rtcp-fb:126 goog-remb\r\na=rtcp-fb:97 nack\r\na=rtcp-fb:97 nack pli\r\na=rtcp-fb:97 ccm fir\r\na=rtcp-fb:97 goog-remb\r\na=fmtp:126 profile-level-id=42e01f;level-asymmetry-allowed=1;packetization-mode=1\r\na=fmtp:97 profile-level-id=42e01f;level-asymmetry-allowed=1\r\na=fmtp:120 max-fs=12288;max-fr=60\r\na=rtcp-mux\r\na=setup:active\r\na=ssrc:4014705198 cname:user224313322@host-b3b040a\r\na=ice-ufrag:JemX\r\na=ice-pwd:ovV35IwMGDBsojm4pC6gc5\r\na=fingerprint:sha-256 62:F2:0F:57:73:8D:EB:F8:28:E7:DE:FA:85:8A:56:73:28:B6:B3:8F:C0:64:86:3A:06:A3:D6:7B:53:11:FB:8A\r\nm=audio 1 UDP/TLS/RTP/SAVPF 109 0\r\na=sendonly\r\na=mid:1\r\na=rtcp:9 IN IP4 0.0.0.0\r\na=rtpmap:109 opus/48000/2\r\na=rtpmap:0 PCMU/8000\r\na=fmtp:109 maxplaybackrate=48000;stereo=1;useinbandfec=1\r\na=rtcp-mux\r\na=setup:active\r\na=ssrc:4180734577 cname:user224313322@host-b3b040a\r\na=ice-ufrag:JemX\r\na=ice-pwd:ovV35IwMGDBsojm4pC6gc5\r\na=fingerprint:sha-256 62:F2:0F:57:73:8D:EB:F8:28:E7:DE:FA:85:8A:56:73:28:B6:B3:8F:C0:64:86:3A:06:A3:D6:7B:53:11:FB:8A\r\nm=application 1 UDP/DTLS/SCTP webrtc-datachannel\r\na=mid:2\r\na=sctp-port:5000\r\na=setup:active\r\na=ice-ufrag:JemX\r\na=ice-pwd:ovV35IwMGDBsojm4pC6gc5\r\na=fingerprint:sha-256 62:F2:0F:57:73:8D:EB:F8:28:E7:DE:FA:85:8A:56:73:28:B6:B3:8F:C0:64:86:3A:06:A3:D6:7B:53:11:FB:8A\r\n"}}
1:06:27.920908630 [331m   24[00m 0x7f2c34001af0 [37mDEBUG  [00m [00mKurentoWebSocketTransport WebSocketTransport.cpp:460:processMessage:[00m Message: {"jsonrpc":"2.0","method":"invoke","params":{"object":"f7d978de-56a1-4b71-b7ef-3ff4b2dab424_kurento.MediaPipeline/02bf93b8-0e70-475e-ad65-8031c59f0d27_kurento.WebRtcEndpoint","operation":"addIceCandidate","operationParams":{"candidate":{"candidate":"candidate:0 1 UDP 2122252543 192.168.1.137 64438 typ host","sdpMid":"2","sdpMLineIndex":2,"__module__":"kurento","__type__":"IceCandidate"}},"sessionId":"a1dc5234-6041-4879-bf7c-ae3357500a9e"},"id":281}
1:06:27.921476079 [331m   24[00m 0x7f2c34001af0 [37mDEBUG  [00m [00mKurentoWebSocketTransport WebSocketTransport.cpp:462:processMessage:[00m Response: {"id":281,"jsonrpc":"2.0","result":{"sessionId":"a1dc5234-6041-4879-bf7c-ae3357500a9e","value":null}}
1:06:27.921514091 [331m   24[00m 0x7f2c34001af0 [37mDEBUG  [00m [00mKurentoWebSocketTransport WebSocketTransport.cpp:460:processMessage:[00m Message: {"jsonrpc":"2.0","method":"invoke","params":{"object":"f7d978de-56a1-4b71-b7ef-3ff4b2dab424_kurento.MediaPipeline/02bf93b8-0e70-475e-ad65-8031c59f0d27_kurento.WebRtcEndpoint","operation":"addIceCandidate","operationParams":{"candidate":{"candidate":"candidate:2 1 TCP 2105524479 192.168.1.137 9 typ host tcptype active","sdpMid":"2","sdpMLineIndex":2,"__module__":"kurento","__type__":"IceCandidate"}},"sessionId":"a1dc5234-6041-4879-bf7c-ae3357500a9e"},"id":282}
1:06:27.921723857 [331m   24[00m 0x7f2c34001af0 [37mDEBUG  [00m [00mKurentoWebSocketTransport WebSocketTransport.cpp:462:processMessage:[00m Response: {"id":282,"jsonrpc":"2.0","result":{"sessionId":"a1dc5234-6041-4879-bf7c-ae3357500a9e","value":null}}
1:06:27.921776120 [331m   24[00m 0x7f2c34001af0 [37mDEBUG  [00m [00mKurentoWebSocketTransport WebSocketTransport.cpp:460:processMessage:[00m Message: {"jsonrpc":"2.0","method":"invoke","params":{"object":"f7d978de-56a1-4b71-b7ef-3ff4b2dab424_kurento.MediaPipeline/02bf93b8-0e70-475e-ad65-8031c59f0d27_kurento.WebRtcEndpoint","operation":"addIceCandidate","operationParams":{"candidate":{"candidate":"candidate:0 1 UDP 2122252543 192.168.1.137 64439 typ host","sdpMid":"0","sdpMLineIndex":0,"__module__":"kurento","__type__":"IceCandidate"}},"sessionId":"a1dc5234-6041-4879-bf7c-ae3357500a9e"},"id":283}
1:06:27.921960391 [331m   24[00m 0x7f2c34001af0 [37mDEBUG  [00m [00mKurentoWebSocketTransport WebSocketTransport.cpp:462:processMessage:[00m Response: {"id":283,"jsonrpc":"2.0","result":{"sessionId":"a1dc5234-6041-4879-bf7c-ae3357500a9e","value":null}}
1:06:27.921979427 [331m   24[00m 0x7f2c34001af0 [37mDEBUG  [00m [00mKurentoWebSocketTransport WebSocketTransport.cpp:460:processMessage:[00m Message: {"jsonrpc":"2.0","method":"invoke","params":{"object":"f7d978de-56a1-4b71-b7ef-3ff4b2dab424_kurento.MediaPipeline/02bf93b8-0e70-475e-ad65-8031c59f0d27_kurento.WebRtcEndpoint","operation":"addIceCandidate","operationParams":{"candidate":{"candidate":"candidate:2 1 TCP 2105524479 192.168.1.137 9 typ host tcptype active","sdpMid":"0","sdpMLineIndex":0,"__module__":"kurento","__type__":"IceCandidate"}},"sessionId":"a1dc5234-6041-4879-bf7c-ae3357500a9e"},"id":284}
1:06:27.922156204 [331m   24[00m 0x7f2c34001af0 [37mDEBUG  [00m [00mKurentoWebSocketTransport WebSocketTransport.cpp:462:processMessage:[00m Response: {"id":284,"jsonrpc":"2.0","result":{"sessionId":"a1dc5234-6041-4879-bf7c-ae3357500a9e","value":null}}
1:06:27.922229076 [331m   24[00m 0x7f2c34001af0 [37mDEBUG  [00m [00mKurentoWebSocketTransport WebSocketTransport.cpp:460:processMessage:[00m Message: {"jsonrpc":"2.0","method":"invoke","params":{"object":"f7d978de-56a1-4b71-b7ef-3ff4b2dab424_kurento.MediaPipeline/02bf93b8-0e70-475e-ad65-8031c59f0d27_kurento.WebRtcEndpoint","operation":"addIceCandidate","operationParams":{"candidate":{"candidate":"candidate:0 2 UDP 2122252542 192.168.1.137 64440 typ host","sdpMid":"0","sdpMLineIndex":0,"__module__":"kurento","__type__":"IceCandidate"}},"sessionId":"a1dc5234-6041-4879-bf7c-ae3357500a9e"},"id":285}
1:06:27.922426641 [331m   24[00m 0x7f2c34001af0 [37mDEBUG  [00m [00mKurentoWebSocketTransport WebSocketTransport.cpp:462:processMessage:[00m Response: {"id":285,"jsonrpc":"2.0","result":{"sessionId":"a1dc5234-6041-4879-bf7c-ae3357500a9e","value":null}}
1:06:27.922446329 [331m   24[00m 0x7f2c34001af0 [37mDEBUG  [00m [00mKurentoWebSocketTransport WebSocketTransport.cpp:460:processMessage:[00m Message: {"jsonrpc":"2.0","method":"invoke","params":{"object":"f7d978de-56a1-4b71-b7ef-3ff4b2dab424_kurento.MediaPipeline/02bf93b8-0e70-475e-ad65-8031c59f0d27_kurento.WebRtcEndpoint","operation":"addIceCandidate","operationParams":{"candidate":{"candidate":"candidate:2 2 TCP 2105524478 192.168.1.137 9 typ host tcptype active","sdpMid":"0","sdpMLineIndex":0,"__module__":"kurento","__type__":"IceCandidate"}},"sessionId":"a1dc5234-6041-4879-bf7c-ae3357500a9e"},"id":286}
1:06:27.922648717 [331m   24[00m 0x7f2c34001af0 [37mDEBUG  [00m [00mKurentoWebSocketTransport WebSocketTransport.cpp:462:processMessage:[00m Response: {"id":286,"jsonrpc":"2.0","result":{"sessionId":"a1dc5234-6041-4879-bf7c-ae3357500a9e","value":null}}
1:06:27.922668280 [331m   24[00m 0x7f2c34001af0 [37mDEBUG  [00m [00mKurentoWebSocketTransport WebSocketTransport.cpp:460:processMessage:[00m Message: {"jsonrpc":"2.0","method":"invoke","params":{"object":"f7d978de-56a1-4b71-b7ef-3ff4b2dab424_kurento.MediaPipeline/02bf93b8-0e70-475e-ad65-8031c59f0d27_kurento.WebRtcEndpoint","operation":"addIceCandidate","operationParams":{"candidate":{"candidate":"candidate:0 1 UDP 2122252543 192.168.1.137 64441 typ host","sdpMid":"1","sdpMLineIndex":1,"__module__":"kurento","__type__":"IceCandidate"}},"sessionId":"a1dc5234-6041-4879-bf7c-ae3357500a9e"},"id":287}
1:06:27.922839231 [331m   24[00m 0x7f2c34001af0 [37mDEBUG  [00m [00mKurentoWebSocketTransport WebSocketTransport.cpp:462:processMessage:[00m Response: {"id":287,"jsonrpc":"2.0","result":{"sessionId":"a1dc5234-6041-4879-bf7c-ae3357500a9e","value":null}}
1:06:27.922857531 [331m   24[00m 0x7f2c34001af0 [37mDEBUG  [00m [00mKurentoWebSocketTransport WebSocketTransport.cpp:460:processMessage:[00m Message: {"jsonrpc":"2.0","method":"invoke","params":{"object":"f7d978de-56a1-4b71-b7ef-3ff4b2dab424_kurento.MediaPipeline/02bf93b8-0e70-475e-ad65-8031c59f0d27_kurento.WebRtcEndpoint","operation":"addIceCandidate","operationParams":{"candidate":{"candidate":"candidate:2 1 TCP 2105524479 192.168.1.137 9 typ host tcptype active","sdpMid":"1","sdpMLineIndex":1,"__module__":"kurento","__type__":"IceCandidate"}},"sessionId":"a1dc5234-6041-4879-bf7c-ae3357500a9e"},"id":288}
1:06:27.923025654 [331m   24[00m 0x7f2c34001af0 [37mDEBUG  [00m [00mKurentoWebSocketTransport WebSocketTransport.cpp:462:processMessage:[00m Response: {"id":288,"jsonrpc":"2.0","result":{"sessionId":"a1dc5234-6041-4879-bf7c-ae3357500a9e","value":null}}
1:06:27.923140437 [331m   24[00m 0x7f2c74007980 [37mDEBUG  [00m [00mKurentoWebSocketTransport WebSocketTransport.cpp:460:processMessage:[00m Message: {"jsonrpc":"2.0","method":"invoke","params":{"object":"f7d978de-56a1-4b71-b7ef-3ff4b2dab424_kurento.MediaPipeline/02bf93b8-0e70-475e-ad65-8031c59f0d27_kurento.WebRtcEndpoint","operation":"addIceCandidate","operationParams":{"candidate":{"candidate":"candidate:0 2 UDP 2122252542 192.168.1.137 64442 typ host","sdpMid":"1","sdpMLineIndex":1,"__module__":"kurento","__type__":"IceCandidate"}},"sessionId":"a1dc5234-6041-4879-bf7c-ae3357500a9e"},"id":289}
1:06:27.923510989 [331m   24[00m 0x7f2c74007980 [37mDEBUG  [00m [00mKurentoWebSocketTransport WebSocketTransport.cpp:462:processMessage:[00m Response: {"id":289,"jsonrpc":"2.0","result":{"sessionId":"a1dc5234-6041-4879-bf7c-ae3357500a9e","value":null}}
1:06:27.924419843 [331m   24[00m 0x7f2c68001ac0 [37mDEBUG  [00m [00mKurentoWebSocketTransport WebSocketTransport.cpp:460:processMessage:[00m Message: {"jsonrpc":"2.0","method":"invoke","params":{"object":"f7d978de-56a1-4b71-b7ef-3ff4b2dab424_kurento.MediaPipeline/02bf93b8-0e70-475e-ad65-8031c59f0d27_kurento.WebRtcEndpoint","operation":"addIceCandidate","operationParams":{"candidate":{"candidate":"candidate:2 2 TCP 2105524478 192.168.1.137 9 typ host tcptype active","sdpMid":"1","sdpMLineIndex":1,"__module__":"kurento","__type__":"IceCandidate"}},"sessionId":"a1dc5234-6041-4879-bf7c-ae3357500a9e"},"id":290}
1:06:27.924714668 [331m   24[00m 0x7f2c68001ac0 [37mDEBUG  [00m [00mKurentoWebSocketTransport WebSocketTransport.cpp:462:processMessage:[00m Response: {"id":290,"jsonrpc":"2.0","result":{"sessionId":"a1dc5234-6041-4879-bf7c-ae3357500a9e","value":null}}
1:06:27.926509219 [331m   24[00m 0x7f2c78001840 [37mDEBUG  [00m [00mKurentoWebSocketTransport WebSocketTransport.cpp:460:processMessage:[00m Message: {"jsonrpc":"2.0","method":"invoke","params":{"object":"f7d978de-56a1-4b71-b7ef-3ff4b2dab424_kurento.MediaPipeline/02bf93b8-0e70-475e-ad65-8031c59f0d27_kurento.WebRtcEndpoint","operation":"gatherCandidates","sessionId":"a1dc5234-6041-4879-bf7c-ae3357500a9e"},"id":291}
1:06:27.928961649 [331m   24[00m 0x7f2c2809d8c0 [37mDEBUG  [00m [00mKurentoWebSocketEventHandler WebSocketEventHandler.cpp:56:sendEvent:[00m Sending event: {"jsonrpc":"2.0","method":"onEvent","params":{"value":{"data":{"candidate":{"__module__":"kurento","__type__":"IceCandidate","candidate":"candidate:1 1 UDP 2013266431 172.18.0.12 10186 typ host","sdpMLineIndex":0,"sdpMid":"0"},"source":"f7d978de-56a1-4b71-b7ef-3ff4b2dab424_kurento.MediaPipeline/02bf93b8-0e70-475e-ad65-8031c59f0d27_kurento.WebRtcEndpoint","tags":[],"timestamp":"1618980435","timestampMillis":"1618980435771","type":"OnIceCandidate"},"object":"f7d978de-56a1-4b71-b7ef-3ff4b2dab424_kurento.MediaPipeline/02bf93b8-0e70-475e-ad65-8031c59f0d27_kurento.WebRtcEndpoint","type":"OnIceCandidate"}}}, sessionId: a1dc5234-6041-4879-bf7c-ae3357500a9e
1:06:27.929198586 [331m   24[00m 0x7f2c2809d8c0 [37mDEBUG  [00m [00mKurentoWebSocketEventHandler WebSocketEventHandler.cpp:56:sendEvent:[00m Sending event: {"jsonrpc":"2.0","method":"onEvent","params":{"value":{"data":{"candidate":{"__module__":"kurento","__type__":"IceCandidate","candidate":"candidate:1 1 UDP 2013266431 172.18.0.12 10186 typ host","sdpMLineIndex":1,"sdpMid":"1"},"source":"f7d978de-56a1-4b71-b7ef-3ff4b2dab424_kurento.MediaPipeline/02bf93b8-0e70-475e-ad65-8031c59f0d27_kurento.WebRtcEndpoint","tags":[],"timestamp":"1618980435","timestampMillis":"1618980435771","type":"OnIceCandidate"},"object":"f7d978de-56a1-4b71-b7ef-3ff4b2dab424_kurento.MediaPipeline/02bf93b8-0e70-475e-ad65-8031c59f0d27_kurento.WebRtcEndpoint","type":"OnIceCandidate"}}}, sessionId: a1dc5234-6041-4879-bf7c-ae3357500a9e
1:06:27.929330996 [331m   24[00m 0x7f2c2809d8c0 [37mDEBUG  [00m [00mKurentoWebSocketEventHandler WebSocketEventHandler.cpp:56:sendEvent:[00m Sending event: {"jsonrpc":"2.0","method":"onEvent","params":{"value":{"data":{"candidate":{"__module__":"kurento","__type__":"IceCandidate","candidate":"candidate:1 1 UDP 2013266431 172.18.0.12 10186 typ host","sdpMLineIndex":2,"sdpMid":"2"},"source":"f7d978de-56a1-4b71-b7ef-3ff4b2dab424_kurento.MediaPipeline/02bf93b8-0e70-475e-ad65-8031c59f0d27_kurento.WebRtcEndpoint","tags":[],"timestamp":"1618980435","timestampMillis":"1618980435771","type":"OnIceCandidate"},"object":"f7d978de-56a1-4b71-b7ef-3ff4b2dab424_kurento.MediaPipeline/02bf93b8-0e70-475e-ad65-8031c59f0d27_kurento.WebRtcEndpoint","type":"OnIceCandidate"}}}, sessionId: a1dc5234-6041-4879-bf7c-ae3357500a9e
1:06:27.929458599 [331m   24[00m 0x7f2c2809d8c0 [37mDEBUG  [00m [00mKurentoWebSocketEventHandler WebSocketEventHandler.cpp:56:sendEvent:[00m Sending event: {"jsonrpc":"2.0","method":"onEvent","params":{"value":{"data":{"candidate":{"__module__":"kurento","__type__":"IceCandidate","candidate":"candidate:2 1 TCP 1015021823 172.18.0.12 9 typ host tcptype active","sdpMLineIndex":0,"sdpMid":"0"},"source":"f7d978de-56a1-4b71-b7ef-3ff4b2dab424_kurento.MediaPipeline/02bf93b8-0e70-475e-ad65-8031c59f0d27_kurento.WebRtcEndpoint","tags":[],"timestamp":"1618980435","timestampMillis":"1618980435771","type":"OnIceCandidate"},"object":"f7d978de-56a1-4b71-b7ef-3ff4b2dab424_kurento.MediaPipeline/02bf93b8-0e70-475e-ad65-8031c59f0d27_kurento.WebRtcEndpoint","type":"OnIceCandidate"}}}, sessionId: a1dc5234-6041-4879-bf7c-ae3357500a9e
1:06:27.929550790 [331m   24[00m 0x7f2c2809d8c0 [37mDEBUG  [00m [00mKurentoWebSocketEventHandler WebSocketEventHandler.cpp:56:sendEvent:[00m Sending event: {"jsonrpc":"2.0","method":"onEvent","params":{"value":{"data":{"candidate":{"__module__":"kurento","__type__":"IceCandidate","candidate":"candidate:2 1 TCP 1015021823 172.18.0.12 9 typ host tcptype active","sdpMLineIndex":1,"sdpMid":"1"},"source":"f7d978de-56a1-4b71-b7ef-3ff4b2dab424_kurento.MediaPipeline/02bf93b8-0e70-475e-ad65-8031c59f0d27_kurento.WebRtcEndpoint","tags":[],"timestamp":"1618980435","timestampMillis":"1618980435771","type":"OnIceCandidate"},"object":"f7d978de-56a1-4b71-b7ef-3ff4b2dab424_kurento.MediaPipeline/02bf93b8-0e70-475e-ad65-8031c59f0d27_kurento.WebRtcEndpoint","type":"OnIceCandidate"}}}, sessionId: a1dc5234-6041-4879-bf7c-ae3357500a9e
1:06:27.929627392 [331m   24[00m 0x7f2c2809d8c0 [37mDEBUG  [00m [00mKurentoWebSocketEventHandler WebSocketEventHandler.cpp:56:sendEvent:[00m Sending event: {"jsonrpc":"2.0","method":"onEvent","params":{"value":{"data":{"candidate":{"__module__":"kurento","__type__":"IceCandidate","candidate":"candidate:2 1 TCP 1015021823 172.18.0.12 9 typ host tcptype active","sdpMLineIndex":2,"sdpMid":"2"},"source":"f7d978de-56a1-4b71-b7ef-3ff4b2dab424_kurento.MediaPipeline/02bf93b8-0e70-475e-ad65-8031c59f0d27_kurento.WebRtcEndpoint","tags":[],"timestamp":"1618980435","timestampMillis":"1618980435771","type":"OnIceCandidate"},"object":"f7d978de-56a1-4b71-b7ef-3ff4b2dab424_kurento.MediaPipeline/02bf93b8-0e70-475e-ad65-8031c59f0d27_kurento.WebRtcEndpoint","type":"OnIceCandidate"}}}, sessionId: a1dc5234-6041-4879-bf7c-ae3357500a9e
1:06:27.929795746 [331m   24[00m 0x7f2c2809d8c0 [37mDEBUG  [00m [00mKurentoWebSocketEventHandler WebSocketEventHandler.cpp:56:sendEvent:[00m Sending event: {"jsonrpc":"2.0","method":"onEvent","params":{"value":{"data":{"candidate":{"__module__":"kurento","__type__":"IceCandidate","candidate":"candidate:3 1 TCP 1010827519 172.18.0.12 10163 typ host tcptype passive","sdpMLineIndex":0,"sdpMid":"0"},"source":"f7d978de-56a1-4b71-b7ef-3ff4b2dab424_kurento.MediaPipeline/02bf93b8-0e70-475e-ad65-8031c59f0d27_kurento.WebRtcEndpoint","tags":[],"timestamp":"1618980435","timestampMillis":"1618980435771","type":"OnIceCandidate"},"object":"f7d978de-56a1-4b71-b7ef-3ff4b2dab424_kurento.MediaPipeline/02bf93b8-0e70-475e-ad65-8031c59f0d27_kurento.WebRtcEndpoint","type":"OnIceCandidate"}}}, sessionId: a1dc5234-6041-4879-bf7c-ae3357500a9e
1:06:27.929900469 [331m   24[00m 0x7f2c2809d8c0 [37mDEBUG  [00m [00mKurentoWebSocketEventHandler WebSocketEventHandler.cpp:56:sendEvent:[00m Sending event: {"jsonrpc":"2.0","method":"onEvent","params":{"value":{"data":{"candidate":{"__module__":"kurento","__type__":"IceCandidate","candidate":"candidate:3 1 TCP 1010827519 172.18.0.12 10163 typ host tcptype passive","sdpMLineIndex":1,"sdpMid":"1"},"source":"f7d978de-56a1-4b71-b7ef-3ff4b2dab424_kurento.MediaPipeline/02bf93b8-0e70-475e-ad65-8031c59f0d27_kurento.WebRtcEndpoint","tags":[],"timestamp":"1618980435","timestampMillis":"1618980435771","type":"OnIceCandidate"},"object":"f7d978de-56a1-4b71-b7ef-3ff4b2dab424_kurento.MediaPipeline/02bf93b8-0e70-475e-ad65-8031c59f0d27_kurento.WebRtcEndpoint","type":"OnIceCandidate"}}}, sessionId: a1dc5234-6041-4879-bf7c-ae3357500a9e
1:06:27.929977498 [331m   24[00m 0x7f2c2809d8c0 [37mDEBUG  [00m [00mKurentoWebSocketEventHandler WebSocketEventHandler.cpp:56:sendEvent:[00m Sending event: {"jsonrpc":"2.0","method":"onEvent","params":{"value":{"data":{"candidate":{"__module__":"kurento","__type__":"IceCandidate","candidate":"candidate:3 1 TCP 1010827519 172.18.0.12 10163 typ host tcptype passive","sdpMLineIndex":2,"sdpMid":"2"},"source":"f7d978de-56a1-4b71-b7ef-3ff4b2dab424_kurento.MediaPipeline/02bf93b8-0e70-475e-ad65-8031c59f0d27_kurento.WebRtcEndpoint","tags":[],"timestamp":"1618980435","timestampMillis":"1618980435771","type":"OnIceCandidate"},"object":"f7d978de-56a1-4b71-b7ef-3ff4b2dab424_kurento.MediaPipeline/02bf93b8-0e70-475e-ad65-8031c59f0d27_kurento.WebRtcEndpoint","type":"OnIceCandidate"}}}, sessionId: a1dc5234-6041-4879-bf7c-ae3357500a9e
1:06:27.930053204 [331m   24[00m 0x7f2c2809d8c0 [37mDEBUG  [00m [00mKurentoWebSocketEventHandler WebSocketEventHandler.cpp:56:sendEvent:[00m Sending event: {"jsonrpc":"2.0","method":"onEvent","params":{"value":{"data":{"candidate":{"__module__":"kurento","__type__":"IceCandidate","candidate":"candidate:1 2 UDP 2013266430 172.18.0.12 10168 typ host","sdpMLineIndex":0,"sdpMid":"0"},"source":"f7d978de-56a1-4b71-b7ef-3ff4b2dab424_kurento.MediaPipeline/02bf93b8-0e70-475e-ad65-8031c59f0d27_kurento.WebRtcEndpoint","tags":[],"timestamp":"1618980435","timestampMillis":"1618980435771","type":"OnIceCandidate"},"object":"f7d978de-56a1-4b71-b7ef-3ff4b2dab424_kurento.MediaPipeline/02bf93b8-0e70-475e-ad65-8031c59f0d27_kurento.WebRtcEndpoint","type":"OnIceCandidate"}}}, sessionId: a1dc5234-6041-4879-bf7c-ae3357500a9e
1:06:27.930132215 [331m   24[00m 0x7f2c2809d8c0 [37mDEBUG  [00m [00mKurentoWebSocketEventHandler WebSocketEventHandler.cpp:56:sendEvent:[00m Sending event: {"jsonrpc":"2.0","method":"onEvent","params":{"value":{"data":{"candidate":{"__module__":"kurento","__type__":"IceCandidate","candidate":"candidate:1 2 UDP 2013266430 172.18.0.12 10168 typ host","sdpMLineIndex":1,"sdpMid":"1"},"source":"f7d978de-56a1-4b71-b7ef-3ff4b2dab424_kurento.MediaPipeline/02bf93b8-0e70-475e-ad65-8031c59f0d27_kurento.WebRtcEndpoint","tags":[],"timestamp":"1618980435","timestampMillis":"1618980435771","type":"OnIceCandidate"},"object":"f7d978de-56a1-4b71-b7ef-3ff4b2dab424_kurento.MediaPipeline/02bf93b8-0e70-475e-ad65-8031c59f0d27_kurento.WebRtcEndpoint","type":"OnIceCandidate"}}}, sessionId: a1dc5234-6041-4879-bf7c-ae3357500a9e
1:06:27.930211973 [331m   24[00m 0x7f2c2809d8c0 [37mDEBUG  [00m [00mKurentoWebSocketEventHandler WebSocketEventHandler.cpp:56:sendEvent:[00m Sending event: {"jsonrpc":"2.0","method":"onEvent","params":{"value":{"data":{"candidate":{"__module__":"kurento","__type__":"IceCandidate","candidate":"candidate:1 2 UDP 2013266430 172.18.0.12 10168 typ host","sdpMLineIndex":2,"sdpMid":"2"},"source":"f7d978de-56a1-4b71-b7ef-3ff4b2dab424_kurento.MediaPipeline/02bf93b8-0e70-475e-ad65-8031c59f0d27_kurento.WebRtcEndpoint","tags":[],"timestamp":"1618980435","timestampMillis":"1618980435771","type":"OnIceCandidate"},"object":"f7d978de-56a1-4b71-b7ef-3ff4b2dab424_kurento.MediaPipeline/02bf93b8-0e70-475e-ad65-8031c59f0d27_kurento.WebRtcEndpoint","type":"OnIceCandidate"}}}, sessionId: a1dc5234-6041-4879-bf7c-ae3357500a9e
1:06:27.931448205 [331m   24[00m 0x7f2c2809d8c0 [37mDEBUG  [00m [00mKurentoWebSocketEventHandler WebSocketEventHandler.cpp:56:sendEvent:[00m Sending event: {"jsonrpc":"2.0","method":"onEvent","params":{"value":{"data":{"candidate":{"__module__":"kurento","__type__":"IceCandidate","candidate":"candidate:2 2 TCP 1015021822 172.18.0.12 9 typ host tcptype active","sdpMLineIndex":0,"sdpMid":"0"},"source":"f7d978de-56a1-4b71-b7ef-3ff4b2dab424_kurento.MediaPipeline/02bf93b8-0e70-475e-ad65-8031c59f0d27_kurento.WebRtcEndpoint","tags":[],"timestamp":"1618980435","timestampMillis":"1618980435773","type":"OnIceCandidate"},"object":"f7d978de-56a1-4b71-b7ef-3ff4b2dab424_kurento.MediaPipeline/02bf93b8-0e70-475e-ad65-8031c59f0d27_kurento.WebRtcEndpoint","type":"OnIceCandidate"}}}, sessionId: a1dc5234-6041-4879-bf7c-ae3357500a9e
1:06:27.931686516 [331m   24[00m 0x7f2c78001840 [37mDEBUG  [00m [00mKurentoWebSocketTransport WebSocketTransport.cpp:462:processMessage:[00m Response: {"id":291,"jsonrpc":"2.0","result":{"sessionId":"a1dc5234-6041-4879-bf7c-ae3357500a9e","value":null}}
1:06:27.931689494 [331m   24[00m 0x7f2c2809d8c0 [37mDEBUG  [00m [00mKurentoWebSocketEventHandler WebSocketEventHandler.cpp:56:sendEvent:[00m Sending event: {"jsonrpc":"2.0","method":"onEvent","params":{"value":{"data":{"candidate":{"__module__":"kurento","__type__":"IceCandidate","candidate":"candidate:2 2 TCP 1015021822 172.18.0.12 9 typ host tcptype active","sdpMLineIndex":1,"sdpMid":"1"},"source":"f7d978de-56a1-4b71-b7ef-3ff4b2dab424_kurento.MediaPipeline/02bf93b8-0e70-475e-ad65-8031c59f0d27_kurento.WebRtcEndpoint","tags":[],"timestamp":"1618980435","timestampMillis":"1618980435773","type":"OnIceCandidate"},"object":"f7d978de-56a1-4b71-b7ef-3ff4b2dab424_kurento.MediaPipeline/02bf93b8-0e70-475e-ad65-8031c59f0d27_kurento.WebRtcEndpoint","type":"OnIceCandidate"}}}, sessionId: a1dc5234-6041-4879-bf7c-ae3357500a9e
1:06:27.931879235 [331m   24[00m 0x7f2c78001840 [37mDEBUG  [00m [00mKurentoWebSocketTransport WebSocketTransport.cpp:460:processMessage:[00m Message: {"jsonrpc":"2.0","method":"invoke","params":{"object":"f7d978de-56a1-4b71-b7ef-3ff4b2dab424_kurento.MediaPipeline/751cbe9d-5d4f-4287-8584-2686d4a71d6a_datachannelexample.KmsSendData","operation":"connect","operationParams":{"sink":"f7d978de-56a1-4b71-b7ef-3ff4b2dab424_kurento.MediaPipeline/02bf93b8-0e70-475e-ad65-8031c59f0d27_kurento.WebRtcEndpoint"},"sessionId":"a1dc5234-6041-4879-bf7c-ae3357500a9e"},"id":292}
1:06:27.931877316 [331m   24[00m 0x7f2c2809d8c0 [37mDEBUG  [00m [00mKurentoWebSocketEventHandler WebSocketEventHandler.cpp:56:sendEvent:[00m Sending event: {"jsonrpc":"2.0","method":"onEvent","params":{"value":{"data":{"candidate":{"__module__":"kurento","__type__":"IceCandidate","candidate":"candidate:2 2 TCP 1015021822 172.18.0.12 9 typ host tcptype active","sdpMLineIndex":2,"sdpMid":"2"},"source":"f7d978de-56a1-4b71-b7ef-3ff4b2dab424_kurento.MediaPipeline/02bf93b8-0e70-475e-ad65-8031c59f0d27_kurento.WebRtcEndpoint","tags":[],"timestamp":"1618980435","timestampMillis":"1618980435773","type":"OnIceCandidate"},"object":"f7d978de-56a1-4b71-b7ef-3ff4b2dab424_kurento.MediaPipeline/02bf93b8-0e70-475e-ad65-8031c59f0d27_kurento.WebRtcEndpoint","type":"OnIceCandidate"}}}, sessionId: a1dc5234-6041-4879-bf7c-ae3357500a9e
1:06:27.931974900 [331m   24[00m 0x7f2c78001840 [37mDEBUG  [00m [00mKurentoMediaElementImpl MediaElementImpl.cpp:902:connect:[00m Connecting f7d978de-56a1-4b71-b7ef-3ff4b2dab424_kurento.MediaPipeline/751cbe9d-5d4f-4287-8584-2686d4a71d6a_datachannelexample.KmsSendData -> f7d978de-56a1-4b71-b7ef-3ff4b2dab424_kurento.MediaPipeline/02bf93b8-0e70-475e-ad65-8031c59f0d27_kurento.WebRtcEndpoint params AUDIO default default
1:06:27.931982581 [331m   24[00m 0x7f2c2809d8c0 [37mDEBUG  [00m [00mKurentoWebSocketEventHandler WebSocketEventHandler.cpp:56:sendEvent:[00m Sending event: {"jsonrpc":"2.0","method":"onEvent","params":{"value":{"data":{"candidate":{"__module__":"kurento","__type__":"IceCandidate","candidate":"candidate:3 2 TCP 1010827518 172.18.0.12 10187 typ host tcptype passive","sdpMLineIndex":0,"sdpMid":"0"},"source":"f7d978de-56a1-4b71-b7ef-3ff4b2dab424_kurento.MediaPipeline/02bf93b8-0e70-475e-ad65-8031c59f0d27_kurento.WebRtcEndpoint","tags":[],"timestamp":"1618980435","timestampMillis":"1618980435773","type":"OnIceCandidate"},"object":"f7d978de-56a1-4b71-b7ef-3ff4b2dab424_kurento.MediaPipeline/02bf93b8-0e70-475e-ad65-8031c59f0d27_kurento.WebRtcEndpoint","type":"OnIceCandidate"}}}, sessionId: a1dc5234-6041-4879-bf7c-ae3357500a9e
1:06:27.932060991 [331m   24[00m 0x7f2c2809d8c0 [37mDEBUG  [00m [00mKurentoWebSocketEventHandler WebSocketEventHandler.cpp:56:sendEvent:[00m Sending event: {"jsonrpc":"2.0","method":"onEvent","params":{"value":{"data":{"candidate":{"__module__":"kurento","__type__":"IceCandidate","candidate":"candidate:3 2 TCP 1010827518 172.18.0.12 10187 typ host tcptype passive","sdpMLineIndex":1,"sdpMid":"1"},"source":"f7d978de-56a1-4b71-b7ef-3ff4b2dab424_kurento.MediaPipeline/02bf93b8-0e70-475e-ad65-8031c59f0d27_kurento.WebRtcEndpoint","tags":[],"timestamp":"1618980435","timestampMillis":"1618980435773","type":"OnIceCandidate"},"object":"f7d978de-56a1-4b71-b7ef-3ff4b2dab424_kurento.MediaPipeline/02bf93b8-0e70-475e-ad65-8031c59f0d27_kurento.WebRtcEndpoint","type":"OnIceCandidate"}}}, sessionId: a1dc5234-6041-4879-bf7c-ae3357500a9e
1:06:27.932119810 [331m   24[00m 0x7f2c78001840 [37mDEBUG  [00m [00mKurentoMediaElementImpl MediaElementImpl.cpp:902:connect:[00m Connecting f7d978de-56a1-4b71-b7ef-3ff4b2dab424_kurento.MediaPipeline/751cbe9d-5d4f-4287-8584-2686d4a71d6a_datachannelexample.KmsSendData -> f7d978de-56a1-4b71-b7ef-3ff4b2dab424_kurento.MediaPipeline/02bf93b8-0e70-475e-ad65-8031c59f0d27_kurento.WebRtcEndpoint params VIDEO default default
1:06:27.932128474 [331m   24[00m 0x7f2c2809d8c0 [37mDEBUG  [00m [00mKurentoWebSocketEventHandler WebSocketEventHandler.cpp:56:sendEvent:[00m Sending event: {"jsonrpc":"2.0","method":"onEvent","params":{"value":{"data":{"candidate":{"__module__":"kurento","__type__":"IceCandidate","candidate":"candidate:3 2 TCP 1010827518 172.18.0.12 10187 typ host tcptype passive","sdpMLineIndex":2,"sdpMid":"2"},"source":"f7d978de-56a1-4b71-b7ef-3ff4b2dab424_kurento.MediaPipeline/02bf93b8-0e70-475e-ad65-8031c59f0d27_kurento.WebRtcEndpoint","tags":[],"timestamp":"1618980435","timestampMillis":"1618980435773","type":"OnIceCandidate"},"object":"f7d978de-56a1-4b71-b7ef-3ff4b2dab424_kurento.MediaPipeline/02bf93b8-0e70-475e-ad65-8031c59f0d27_kurento.WebRtcEndpoint","type":"OnIceCandidate"}}}, sessionId: a1dc5234-6041-4879-bf7c-ae3357500a9e
1:06:27.932204688 [331m   24[00m 0x7f2c78001840 [37mDEBUG  [00m [00mKurentoMediaElementImpl MediaElementImpl.cpp:902:connect:[00m Connecting f7d978de-56a1-4b71-b7ef-3ff4b2dab424_kurento.MediaPipeline/751cbe9d-5d4f-4287-8584-2686d4a71d6a_datachannelexample.KmsSendData -> f7d978de-56a1-4b71-b7ef-3ff4b2dab424_kurento.MediaPipeline/02bf93b8-0e70-475e-ad65-8031c59f0d27_kurento.WebRtcEndpoint params DATA default default
1:06:27.932309292 [331m   24[00m 0x7f2c78001840 [37mDEBUG  [00m [00mKurentoWebSocketTransport WebSocketTransport.cpp:462:processMessage:[00m Response: {"id":292,"jsonrpc":"2.0","result":{"sessionId":"a1dc5234-6041-4879-bf7c-ae3357500a9e","value":null}}
1:06:28.017458694 [331m   24[00m 0x7f2c2809d8c0 [37mDEBUG  [00m [00mKurentoWebSocketEventHandler WebSocketEventHandler.cpp:56:sendEvent:[00m Sending event: {"jsonrpc":"2.0","method":"onEvent","params":{"value":{"data":{"candidate":{"__module__":"kurento","__type__":"IceCandidate","candidate":"candidate:4 1 UDP 1677722111 203.151.66.107 10186 typ srflx raddr 172.18.0.12 rport 10186","sdpMLineIndex":0,"sdpMid":"0"},"source":"f7d978de-56a1-4b71-b7ef-3ff4b2dab424_kurento.MediaPipeline/02bf93b8-0e70-475e-ad65-8031c59f0d27_kurento.WebRtcEndpoint","tags":[],"timestamp":"1618980435","timestampMillis":"1618980435859","type":"OnIceCandidate"},"object":"f7d978de-56a1-4b71-b7ef-3ff4b2dab424_kurento.MediaPipeline/02bf93b8-0e70-475e-ad65-8031c59f0d27_kurento.WebRtcEndpoint","type":"OnIceCandidate"}}}, sessionId: a1dc5234-6041-4879-bf7c-ae3357500a9e
1:06:28.017860812 [331m   24[00m 0x7f2c2809d8c0 [37mDEBUG  [00m [00mKurentoWebSocketEventHandler WebSocketEventHandler.cpp:56:sendEvent:[00m Sending event: {"jsonrpc":"2.0","method":"onEvent","params":{"value":{"data":{"candidate":{"__module__":"kurento","__type__":"IceCandidate","candidate":"candidate:4 1 UDP 1677722111 203.151.66.107 10186 typ srflx raddr 172.18.0.12 rport 10186","sdpMLineIndex":1,"sdpMid":"1"},"source":"f7d978de-56a1-4b71-b7ef-3ff4b2dab424_kurento.MediaPipeline/02bf93b8-0e70-475e-ad65-8031c59f0d27_kurento.WebRtcEndpoint","tags":[],"timestamp":"1618980435","timestampMillis":"1618980435859","type":"OnIceCandidate"},"object":"f7d978de-56a1-4b71-b7ef-3ff4b2dab424_kurento.MediaPipeline/02bf93b8-0e70-475e-ad65-8031c59f0d27_kurento.WebRtcEndpoint","type":"OnIceCandidate"}}}, sessionId: a1dc5234-6041-4879-bf7c-ae3357500a9e
1:06:28.017982197 [331m   24[00m 0x7f2c2809d8c0 [37mDEBUG  [00m [00mKurentoWebSocketEventHandler WebSocketEventHandler.cpp:56:sendEvent:[00m Sending event: {"jsonrpc":"2.0","method":"onEvent","params":{"value":{"data":{"candidate":{"__module__":"kurento","__type__":"IceCandidate","candidate":"candidate:4 1 UDP 1677722111 203.151.66.107 10186 typ srflx raddr 172.18.0.12 rport 10186","sdpMLineIndex":2,"sdpMid":"2"},"source":"f7d978de-56a1-4b71-b7ef-3ff4b2dab424_kurento.MediaPipeline/02bf93b8-0e70-475e-ad65-8031c59f0d27_kurento.WebRtcEndpoint","tags":[],"timestamp":"1618980435","timestampMillis":"1618980435859","type":"OnIceCandidate"},"object":"f7d978de-56a1-4b71-b7ef-3ff4b2dab424_kurento.MediaPipeline/02bf93b8-0e70-475e-ad65-8031c59f0d27_kurento.WebRtcEndpoint","type":"OnIceCandidate"}}}, sessionId: a1dc5234-6041-4879-bf7c-ae3357500a9e
1:06:28.018062377 [331m   24[00m 0x7f2c2809d8c0 [37mDEBUG  [00m [00mKurentoWebSocketEventHandler WebSocketEventHandler.cpp:56:sendEvent:[00m Sending event: {"jsonrpc":"2.0","method":"onEvent","params":{"value":{"data":{"candidate":{"__module__":"kurento","__type__":"IceCandidate","candidate":"candidate:5 1 TCP 847249663 203.151.66.107 9 typ srflx raddr 172.18.0.12 rport 9 tcptype active","sdpMLineIndex":0,"sdpMid":"0"},"source":"f7d978de-56a1-4b71-b7ef-3ff4b2dab424_kurento.MediaPipeline/02bf93b8-0e70-475e-ad65-8031c59f0d27_kurento.WebRtcEndpoint","tags":[],"timestamp":"1618980435","timestampMillis":"1618980435859","type":"OnIceCandidate"},"object":"f7d978de-56a1-4b71-b7ef-3ff4b2dab424_kurento.MediaPipeline/02bf93b8-0e70-475e-ad65-8031c59f0d27_kurento.WebRtcEndpoint","type":"OnIceCandidate"}}}, sessionId: a1dc5234-6041-4879-bf7c-ae3357500a9e
1:06:28.018142215 [331m   24[00m 0x7f2c2809d8c0 [37mDEBUG  [00m [00mKurentoWebSocketEventHandler WebSocketEventHandler.cpp:56:sendEvent:[00m Sending event: {"jsonrpc":"2.0","method":"onEvent","params":{"value":{"data":{"candidate":{"__module__":"kurento","__type__":"IceCandidate","candidate":"candidate:5 1 TCP 847249663 203.151.66.107 9 typ srflx raddr 172.18.0.12 rport 9 tcptype active","sdpMLineIndex":1,"sdpMid":"1"},"source":"f7d978de-56a1-4b71-b7ef-3ff4b2dab424_kurento.MediaPipeline/02bf93b8-0e70-475e-ad65-8031c59f0d27_kurento.WebRtcEndpoint","tags":[],"timestamp":"1618980435","timestampMillis":"1618980435859","type":"OnIceCandidate"},"object":"f7d978de-56a1-4b71-b7ef-3ff4b2dab424_kurento.MediaPipeline/02bf93b8-0e70-475e-ad65-8031c59f0d27_kurento.WebRtcEndpoint","type":"OnIceCandidate"}}}, sessionId: a1dc5234-6041-4879-bf7c-ae3357500a9e
1:06:28.018231270 [331m   24[00m 0x7f2c2809d8c0 [37mDEBUG  [00m [00mKurentoWebSocketEventHandler WebSocketEventHandler.cpp:56:sendEvent:[00m Sending event: {"jsonrpc":"2.0","method":"onEvent","params":{"value":{"data":{"candidate":{"__module__":"kurento","__type__":"IceCandidate","candidate":"candidate:5 1 TCP 847249663 203.151.66.107 9 typ srflx raddr 172.18.0.12 rport 9 tcptype active","sdpMLineIndex":2,"sdpMid":"2"},"source":"f7d978de-56a1-4b71-b7ef-3ff4b2dab424_kurento.MediaPipeline/02bf93b8-0e70-475e-ad65-8031c59f0d27_kurento.WebRtcEndpoint","tags":[],"timestamp":"1618980435","timestampMillis":"1618980435859","type":"OnIceCandidate"},"object":"f7d978de-56a1-4b71-b7ef-3ff4b2dab424_kurento.MediaPipeline/02bf93b8-0e70-475e-ad65-8031c59f0d27_kurento.WebRtcEndpoint","type":"OnIceCandidate"}}}, sessionId: a1dc5234-6041-4879-bf7c-ae3357500a9e
1:06:28.018558487 [331m   24[00m 0x7f2c2809d8c0 [37mDEBUG  [00m [00mKurentoWebSocketEventHandler WebSocketEventHandler.cpp:56:sendEvent:[00m Sending event: {"jsonrpc":"2.0","method":"onEvent","params":{"value":{"data":{"candidate":{"__module__":"kurento","__type__":"IceCandidate","candidate":"candidate:6 1 TCP 843055359 203.151.66.107 10163 typ srflx raddr 172.18.0.12 rport 10163 tcptype passive","sdpMLineIndex":0,"sdpMid":"0"},"source":"f7d978de-56a1-4b71-b7ef-3ff4b2dab424_kurento.MediaPipeline/02bf93b8-0e70-475e-ad65-8031c59f0d27_kurento.WebRtcEndpoint","tags":[],"timestamp":"1618980435","timestampMillis":"1618980435859","type":"OnIceCandidate"},"object":"f7d978de-56a1-4b71-b7ef-3ff4b2dab424_kurento.MediaPipeline/02bf93b8-0e70-475e-ad65-8031c59f0d27_kurento.WebRtcEndpoint","type":"OnIceCandidate"}}}, sessionId: a1dc5234-6041-4879-bf7c-ae3357500a9e
1:06:28.018629821 [331m   24[00m 0x7f2c2809d8c0 [37mDEBUG  [00m [00mKurentoWebSocketEventHandler WebSocketEventHandler.cpp:56:sendEvent:[00m Sending event: {"jsonrpc":"2.0","method":"onEvent","params":{"value":{"data":{"candidate":{"__module__":"kurento","__type__":"IceCandidate","candidate":"candidate:6 1 TCP 843055359 203.151.66.107 10163 typ srflx raddr 172.18.0.12 rport 10163 tcptype passive","sdpMLineIndex":1,"sdpMid":"1"},"source":"f7d978de-56a1-4b71-b7ef-3ff4b2dab424_kurento.MediaPipeline/02bf93b8-0e70-475e-ad65-8031c59f0d27_kurento.WebRtcEndpoint","tags":[],"timestamp":"1618980435","timestampMillis":"1618980435859","type":"OnIceCandidate"},"object":"f7d978de-56a1-4b71-b7ef-3ff4b2dab424_kurento.MediaPipeline/02bf93b8-0e70-475e-ad65-8031c59f0d27_kurento.WebRtcEndpoint","type":"OnIceCandidate"}}}, sessionId: a1dc5234-6041-4879-bf7c-ae3357500a9e
1:06:28.018691124 [331m   24[00m 0x7f2c2809d8c0 [37mDEBUG  [00m [00mKurentoWebSocketEventHandler WebSocketEventHandler.cpp:56:sendEvent:[00m Sending event: {"jsonrpc":"2.0","method":"onEvent","params":{"value":{"data":{"candidate":{"__module__":"kurento","__type__":"IceCandidate","candidate":"candidate:6 1 TCP 843055359 203.151.66.107 10163 typ srflx raddr 172.18.0.12 rport 10163 tcptype passive","sdpMLineIndex":2,"sdpMid":"2"},"source":"f7d978de-56a1-4b71-b7ef-3ff4b2dab424_kurento.MediaPipeline/02bf93b8-0e70-475e-ad65-8031c59f0d27_kurento.WebRtcEndpoint","tags":[],"timestamp":"1618980435","timestampMillis":"1618980435859","type":"OnIceCandidate"},"object":"f7d978de-56a1-4b71-b7ef-3ff4b2dab424_kurento.MediaPipeline/02bf93b8-0e70-475e-ad65-8031c59f0d27_kurento.WebRtcEndpoint","type":"OnIceCandidate"}}}, sessionId: a1dc5234-6041-4879-bf7c-ae3357500a9e
