0:40:16.672094963 [331m   24[00m 0x7f2c2809d8c0 [37mDEBUG  [00m [00mKurentoWebSocketEventHandler WebSocketEventHandler.cpp:56:sendEvent:[00m Sending event: {"jsonrpc":"2.0","method":"onEvent","params":{"value":{"data":{"candidate":{"__module__":"kurento","__type__":"IceCandidate","candidate":"candidate:3 2 TCP 1010827518 172.18.0.12 10161 typ host tcptype passive","sdpMLineIndex":0,"sdpMid":"0"},"source":"f7d978de-56a1-4b71-b7ef-3ff4b2dab424_kurento.MediaPipeline/2e36a479-b6b9-4f84-a03b-9b60dbeabf14_kurento.WebRtcEndpoint","tags":[],"timestamp":"1618978864","timestampMillis":"1618978864514","type":"OnIceCandidate"},"object":"f7d978de-56a1-4b71-b7ef-3ff4b2dab424_kurento.MediaPipeline/2e36a479-b6b9-4f84-a03b-9b60dbeabf14_kurento.WebRtcEndpoint","type":"OnIceCandidate"}}}, sessionId: a1dc5234-6041-4879-bf7c-ae3357500a9e
0:40:16.672183569 [331m   24[00m 0x7f2c2809d8c0 [37mDEBUG  [00m [00mKurentoWebSocketEventHandler WebSocketEventHandler.cpp:56:sendEvent:[00m Sending event: {"jsonrpc":"2.0","method":"onEvent","params":{"value":{"data":{"candidate":{"__module__":"kurento","__type__":"IceCandidate","candidate":"candidate:3 2 TCP 1010827518 172.18.0.12 10161 typ host tcptype passive","sdpMLineIndex":1,"sdpMid":"1"},"source":"f7d978de-56a1-4b71-b7ef-3ff4b2dab424_kurento.MediaPipeline/2e36a479-b6b9-4f84-a03b-9b60dbeabf14_kurento.WebRtcEndpoint","tags":[],"timestamp":"1618978864","timestampMillis":"1618978864514","type":"OnIceCandidate"},"object":"f7d978de-56a1-4b71-b7ef-3ff4b2dab424_kurento.MediaPipeline/2e36a479-b6b9-4f84-a03b-9b60dbeabf14_kurento.WebRtcEndpoint","type":"OnIceCandidate"}}}, sessionId: a1dc5234-6041-4879-bf7c-ae3357500a9e
0:40:16.672231305 [331m   24[00m 0x7f2c64001b20 [37mDEBUG  [00m [00mKurentoWebSocketTransport WebSocketTransport.cpp:462:processMessage:[00m Response: {"id":204,"jsonrpc":"2.0","result":{"sessionId":"a1dc5234-6041-4879-bf7c-ae3357500a9e","value":null}}
0:40:16.672274418 [331m   24[00m 0x7f2c2809d8c0 [37mDEBUG  [00m [00mKurentoWebSocketEventHandler WebSocketEventHandler.cpp:56:sendEvent:[00m Sending event: {"jsonrpc":"2.0","method":"onEvent","params":{"value":{"data":{"candidate":{"__module__":"kurento","__type__":"IceCandidate","candidate":"candidate:3 2 TCP 1010827518 172.18.0.12 10161 typ host tcptype passive","sdpMLineIndex":2,"sdpMid":"2"},"source":"f7d978de-56a1-4b71-b7ef-3ff4b2dab424_kurento.MediaPipeline/2e36a479-b6b9-4f84-a03b-9b60dbeabf14_kurento.WebRtcEndpoint","tags":[],"timestamp":"1618978864","timestampMillis":"1618978864514","type":"OnIceCandidate"},"object":"f7d978de-56a1-4b71-b7ef-3ff4b2dab424_kurento.MediaPipeline/2e36a479-b6b9-4f84-a03b-9b60dbeabf14_kurento.WebRtcEndpoint","type":"OnIceCandidate"}}}, sessionId: a1dc5234-6041-4879-bf7c-ae3357500a9e
0:40:16.673073131 [331m   24[00m 0x7f2c28001e90 [37mDEBUG  [00m [00mKurentoWebSocketTransport WebSocketTransport.cpp:460:processMessage:[00m Message: {"jsonrpc":"2.0","method":"invoke","params":{"object":"f7d978de-56a1-4b71-b7ef-3ff4b2dab424_kurento.MediaPipeline/751cbe9d-5d4f-4287-8584-2686d4a71d6a_datachannelexample.KmsSendData","operation":"connect","operationParams":{"sink":"f7d978de-56a1-4b71-b7ef-3ff4b2dab424_kurento.MediaPipeline/2e36a479-b6b9-4f84-a03b-9b60dbeabf14_kurento.WebRtcEndpoint"},"sessionId":"a1dc5234-6041-4879-bf7c-ae3357500a9e"},"id":205}
0:40:16.673252988 [331m   24[00m 0x7f2c28001e90 [37mDEBUG  [00m [00mKurentoMediaElementImpl MediaElementImpl.cpp:902:connect:[00m Connecting f7d978de-56a1-4b71-b7ef-3ff4b2dab424_kurento.MediaPipeline/751cbe9d-5d4f-4287-8584-2686d4a71d6a_datachannelexample.KmsSendData -> f7d978de-56a1-4b71-b7ef-3ff4b2dab424_kurento.MediaPipeline/2e36a479-b6b9-4f84-a03b-9b60dbeabf14_kurento.WebRtcEndpoint params AUDIO default default
0:40:16.673442593 [331m   24[00m 0x7f2c28001e90 [37mDEBUG  [00m [00mKurentoMediaElementImpl MediaElementImpl.cpp:902:connect:[00m Connecting f7d978de-56a1-4b71-b7ef-3ff4b2dab424_kurento.MediaPipeline/751cbe9d-5d4f-4287-8584-2686d4a71d6a_datachannelexample.KmsSendData -> f7d978de-56a1-4b71-b7ef-3ff4b2dab424_kurento.MediaPipeline/2e36a479-b6b9-4f84-a03b-9b60dbeabf14_kurento.WebRtcEndpoint params VIDEO default default
0:40:16.673575883 [331m   24[00m 0x7f2c28001e90 [37mDEBUG  [00m [00mKurentoMediaElementImpl MediaElementImpl.cpp:902:connect:[00m Connecting f7d978de-56a1-4b71-b7ef-3ff4b2dab424_kurento.MediaPipeline/751cbe9d-5d4f-4287-8584-2686d4a71d6a_datachannelexample.KmsSendData -> f7d978de-56a1-4b71-b7ef-3ff4b2dab424_kurento.MediaPipeline/2e36a479-b6b9-4f84-a03b-9b60dbeabf14_kurento.WebRtcEndpoint params DATA default default
0:40:16.673727717 [331m   24[00m 0x7f2c28001e90 [37mDEBUG  [00m [00mKurentoWebSocketTransport WebSocketTransport.cpp:462:processMessage:[00m Response: {"id":205,"jsonrpc":"2.0","result":{"sessionId":"a1dc5234-6041-4879-bf7c-ae3357500a9e","value":null}}
0:40:16.759659465 [331m   24[00m 0x7f2c2c001790 [37mDEBUG  [00m [00mKurentoWebSocketTransport WebSocketTransport.cpp:460:processMessage:[00m Message: {"jsonrpc":"2.0","method":"invoke","params":{"object":"f7d978de-56a1-4b71-b7ef-3ff4b2dab424_kurento.MediaPipeline/2e36a479-b6b9-4f84-a03b-9b60dbeabf14_kurento.WebRtcEndpoint","operation":"addIceCandidate","operationParams":{"candidate":{"candidate":"candidate:842163049 1 udp 1677729535 49.228.75.7 53248 typ srflx raddr 0.0.0.0 rport 0 generation 0 ufrag TMHZ network-cost 999","sdpMid":"0","sdpMLineIndex":0,"__module__":"kurento","__type__":"IceCandidate"}},"sessionId":"a1dc5234-6041-4879-bf7c-ae3357500a9e"},"id":206}
0:40:16.760285701 [331m   24[00m 0x7f2c2c001790 [37mDEBUG  [00m [00mKurentoWebSocketTransport WebSocketTransport.cpp:462:processMessage:[00m Response: {"id":206,"jsonrpc":"2.0","result":{"sessionId":"a1dc5234-6041-4879-bf7c-ae3357500a9e","value":null}}
0:40:16.760632797 [331m   24[00m 0x7f2c2809d8c0 [37mDEBUG  [00m [00mKurentoWebSocketEventHandler WebSocketEventHandler.cpp:56:sendEvent:[00m Sending event: {"jsonrpc":"2.0","method":"onEvent","params":{"value":{"data":{"candidate":{"__module__":"kurento","__type__":"IceCandidate","candidate":"candidate:4 1 UDP 1677722111 203.151.66.107 10114 typ srflx raddr 172.18.0.12 rport 10114","sdpMLineIndex":0,"sdpMid":"0"},"source":"f7d978de-56a1-4b71-b7ef-3ff4b2dab424_kurento.MediaPipeline/2e36a479-b6b9-4f84-a03b-9b60dbeabf14_kurento.WebRtcEndpoint","tags":[],"timestamp":"1618978864","timestampMillis":"1618978864602","type":"OnIceCandidate"},"object":"f7d978de-56a1-4b71-b7ef-3ff4b2dab424_kurento.MediaPipeline/2e36a479-b6b9-4f84-a03b-9b60dbeabf14_kurento.WebRtcEndpoint","type":"OnIceCandidate"}}}, sessionId: a1dc5234-6041-4879-bf7c-ae3357500a9e
0:40:16.760861976 [331m   24[00m 0x7f2c2809d8c0 [37mDEBUG  [00m [00mKurentoWebSocketEventHandler WebSocketEventHandler.cpp:56:sendEvent:[00m Sending event: {"jsonrpc":"2.0","method":"onEvent","params":{"value":{"data":{"candidate":{"__module__":"kurento","__type__":"IceCandidate","candidate":"candidate:4 1 UDP 1677722111 203.151.66.107 10114 typ srflx raddr 172.18.0.12 rport 10114","sdpMLineIndex":1,"sdpMid":"1"},"source":"f7d978de-56a1-4b71-b7ef-3ff4b2dab424_kurento.MediaPipeline/2e36a479-b6b9-4f84-a03b-9b60dbeabf14_kurento.WebRtcEndpoint","tags":[],"timestamp":"1618978864","timestampMillis":"1618978864603","type":"OnIceCandidate"},"object":"f7d978de-56a1-4b71-b7ef-3ff4b2dab424_kurento.MediaPipeline/2e36a479-b6b9-4f84-a03b-9b60dbeabf14_kurento.WebRtcEndpoint","type":"OnIceCandidate"}}}, sessionId: a1dc5234-6041-4879-bf7c-ae3357500a9e
0:40:16.760977475 [331m   24[00m 0x7f2c2809d8c0 [37mDEBUG  [00m [00mKurentoWebSocketEventHandler WebSocketEventHandler.cpp:56:sendEvent:[00m Sending event: {"jsonrpc":"2.0","method":"onEvent","params":{"value":{"data":{"candidate":{"__module__":"kurento","__type__":"IceCandidate","candidate":"candidate:4 1 UDP 1677722111 203.151.66.107 10114 typ srflx raddr 172.18.0.12 rport 10114","sdpMLineIndex":2,"sdpMid":"2"},"source":"f7d978de-56a1-4b71-b7ef-3ff4b2dab424_kurento.MediaPipeline/2e36a479-b6b9-4f84-a03b-9b60dbeabf14_kurento.WebRtcEndpoint","tags":[],"timestamp":"1618978864","timestampMillis":"1618978864603","type":"OnIceCandidate"},"object":"f7d978de-56a1-4b71-b7ef-3ff4b2dab424_kurento.MediaPipeline/2e36a479-b6b9-4f84-a03b-9b60dbeabf14_kurento.WebRtcEndpoint","type":"OnIceCandidate"}}}, sessionId: a1dc5234-6041-4879-bf7c-ae3357500a9e
0:40:16.761419077 [331m   24[00m 0x7f2c2809d8c0 [37mDEBUG  [00m [00mKurentoWebSocketEventHandler WebSocketEventHandler.cpp:56:sendEvent:[00m Sending event: {"jsonrpc":"2.0","method":"onEvent","params":{"value":{"data":{"candidate":{"__module__":"kurento","__type__":"IceCandidate","candidate":"candidate:5 1 TCP 847249663 203.151.66.107 9 typ srflx raddr 172.18.0.12 rport 9 tcptype active","sdpMLineIndex":0,"sdpMid":"0"},"source":"f7d978de-56a1-4b71-b7ef-3ff4b2dab424_kurento.MediaPipeline/2e36a479-b6b9-4f84-a03b-9b60dbeabf14_kurento.WebRtcEndpoint","tags":[],"timestamp":"1618978864","timestampMillis":"1618978864603","type":"OnIceCandidate"},"object":"f7d978de-56a1-4b71-b7ef-3ff4b2dab424_kurento.MediaPipeline/2e36a479-b6b9-4f84-a03b-9b60dbeabf14_kurento.WebRtcEndpoint","type":"OnIceCandidate"}}}, sessionId: a1dc5234-6041-4879-bf7c-ae3357500a9e
0:40:16.761580293 [331m   24[00m 0x7f2c2809d8c0 [37mDEBUG  [00m [00mKurentoWebSocketEventHandler WebSocketEventHandler.cpp:56:sendEvent:[00m Sending event: {"jsonrpc":"2.0","method":"onEvent","params":{"value":{"data":{"candidate":{"__module__":"kurento","__type__":"IceCandidate","candidate":"candidate:5 1 TCP 847249663 203.151.66.107 9 typ srflx raddr 172.18.0.12 rport 9 tcptype active","sdpMLineIndex":1,"sdpMid":"1"},"source":"f7d978de-56a1-4b71-b7ef-3ff4b2dab424_kurento.MediaPipeline/2e36a479-b6b9-4f84-a03b-9b60dbeabf14_kurento.WebRtcEndpoint","tags":[],"timestamp":"1618978864","timestampMillis":"1618978864603","type":"OnIceCandidate"},"object":"f7d978de-56a1-4b71-b7ef-3ff4b2dab424_kurento.MediaPipeline/2e36a479-b6b9-4f84-a03b-9b60dbeabf14_kurento.WebRtcEndpoint","type":"OnIceCandidate"}}}, sessionId: a1dc5234-6041-4879-bf7c-ae3357500a9e
0:40:16.761747967 [331m   24[00m 0x7f2c2809d8c0 [37mDEBUG  [00m [00mKurentoWebSocketEventHandler WebSocketEventHandler.cpp:56:sendEvent:[00m Sending event: {"jsonrpc":"2.0","method":"onEvent","params":{"value":{"data":{"candidate":{"__module__":"kurento","__type__":"IceCandidate","candidate":"candidate:5 1 TCP 847249663 203.151.66.107 9 typ srflx raddr 172.18.0.12 rport 9 tcptype active","sdpMLineIndex":2,"sdpMid":"2"},"source":"f7d978de-56a1-4b71-b7ef-3ff4b2dab424_kurento.MediaPipeline/2e36a479-b6b9-4f84-a03b-9b60dbeabf14_kurento.WebRtcEndpoint","tags":[],"timestamp":"1618978864","timestampMillis":"1618978864604","type":"OnIceCandidate"},"object":"f7d978de-56a1-4b71-b7ef-3ff4b2dab424_kurento.MediaPipeline/2e36a479-b6b9-4f84-a03b-9b60dbeabf14_kurento.WebRtcEndpoint","type":"OnIceCandidate"}}}, sessionId: a1dc5234-6041-4879-bf7c-ae3357500a9e
0:40:16.762188422 [331m   24[00m 0x7f2c2809d8c0 [37mDEBUG  [00m [00mKurentoWebSocketEventHandler WebSocketEventHandler.cpp:56:sendEvent:[00m Sending event: {"jsonrpc":"2.0","method":"onEvent","params":{"value":{"data":{"candidate":{"__module__":"kurento","__type__":"IceCandidate","candidate":"candidate:6 1 TCP 843055359 203.151.66.107 10107 typ srflx raddr 172.18.0.12 rport 10107 tcptype passive","sdpMLineIndex":0,"sdpMid":"0"},"source":"f7d978de-56a1-4b71-b7ef-3ff4b2dab424_kurento.MediaPipeline/2e36a479-b6b9-4f84-a03b-9b60dbeabf14_kurento.WebRtcEndpoint","tags":[],"timestamp":"1618978864","timestampMillis":"1618978864604","type":"OnIceCandidate"},"object":"f7d978de-56a1-4b71-b7ef-3ff4b2dab424_kurento.MediaPipeline/2e36a479-b6b9-4f84-a03b-9b60dbeabf14_kurento.WebRtcEndpoint","type":"OnIceCandidate"}}}, sessionId: a1dc5234-6041-4879-bf7c-ae3357500a9e
0:40:16.762608200 [331m   24[00m 0x7f2c2809d8c0 [37mDEBUG  [00m [00mKurentoWebSocketEventHandler WebSocketEventHandler.cpp:56:sendEvent:[00m Sending event: {"jsonrpc":"2.0","method":"onEvent","params":{"value":{"data":{"candidate":{"__module__":"kurento","__type__":"IceCandidate","candidate":"candidate:6 1 TCP 843055359 203.151.66.107 10107 typ srflx raddr 172.18.0.12 rport 10107 tcptype passive","sdpMLineIndex":1,"sdpMid":"1"},"source":"f7d978de-56a1-4b71-b7ef-3ff4b2dab424_kurento.MediaPipeline/2e36a479-b6b9-4f84-a03b-9b60dbeabf14_kurento.WebRtcEndpoint","tags":[],"timestamp":"1618978864","timestampMillis":"1618978864605","type":"OnIceCandidate"},"object":"f7d978de-56a1-4b71-b7ef-3ff4b2dab424_kurento.MediaPipeline/2e36a479-b6b9-4f84-a03b-9b60dbeabf14_kurento.WebRtcEndpoint","type":"OnIceCandidate"}}}, sessionId: a1dc5234-6041-4879-bf7c-ae3357500a9e
0:40:16.763068581 [331m   24[00m 0x7f2c2809d8c0 [37mDEBUG  [00m [00mKurentoWebSocketEventHandler WebSocketEventHandler.cpp:56:sendEvent:[00m Sending event: {"jsonrpc":"2.0","method":"onEvent","params":{"value":{"data":{"candidate":{"__module__":"kurento","__type__":"IceCandidate","candidate":"candidate:6 1 TCP 843055359 203.151.66.107 10107 typ srflx raddr 172.18.0.12 rport 10107 tcptype passive","sdpMLineIndex":2,"sdpMid":"2"},"source":"f7d978de-56a1-4b71-b7ef-3ff4b2dab424_kurento.MediaPipeline/2e36a479-b6b9-4f84-a03b-9b60dbeabf14_kurento.WebRtcEndpoint","tags":[],"timestamp":"1618978864","timestampMillis":"1618978864605","type":"OnIceCandidate"},"object":"f7d978de-56a1-4b71-b7ef-3ff4b2dab424_kurento.MediaPipeline/2e36a479-b6b9-4f84-a03b-9b60dbeabf14_kurento.WebRtcEndpoint","type":"OnIceCandidate"}}}, sessionId: a1dc5234-6041-4879-bf7c-ae3357500a9e
0:40:16.788320340 [331m   24[00m 0x7f2c70006190 [37mDEBUG  [00m [00mKurentoWebRtcEndpointImpl WebRtcEndpointImpl.cpp:292:newSelectedPairFull:<kmswebrtcendpoint7>[00m New candidate pair selected, local: 'candidate:4 1 UDP 1677722111 203.151.66.107 10114 typ srflx raddr 172.18.0.12 rport 10114', remote: 'candidate:842163049 1 UDP 1677729535 49.228.75.7 53248 typ srflx', stream_id: '1', component_id: 1
0:40:17.686819371 [331m   24[00m 0x7f2ab000b800 [37mDEBUG  [00m [00mKurentoMediaElementImpl MediaElementImpl.cpp:492:mediaFlowInStateChange:<kmswebrtcendpoint7>[00m MediaFlowInStateChange: FLOWING, pad: 'default', type: 'audio'
0:40:17.804455387 [331m   24[00m 0x7f2ab00020a0 [37mDEBUG  [00m [00mKurentoMediaElementImpl MediaElementImpl.cpp:492:mediaFlowInStateChange:<kmswebrtcendpoint7>[00m MediaFlowInStateChange: FLOWING, pad: 'default', type: 'video'
0:41:04.961779974 [331m   24[00m 0x7f2c30001950 [36mINFO   [00m [00mKurentoWebSocketTransport WebSocketTransport.cpp:296:keepAliveSessions:[00m Keep alive a1dc5234-6041-4879-bf7c-ae3357500a9e
0:41:05.417450334 [331m   24[00m 0x7f2c74007980 [37mDEBUG  [00m [00mKurentoWebSocketTransport WebSocketTransport.cpp:460:processMessage:[00m Message: {"jsonrpc":"2.0","method":"ping","id":207}
0:41:05.417605494 [331m   24[00m 0x7f2c74007980 [36mINFO   [00m [00mKurentoServerMethods ServerMethods.cpp:814:ping:[00m WebSocket Ping/Pong with sessionId a1dc5234-6041-4879-bf7c-ae3357500a9e
0:41:05.417709726 [331m   24[00m 0x7f2c74007980 [37mDEBUG  [00m [00mKurentoWebSocketTransport WebSocketTransport.cpp:462:processMessage:[00m Response: {"id":207,"jsonrpc":"2.0","result":{"sessionId":"a1dc5234-6041-4879-bf7c-ae3357500a9e","value":"pong"}}
0:42:04.961962849 [331m   24[00m 0x7f2c30001950 [36mINFO   [00m [00mKurentoWebSocketTransport WebSocketTransport.cpp:296:keepAliveSessions:[00m Keep alive a1dc5234-6041-4879-bf7c-ae3357500a9e
0:42:05.420157727 [331m   24[00m 0x7f2c70001d60 [37mDEBUG  [00m [00mKurentoWebSocketTransport WebSocketTransport.cpp:460:processMessage:[00m Message: {"jsonrpc":"2.0","method":"ping","id":208}
0:42:05.420339098 [331m   24[00m 0x7f2c70001d60 [36mINFO   [00m [00mKurentoServerMethods ServerMethods.cpp:814:ping:[00m WebSocket Ping/Pong with sessionId a1dc5234-6041-4879-bf7c-ae3357500a9e
0:42:05.420455667 [331m   24[00m 0x7f2c70001d60 [37mDEBUG  [00m [00mKurentoWebSocketTransport WebSocketTransport.cpp:462:processMessage:[00m Response: {"id":208,"jsonrpc":"2.0","result":{"sessionId":"a1dc5234-6041-4879-bf7c-ae3357500a9e","value":"pong"}}
0:43:04.962161705 [331m   24[00m 0x7f2c30001950 [36mINFO   [00m [00mKurentoWebSocketTransport WebSocketTransport.cpp:296:keepAliveSessions:[00m Keep alive a1dc5234-6041-4879-bf7c-ae3357500a9e
0:43:05.419659390 [331m   24[00m 0x7f2c28001e90 [37mDEBUG  [00m [00mKurentoWebSocketTransport WebSocketTransport.cpp:460:processMessage:[00m Message: {"jsonrpc":"2.0","method":"ping","id":209}
0:43:05.419827930 [331m   24[00m 0x7f2c28001e90 [36mINFO   [00m [00mKurentoServerMethods ServerMethods.cpp:814:ping:[00m WebSocket Ping/Pong with sessionId a1dc5234-6041-4879-bf7c-ae3357500a9e
0:43:05.419928605 [331m   24[00m 0x7f2c28001e90 [37mDEBUG  [00m [00mKurentoWebSocketTransport WebSocketTransport.cpp:462:processMessage:[00m Response: {"id":209,"jsonrpc":"2.0","result":{"sessionId":"a1dc5234-6041-4879-bf7c-ae3357500a9e","value":"pong"}}
0:44:04.955286853 [331m   24[00m 0x7f2c6c001c30 [37mDEBUG  [00m [00m     KurentoMediaSet MediaSet.cpp:123:doGarbageCollection:[00m Running garbage collector
0:44:04.962325400 [331m   24[00m 0x7f2c30001950 [36mINFO   [00m [00mKurentoWebSocketTransport WebSocketTransport.cpp:296:keepAliveSessions:[00m Keep alive a1dc5234-6041-4879-bf7c-ae3357500a9e
0:44:05.420791702 [331m   24[00m 0x7f2c5c001c60 [37mDEBUG  [00m [00mKurentoWebSocketTransport WebSocketTransport.cpp:460:processMessage:[00m Message: {"jsonrpc":"2.0","method":"ping","id":210}
0:44:05.420945440 [331m   24[00m 0x7f2c5c001c60 [36mINFO   [00m [00mKurentoServerMethods ServerMethods.cpp:814:ping:[00m WebSocket Ping/Pong with sessionId a1dc5234-6041-4879-bf7c-ae3357500a9e
0:44:05.421039075 [331m   24[00m 0x7f2c5c001c60 [37mDEBUG  [00m [00mKurentoWebSocketTransport WebSocketTransport.cpp:462:processMessage:[00m Response: {"id":210,"jsonrpc":"2.0","result":{"sessionId":"a1dc5234-6041-4879-bf7c-ae3357500a9e","value":"pong"}}
0:45:04.962501870 [331m   24[00m 0x7f2c30001950 [36mINFO   [00m [00mKurentoWebSocketTransport WebSocketTransport.cpp:296:keepAliveSessions:[00m Keep alive a1dc5234-6041-4879-bf7c-ae3357500a9e
0:45:05.421601282 [331m   24[00m 0x7f2c68001ac0 [37mDEBUG  [00m [00mKurentoWebSocketTransport WebSocketTransport.cpp:460:processMessage:[00m Message: {"jsonrpc":"2.0","method":"ping","id":211}
0:45:05.421786602 [331m   24[00m 0x7f2c68001ac0 [36mINFO   [00m [00mKurentoServerMethods ServerMethods.cpp:814:ping:[00m WebSocket Ping/Pong with sessionId a1dc5234-6041-4879-bf7c-ae3357500a9e
0:45:05.421905399 [331m   24[00m 0x7f2c68001ac0 [37mDEBUG  [00m [00mKurentoWebSocketTransport WebSocketTransport.cpp:462:processMessage:[00m Response: {"id":211,"jsonrpc":"2.0","result":{"sessionId":"a1dc5234-6041-4879-bf7c-ae3357500a9e","value":"pong"}}
0:45:30.615769851 [331m   24[00m 0x7f2c64001b20 [37mDEBUG  [00m [00mKurentoWebSocketTransport WebSocketTransport.cpp:460:processMessage:[00m Message: {"jsonrpc":"2.0","method":"release","params":{"object":"f7d978de-56a1-4b71-b7ef-3ff4b2dab424_kurento.MediaPipeline/2e36a479-b6b9-4f84-a03b-9b60dbeabf14_kurento.WebRtcEndpoint","sessionId":"a1dc5234-6041-4879-bf7c-ae3357500a9e"},"id":212}
0:45:30.616065055 [331m   24[00m 0x7f2c64001b20 [37mDEBUG  [00m [00mKurentoWebSocketTransport WebSocketTransport.cpp:462:processMessage:[00m Response: {"id":212,"jsonrpc":"2.0","result":{"sessionId":"a1dc5234-6041-4879-bf7c-ae3357500a9e"}}
0:45:30.616087350 [331m   24[00m 0x7f2ca80018a0 [37mDEBUG  [00m [00mKurentoMediaElementImpl MediaElementImpl.cpp:1028:disconnect:[00m Disconnecting f7d978de-56a1-4b71-b7ef-3ff4b2dab424_kurento.MediaPipeline/751cbe9d-5d4f-4287-8584-2686d4a71d6a_datachannelexample.KmsSendData - f7d978de-56a1-4b71-b7ef-3ff4b2dab424_kurento.MediaPipeline/2e36a479-b6b9-4f84-a03b-9b60dbeabf14_kurento.WebRtcEndpoint params AUDIO default default
0:45:30.616624279 [331m   24[00m 0x7f2ca80018a0 [37mDEBUG  [00m [00mKurentoMediaElementImpl MediaElementImpl.cpp:1028:disconnect:[00m Disconnecting f7d978de-56a1-4b71-b7ef-3ff4b2dab424_kurento.MediaPipeline/751cbe9d-5d4f-4287-8584-2686d4a71d6a_datachannelexample.KmsSendData - f7d978de-56a1-4b71-b7ef-3ff4b2dab424_kurento.MediaPipeline/2e36a479-b6b9-4f84-a03b-9b60dbeabf14_kurento.WebRtcEndpoint params DATA default default
0:45:30.616729393 [331m   24[00m 0x7f2ca80018a0 [37mDEBUG  [00m [00mKurentoMediaElementImpl MediaElementImpl.cpp:1028:disconnect:[00m Disconnecting f7d978de-56a1-4b71-b7ef-3ff4b2dab424_kurento.MediaPipeline/751cbe9d-5d4f-4287-8584-2686d4a71d6a_datachannelexample.KmsSendData - f7d978de-56a1-4b71-b7ef-3ff4b2dab424_kurento.MediaPipeline/2e36a479-b6b9-4f84-a03b-9b60dbeabf14_kurento.WebRtcEndpoint params VIDEO default default
0:45:30.617953604 [331m   24[00m 0x7f2ca80018a0 [37mDEBUG  [00m [00m     KurentoMediaSet MediaSet.cpp:470:async_delete:[00m Destroying WebRtcEndpoint -> f7d978de-56a1-4b71-b7ef-3ff4b2dab424_kurento.MediaPipeline/2e36a479-b6b9-4f84-a03b-9b60dbeabf14_kurento.WebRtcEndpoint
0:45:30.629750235 [331m   24[00m 0x7f2c70001d60 [37mDEBUG  [00m [00mKurentoWebSocketTransport WebSocketTransport.cpp:460:processMessage:[00m Message: {"jsonrpc":"2.0","method":"unsubscribe","params":{"object":"f7d978de-56a1-4b71-b7ef-3ff4b2dab424_kurento.MediaPipeline/2e36a479-b6b9-4f84-a03b-9b60dbeabf14_kurento.WebRtcEndpoint","subscription":"35bdd567-7a73-4868-80d6-5208abd21882","sessionId":"a1dc5234-6041-4879-bf7c-ae3357500a9e"},"id":213}
0:45:30.629984662 [331m   24[00m 0x7f2c70001d60 [37mDEBUG  [00m [00mKurentoWebSocketTransport WebSocketTransport.cpp:462:processMessage:[00m Response: {"id":213,"jsonrpc":"2.0","result":{"sessionId":"a1dc5234-6041-4879-bf7c-ae3357500a9e"}}
0:45:56.075409664 [331m   24[00m 0x7f2c2c001790 [37mDEBUG  [00m [00mKurentoWebSocketTransport WebSocketTransport.cpp:460:processMessage:[00m Message: {"jsonrpc":"2.0","method":"create","params":{"type":"WebRtcEndpoint","constructorParams":{"mediaPipeline":"f7d978de-56a1-4b71-b7ef-3ff4b2dab424_kurento.MediaPipeline","useDataChannels":true},"properties":{},"sessionId":"a1dc5234-6041-4879-bf7c-ae3357500a9e"},"id":214}
0:45:56.076593074 [331m   24[00m 0x7f2c2c001790 [36mINFO   [00m [00mKurentoWebRtcEndpointImpl WebRtcEndpointImpl.cpp:96:remove_not_supported_codecs_from_array:<kmswebrtcendpoint8>[00m Removing not supported codec 'AMR/8000'
0:45:56.076644250 [331m   24[00m 0x7f2c2c001790 [36mINFO   [00m [00mKurentoWebRtcEndpointImpl WebRtcEndpointImpl.cpp:465:WebRtcEndpointImpl:[00m Using STUN reflexive server IP: 203.183.172.196
0:45:56.076651047 [331m   24[00m 0x7f2c2c001790 [36mINFO   [00m [00mKurentoWebRtcEndpointImpl WebRtcEndpointImpl.cpp:466:WebRtcEndpointImpl:[00m Using STUN reflexive server Port: 3478
0:45:56.076684376 [331m   24[00m 0x7f2c2c001790 [36mINFO   [00m [00mKurentoWebRtcEndpointImpl WebRtcEndpointImpl.cpp:487:WebRtcEndpointImpl:[00m TURN server IP address not found in config; NAT traversal requires either STUN or TURN server
0:45:56.076986474 [331m   24[00m 0x7f2c2c001790 [37mDEBUG  [00m [00mKurentoWebSocketTransport WebSocketTransport.cpp:462:processMessage:[00m Response: {"id":214,"jsonrpc":"2.0","result":{"sessionId":"a1dc5234-6041-4879-bf7c-ae3357500a9e","value":"f7d978de-56a1-4b71-b7ef-3ff4b2dab424_kurento.MediaPipeline/7f60249e-9939-47ff-9e7d-596304dfcae6_kurento.WebRtcEndpoint"}}
0:45:56.078681285 [331m   24[00m 0x7f2c28001e90 [37mDEBUG  [00m [00mKurentoWebSocketTransport WebSocketTransport.cpp:460:processMessage:[00m Message: {"jsonrpc":"2.0","method":"subscribe","params":{"object":"f7d978de-56a1-4b71-b7ef-3ff4b2dab424_kurento.MediaPipeline/7f60249e-9939-47ff-9e7d-596304dfcae6_kurento.WebRtcEndpoint","type":"OnIceCandidate","sessionId":"a1dc5234-6041-4879-bf7c-ae3357500a9e"},"id":215}
0:45:56.078881542 [331m   24[00m 0x7f2c28001e90 [37mDEBUG  [00m [00mKurentoWebSocketTransport WebSocketTransport.cpp:462:processMessage:[00m Response: {"id":215,"jsonrpc":"2.0","result":{"sessionId":"a1dc5234-6041-4879-bf7c-ae3357500a9e","value":"73c2b4ed-4a5f-4a27-99c6-28ba1acf5d7d"}}
0:45:56.079745346 [331m   24[00m 0x7f2c5c001c60 [37mDEBUG  [00m [00mKurentoWebSocketTransport WebSocketTransport.cpp:460:processMessage:[00m Message: {"jsonrpc":"2.0","method":"invoke","params":{"object":"f7d978de-56a1-4b71-b7ef-3ff4b2dab424_kurento.MediaPipeline/7f60249e-9939-47ff-9e7d-596304dfcae6_kurento.WebRtcEndpoint","operation":"processOffer","operationParams":{"offer":"v=0\r\no=mozilla...THIS_IS_SDPARTA-78.0.2 8029682569994222082 0 IN IP4 0.0.0.0\r\ns=-\r\nt=0 0\r\na=fingerprint:sha-256 B3:D9:B5:24:D2:AE:7D:14:F3:86:CF:BF:6E:41:9D:A6:E1:E2:28:BD:34:05:D0:9F:C0:03:80:57:24:F3:F4:D2\r\na=group:BUNDLE 0 1\r\na=ice-options:trickle\r\na=msid-semantic:WMS *\r\nm=video 9 UDP/TLS/RTP/SAVPF 120 121 126 97\r\nc=IN IP4 0.0.0.0\r\na=recvonly\r\na=extmap:3 urn:ietf:params:rtp-hdrext:sdes:mid\r\na=extmap:4 http://www.webrtc.org/experiments/rtp-hdrext/abs-send-time\r\na=extmap:5 urn:ietf:params:rtp-hdrext:toffset\r\na=extmap:6/recvonly http://www.webrtc.org/experiments/rtp-hdrext/playout-delay\r\na=fmtp:126 profile-level-id=42e01f;level-asymmetry-allowed=1;packetization-mode=1\r\na=fmtp:97 profile-level-id=42e01f;level-asymmetry-allowed=1\r\na=fmtp:120 max-fs=12288;max-fr=60\r\na=fmtp:121 max-fs=12288;max-fr=60\r\na=ice-pwd:9dc171271a608a4bf2b1956f432387e1\r\na=ice-ufrag:668b2404\r\na=mid:0\r\na=rtcp-fb:120 nack\r\na=rtcp-fb:120 nack pli\r\na=rtcp-fb:120 ccm fir\r\na=rtcp-fb:120 goog-remb\r\na=rtcp-fb:121 nack\r\na=rtcp-fb:121 nack pli\r\na=rtcp-fb:121 ccm fir\r\na=rtcp-fb:121 goog-remb\r\na=rtcp-fb:126 nack\r\na=rtcp-fb:126 nack pli\r\na=rtcp-fb:126 ccm fir\r\na=rtcp-fb:126 goog-remb\r\na=rtcp-fb:97 nack\r\na=rtcp-fb:97 nack pli\r\na=rtcp-fb:97 ccm fir\r\na=rtcp-fb:97 goog-remb\r\na=rtcp-mux\r\na=rtpmap:120 VP8/90000\r\na=rtpmap:121 VP9/90000\r\na=rtpmap:126 H264/90000\r\na=rtpmap:97 H264/90000\r\na=setup:actpass\r\na=ssrc:2952799272 cname:{afee36de-d8db-4478-8a3a-a56b91264acc}\r\nm=audio 9 UDP/TLS/RTP/SAVPF 109 9 0 8 101\r\nc=IN IP4 0.0.0.0\r\na=recvonly\r\na=extmap:1 urn:ietf:params:rtp-hdrext:ssrc-audio-level\r\na=extmap:2/recvonly urn:ietf:params:rtp-hdrext:csrc-audio-level\r\na=extmap:3 urn:ietf:params:rtp-hdrext:sdes:mid\r\na=fmtp:109 maxplaybackrate=48000;stereo=1;useinbandfec=1\r\na=fmtp:101 0-15\r\na=ice-pwd:9dc171271a608a4bf2b1956f432387e1\r\na=ice-ufrag:668b2404\r\na=mid:1\r\na=rtcp-mux\r\na=rtpmap:109 opus/48000/2\r\na=rtpmap:9 G722/8000/1\r\na=rtpmap:0 PCMU/8000\r\na=rtpmap:8 PCMA/8000\r\na=rtpmap:101 telephone-event/8000/1\r\na=setup:actpass\r\na=ssrc:2626086621 cname:{afee36de-d8db-4478-8a3a-a56b91264acc}\r\n"},"sessionId":"a1dc5234-6041-4879-bf7c-ae3357500a9e"},"id":216}
0:45:56.085748376 [331m   24[00m 0x7f2c5c001c60 [37mDEBUG  [00m [00mKurentoWebSocketTransport WebSocketTransport.cpp:462:processMessage:[00m Response: {"id":216,"jsonrpc":"2.0","result":{"sessionId":"a1dc5234-6041-4879-bf7c-ae3357500a9e","value":"v=0\r\no=- 3827968003 3827968003 IN IP4 0.0.0.0\r\ns=Kurento Media Server\r\nc=IN IP4 0.0.0.0\r\nt=0 0\r\na=fingerprint:sha-256 B3:D9:B5:24:D2:AE:7D:14:F3:86:CF:BF:6E:41:9D:A6:E1:E2:28:BD:34:05:D0:9F:C0:03:80:57:24:F3:F4:D2\r\na=ice-options:trickle\r\na=msid-semantic:WMS *\r\na=group:BUNDLE 0 1\r\nm=video 1 UDP/TLS/RTP/SAVPF 120 126 97\r\na=extmap:4 http://www.webrtc.org/experiments/rtp-hdrext/abs-send-time\r\na=sendonly\r\na=mid:0\r\na=rtcp:9 IN IP4 0.0.0.0\r\na=rtpmap:120 VP8/90000\r\na=rtpmap:126 H264/90000\r\na=rtpmap:97 H264/90000\r\na=rtcp-fb:120 nack\r\na=rtcp-fb:120 nack pli\r\na=rtcp-fb:120 ccm fir\r\na=rtcp-fb:120 goog-remb\r\na=rtcp-fb:126 nack\r\na=rtcp-fb:126 nack pli\r\na=rtcp-fb:126 ccm fir\r\na=rtcp-fb:126 goog-remb\r\na=rtcp-fb:97 nack\r\na=rtcp-fb:97 nack pli\r\na=rtcp-fb:97 ccm fir\r\na=rtcp-fb:97 goog-remb\r\na=fmtp:126 profile-level-id=42e01f;level-asymmetry-allowed=1;packetization-mode=1\r\na=fmtp:97 profile-level-id=42e01f;level-asymmetry-allowed=1\r\na=fmtp:120 max-fs=12288;max-fr=60\r\na=rtcp-mux\r\na=setup:active\r\na=ssrc:3985144845 cname:user710897922@host-5462e6b2\r\na=ice-ufrag:aTrL\r\na=ice-pwd:poEXblZVHKZ1l9xBNH6X6U\r\na=fingerprint:sha-256 62:F2:0F:57:73:8D:EB:F8:28:E7:DE:FA:85:8A:56:73:28:B6:B3:8F:C0:64:86:3A:06:A3:D6:7B:53:11:FB:8A\r\nm=audio 1 UDP/TLS/RTP/SAVPF 109 0\r\na=sendonly\r\na=mid:1\r\na=rtcp:9 IN IP4 0.0.0.0\r\na=rtpmap:109 opus/48000/2\r\na=rtpmap:0 PCMU/8000\r\na=fmtp:109 maxplaybackrate=48000;stereo=1;useinbandfec=1\r\na=rtcp-mux\r\na=setup:active\r\na=ssrc:1906309642 cname:user710897922@host-5462e6b2\r\na=ice-ufrag:aTrL\r\na=ice-pwd:poEXblZVHKZ1l9xBNH6X6U\r\na=fingerprint:sha-256 62:F2:0F:57:73:8D:EB:F8:28:E7:DE:FA:85:8A:56:73:28:B6:B3:8F:C0:64:86:3A:06:A3:D6:7B:53:11:FB:8A\r\n"}}
0:45:56.085922174 [331m   24[00m 0x7f2c78001840 [37mDEBUG  [00m [00mKurentoWebSocketTransport WebSocketTransport.cpp:460:processMessage:[00m Message: {"jsonrpc":"2.0","method":"invoke","params":{"object":"f7d978de-56a1-4b71-b7ef-3ff4b2dab424_kurento.MediaPipeline/7f60249e-9939-47ff-9e7d-596304dfcae6_kurento.WebRtcEndpoint","operation":"addIceCandidate","operationParams":{"candidate":{"candidate":"candidate:0 1 UDP 2122252543 76ef3b5e-e8be-48f0-92f0-ca72cf13dac1.local 63354 typ host","sdpMid":"0","sdpMLineIndex":0,"__module__":"kurento","__type__":"IceCandidate"}},"sessionId":"a1dc5234-6041-4879-bf7c-ae3357500a9e"},"id":217}
0:45:56.086249659 [331m   24[00m 0x7f2c78001840 [37mDEBUG  [00m [00mKurentoWebSocketTransport WebSocketTransport.cpp:462:processMessage:[00m Response: {"error":{"code":40401,"data":{"type":"ICE_ADD_CANDIDATE_ERROR"},"message":"Error adding candidate"},"id":217,"jsonrpc":"2.0"}
0:45:56.086336678 [331m   24[00m 0x7f2c78001840 [37mDEBUG  [00m [00mKurentoWebSocketTransport WebSocketTransport.cpp:460:processMessage:[00m Message: {"jsonrpc":"2.0","method":"invoke","params":{"object":"f7d978de-56a1-4b71-b7ef-3ff4b2dab424_kurento.MediaPipeline/7f60249e-9939-47ff-9e7d-596304dfcae6_kurento.WebRtcEndpoint","operation":"addIceCandidate","operationParams":{"candidate":{"candidate":"candidate:2 1 TCP 2105524479 76ef3b5e-e8be-48f0-92f0-ca72cf13dac1.local 9 typ host tcptype active","sdpMid":"0","sdpMLineIndex":0,"__module__":"kurento","__type__":"IceCandidate"}},"sessionId":"a1dc5234-6041-4879-bf7c-ae3357500a9e"},"id":218}
0:45:56.086537049 [331m   24[00m 0x7f2c78001840 [37mDEBUG  [00m [00mKurentoWebSocketTransport WebSocketTransport.cpp:462:processMessage:[00m Response: {"error":{"code":40401,"data":{"type":"ICE_ADD_CANDIDATE_ERROR"},"message":"Error adding candidate"},"id":218,"jsonrpc":"2.0"}
0:45:56.089058909 [331m   24[00m 0x7f2c34001af0 [37mDEBUG  [00m [00mKurentoWebSocketTransport WebSocketTransport.cpp:460:processMessage:[00m Message: {"jsonrpc":"2.0","method":"invoke","params":{"object":"f7d978de-56a1-4b71-b7ef-3ff4b2dab424_kurento.MediaPipeline/7f60249e-9939-47ff-9e7d-596304dfcae6_kurento.WebRtcEndpoint","operation":"gatherCandidates","sessionId":"a1dc5234-6041-4879-bf7c-ae3357500a9e"},"id":219}
0:45:56.091210852 [331m   24[00m 0x7f2c2809d8c0 [37mDEBUG  [00m [00mKurentoWebSocketEventHandler WebSocketEventHandler.cpp:56:sendEvent:[00m Sending event: {"jsonrpc":"2.0","method":"onEvent","params":{"value":{"data":{"candidate":{"__module__":"kurento","__type__":"IceCandidate","candidate":"candidate:2 1 UDP 2013266431 172.18.0.12 10105 typ host","sdpMLineIndex":0,"sdpMid":"0"},"source":"f7d978de-56a1-4b71-b7ef-3ff4b2dab424_kurento.MediaPipeline/7f60249e-9939-47ff-9e7d-596304dfcae6_kurento.WebRtcEndpoint","tags":[],"timestamp":"1618979203","timestampMillis":"1618979203933","type":"OnIceCandidate"},"object":"f7d978de-56a1-4b71-b7ef-3ff4b2dab424_kurento.MediaPipeline/7f60249e-9939-47ff-9e7d-596304dfcae6_kurento.WebRtcEndpoint","type":"OnIceCandidate"}}}, sessionId: a1dc5234-6041-4879-bf7c-ae3357500a9e
0:45:56.091327533 [331m   24[00m 0x7f2c2809d8c0 [37mDEBUG  [00m [00mKurentoWebSocketEventHandler WebSocketEventHandler.cpp:56:sendEvent:[00m Sending event: {"jsonrpc":"2.0","method":"onEvent","params":{"value":{"data":{"candidate":{"__module__":"kurento","__type__":"IceCandidate","candidate":"candidate:2 1 UDP 2013266431 172.18.0.12 10105 typ host","sdpMLineIndex":1,"sdpMid":"1"},"source":"f7d978de-56a1-4b71-b7ef-3ff4b2dab424_kurento.MediaPipeline/7f60249e-9939-47ff-9e7d-596304dfcae6_kurento.WebRtcEndpoint","tags":[],"timestamp":"1618979203","timestampMillis":"1618979203933","type":"OnIceCandidate"},"object":"f7d978de-56a1-4b71-b7ef-3ff4b2dab424_kurento.MediaPipeline/7f60249e-9939-47ff-9e7d-596304dfcae6_kurento.WebRtcEndpoint","type":"OnIceCandidate"}}}, sessionId: a1dc5234-6041-4879-bf7c-ae3357500a9e
0:45:56.091384927 [331m   24[00m 0x7f2c2809d8c0 [37mDEBUG  [00m [00mKurentoWebSocketEventHandler WebSocketEventHandler.cpp:56:sendEvent:[00m Sending event: {"jsonrpc":"2.0","method":"onEvent","params":{"value":{"data":{"candidate":{"__module__":"kurento","__type__":"IceCandidate","candidate":"candidate:3 1 TCP 1015021823 172.18.0.12 9 typ host tcptype active","sdpMLineIndex":0,"sdpMid":"0"},"source":"f7d978de-56a1-4b71-b7ef-3ff4b2dab424_kurento.MediaPipeline/7f60249e-9939-47ff-9e7d-596304dfcae6_kurento.WebRtcEndpoint","tags":[],"timestamp":"1618979203","timestampMillis":"1618979203933","type":"OnIceCandidate"},"object":"f7d978de-56a1-4b71-b7ef-3ff4b2dab424_kurento.MediaPipeline/7f60249e-9939-47ff-9e7d-596304dfcae6_kurento.WebRtcEndpoint","type":"OnIceCandidate"}}}, sessionId: a1dc5234-6041-4879-bf7c-ae3357500a9e
0:45:56.091446030 [331m   24[00m 0x7f2c2809d8c0 [37mDEBUG  [00m [00mKurentoWebSocketEventHandler WebSocketEventHandler.cpp:56:sendEvent:[00m Sending event: {"jsonrpc":"2.0","method":"onEvent","params":{"value":{"data":{"candidate":{"__module__":"kurento","__type__":"IceCandidate","candidate":"candidate:3 1 TCP 1015021823 172.18.0.12 9 typ host tcptype active","sdpMLineIndex":1,"sdpMid":"1"},"source":"f7d978de-56a1-4b71-b7ef-3ff4b2dab424_kurento.MediaPipeline/7f60249e-9939-47ff-9e7d-596304dfcae6_kurento.WebRtcEndpoint","tags":[],"timestamp":"1618979203","timestampMillis":"1618979203933","type":"OnIceCandidate"},"object":"f7d978de-56a1-4b71-b7ef-3ff4b2dab424_kurento.MediaPipeline/7f60249e-9939-47ff-9e7d-596304dfcae6_kurento.WebRtcEndpoint","type":"OnIceCandidate"}}}, sessionId: a1dc5234-6041-4879-bf7c-ae3357500a9e
0:45:56.091497339 [331m   24[00m 0x7f2c2809d8c0 [37mDEBUG  [00m [00mKurentoWebSocketEventHandler WebSocketEventHandler.cpp:56:sendEvent:[00m Sending event: {"jsonrpc":"2.0","method":"onEvent","params":{"value":{"data":{"candidate":{"__module__":"kurento","__type__":"IceCandidate","candidate":"candidate:4 1 TCP 1010827519 172.18.0.12 10147 typ host tcptype passive","sdpMLineIndex":0,"sdpMid":"0"},"source":"f7d978de-56a1-4b71-b7ef-3ff4b2dab424_kurento.MediaPipeline/7f60249e-9939-47ff-9e7d-596304dfcae6_kurento.WebRtcEndpoint","tags":[],"timestamp":"1618979203","timestampMillis":"1618979203933","type":"OnIceCandidate"},"object":"f7d978de-56a1-4b71-b7ef-3ff4b2dab424_kurento.MediaPipeline/7f60249e-9939-47ff-9e7d-596304dfcae6_kurento.WebRtcEndpoint","type":"OnIceCandidate"}}}, sessionId: a1dc5234-6041-4879-bf7c-ae3357500a9e
0:45:56.091548841 [331m   24[00m 0x7f2c2809d8c0 [37mDEBUG  [00m [00mKurentoWebSocketEventHandler WebSocketEventHandler.cpp:56:sendEvent:[00m Sending event: {"jsonrpc":"2.0","method":"onEvent","params":{"value":{"data":{"candidate":{"__module__":"kurento","__type__":"IceCandidate","candidate":"candidate:4 1 TCP 1010827519 172.18.0.12 10147 typ host tcptype passive","sdpMLineIndex":1,"sdpMid":"1"},"source":"f7d978de-56a1-4b71-b7ef-3ff4b2dab424_kurento.MediaPipeline/7f60249e-9939-47ff-9e7d-596304dfcae6_kurento.WebRtcEndpoint","tags":[],"timestamp":"1618979203","timestampMillis":"1618979203933","type":"OnIceCandidate"},"object":"f7d978de-56a1-4b71-b7ef-3ff4b2dab424_kurento.MediaPipeline/7f60249e-9939-47ff-9e7d-596304dfcae6_kurento.WebRtcEndpoint","type":"OnIceCandidate"}}}, sessionId: a1dc5234-6041-4879-bf7c-ae3357500a9e
0:45:56.091600540 [331m   24[00m 0x7f2c2809d8c0 [37mDEBUG  [00m [00mKurentoWebSocketEventHandler WebSocketEventHandler.cpp:56:sendEvent:[00m Sending event: {"jsonrpc":"2.0","method":"onEvent","params":{"value":{"data":{"candidate":{"__module__":"kurento","__type__":"IceCandidate","candidate":"candidate:2 2 UDP 2013266430 172.18.0.12 10135 typ host","sdpMLineIndex":0,"sdpMid":"0"},"source":"f7d978de-56a1-4b71-b7ef-3ff4b2dab424_kurento.MediaPipeline/7f60249e-9939-47ff-9e7d-596304dfcae6_kurento.WebRtcEndpoint","tags":[],"timestamp":"1618979203","timestampMillis":"1618979203934","type":"OnIceCandidate"},"object":"f7d978de-56a1-4b71-b7ef-3ff4b2dab424_kurento.MediaPipeline/7f60249e-9939-47ff-9e7d-596304dfcae6_kurento.WebRtcEndpoint","type":"OnIceCandidate"}}}, sessionId: a1dc5234-6041-4879-bf7c-ae3357500a9e
0:45:56.091647154 [331m   24[00m 0x7f2c2809d8c0 [37mDEBUG  [00m [00mKurentoWebSocketEventHandler WebSocketEventHandler.cpp:56:sendEvent:[00m Sending event: {"jsonrpc":"2.0","method":"onEvent","params":{"value":{"data":{"candidate":{"__module__":"kurento","__type__":"IceCandidate","candidate":"candidate:2 2 UDP 2013266430 172.18.0.12 10135 typ host","sdpMLineIndex":1,"sdpMid":"1"},"source":"f7d978de-56a1-4b71-b7ef-3ff4b2dab424_kurento.MediaPipeline/7f60249e-9939-47ff-9e7d-596304dfcae6_kurento.WebRtcEndpoint","tags":[],"timestamp":"1618979203","timestampMillis":"1618979203934","type":"OnIceCandidate"},"object":"f7d978de-56a1-4b71-b7ef-3ff4b2dab424_kurento.MediaPipeline/7f60249e-9939-47ff-9e7d-596304dfcae6_kurento.WebRtcEndpoint","type":"OnIceCandidate"}}}, sessionId: a1dc5234-6041-4879-bf7c-ae3357500a9e
0:45:56.091767621 [331m   24[00m 0x7f2c2809d8c0 [37mDEBUG  [00m [00mKurentoWebSocketEventHandler WebSocketEventHandler.cpp:56:sendEvent:[00m Sending event: {"jsonrpc":"2.0","method":"onEvent","params":{"value":{"data":{"candidate":{"__module__":"kurento","__type__":"IceCandidate","candidate":"candidate:3 2 TCP 1015021822 172.18.0.12 9 typ host tcptype active","sdpMLineIndex":0,"sdpMid":"0"},"source":"f7d978de-56a1-4b71-b7ef-3ff4b2dab424_kurento.MediaPipeline/7f60249e-9939-47ff-9e7d-596304dfcae6_kurento.WebRtcEndpoint","tags":[],"timestamp":"1618979203","timestampMillis":"1618979203934","type":"OnIceCandidate"},"object":"f7d978de-56a1-4b71-b7ef-3ff4b2dab424_kurento.MediaPipeline/7f60249e-9939-47ff-9e7d-596304dfcae6_kurento.WebRtcEndpoint","type":"OnIceCandidate"}}}, sessionId: a1dc5234-6041-4879-bf7c-ae3357500a9e
0:45:56.091822553 [331m   24[00m 0x7f2c2809d8c0 [37mDEBUG  [00m [00mKurentoWebSocketEventHandler WebSocketEventHandler.cpp:56:sendEvent:[00m Sending event: {"jsonrpc":"2.0","method":"onEvent","params":{"value":{"data":{"candidate":{"__module__":"kurento","__type__":"IceCandidate","candidate":"candidate:3 2 TCP 1015021822 172.18.0.12 9 typ host tcptype active","sdpMLineIndex":1,"sdpMid":"1"},"source":"f7d978de-56a1-4b71-b7ef-3ff4b2dab424_kurento.MediaPipeline/7f60249e-9939-47ff-9e7d-596304dfcae6_kurento.WebRtcEndpoint","tags":[],"timestamp":"1618979203","timestampMillis":"1618979203934","type":"OnIceCandidate"},"object":"f7d978de-56a1-4b71-b7ef-3ff4b2dab424_kurento.MediaPipeline/7f60249e-9939-47ff-9e7d-596304dfcae6_kurento.WebRtcEndpoint","type":"OnIceCandidate"}}}, sessionId: a1dc5234-6041-4879-bf7c-ae3357500a9e
0:45:56.091873406 [331m   24[00m 0x7f2c2809d8c0 [37mDEBUG  [00m [00mKurentoWebSocketEventHandler WebSocketEventHandler.cpp:56:sendEvent:[00m Sending event: {"jsonrpc":"2.0","method":"onEvent","params":{"value":{"data":{"candidate":{"__module__":"kurento","__type__":"IceCandidate","candidate":"candidate:4 2 TCP 1010827518 172.18.0.12 10133 typ host tcptype passive","sdpMLineIndex":0,"sdpMid":"0"},"source":"f7d978de-56a1-4b71-b7ef-3ff4b2dab424_kurento.MediaPipeline/7f60249e-9939-47ff-9e7d-596304dfcae6_kurento.WebRtcEndpoint","tags":[],"timestamp":"1618979203","timestampMillis":"1618979203934","type":"OnIceCandidate"},"object":"f7d978de-56a1-4b71-b7ef-3ff4b2dab424_kurento.MediaPipeline/7f60249e-9939-47ff-9e7d-596304dfcae6_kurento.WebRtcEndpoint","type":"OnIceCandidate"}}}, sessionId: a1dc5234-6041-4879-bf7c-ae3357500a9e
0:45:56.091921096 [331m   24[00m 0x7f2c2809d8c0 [37mDEBUG  [00m [00mKurentoWebSocketEventHandler WebSocketEventHandler.cpp:56:sendEvent:[00m Sending event: {"jsonrpc":"2.0","method":"onEvent","params":{"value":{"data":{"candidate":{"__module__":"kurento","__type__":"IceCandidate","candidate":"candidate:4 2 TCP 1010827518 172.18.0.12 10133 typ host tcptype passive","sdpMLineIndex":1,"sdpMid":"1"},"source":"f7d978de-56a1-4b71-b7ef-3ff4b2dab424_kurento.MediaPipeline/7f60249e-9939-47ff-9e7d-596304dfcae6_kurento.WebRtcEndpoint","tags":[],"timestamp":"1618979203","timestampMillis":"1618979203934","type":"OnIceCandidate"},"object":"f7d978de-56a1-4b71-b7ef-3ff4b2dab424_kurento.MediaPipeline/7f60249e-9939-47ff-9e7d-596304dfcae6_kurento.WebRtcEndpoint","type":"OnIceCandidate"}}}, sessionId: a1dc5234-6041-4879-bf7c-ae3357500a9e
0:45:56.091947106 [331m   24[00m 0x7f2c34001af0 [37mDEBUG  [00m [00mKurentoWebSocketTransport WebSocketTransport.cpp:462:processMessage:[00m Response: {"id":219,"jsonrpc":"2.0","result":{"sessionId":"a1dc5234-6041-4879-bf7c-ae3357500a9e","value":null}}
0:45:56.092065993 [331m   24[00m 0x7f2c34001af0 [37mDEBUG  [00m [00mKurentoWebSocketTransport WebSocketTransport.cpp:460:processMessage:[00m Message: {"jsonrpc":"2.0","method":"invoke","params":{"object":"f7d978de-56a1-4b71-b7ef-3ff4b2dab424_kurento.MediaPipeline/751cbe9d-5d4f-4287-8584-2686d4a71d6a_datachannelexample.KmsSendData","operation":"connect","operationParams":{"sink":"f7d978de-56a1-4b71-b7ef-3ff4b2dab424_kurento.MediaPipeline/7f60249e-9939-47ff-9e7d-596304dfcae6_kurento.WebRtcEndpoint"},"sessionId":"a1dc5234-6041-4879-bf7c-ae3357500a9e"},"id":220}
0:45:56.092169575 [331m   24[00m 0x7f2c34001af0 [37mDEBUG  [00m [00mKurentoMediaElementImpl MediaElementImpl.cpp:902:connect:[00m Connecting f7d978de-56a1-4b71-b7ef-3ff4b2dab424_kurento.MediaPipeline/751cbe9d-5d4f-4287-8584-2686d4a71d6a_datachannelexample.KmsSendData -> f7d978de-56a1-4b71-b7ef-3ff4b2dab424_kurento.MediaPipeline/7f60249e-9939-47ff-9e7d-596304dfcae6_kurento.WebRtcEndpoint params AUDIO default default
0:45:56.092294782 [331m   24[00m 0x7f2c34001af0 [37mDEBUG  [00m [00mKurentoMediaElementImpl MediaElementImpl.cpp:902:connect:[00m Connecting f7d978de-56a1-4b71-b7ef-3ff4b2dab424_kurento.MediaPipeline/751cbe9d-5d4f-4287-8584-2686d4a71d6a_datachannelexample.KmsSendData -> f7d978de-56a1-4b71-b7ef-3ff4b2dab424_kurento.MediaPipeline/7f60249e-9939-47ff-9e7d-596304dfcae6_kurento.WebRtcEndpoint params VIDEO default default
0:45:56.092342401 [331m   24[00m 0x7f2c34001af0 [37mDEBUG  [00m [00mKurentoMediaElementImpl MediaElementImpl.cpp:902:connect:[00m Connecting f7d978de-56a1-4b71-b7ef-3ff4b2dab424_kurento.MediaPipeline/751cbe9d-5d4f-4287-8584-2686d4a71d6a_datachannelexample.KmsSendData -> f7d978de-56a1-4b71-b7ef-3ff4b2dab424_kurento.MediaPipeline/7f60249e-9939-47ff-9e7d-596304dfcae6_kurento.WebRtcEndpoint params DATA default default
0:45:56.092432668 [331m   24[00m 0x7f2c34001af0 [37mDEBUG  [00m [00mKurentoWebSocketTransport WebSocketTransport.cpp:462:processMessage:[00m Response: {"id":220,"jsonrpc":"2.0","result":{"sessionId":"a1dc5234-6041-4879-bf7c-ae3357500a9e","value":null}}
0:45:56.092458788 [331m   24[00m 0x7f2c34001af0 [37mDEBUG  [00m [00mKurentoWebSocketTransport WebSocketTransport.cpp:460:processMessage:[00m Message: {"jsonrpc":"2.0","method":"invoke","params":{"object":"f7d978de-56a1-4b71-b7ef-3ff4b2dab424_kurento.MediaPipeline/7f60249e-9939-47ff-9e7d-596304dfcae6_kurento.WebRtcEndpoint","operation":"addIceCandidate","operationParams":{"candidate":{"candidate":"candidate:0 2 UDP 2122252542 76ef3b5e-e8be-48f0-92f0-ca72cf13dac1.local 63355 typ host","sdpMid":"0","sdpMLineIndex":0,"__module__":"kurento","__type__":"IceCandidate"}},"sessionId":"a1dc5234-6041-4879-bf7c-ae3357500a9e"},"id":221}
0:45:56.092640683 [331m   24[00m 0x7f2c34001af0 [37mDEBUG  [00m [00mKurentoWebSocketTransport WebSocketTransport.cpp:462:processMessage:[00m Response: {"error":{"code":40401,"data":{"type":"ICE_ADD_CANDIDATE_ERROR"},"message":"Error adding candidate"},"id":221,"jsonrpc":"2.0"}
0:45:56.092655414 [331m   24[00m 0x7f2c34001af0 [37mDEBUG  [00m [00mKurentoWebSocketTransport WebSocketTransport.cpp:460:processMessage:[00m Message: {"jsonrpc":"2.0","method":"invoke","params":{"object":"f7d978de-56a1-4b71-b7ef-3ff4b2dab424_kurento.MediaPipeline/7f60249e-9939-47ff-9e7d-596304dfcae6_kurento.WebRtcEndpoint","operation":"addIceCandidate","operationParams":{"candidate":{"candidate":"candidate:2 2 TCP 2105524478 76ef3b5e-e8be-48f0-92f0-ca72cf13dac1.local 9 typ host tcptype active","sdpMid":"0","sdpMLineIndex":0,"__module__":"kurento","__type__":"IceCandidate"}},"sessionId":"a1dc5234-6041-4879-bf7c-ae3357500a9e"},"id":222}
0:45:56.092809230 [331m   24[00m 0x7f2c34001af0 [37mDEBUG  [00m [00mKurentoWebSocketTransport WebSocketTransport.cpp:462:processMessage:[00m Response: {"error":{"code":40401,"data":{"type":"ICE_ADD_CANDIDATE_ERROR"},"message":"Error adding candidate"},"id":222,"jsonrpc":"2.0"}
0:45:56.092887070 [331m   24[00m 0x7f2c70001600 [37mDEBUG  [00m [00mKurentoWebSocketTransport WebSocketTransport.cpp:460:processMessage:[00m Message: {"jsonrpc":"2.0","method":"invoke","params":{"object":"f7d978de-56a1-4b71-b7ef-3ff4b2dab424_kurento.MediaPipeline/7f60249e-9939-47ff-9e7d-596304dfcae6_kurento.WebRtcEndpoint","operation":"addIceCandidate","operationParams":{"candidate":{"candidate":"candidate:0 1 UDP 2122252543 76ef3b5e-e8be-48f0-92f0-ca72cf13dac1.local 63356 typ host","sdpMid":"1","sdpMLineIndex":1,"__module__":"kurento","__type__":"IceCandidate"}},"sessionId":"a1dc5234-6041-4879-bf7c-ae3357500a9e"},"id":223}
0:45:56.093316926 [331m   24[00m 0x7f2c70001600 [37mDEBUG  [00m [00mKurentoWebSocketTransport WebSocketTransport.cpp:462:processMessage:[00m Response: {"error":{"code":40401,"data":{"type":"ICE_ADD_CANDIDATE_ERROR"},"message":"Error adding candidate"},"id":223,"jsonrpc":"2.0"}
0:45:56.093427519 [331m   24[00m 0x7f2c70001600 [37mDEBUG  [00m [00mKurentoWebSocketTransport WebSocketTransport.cpp:460:processMessage:[00m Message: {"jsonrpc":"2.0","method":"invoke","params":{"object":"f7d978de-56a1-4b71-b7ef-3ff4b2dab424_kurento.MediaPipeline/7f60249e-9939-47ff-9e7d-596304dfcae6_kurento.WebRtcEndpoint","operation":"addIceCandidate","operationParams":{"candidate":{"candidate":"candidate:2 1 TCP 2105524479 76ef3b5e-e8be-48f0-92f0-ca72cf13dac1.local 9 typ host tcptype active","sdpMid":"1","sdpMLineIndex":1,"__module__":"kurento","__type__":"IceCandidate"}},"sessionId":"a1dc5234-6041-4879-bf7c-ae3357500a9e"},"id":224}
0:45:56.093731577 [331m   24[00m 0x7f2c70001600 [37mDEBUG  [00m [00mKurentoWebSocketTransport WebSocketTransport.cpp:462:processMessage:[00m Response: {"error":{"code":40401,"data":{"type":"ICE_ADD_CANDIDATE_ERROR"},"message":"Error adding candidate"},"id":224,"jsonrpc":"2.0"}
0:45:56.093926316 [331m   24[00m 0x7f2c2c001790 [37mDEBUG  [00m [00mKurentoWebSocketTransport WebSocketTransport.cpp:460:processMessage:[00m Message: {"jsonrpc":"2.0","method":"invoke","params":{"object":"f7d978de-56a1-4b71-b7ef-3ff4b2dab424_kurento.MediaPipeline/7f60249e-9939-47ff-9e7d-596304dfcae6_kurento.WebRtcEndpoint","operation":"addIceCandidate","operationParams":{"candidate":{"candidate":"candidate:0 2 UDP 2122252542 76ef3b5e-e8be-48f0-92f0-ca72cf13dac1.local 63357 typ host","sdpMid":"1","sdpMLineIndex":1,"__module__":"kurento","__type__":"IceCandidate"}},"sessionId":"a1dc5234-6041-4879-bf7c-ae3357500a9e"},"id":225}
0:45:56.094174527 [331m   24[00m 0x7f2c2c001790 [37mDEBUG  [00m [00mKurentoWebSocketTransport WebSocketTransport.cpp:462:processMessage:[00m Response: {"error":{"code":40401,"data":{"type":"ICE_ADD_CANDIDATE_ERROR"},"message":"Error adding candidate"},"id":225,"jsonrpc":"2.0"}
0:45:56.114613182 [331m   24[00m 0x7f2c78001840 [37mDEBUG  [00m [00mKurentoWebSocketTransport WebSocketTransport.cpp:460:processMessage:[00m Message: {"jsonrpc":"2.0","method":"invoke","params":{"object":"f7d978de-56a1-4b71-b7ef-3ff4b2dab424_kurento.MediaPipeline/7f60249e-9939-47ff-9e7d-596304dfcae6_kurento.WebRtcEndpoint","operation":"addIceCandidate","operationParams":{"candidate":{"candidate":"candidate:2 2 TCP 2105524478 76ef3b5e-e8be-48f0-92f0-ca72cf13dac1.local 9 typ host tcptype active","sdpMid":"1","sdpMLineIndex":1,"__module__":"kurento","__type__":"IceCandidate"}},"sessionId":"a1dc5234-6041-4879-bf7c-ae3357500a9e"},"id":226}
0:45:56.115074123 [331m   24[00m 0x7f2c78001840 [37mDEBUG  [00m [00mKurentoWebSocketTransport WebSocketTransport.cpp:462:processMessage:[00m Response: {"error":{"code":40401,"data":{"type":"ICE_ADD_CANDIDATE_ERROR"},"message":"Error adding candidate"},"id":226,"jsonrpc":"2.0"}
0:45:56.183680991 [331m   24[00m 0x7f2c2809d8c0 [37mDEBUG  [00m [00mKurentoWebSocketEventHandler WebSocketEventHandler.cpp:56:sendEvent:[00m Sending event: {"jsonrpc":"2.0","method":"onEvent","params":{"value":{"data":{"candidate":{"__module__":"kurento","__type__":"IceCandidate","candidate":"candidate:5 1 UDP 1677722111 203.151.66.107 10105 typ srflx raddr 172.18.0.12 rport 10105","sdpMLineIndex":0,"sdpMid":"0"},"source":"f7d978de-56a1-4b71-b7ef-3ff4b2dab424_kurento.MediaPipeline/7f60249e-9939-47ff-9e7d-596304dfcae6_kurento.WebRtcEndpoint","tags":[],"timestamp":"1618979204","timestampMillis":"1618979204024","type":"OnIceCandidate"},"object":"f7d978de-56a1-4b71-b7ef-3ff4b2dab424_kurento.MediaPipeline/7f60249e-9939-47ff-9e7d-596304dfcae6_kurento.WebRtcEndpoint","type":"OnIceCandidate"}}}, sessionId: a1dc5234-6041-4879-bf7c-ae3357500a9e
