0:45:56.183827861 [331m   24[00m 0x7f2c2809d8c0 [37mDEBUG  [00m [00mKurentoWebSocketEventHandler WebSocketEventHandler.cpp:56:sendEvent:[00m Sending event: {"jsonrpc":"2.0","method":"onEvent","params":{"value":{"data":{"candidate":{"__module__":"kurento","__type__":"IceCandidate","candidate":"candidate:5 1 UDP 1677722111 203.151.66.107 10105 typ srflx raddr 172.18.0.12 rport 10105","sdpMLineIndex":1,"sdpMid":"1"},"source":"f7d978de-56a1-4b71-b7ef-3ff4b2dab424_kurento.MediaPipeline/7f60249e-9939-47ff-9e7d-596304dfcae6_kurento.WebRtcEndpoint","tags":[],"timestamp":"1618979204","timestampMillis":"1618979204026","type":"OnIceCandidate"},"object":"f7d978de-56a1-4b71-b7ef-3ff4b2dab424_kurento.MediaPipeline/7f60249e-9939-47ff-9e7d-596304dfcae6_kurento.WebRtcEndpoint","type":"OnIceCandidate"}}}, sessionId: a1dc5234-6041-4879-bf7c-ae3357500a9e
0:45:56.184002495 [331m   24[00m 0x7f2c2809d8c0 [37mDEBUG  [00m [00mKurentoWebSocketEventHandler WebSocketEventHandler.cpp:56:sendEvent:[00m Sending event: {"jsonrpc":"2.0","method":"onEvent","params":{"value":{"data":{"candidate":{"__module__":"kurento","__type__":"IceCandidate","candidate":"candidate:6 1 TCP 847249663 203.151.66.107 9 typ srflx raddr 172.18.0.12 rport 9 tcptype active","sdpMLineIndex":0,"sdpMid":"0"},"source":"f7d978de-56a1-4b71-b7ef-3ff4b2dab424_kurento.MediaPipeline/7f60249e-9939-47ff-9e7d-596304dfcae6_kurento.WebRtcEndpoint","tags":[],"timestamp":"1618979204","timestampMillis":"1618979204026","type":"OnIceCandidate"},"object":"f7d978de-56a1-4b71-b7ef-3ff4b2dab424_kurento.MediaPipeline/7f60249e-9939-47ff-9e7d-596304dfcae6_kurento.WebRtcEndpoint","type":"OnIceCandidate"}}}, sessionId: a1dc5234-6041-4879-bf7c-ae3357500a9e
0:45:56.184124249 [331m   24[00m 0x7f2c2809d8c0 [37mDEBUG  [00m [00mKurentoWebSocketEventHandler WebSocketEventHandler.cpp:56:sendEvent:[00m Sending event: {"jsonrpc":"2.0","method":"onEvent","params":{"value":{"data":{"candidate":{"__module__":"kurento","__type__":"IceCandidate","candidate":"candidate:6 1 TCP 847249663 203.151.66.107 9 typ srflx raddr 172.18.0.12 rport 9 tcptype active","sdpMLineIndex":1,"sdpMid":"1"},"source":"f7d978de-56a1-4b71-b7ef-3ff4b2dab424_kurento.MediaPipeline/7f60249e-9939-47ff-9e7d-596304dfcae6_kurento.WebRtcEndpoint","tags":[],"timestamp":"1618979204","timestampMillis":"1618979204026","type":"OnIceCandidate"},"object":"f7d978de-56a1-4b71-b7ef-3ff4b2dab424_kurento.MediaPipeline/7f60249e-9939-47ff-9e7d-596304dfcae6_kurento.WebRtcEndpoint","type":"OnIceCandidate"}}}, sessionId: a1dc5234-6041-4879-bf7c-ae3357500a9e
0:45:56.184206642 [331m   24[00m 0x7f2c2809d8c0 [37mDEBUG  [00m [00mKurentoWebSocketEventHandler WebSocketEventHandler.cpp:56:sendEvent:[00m Sending event: {"jsonrpc":"2.0","method":"onEvent","params":{"value":{"data":{"candidate":{"__module__":"kurento","__type__":"IceCandidate","candidate":"candidate:7 1 TCP 843055359 203.151.66.107 10147 typ srflx raddr 172.18.0.12 rport 10147 tcptype passive","sdpMLineIndex":0,"sdpMid":"0"},"source":"f7d978de-56a1-4b71-b7ef-3ff4b2dab424_kurento.MediaPipeline/7f60249e-9939-47ff-9e7d-596304dfcae6_kurento.WebRtcEndpoint","tags":[],"timestamp":"1618979204","timestampMillis":"1618979204026","type":"OnIceCandidate"},"object":"f7d978de-56a1-4b71-b7ef-3ff4b2dab424_kurento.MediaPipeline/7f60249e-9939-47ff-9e7d-596304dfcae6_kurento.WebRtcEndpoint","type":"OnIceCandidate"}}}, sessionId: a1dc5234-6041-4879-bf7c-ae3357500a9e
0:45:56.184286984 [331m   24[00m 0x7f2c2809d8c0 [37mDEBUG  [00m [00mKurentoWebSocketEventHandler WebSocketEventHandler.cpp:56:sendEvent:[00m Sending event: {"jsonrpc":"2.0","method":"onEvent","params":{"value":{"data":{"candidate":{"__module__":"kurento","__type__":"IceCandidate","candidate":"candidate:7 1 TCP 843055359 203.151.66.107 10147 typ srflx raddr 172.18.0.12 rport 10147 tcptype passive","sdpMLineIndex":1,"sdpMid":"1"},"source":"f7d978de-56a1-4b71-b7ef-3ff4b2dab424_kurento.MediaPipeline/7f60249e-9939-47ff-9e7d-596304dfcae6_kurento.WebRtcEndpoint","tags":[],"timestamp":"1618979204","timestampMillis":"1618979204026","type":"OnIceCandidate"},"object":"f7d978de-56a1-4b71-b7ef-3ff4b2dab424_kurento.MediaPipeline/7f60249e-9939-47ff-9e7d-596304dfcae6_kurento.WebRtcEndpoint","type":"OnIceCandidate"}}}, sessionId: a1dc5234-6041-4879-bf7c-ae3357500a9e
0:45:56.189304414 [331m   24[00m 0x7f2c78001840 [37mDEBUG  [00m [00mKurentoWebSocketTransport WebSocketTransport.cpp:460:processMessage:[00m Message: {"jsonrpc":"2.0","method":"invoke","params":{"object":"f7d978de-56a1-4b71-b7ef-3ff4b2dab424_kurento.MediaPipeline/7f60249e-9939-47ff-9e7d-596304dfcae6_kurento.WebRtcEndpoint","operation":"addIceCandidate","operationParams":{"candidate":{"candidate":"candidate:1 1 UDP 1686052863 184.22.71.32 63354 typ srflx raddr 0.0.0.0 rport 0","sdpMid":"0","sdpMLineIndex":0,"__module__":"kurento","__type__":"IceCandidate"}},"sessionId":"a1dc5234-6041-4879-bf7c-ae3357500a9e"},"id":227}
0:45:56.189856765 [331m   24[00m 0x7f2c78001840 [37mDEBUG  [00m [00mKurentoWebSocketTransport WebSocketTransport.cpp:462:processMessage:[00m Response: {"id":227,"jsonrpc":"2.0","result":{"sessionId":"a1dc5234-6041-4879-bf7c-ae3357500a9e","value":null}}
0:45:56.205180910 [331m   24[00m 0x7f2c5c001c60 [37mDEBUG  [00m [00mKurentoWebSocketTransport WebSocketTransport.cpp:460:processMessage:[00m Message: {"jsonrpc":"2.0","method":"invoke","params":{"object":"f7d978de-56a1-4b71-b7ef-3ff4b2dab424_kurento.MediaPipeline/7f60249e-9939-47ff-9e7d-596304dfcae6_kurento.WebRtcEndpoint","operation":"addIceCandidate","operationParams":{"candidate":{"candidate":"candidate:1 2 UDP 1686052862 184.22.71.32 2499 typ srflx raddr 0.0.0.0 rport 0","sdpMid":"0","sdpMLineIndex":0,"__module__":"kurento","__type__":"IceCandidate"}},"sessionId":"a1dc5234-6041-4879-bf7c-ae3357500a9e"},"id":228}
0:45:56.205721431 [331m   24[00m 0x7f2c5c001c60 [37mDEBUG  [00m [00mKurentoWebSocketTransport WebSocketTransport.cpp:462:processMessage:[00m Response: {"id":228,"jsonrpc":"2.0","result":{"sessionId":"a1dc5234-6041-4879-bf7c-ae3357500a9e","value":null}}
0:45:56.206346603 [331m   24[00m 0x7f2c28001e90 [37mDEBUG  [00m [00mKurentoWebSocketTransport WebSocketTransport.cpp:460:processMessage:[00m Message: {"jsonrpc":"2.0","method":"invoke","params":{"object":"f7d978de-56a1-4b71-b7ef-3ff4b2dab424_kurento.MediaPipeline/7f60249e-9939-47ff-9e7d-596304dfcae6_kurento.WebRtcEndpoint","operation":"addIceCandidate","operationParams":{"candidate":{"candidate":"","sdpMid":"0","sdpMLineIndex":0,"__module__":"kurento","__type__":"IceCandidate"}},"sessionId":"a1dc5234-6041-4879-bf7c-ae3357500a9e"},"id":229}
0:45:56.206809248 [331m   24[00m 0x7f2c28001e90 [37mDEBUG  [00m [00mKurentoWebSocketTransport WebSocketTransport.cpp:462:processMessage:[00m Response: {"error":{"code":40401,"data":{"type":"ICE_ADD_CANDIDATE_ERROR"},"message":"Error adding candidate"},"id":229,"jsonrpc":"2.0"}
0:45:56.219889935 [331m   24[00m 0x7f2c600434a0 [37mDEBUG  [00m [00mKurentoWebRtcEndpointImpl WebRtcEndpointImpl.cpp:292:newSelectedPairFull:<kmswebrtcendpoint8>[00m New candidate pair selected, local: 'candidate:5 1 UDP 1677722111 203.151.66.107 10105 typ srflx raddr 172.18.0.12 rport 10105', remote: 'candidate:1 1 UDP 1686052863 184.22.71.32 63354 typ srflx', stream_id: '1', component_id: 1
0:45:57.125159850 [331m   24[00m 0x7f2a9c0020a0 [37mDEBUG  [00m [00mKurentoMediaElementImpl MediaElementImpl.cpp:492:mediaFlowInStateChange:<kmswebrtcendpoint8>[00m MediaFlowInStateChange: FLOWING, pad: 'default', type: 'audio'
0:45:57.252637651 [331m   24[00m 0x7f2b800484a0 [37mDEBUG  [00m [00mKurentoMediaElementImpl MediaElementImpl.cpp:492:mediaFlowInStateChange:<kmswebrtcendpoint8>[00m MediaFlowInStateChange: FLOWING, pad: 'default', type: 'video'
0:46:04.962674213 [331m   24[00m 0x7f2c30001950 [36mINFO   [00m [00mKurentoWebSocketTransport WebSocketTransport.cpp:296:keepAliveSessions:[00m Keep alive a1dc5234-6041-4879-bf7c-ae3357500a9e
0:46:05.422684807 [331m   24[00m 0x7f2c68001ac0 [37mDEBUG  [00m [00mKurentoWebSocketTransport WebSocketTransport.cpp:460:processMessage:[00m Message: {"jsonrpc":"2.0","method":"ping","id":230}
0:46:05.422851508 [331m   24[00m 0x7f2c68001ac0 [36mINFO   [00m [00mKurentoServerMethods ServerMethods.cpp:814:ping:[00m WebSocket Ping/Pong with sessionId a1dc5234-6041-4879-bf7c-ae3357500a9e
0:46:05.422991691 [331m   24[00m 0x7f2c68001ac0 [37mDEBUG  [00m [00mKurentoWebSocketTransport WebSocketTransport.cpp:462:processMessage:[00m Response: {"id":230,"jsonrpc":"2.0","result":{"sessionId":"a1dc5234-6041-4879-bf7c-ae3357500a9e","value":"pong"}}
0:47:01.162197015 [331m   24[00m 0x7f2c68001ac0 [37mDEBUG  [00m [00mKurentoWebSocketTransport WebSocketTransport.cpp:460:processMessage:[00m Message: {"jsonrpc":"2.0","method":"create","params":{"type":"WebRtcEndpoint","constructorParams":{"mediaPipeline":"f7d978de-56a1-4b71-b7ef-3ff4b2dab424_kurento.MediaPipeline","useDataChannels":true},"properties":{},"sessionId":"a1dc5234-6041-4879-bf7c-ae3357500a9e"},"id":231}
0:47:01.163905242 [331m   24[00m 0x7f2c68001ac0 [36mINFO   [00m [00mKurentoWebRtcEndpointImpl WebRtcEndpointImpl.cpp:96:remove_not_supported_codecs_from_array:<kmswebrtcendpoint9>[00m Removing not supported codec 'AMR/8000'
0:47:01.163988998 [331m   24[00m 0x7f2c68001ac0 [36mINFO   [00m [00mKurentoWebRtcEndpointImpl WebRtcEndpointImpl.cpp:465:WebRtcEndpointImpl:[00m Using STUN reflexive server IP: 203.183.172.196
0:47:01.164003680 [331m   24[00m 0x7f2c68001ac0 [36mINFO   [00m [00mKurentoWebRtcEndpointImpl WebRtcEndpointImpl.cpp:466:WebRtcEndpointImpl:[00m Using STUN reflexive server Port: 3478
0:47:01.164060398 [331m   24[00m 0x7f2c68001ac0 [36mINFO   [00m [00mKurentoWebRtcEndpointImpl WebRtcEndpointImpl.cpp:487:WebRtcEndpointImpl:[00m TURN server IP address not found in config; NAT traversal requires either STUN or TURN server
0:47:01.164579583 [331m   24[00m 0x7f2c68001ac0 [37mDEBUG  [00m [00mKurentoWebSocketTransport WebSocketTransport.cpp:462:processMessage:[00m Response: {"id":231,"jsonrpc":"2.0","result":{"sessionId":"a1dc5234-6041-4879-bf7c-ae3357500a9e","value":"f7d978de-56a1-4b71-b7ef-3ff4b2dab424_kurento.MediaPipeline/6546cd9f-4be6-4ffc-a562-6acee942ebd1_kurento.WebRtcEndpoint"}}
0:47:01.168233518 [331m   24[00m 0x7f2c70001600 [37mDEBUG  [00m [00mKurentoWebSocketTransport WebSocketTransport.cpp:460:processMessage:[00m Message: {"jsonrpc":"2.0","method":"subscribe","params":{"object":"f7d978de-56a1-4b71-b7ef-3ff4b2dab424_kurento.MediaPipeline/6546cd9f-4be6-4ffc-a562-6acee942ebd1_kurento.WebRtcEndpoint","type":"OnIceCandidate","sessionId":"a1dc5234-6041-4879-bf7c-ae3357500a9e"},"id":232}
0:47:01.168498504 [331m   24[00m 0x7f2c70001600 [37mDEBUG  [00m [00mKurentoWebSocketTransport WebSocketTransport.cpp:462:processMessage:[00m Response: {"id":232,"jsonrpc":"2.0","result":{"sessionId":"a1dc5234-6041-4879-bf7c-ae3357500a9e","value":"d7ddf261-2bed-4eaa-9c34-271f6d978e46"}}
0:47:01.168806976 [331m   24[00m 0x7f2c2c001790 [37mDEBUG  [00m [00mKurentoWebSocketTransport WebSocketTransport.cpp:460:processMessage:[00m Message: {"jsonrpc":"2.0","method":"invoke","params":{"object":"f7d978de-56a1-4b71-b7ef-3ff4b2dab424_kurento.MediaPipeline/6546cd9f-4be6-4ffc-a562-6acee942ebd1_kurento.WebRtcEndpoint","operation":"processOffer","operationParams":{"offer":"v=0\r\no=mozilla...THIS_IS_SDPARTA-78.0.2 3946435789468425591 0 IN IP4 0.0.0.0\r\ns=-\r\nt=0 0\r\na=fingerprint:sha-256 1B:A4:A5:91:40:06:63:C9:F4:88:9A:65:CB:22:70:99:3D:8C:30:BF:AF:38:8D:63:CF:20:ED:6F:AE:D8:FF:D3\r\na=group:BUNDLE 0 1\r\na=ice-options:trickle\r\na=msid-semantic:WMS *\r\nm=video 9 UDP/TLS/RTP/SAVPF 120 121 126 97\r\nc=IN IP4 0.0.0.0\r\na=recvonly\r\na=extmap:3 urn:ietf:params:rtp-hdrext:sdes:mid\r\na=extmap:4 http://www.webrtc.org/experiments/rtp-hdrext/abs-send-time\r\na=extmap:5 urn:ietf:params:rtp-hdrext:toffset\r\na=extmap:6/recvonly http://www.webrtc.org/experiments/rtp-hdrext/playout-delay\r\na=fmtp:126 profile-level-id=42e01f;level-asymmetry-allowed=1;packetization-mode=1\r\na=fmtp:97 profile-level-id=42e01f;level-asymmetry-allowed=1\r\na=fmtp:120 max-fs=12288;max-fr=60\r\na=fmtp:121 max-fs=12288;max-fr=60\r\na=ice-pwd:9254fc3b5b62f112b8d5dc281f199db3\r\na=ice-ufrag:c0050b53\r\na=mid:0\r\na=rtcp-fb:120 nack\r\na=rtcp-fb:120 nack pli\r\na=rtcp-fb:120 ccm fir\r\na=rtcp-fb:120 goog-remb\r\na=rtcp-fb:121 nack\r\na=rtcp-fb:121 nack pli\r\na=rtcp-fb:121 ccm fir\r\na=rtcp-fb:121 goog-remb\r\na=rtcp-fb:126 nack\r\na=rtcp-fb:126 nack pli\r\na=rtcp-fb:126 ccm fir\r\na=rtcp-fb:126 goog-remb\r\na=rtcp-fb:97 nack\r\na=rtcp-fb:97 nack pli\r\na=rtcp-fb:97 ccm fir\r\na=rtcp-fb:97 goog-remb\r\na=rtcp-mux\r\na=rtpmap:120 VP8/90000\r\na=rtpmap:121 VP9/90000\r\na=rtpmap:126 H264/90000\r\na=rtpmap:97 H264/90000\r\na=setup:actpass\r\na=ssrc:2953456068 cname:{b3b3afaa-7b7f-47fd-9747-6d6f52a4dbea}\r\nm=audio 9 UDP/TLS/RTP/SAVPF 109 9 0 8 101\r\nc=IN IP4 0.0.0.0\r\na=recvonly\r\na=extmap:1 urn:ietf:params:rtp-hdrext:ssrc-audio-level\r\na=extmap:2/recvonly urn:ietf:params:rtp-hdrext:csrc-audio-level\r\na=extmap:3 urn:ietf:params:rtp-hdrext:sdes:mid\r\na=fmtp:109 maxplaybackrate=48000;stereo=1;useinbandfec=1\r\na=fmtp:101 0-15\r\na=ice-pwd:9254fc3b5b62f112b8d5dc281f199db3\r\na=ice-ufrag:c0050b53\r\na=mid:1\r\na=rtcp-mux\r\na=rtpmap:109 opus/48000/2\r\na=rtpmap:9 G722/8000/1\r\na=rtpmap:0 PCMU/8000\r\na=rtpmap:8 PCMA/8000\r\na=rtpmap:101 telephone-event/8000/1\r\na=setup:actpass\r\na=ssrc:996472322 cname:{b3b3afaa-7b7f-47fd-9747-6d6f52a4dbea}\r\n"},"sessionId":"a1dc5234-6041-4879-bf7c-ae3357500a9e"},"id":233}
0:47:01.181150791 [331m   24[00m 0x7f2c2c001790 [37mDEBUG  [00m [00mKurentoWebSocketTransport WebSocketTransport.cpp:462:processMessage:[00m Response: {"id":233,"jsonrpc":"2.0","result":{"sessionId":"a1dc5234-6041-4879-bf7c-ae3357500a9e","value":"v=0\r\no=- 3827968069 3827968069 IN IP4 0.0.0.0\r\ns=Kurento Media Server\r\nc=IN IP4 0.0.0.0\r\nt=0 0\r\na=fingerprint:sha-256 1B:A4:A5:91:40:06:63:C9:F4:88:9A:65:CB:22:70:99:3D:8C:30:BF:AF:38:8D:63:CF:20:ED:6F:AE:D8:FF:D3\r\na=ice-options:trickle\r\na=msid-semantic:WMS *\r\na=group:BUNDLE 0 1\r\nm=video 1 UDP/TLS/RTP/SAVPF 120 126 97\r\na=extmap:4 http://www.webrtc.org/experiments/rtp-hdrext/abs-send-time\r\na=sendonly\r\na=mid:0\r\na=rtcp:9 IN IP4 0.0.0.0\r\na=rtpmap:120 VP8/90000\r\na=rtpmap:126 H264/90000\r\na=rtpmap:97 H264/90000\r\na=rtcp-fb:120 nack\r\na=rtcp-fb:120 nack pli\r\na=rtcp-fb:120 ccm fir\r\na=rtcp-fb:120 goog-remb\r\na=rtcp-fb:126 nack\r\na=rtcp-fb:126 nack pli\r\na=rtcp-fb:126 ccm fir\r\na=rtcp-fb:126 goog-remb\r\na=rtcp-fb:97 nack\r\na=rtcp-fb:97 nack pli\r\na=rtcp-fb:97 ccm fir\r\na=rtcp-fb:97 goog-remb\r\na=fmtp:126 profile-level-id=42e01f;level-asymmetry-allowed=1;packetization-mode=1\r\na=fmtp:97 profile-level-id=42e01f;level-asymmetry-allowed=1\r\na=fmtp:120 max-fs=12288;max-fr=60\r\na=rtcp-mux\r\na=setup:active\r\na=ssrc:102767638 cname:user2534037714@host-a1eda087\r\na=ice-ufrag:CaRe\r\na=ice-pwd:T/1l5wOFaHeb9bhZEC0FnV\r\na=fingerprint:sha-256 62:F2:0F:57:73:8D:EB:F8:28:E7:DE:FA:85:8A:56:73:28:B6:B3:8F:C0:64:86:3A:06:A3:D6:7B:53:11:FB:8A\r\nm=audio 1 UDP/TLS/RTP/SAVPF 109 0\r\na=sendonly\r\na=mid:1\r\na=rtcp:9 IN IP4 0.0.0.0\r\na=rtpmap:109 opus/48000/2\r\na=rtpmap:0 PCMU/8000\r\na=fmtp:109 maxplaybackrate=48000;stereo=1;useinbandfec=1\r\na=rtcp-mux\r\na=setup:active\r\na=ssrc:2032193767 cname:user2534037714@host-a1eda087\r\na=ice-ufrag:CaRe\r\na=ice-pwd:T/1l5wOFaHeb9bhZEC0FnV\r\na=fingerprint:sha-256 62:F2:0F:57:73:8D:EB:F8:28:E7:DE:FA:85:8A:56:73:28:B6:B3:8F:C0:64:86:3A:06:A3:D6:7B:53:11:FB:8A\r\n"}}
0:47:01.181348730 [331m   24[00m 0x7f2c2c001790 [37mDEBUG  [00m [00mKurentoWebSocketTransport WebSocketTransport.cpp:460:processMessage:[00m Message: {"jsonrpc":"2.0","method":"invoke","params":{"object":"f7d978de-56a1-4b71-b7ef-3ff4b2dab424_kurento.MediaPipeline/6546cd9f-4be6-4ffc-a562-6acee942ebd1_kurento.WebRtcEndpoint","operation":"addIceCandidate","operationParams":{"candidate":{"candidate":"candidate:0 1 UDP 2122252543 0fac9b83-2b04-4307-b190-07089b49e8cb.local 49483 typ host","sdpMid":"0","sdpMLineIndex":0,"__module__":"kurento","__type__":"IceCandidate"}},"sessionId":"a1dc5234-6041-4879-bf7c-ae3357500a9e"},"id":234}
0:47:01.181685089 [331m   24[00m 0x7f2c2c001790 [37mDEBUG  [00m [00mKurentoWebSocketTransport WebSocketTransport.cpp:462:processMessage:[00m Response: {"error":{"code":40401,"data":{"type":"ICE_ADD_CANDIDATE_ERROR"},"message":"Error adding candidate"},"id":234,"jsonrpc":"2.0"}
0:47:01.181706853 [331m   24[00m 0x7f2c2c001790 [37mDEBUG  [00m [00mKurentoWebSocketTransport WebSocketTransport.cpp:460:processMessage:[00m Message: {"jsonrpc":"2.0","method":"invoke","params":{"object":"f7d978de-56a1-4b71-b7ef-3ff4b2dab424_kurento.MediaPipeline/6546cd9f-4be6-4ffc-a562-6acee942ebd1_kurento.WebRtcEndpoint","operation":"addIceCandidate","operationParams":{"candidate":{"candidate":"candidate:2 1 TCP 2105524479 0fac9b83-2b04-4307-b190-07089b49e8cb.local 9 typ host tcptype active","sdpMid":"0","sdpMLineIndex":0,"__module__":"kurento","__type__":"IceCandidate"}},"sessionId":"a1dc5234-6041-4879-bf7c-ae3357500a9e"},"id":235}
0:47:01.181937930 [331m   24[00m 0x7f2c2c001790 [37mDEBUG  [00m [00mKurentoWebSocketTransport WebSocketTransport.cpp:462:processMessage:[00m Response: {"error":{"code":40401,"data":{"type":"ICE_ADD_CANDIDATE_ERROR"},"message":"Error adding candidate"},"id":235,"jsonrpc":"2.0"}
0:47:01.181958926 [331m   24[00m 0x7f2c2c001790 [37mDEBUG  [00m [00mKurentoWebSocketTransport WebSocketTransport.cpp:460:processMessage:[00m Message: {"jsonrpc":"2.0","method":"invoke","params":{"object":"f7d978de-56a1-4b71-b7ef-3ff4b2dab424_kurento.MediaPipeline/6546cd9f-4be6-4ffc-a562-6acee942ebd1_kurento.WebRtcEndpoint","operation":"addIceCandidate","operationParams":{"candidate":{"candidate":"candidate:0 2 UDP 2122252542 0fac9b83-2b04-4307-b190-07089b49e8cb.local 49484 typ host","sdpMid":"0","sdpMLineIndex":0,"__module__":"kurento","__type__":"IceCandidate"}},"sessionId":"a1dc5234-6041-4879-bf7c-ae3357500a9e"},"id":236}
0:47:01.182175231 [331m   24[00m 0x7f2c2c001790 [37mDEBUG  [00m [00mKurentoWebSocketTransport WebSocketTransport.cpp:462:processMessage:[00m Response: {"error":{"code":40401,"data":{"type":"ICE_ADD_CANDIDATE_ERROR"},"message":"Error adding candidate"},"id":236,"jsonrpc":"2.0"}
0:47:01.182201836 [331m   24[00m 0x7f2c2c001790 [37mDEBUG  [00m [00mKurentoWebSocketTransport WebSocketTransport.cpp:460:processMessage:[00m Message: {"jsonrpc":"2.0","method":"invoke","params":{"object":"f7d978de-56a1-4b71-b7ef-3ff4b2dab424_kurento.MediaPipeline/6546cd9f-4be6-4ffc-a562-6acee942ebd1_kurento.WebRtcEndpoint","operation":"addIceCandidate","operationParams":{"candidate":{"candidate":"candidate:2 2 TCP 2105524478 0fac9b83-2b04-4307-b190-07089b49e8cb.local 9 typ host tcptype active","sdpMid":"0","sdpMLineIndex":0,"__module__":"kurento","__type__":"IceCandidate"}},"sessionId":"a1dc5234-6041-4879-bf7c-ae3357500a9e"},"id":237}
0:47:01.182446506 [331m   24[00m 0x7f2c2c001790 [37mDEBUG  [00m [00mKurentoWebSocketTransport WebSocketTransport.cpp:462:processMessage:[00m Response: {"error":{"code":40401,"data":{"type":"ICE_ADD_CANDIDATE_ERROR"},"message":"Error adding candidate"},"id":237,"jsonrpc":"2.0"}
0:47:01.184719472 [331m   24[00m 0x7f2c78001840 [37mDEBUG  [00m [00mKurentoWebSocketTransport WebSocketTransport.cpp:460:processMessage:[00m Message: {"jsonrpc":"2.0","method":"invoke","params":{"object":"f7d978de-56a1-4b71-b7ef-3ff4b2dab424_kurento.MediaPipeline/6546cd9f-4be6-4ffc-a562-6acee942ebd1_kurento.WebRtcEndpoint","operation":"addIceCandidate","operationParams":{"candidate":{"candidate":"candidate:0 1 UDP 2122252543 0fac9b83-2b04-4307-b190-07089b49e8cb.local 49485 typ host","sdpMid":"1","sdpMLineIndex":1,"__module__":"kurento","__type__":"IceCandidate"}},"sessionId":"a1dc5234-6041-4879-bf7c-ae3357500a9e"},"id":238}
0:47:01.185106276 [331m   24[00m 0x7f2c78001840 [37mDEBUG  [00m [00mKurentoWebSocketTransport WebSocketTransport.cpp:462:processMessage:[00m Response: {"error":{"code":40401,"data":{"type":"ICE_ADD_CANDIDATE_ERROR"},"message":"Error adding candidate"},"id":238,"jsonrpc":"2.0"}
0:47:01.186212380 [331m   24[00m 0x7f2c64001b20 [37mDEBUG  [00m [00mKurentoWebSocketTransport WebSocketTransport.cpp:460:processMessage:[00m Message: {"jsonrpc":"2.0","method":"invoke","params":{"object":"f7d978de-56a1-4b71-b7ef-3ff4b2dab424_kurento.MediaPipeline/6546cd9f-4be6-4ffc-a562-6acee942ebd1_kurento.WebRtcEndpoint","operation":"addIceCandidate","operationParams":{"candidate":{"candidate":"candidate:2 1 TCP 2105524479 0fac9b83-2b04-4307-b190-07089b49e8cb.local 9 typ host tcptype active","sdpMid":"1","sdpMLineIndex":1,"__module__":"kurento","__type__":"IceCandidate"}},"sessionId":"a1dc5234-6041-4879-bf7c-ae3357500a9e"},"id":239}
0:47:01.186533409 [331m   24[00m 0x7f2c64001b20 [37mDEBUG  [00m [00mKurentoWebSocketTransport WebSocketTransport.cpp:462:processMessage:[00m Response: {"error":{"code":40401,"data":{"type":"ICE_ADD_CANDIDATE_ERROR"},"message":"Error adding candidate"},"id":239,"jsonrpc":"2.0"}
0:47:01.187384773 [331m   24[00m 0x7f2c5c001c60 [37mDEBUG  [00m [00mKurentoWebSocketTransport WebSocketTransport.cpp:460:processMessage:[00m Message: {"jsonrpc":"2.0","method":"invoke","params":{"object":"f7d978de-56a1-4b71-b7ef-3ff4b2dab424_kurento.MediaPipeline/6546cd9f-4be6-4ffc-a562-6acee942ebd1_kurento.WebRtcEndpoint","operation":"addIceCandidate","operationParams":{"candidate":{"candidate":"candidate:0 2 UDP 2122252542 0fac9b83-2b04-4307-b190-07089b49e8cb.local 49486 typ host","sdpMid":"1","sdpMLineIndex":1,"__module__":"kurento","__type__":"IceCandidate"}},"sessionId":"a1dc5234-6041-4879-bf7c-ae3357500a9e"},"id":240}
0:47:01.187778319 [331m   24[00m 0x7f2c5c001c60 [37mDEBUG  [00m [00mKurentoWebSocketTransport WebSocketTransport.cpp:462:processMessage:[00m Response: {"error":{"code":40401,"data":{"type":"ICE_ADD_CANDIDATE_ERROR"},"message":"Error adding candidate"},"id":240,"jsonrpc":"2.0"}
0:47:01.188984185 [331m   24[00m 0x7f2c28001e90 [37mDEBUG  [00m [00mKurentoWebSocketTransport WebSocketTransport.cpp:460:processMessage:[00m Message: {"jsonrpc":"2.0","method":"invoke","params":{"object":"f7d978de-56a1-4b71-b7ef-3ff4b2dab424_kurento.MediaPipeline/6546cd9f-4be6-4ffc-a562-6acee942ebd1_kurento.WebRtcEndpoint","operation":"addIceCandidate","operationParams":{"candidate":{"candidate":"candidate:2 2 TCP 2105524478 0fac9b83-2b04-4307-b190-07089b49e8cb.local 9 typ host tcptype active","sdpMid":"1","sdpMLineIndex":1,"__module__":"kurento","__type__":"IceCandidate"}},"sessionId":"a1dc5234-6041-4879-bf7c-ae3357500a9e"},"id":241}
0:47:01.189340544 [331m   24[00m 0x7f2c28001e90 [37mDEBUG  [00m [00mKurentoWebSocketTransport WebSocketTransport.cpp:462:processMessage:[00m Response: {"error":{"code":40401,"data":{"type":"ICE_ADD_CANDIDATE_ERROR"},"message":"Error adding candidate"},"id":241,"jsonrpc":"2.0"}
0:47:01.200144371 [331m   24[00m 0x7f2c70001d60 [37mDEBUG  [00m [00mKurentoWebSocketTransport WebSocketTransport.cpp:460:processMessage:[00m Message: {"jsonrpc":"2.0","method":"invoke","params":{"object":"f7d978de-56a1-4b71-b7ef-3ff4b2dab424_kurento.MediaPipeline/6546cd9f-4be6-4ffc-a562-6acee942ebd1_kurento.WebRtcEndpoint","operation":"gatherCandidates","sessionId":"a1dc5234-6041-4879-bf7c-ae3357500a9e"},"id":242}
0:47:01.202724439 [331m   24[00m 0x7f2c2809d8c0 [37mDEBUG  [00m [00mKurentoWebSocketEventHandler WebSocketEventHandler.cpp:56:sendEvent:[00m Sending event: {"jsonrpc":"2.0","method":"onEvent","params":{"value":{"data":{"candidate":{"__module__":"kurento","__type__":"IceCandidate","candidate":"candidate:3 1 UDP 2013266431 172.18.0.12 10171 typ host","sdpMLineIndex":0,"sdpMid":"0"},"source":"f7d978de-56a1-4b71-b7ef-3ff4b2dab424_kurento.MediaPipeline/6546cd9f-4be6-4ffc-a562-6acee942ebd1_kurento.WebRtcEndpoint","tags":[],"timestamp":"1618979269","timestampMillis":"1618979269044","type":"OnIceCandidate"},"object":"f7d978de-56a1-4b71-b7ef-3ff4b2dab424_kurento.MediaPipeline/6546cd9f-4be6-4ffc-a562-6acee942ebd1_kurento.WebRtcEndpoint","type":"OnIceCandidate"}}}, sessionId: a1dc5234-6041-4879-bf7c-ae3357500a9e
0:47:01.202833583 [331m   24[00m 0x7f2c2809d8c0 [37mDEBUG  [00m [00mKurentoWebSocketEventHandler WebSocketEventHandler.cpp:56:sendEvent:[00m Sending event: {"jsonrpc":"2.0","method":"onEvent","params":{"value":{"data":{"candidate":{"__module__":"kurento","__type__":"IceCandidate","candidate":"candidate:3 1 UDP 2013266431 172.18.0.12 10171 typ host","sdpMLineIndex":1,"sdpMid":"1"},"source":"f7d978de-56a1-4b71-b7ef-3ff4b2dab424_kurento.MediaPipeline/6546cd9f-4be6-4ffc-a562-6acee942ebd1_kurento.WebRtcEndpoint","tags":[],"timestamp":"1618979269","timestampMillis":"1618979269045","type":"OnIceCandidate"},"object":"f7d978de-56a1-4b71-b7ef-3ff4b2dab424_kurento.MediaPipeline/6546cd9f-4be6-4ffc-a562-6acee942ebd1_kurento.WebRtcEndpoint","type":"OnIceCandidate"}}}, sessionId: a1dc5234-6041-4879-bf7c-ae3357500a9e
0:47:01.202895342 [331m   24[00m 0x7f2c2809d8c0 [37mDEBUG  [00m [00mKurentoWebSocketEventHandler WebSocketEventHandler.cpp:56:sendEvent:[00m Sending event: {"jsonrpc":"2.0","method":"onEvent","params":{"value":{"data":{"candidate":{"__module__":"kurento","__type__":"IceCandidate","candidate":"candidate:4 1 TCP 1015021823 172.18.0.12 9 typ host tcptype active","sdpMLineIndex":0,"sdpMid":"0"},"source":"f7d978de-56a1-4b71-b7ef-3ff4b2dab424_kurento.MediaPipeline/6546cd9f-4be6-4ffc-a562-6acee942ebd1_kurento.WebRtcEndpoint","tags":[],"timestamp":"1618979269","timestampMillis":"1618979269045","type":"OnIceCandidate"},"object":"f7d978de-56a1-4b71-b7ef-3ff4b2dab424_kurento.MediaPipeline/6546cd9f-4be6-4ffc-a562-6acee942ebd1_kurento.WebRtcEndpoint","type":"OnIceCandidate"}}}, sessionId: a1dc5234-6041-4879-bf7c-ae3357500a9e
0:47:01.202953345 [331m   24[00m 0x7f2c2809d8c0 [37mDEBUG  [00m [00mKurentoWebSocketEventHandler WebSocketEventHandler.cpp:56:sendEvent:[00m Sending event: {"jsonrpc":"2.0","method":"onEvent","params":{"value":{"data":{"candidate":{"__module__":"kurento","__type__":"IceCandidate","candidate":"candidate:4 1 TCP 1015021823 172.18.0.12 9 typ host tcptype active","sdpMLineIndex":1,"sdpMid":"1"},"source":"f7d978de-56a1-4b71-b7ef-3ff4b2dab424_kurento.MediaPipeline/6546cd9f-4be6-4ffc-a562-6acee942ebd1_kurento.WebRtcEndpoint","tags":[],"timestamp":"1618979269","timestampMillis":"1618979269045","type":"OnIceCandidate"},"object":"f7d978de-56a1-4b71-b7ef-3ff4b2dab424_kurento.MediaPipeline/6546cd9f-4be6-4ffc-a562-6acee942ebd1_kurento.WebRtcEndpoint","type":"OnIceCandidate"}}}, sessionId: a1dc5234-6041-4879-bf7c-ae3357500a9e
0:47:01.203037770 [331m   24[00m 0x7f2c2809d8c0 [37mDEBUG  [00m [00mKurentoWebSocketEventHandler WebSocketEventHandler.cpp:56:sendEvent:[00m Sending event: {"jsonrpc":"2.0","method":"onEvent","params":{"value":{"data":{"candidate":{"__module__":"kurento","__type__":"IceCandidate","candidate":"candidate:6 1 TCP 1010827519 172.18.0.12 10148 typ host tcptype passive","sdpMLineIndex":0,"sdpMid":"0"},"source":"f7d978de-56a1-4b71-b7ef-3ff4b2dab424_kurento.MediaPipeline/6546cd9f-4be6-4ffc-a562-6acee942ebd1_kurento.WebRtcEndpoint","tags":[],"timestamp":"1618979269","timestampMillis":"1618979269045","type":"OnIceCandidate"},"object":"f7d978de-56a1-4b71-b7ef-3ff4b2dab424_kurento.MediaPipeline/6546cd9f-4be6-4ffc-a562-6acee942ebd1_kurento.WebRtcEndpoint","type":"OnIceCandidate"}}}, sessionId: a1dc5234-6041-4879-bf7c-ae3357500a9e
0:47:01.203107048 [331m   24[00m 0x7f2c2809d8c0 [37mDEBUG  [00m [00mKurentoWebSocketEventHandler WebSocketEventHandler.cpp:56:sendEvent:[00m Sending event: {"jsonrpc":"2.0","method":"onEvent","params":{"value":{"data":{"candidate":{"__module__":"kurento","__type__":"IceCandidate","candidate":"candidate:6 1 TCP 1010827519 172.18.0.12 10148 typ host tcptype passive","sdpMLineIndex":1,"sdpMid":"1"},"source":"f7d978de-56a1-4b71-b7ef-3ff4b2dab424_kurento.MediaPipeline/6546cd9f-4be6-4ffc-a562-6acee942ebd1_kurento.WebRtcEndpoint","tags":[],"timestamp":"1618979269","timestampMillis":"1618979269045","type":"OnIceCandidate"},"object":"f7d978de-56a1-4b71-b7ef-3ff4b2dab424_kurento.MediaPipeline/6546cd9f-4be6-4ffc-a562-6acee942ebd1_kurento.WebRtcEndpoint","type":"OnIceCandidate"}}}, sessionId: a1dc5234-6041-4879-bf7c-ae3357500a9e
0:47:01.203184346 [331m   24[00m 0x7f2c2809d8c0 [37mDEBUG  [00m [00mKurentoWebSocketEventHandler WebSocketEventHandler.cpp:56:sendEvent:[00m Sending event: {"jsonrpc":"2.0","method":"onEvent","params":{"value":{"data":{"candidate":{"__module__":"kurento","__type__":"IceCandidate","candidate":"candidate:3 2 UDP 2013266430 172.18.0.12 10137 typ host","sdpMLineIndex":0,"sdpMid":"0"},"source":"f7d978de-56a1-4b71-b7ef-3ff4b2dab424_kurento.MediaPipeline/6546cd9f-4be6-4ffc-a562-6acee942ebd1_kurento.WebRtcEndpoint","tags":[],"timestamp":"1618979269","timestampMillis":"1618979269045","type":"OnIceCandidate"},"object":"f7d978de-56a1-4b71-b7ef-3ff4b2dab424_kurento.MediaPipeline/6546cd9f-4be6-4ffc-a562-6acee942ebd1_kurento.WebRtcEndpoint","type":"OnIceCandidate"}}}, sessionId: a1dc5234-6041-4879-bf7c-ae3357500a9e
0:47:01.203265675 [331m   24[00m 0x7f2c70001d60 [37mDEBUG  [00m [00mKurentoWebSocketTransport WebSocketTransport.cpp:462:processMessage:[00m Response: {"id":242,"jsonrpc":"2.0","result":{"sessionId":"a1dc5234-6041-4879-bf7c-ae3357500a9e","value":null}}
0:47:01.203299302 [331m   24[00m 0x7f2c2809d8c0 [37mDEBUG  [00m [00mKurentoWebSocketEventHandler WebSocketEventHandler.cpp:56:sendEvent:[00m Sending event: {"jsonrpc":"2.0","method":"onEvent","params":{"value":{"data":{"candidate":{"__module__":"kurento","__type__":"IceCandidate","candidate":"candidate:3 2 UDP 2013266430 172.18.0.12 10137 typ host","sdpMLineIndex":1,"sdpMid":"1"},"source":"f7d978de-56a1-4b71-b7ef-3ff4b2dab424_kurento.MediaPipeline/6546cd9f-4be6-4ffc-a562-6acee942ebd1_kurento.WebRtcEndpoint","tags":[],"timestamp":"1618979269","timestampMillis":"1618979269045","type":"OnIceCandidate"},"object":"f7d978de-56a1-4b71-b7ef-3ff4b2dab424_kurento.MediaPipeline/6546cd9f-4be6-4ffc-a562-6acee942ebd1_kurento.WebRtcEndpoint","type":"OnIceCandidate"}}}, sessionId: a1dc5234-6041-4879-bf7c-ae3357500a9e
0:47:01.203379328 [331m   24[00m 0x7f2c2809d8c0 [37mDEBUG  [00m [00mKurentoWebSocketEventHandler WebSocketEventHandler.cpp:56:sendEvent:[00m Sending event: {"jsonrpc":"2.0","method":"onEvent","params":{"value":{"data":{"candidate":{"__module__":"kurento","__type__":"IceCandidate","candidate":"candidate:4 2 TCP 1015021822 172.18.0.12 9 typ host tcptype active","sdpMLineIndex":0,"sdpMid":"0"},"source":"f7d978de-56a1-4b71-b7ef-3ff4b2dab424_kurento.MediaPipeline/6546cd9f-4be6-4ffc-a562-6acee942ebd1_kurento.WebRtcEndpoint","tags":[],"timestamp":"1618979269","timestampMillis":"1618979269045","type":"OnIceCandidate"},"object":"f7d978de-56a1-4b71-b7ef-3ff4b2dab424_kurento.MediaPipeline/6546cd9f-4be6-4ffc-a562-6acee942ebd1_kurento.WebRtcEndpoint","type":"OnIceCandidate"}}}, sessionId: a1dc5234-6041-4879-bf7c-ae3357500a9e
0:47:01.203429430 [331m   24[00m 0x7f2c70001d60 [37mDEBUG  [00m [00mKurentoWebSocketTransport WebSocketTransport.cpp:460:processMessage:[00m Message: {"jsonrpc":"2.0","method":"invoke","params":{"object":"f7d978de-56a1-4b71-b7ef-3ff4b2dab424_kurento.MediaPipeline/751cbe9d-5d4f-4287-8584-2686d4a71d6a_datachannelexample.KmsSendData","operation":"connect","operationParams":{"sink":"f7d978de-56a1-4b71-b7ef-3ff4b2dab424_kurento.MediaPipeline/6546cd9f-4be6-4ffc-a562-6acee942ebd1_kurento.WebRtcEndpoint"},"sessionId":"a1dc5234-6041-4879-bf7c-ae3357500a9e"},"id":243}
0:47:01.203450791 [331m   24[00m 0x7f2c2809d8c0 [37mDEBUG  [00m [00mKurentoWebSocketEventHandler WebSocketEventHandler.cpp:56:sendEvent:[00m Sending event: {"jsonrpc":"2.0","method":"onEvent","params":{"value":{"data":{"candidate":{"__module__":"kurento","__type__":"IceCandidate","candidate":"candidate:4 2 TCP 1015021822 172.18.0.12 9 typ host tcptype active","sdpMLineIndex":1,"sdpMid":"1"},"source":"f7d978de-56a1-4b71-b7ef-3ff4b2dab424_kurento.MediaPipeline/6546cd9f-4be6-4ffc-a562-6acee942ebd1_kurento.WebRtcEndpoint","tags":[],"timestamp":"1618979269","timestampMillis":"1618979269045","type":"OnIceCandidate"},"object":"f7d978de-56a1-4b71-b7ef-3ff4b2dab424_kurento.MediaPipeline/6546cd9f-4be6-4ffc-a562-6acee942ebd1_kurento.WebRtcEndpoint","type":"OnIceCandidate"}}}, sessionId: a1dc5234-6041-4879-bf7c-ae3357500a9e
0:47:01.203513199 [331m   24[00m 0x7f2c2809d8c0 [37mDEBUG  [00m [00mKurentoWebSocketEventHandler WebSocketEventHandler.cpp:56:sendEvent:[00m Sending event: {"jsonrpc":"2.0","method":"onEvent","params":{"value":{"data":{"candidate":{"__module__":"kurento","__type__":"IceCandidate","candidate":"candidate:6 2 TCP 1010827518 172.18.0.12 10112 typ host tcptype passive","sdpMLineIndex":0,"sdpMid":"0"},"source":"f7d978de-56a1-4b71-b7ef-3ff4b2dab424_kurento.MediaPipeline/6546cd9f-4be6-4ffc-a562-6acee942ebd1_kurento.WebRtcEndpoint","tags":[],"timestamp":"1618979269","timestampMillis":"1618979269045","type":"OnIceCandidate"},"object":"f7d978de-56a1-4b71-b7ef-3ff4b2dab424_kurento.MediaPipeline/6546cd9f-4be6-4ffc-a562-6acee942ebd1_kurento.WebRtcEndpoint","type":"OnIceCandidate"}}}, sessionId: a1dc5234-6041-4879-bf7c-ae3357500a9e
0:47:01.203523227 [331m   24[00m 0x7f2c70001d60 [37mDEBUG  [00m [00mKurentoMediaElementImpl MediaElementImpl.cpp:902:connect:[00m Connecting f7d978de-56a1-4b71-b7ef-3ff4b2dab424_kurento.MediaPipeline/751cbe9d-5d4f-4287-8584-2686d4a71d6a_datachannelexample.KmsSendData -> f7d978de-56a1-4b71-b7ef-3ff4b2dab424_kurento.MediaPipeline/6546cd9f-4be6-4ffc-a562-6acee942ebd1_kurento.WebRtcEndpoint params AUDIO default default
0:47:01.203573915 [331m   24[00m 0x7f2c2809d8c0 [37mDEBUG  [00m [00mKurentoWebSocketEventHandler WebSocketEventHandler.cpp:56:sendEvent:[00m Sending event: {"jsonrpc":"2.0","method":"onEvent","params":{"value":{"data":{"candidate":{"__module__":"kurento","__type__":"IceCandidate","candidate":"candidate:6 2 TCP 1010827518 172.18.0.12 10112 typ host tcptype passive","sdpMLineIndex":1,"sdpMid":"1"},"source":"f7d978de-56a1-4b71-b7ef-3ff4b2dab424_kurento.MediaPipeline/6546cd9f-4be6-4ffc-a562-6acee942ebd1_kurento.WebRtcEndpoint","tags":[],"timestamp":"1618979269","timestampMillis":"1618979269045","type":"OnIceCandidate"},"object":"f7d978de-56a1-4b71-b7ef-3ff4b2dab424_kurento.MediaPipeline/6546cd9f-4be6-4ffc-a562-6acee942ebd1_kurento.WebRtcEndpoint","type":"OnIceCandidate"}}}, sessionId: a1dc5234-6041-4879-bf7c-ae3357500a9e
0:47:01.203662179 [331m   24[00m 0x7f2c70001d60 [37mDEBUG  [00m [00mKurentoMediaElementImpl MediaElementImpl.cpp:902:connect:[00m Connecting f7d978de-56a1-4b71-b7ef-3ff4b2dab424_kurento.MediaPipeline/751cbe9d-5d4f-4287-8584-2686d4a71d6a_datachannelexample.KmsSendData -> f7d978de-56a1-4b71-b7ef-3ff4b2dab424_kurento.MediaPipeline/6546cd9f-4be6-4ffc-a562-6acee942ebd1_kurento.WebRtcEndpoint params VIDEO default default
0:47:01.203709670 [331m   24[00m 0x7f2c70001d60 [37mDEBUG  [00m [00mKurentoMediaElementImpl MediaElementImpl.cpp:902:connect:[00m Connecting f7d978de-56a1-4b71-b7ef-3ff4b2dab424_kurento.MediaPipeline/751cbe9d-5d4f-4287-8584-2686d4a71d6a_datachannelexample.KmsSendData -> f7d978de-56a1-4b71-b7ef-3ff4b2dab424_kurento.MediaPipeline/6546cd9f-4be6-4ffc-a562-6acee942ebd1_kurento.WebRtcEndpoint params DATA default default
0:47:01.203800943 [331m   24[00m 0x7f2c70001d60 [37mDEBUG  [00m [00mKurentoWebSocketTransport WebSocketTransport.cpp:462:processMessage:[00m Response: {"id":243,"jsonrpc":"2.0","result":{"sessionId":"a1dc5234-6041-4879-bf7c-ae3357500a9e","value":null}}
0:47:01.271355240 [331m   24[00m 0x7f2c34001af0 [37mDEBUG  [00m [00mKurentoWebSocketTransport WebSocketTransport.cpp:460:processMessage:[00m Message: {"jsonrpc":"2.0","method":"invoke","params":{"object":"f7d978de-56a1-4b71-b7ef-3ff4b2dab424_kurento.MediaPipeline/6546cd9f-4be6-4ffc-a562-6acee942ebd1_kurento.WebRtcEndpoint","operation":"addIceCandidate","operationParams":{"candidate":{"candidate":"candidate:1 1 UDP 1686052863 184.22.71.32 49483 typ srflx raddr 0.0.0.0 rport 0","sdpMid":"0","sdpMLineIndex":0,"__module__":"kurento","__type__":"IceCandidate"}},"sessionId":"a1dc5234-6041-4879-bf7c-ae3357500a9e"},"id":244}
0:47:01.271832635 [331m   24[00m 0x7f2c34001af0 [37mDEBUG  [00m [00mKurentoWebSocketTransport WebSocketTransport.cpp:462:processMessage:[00m Response: {"id":244,"jsonrpc":"2.0","result":{"sessionId":"a1dc5234-6041-4879-bf7c-ae3357500a9e","value":null}}
0:47:01.292315510 [331m   24[00m 0x7f2c2809d8c0 [37mDEBUG  [00m [00mKurentoWebSocketEventHandler WebSocketEventHandler.cpp:56:sendEvent:[00m Sending event: {"jsonrpc":"2.0","method":"onEvent","params":{"value":{"data":{"candidate":{"__module__":"kurento","__type__":"IceCandidate","candidate":"candidate:7 1 UDP 1677722111 203.151.66.107 10171 typ srflx raddr 172.18.0.12 rport 10171","sdpMLineIndex":0,"sdpMid":"0"},"source":"f7d978de-56a1-4b71-b7ef-3ff4b2dab424_kurento.MediaPipeline/6546cd9f-4be6-4ffc-a562-6acee942ebd1_kurento.WebRtcEndpoint","tags":[],"timestamp":"1618979269","timestampMillis":"1618979269134","type":"OnIceCandidate"},"object":"f7d978de-56a1-4b71-b7ef-3ff4b2dab424_kurento.MediaPipeline/6546cd9f-4be6-4ffc-a562-6acee942ebd1_kurento.WebRtcEndpoint","type":"OnIceCandidate"}}}, sessionId: a1dc5234-6041-4879-bf7c-ae3357500a9e
0:47:01.292469999 [331m   24[00m 0x7f2c2809d8c0 [37mDEBUG  [00m [00mKurentoWebSocketEventHandler WebSocketEventHandler.cpp:56:sendEvent:[00m Sending event: {"jsonrpc":"2.0","method":"onEvent","params":{"value":{"data":{"candidate":{"__module__":"kurento","__type__":"IceCandidate","candidate":"candidate:7 1 UDP 1677722111 203.151.66.107 10171 typ srflx raddr 172.18.0.12 rport 10171","sdpMLineIndex":1,"sdpMid":"1"},"source":"f7d978de-56a1-4b71-b7ef-3ff4b2dab424_kurento.MediaPipeline/6546cd9f-4be6-4ffc-a562-6acee942ebd1_kurento.WebRtcEndpoint","tags":[],"timestamp":"1618979269","timestampMillis":"1618979269134","type":"OnIceCandidate"},"object":"f7d978de-56a1-4b71-b7ef-3ff4b2dab424_kurento.MediaPipeline/6546cd9f-4be6-4ffc-a562-6acee942ebd1_kurento.WebRtcEndpoint","type":"OnIceCandidate"}}}, sessionId: a1dc5234-6041-4879-bf7c-ae3357500a9e
0:47:01.292689512 [331m   24[00m 0x7f2c2809d8c0 [37mDEBUG  [00m [00mKurentoWebSocketEventHandler WebSocketEventHandler.cpp:56:sendEvent:[00m Sending event: {"jsonrpc":"2.0","method":"onEvent","params":{"value":{"data":{"candidate":{"__module__":"kurento","__type__":"IceCandidate","candidate":"candidate:8 1 TCP 847249663 203.151.66.107 9 typ srflx raddr 172.18.0.12 rport 9 tcptype active","sdpMLineIndex":0,"sdpMid":"0"},"source":"f7d978de-56a1-4b71-b7ef-3ff4b2dab424_kurento.MediaPipeline/6546cd9f-4be6-4ffc-a562-6acee942ebd1_kurento.WebRtcEndpoint","tags":[],"timestamp":"1618979269","timestampMillis":"1618979269135","type":"OnIceCandidate"},"object":"f7d978de-56a1-4b71-b7ef-3ff4b2dab424_kurento.MediaPipeline/6546cd9f-4be6-4ffc-a562-6acee942ebd1_kurento.WebRtcEndpoint","type":"OnIceCandidate"}}}, sessionId: a1dc5234-6041-4879-bf7c-ae3357500a9e
0:47:01.292778897 [331m   24[00m 0x7f2c2809d8c0 [37mDEBUG  [00m [00mKurentoWebSocketEventHandler WebSocketEventHandler.cpp:56:sendEvent:[00m Sending event: {"jsonrpc":"2.0","method":"onEvent","params":{"value":{"data":{"candidate":{"__module__":"kurento","__type__":"IceCandidate","candidate":"candidate:8 1 TCP 847249663 203.151.66.107 9 typ srflx raddr 172.18.0.12 rport 9 tcptype active","sdpMLineIndex":1,"sdpMid":"1"},"source":"f7d978de-56a1-4b71-b7ef-3ff4b2dab424_kurento.MediaPipeline/6546cd9f-4be6-4ffc-a562-6acee942ebd1_kurento.WebRtcEndpoint","tags":[],"timestamp":"1618979269","timestampMillis":"1618979269135","type":"OnIceCandidate"},"object":"f7d978de-56a1-4b71-b7ef-3ff4b2dab424_kurento.MediaPipeline/6546cd9f-4be6-4ffc-a562-6acee942ebd1_kurento.WebRtcEndpoint","type":"OnIceCandidate"}}}, sessionId: a1dc5234-6041-4879-bf7c-ae3357500a9e
0:47:01.293000536 [331m   24[00m 0x7f2c2809d8c0 [37mDEBUG  [00m [00mKurentoWebSocketEventHandler WebSocketEventHandler.cpp:56:sendEvent:[00m Sending event: {"jsonrpc":"2.0","method":"onEvent","params":{"value":{"data":{"candidate":{"__module__":"kurento","__type__":"IceCandidate","candidate":"candidate:9 1 TCP 843055359 203.151.66.107 10148 typ srflx raddr 172.18.0.12 rport 10148 tcptype passive","sdpMLineIndex":0,"sdpMid":"0"},"source":"f7d978de-56a1-4b71-b7ef-3ff4b2dab424_kurento.MediaPipeline/6546cd9f-4be6-4ffc-a562-6acee942ebd1_kurento.WebRtcEndpoint","tags":[],"timestamp":"1618979269","timestampMillis":"1618979269135","type":"OnIceCandidate"},"object":"f7d978de-56a1-4b71-b7ef-3ff4b2dab424_kurento.MediaPipeline/6546cd9f-4be6-4ffc-a562-6acee942ebd1_kurento.WebRtcEndpoint","type":"OnIceCandidate"}}}, sessionId: a1dc5234-6041-4879-bf7c-ae3357500a9e
0:47:01.293111797 [331m   24[00m 0x7f2c2809d8c0 [37mDEBUG  [00m [00mKurentoWebSocketEventHandler WebSocketEventHandler.cpp:56:sendEvent:[00m Sending event: {"jsonrpc":"2.0","method":"onEvent","params":{"value":{"data":{"candidate":{"__module__":"kurento","__type__":"IceCandidate","candidate":"candidate:9 1 TCP 843055359 203.151.66.107 10148 typ srflx raddr 172.18.0.12 rport 10148 tcptype passive","sdpMLineIndex":1,"sdpMid":"1"},"source":"f7d978de-56a1-4b71-b7ef-3ff4b2dab424_kurento.MediaPipeline/6546cd9f-4be6-4ffc-a562-6acee942ebd1_kurento.WebRtcEndpoint","tags":[],"timestamp":"1618979269","timestampMillis":"1618979269135","type":"OnIceCandidate"},"object":"f7d978de-56a1-4b71-b7ef-3ff4b2dab424_kurento.MediaPipeline/6546cd9f-4be6-4ffc-a562-6acee942ebd1_kurento.WebRtcEndpoint","type":"OnIceCandidate"}}}, sessionId: a1dc5234-6041-4879-bf7c-ae3357500a9e
0:47:01.296297219 [331m   24[00m 0x7f2c28001e90 [37mDEBUG  [00m [00mKurentoWebSocketTransport WebSocketTransport.cpp:460:processMessage:[00m Message: {"jsonrpc":"2.0","method":"invoke","params":{"object":"f7d978de-56a1-4b71-b7ef-3ff4b2dab424_kurento.MediaPipeline/6546cd9f-4be6-4ffc-a562-6acee942ebd1_kurento.WebRtcEndpoint","operation":"addIceCandidate","operationParams":{"candidate":{"candidate":"candidate:1 2 UDP 1686052862 184.22.71.32 49484 typ srflx raddr 0.0.0.0 rport 0","sdpMid":"0","sdpMLineIndex":0,"__module__":"kurento","__type__":"IceCandidate"}},"sessionId":"a1dc5234-6041-4879-bf7c-ae3357500a9e"},"id":245}
0:47:01.296728431 [331m   24[00m 0x7f2c28001e90 [37mDEBUG  [00m [00mKurentoWebSocketTransport WebSocketTransport.cpp:462:processMessage:[00m Response: {"id":245,"jsonrpc":"2.0","result":{"sessionId":"a1dc5234-6041-4879-bf7c-ae3357500a9e","value":null}}
0:47:01.297065398 [331m   24[00m 0x7f2c74007980 [37mDEBUG  [00m [00mKurentoWebSocketTransport WebSocketTransport.cpp:460:processMessage:[00m Message: {"jsonrpc":"2.0","method":"invoke","params":{"object":"f7d978de-56a1-4b71-b7ef-3ff4b2dab424_kurento.MediaPipeline/6546cd9f-4be6-4ffc-a562-6acee942ebd1_kurento.WebRtcEndpoint","operation":"addIceCandidate","operationParams":{"candidate":{"candidate":"","sdpMid":"0","sdpMLineIndex":0,"__module__":"kurento","__type__":"IceCandidate"}},"sessionId":"a1dc5234-6041-4879-bf7c-ae3357500a9e"},"id":246}
0:47:01.297680164 [331m   24[00m 0x7f2c74007980 [37mDEBUG  [00m [00mKurentoWebSocketTransport WebSocketTransport.cpp:462:processMessage:[00m Response: {"error":{"code":40401,"data":{"type":"ICE_ADD_CANDIDATE_ERROR"},"message":"Error adding candidate"},"id":246,"jsonrpc":"2.0"}
0:47:01.340035630 [331m   24[00m 0x7f2c20010f20 [37mDEBUG  [00m [00mKurentoWebRtcEndpointImpl WebRtcEndpointImpl.cpp:292:newSelectedPairFull:<kmswebrtcendpoint9>[00m New candidate pair selected, local: 'candidate:7 1 UDP 1677722111 203.151.66.107 10171 typ srflx raddr 172.18.0.12 rport 10171', remote: 'candidate:1 1 UDP 1686052863 184.22.71.32 49483 typ srflx', stream_id: '1', component_id: 1
0:47:02.206313694 [331m   24[00m 0x7f2bd4102450 [37mDEBUG  [00m [00mKurentoMediaElementImpl MediaElementImpl.cpp:492:mediaFlowInStateChange:<kmswebrtcendpoint9>[00m MediaFlowInStateChange: FLOWING, pad: 'default', type: 'audio'
0:47:02.250719887 [331m   24[00m 0x7f2ac8005400 [37mDEBUG  [00m [00mKurentoMediaElementImpl MediaElementImpl.cpp:492:mediaFlowInStateChange:<kmswebrtcendpoint9>[00m MediaFlowInStateChange: FLOWING, pad: 'default', type: 'video'
0:47:04.962916180 [331m   24[00m 0x7f2c30001950 [36mINFO   [00m [00mKurentoWebSocketTransport WebSocketTransport.cpp:296:keepAliveSessions:[00m Keep alive a1dc5234-6041-4879-bf7c-ae3357500a9e
0:47:05.423620529 [331m   24[00m 0x7f2c34001af0 [37mDEBUG  [00m [00mKurentoWebSocketTransport WebSocketTransport.cpp:460:processMessage:[00m Message: {"jsonrpc":"2.0","method":"ping","id":247}
0:47:05.425148156 [331m   24[00m 0x7f2c34001af0 [36mINFO   [00m [00mKurentoServerMethods ServerMethods.cpp:814:ping:[00m WebSocket Ping/Pong with sessionId a1dc5234-6041-4879-bf7c-ae3357500a9e
0:47:05.426471604 [331m   24[00m 0x7f2c34001af0 [37mDEBUG  [00m [00mKurentoWebSocketTransport WebSocketTransport.cpp:462:processMessage:[00m Response: {"id":247,"jsonrpc":"2.0","result":{"sessionId":"a1dc5234-6041-4879-bf7c-ae3357500a9e","value":"pong"}}
0:48:04.959292074 [331m   24[00m 0x7f2c6c001c30 [37mDEBUG  [00m [00m     KurentoMediaSet MediaSet.cpp:123:doGarbageCollection:[00m Running garbage collector
0:48:04.963190454 [331m   24[00m 0x7f2c30001950 [36mINFO   [00m [00mKurentoWebSocketTransport WebSocketTransport.cpp:296:keepAliveSessions:[00m Keep alive a1dc5234-6041-4879-bf7c-ae3357500a9e
0:48:05.424921889 [331m   24[00m 0x7f2c2c001790 [37mDEBUG  [00m [00mKurentoWebSocketTransport WebSocketTransport.cpp:460:processMessage:[00m Message: {"jsonrpc":"2.0","method":"ping","id":248}
0:48:05.425101471 [331m   24[00m 0x7f2c2c001790 [36mINFO   [00m [00mKurentoServerMethods ServerMethods.cpp:814:ping:[00m WebSocket Ping/Pong with sessionId a1dc5234-6041-4879-bf7c-ae3357500a9e
0:48:05.425220631 [331m   24[00m 0x7f2c2c001790 [37mDEBUG  [00m [00mKurentoWebSocketTransport WebSocketTransport.cpp:462:processMessage:[00m Response: {"id":248,"jsonrpc":"2.0","result":{"sessionId":"a1dc5234-6041-4879-bf7c-ae3357500a9e","value":"pong"}}
0:49:04.963433995 [331m   24[00m 0x7f2c30001950 [36mINFO   [00m [00mKurentoWebSocketTransport WebSocketTransport.cpp:296:keepAliveSessions:[00m Keep alive a1dc5234-6041-4879-bf7c-ae3357500a9e
0:49:05.427503932 [331m   24[00m 0x7f2c78001840 [37mDEBUG  [00m [00mKurentoWebSocketTransport WebSocketTransport.cpp:460:processMessage:[00m Message: {"jsonrpc":"2.0","method":"ping","id":249}
0:49:05.427670261 [331m   24[00m 0x7f2c78001840 [36mINFO   [00m [00mKurentoServerMethods ServerMethods.cpp:814:ping:[00m WebSocket Ping/Pong with sessionId a1dc5234-6041-4879-bf7c-ae3357500a9e
0:49:05.427792382 [331m   24[00m 0x7f2c78001840 [37mDEBUG  [00m [00mKurentoWebSocketTransport WebSocketTransport.cpp:462:processMessage:[00m Response: {"id":249,"jsonrpc":"2.0","result":{"sessionId":"a1dc5234-6041-4879-bf7c-ae3357500a9e","value":"pong"}}
0:50:04.963640112 [331m   24[00m 0x7f2c30001950 [36mINFO   [00m [00mKurentoWebSocketTransport WebSocketTransport.cpp:296:keepAliveSessions:[00m Keep alive a1dc5234-6041-4879-bf7c-ae3357500a9e
0:50:05.429140388 [331m   24[00m 0x7f2c70001600 [37mDEBUG  [00m [00mKurentoWebSocketTransport WebSocketTransport.cpp:460:processMessage:[00m Message: {"jsonrpc":"2.0","method":"ping","id":250}
0:50:05.429343362 [331m   24[00m 0x7f2c70001600 [36mINFO   [00m [00mKurentoServerMethods ServerMethods.cpp:814:ping:[00m WebSocket Ping/Pong with sessionId a1dc5234-6041-4879-bf7c-ae3357500a9e
0:50:05.429508356 [331m   24[00m 0x7f2c70001600 [37mDEBUG  [00m [00mKurentoWebSocketTransport WebSocketTransport.cpp:462:processMessage:[00m Response: {"id":250,"jsonrpc":"2.0","result":{"sessionId":"a1dc5234-6041-4879-bf7c-ae3357500a9e","value":"pong"}}
0:51:04.963855877 [331m   24[00m 0x7f2c30001950 [36mINFO   [00m [00mKurentoWebSocketTransport WebSocketTransport.cpp:296:keepAliveSessions:[00m Keep alive a1dc5234-6041-4879-bf7c-ae3357500a9e
0:51:05.438229781 [331m   24[00m 0x7f2c28001e90 [37mDEBUG  [00m [00mKurentoWebSocketTransport WebSocketTransport.cpp:460:processMessage:[00m Message: {"jsonrpc":"2.0","method":"ping","id":251}
0:51:05.438404124 [331m   24[00m 0x7f2c28001e90 [36mINFO   [00m [00mKurentoServerMethods ServerMethods.cpp:814:ping:[00m WebSocket Ping/Pong with sessionId a1dc5234-6041-4879-bf7c-ae3357500a9e
0:51:05.438511956 [331m   24[00m 0x7f2c28001e90 [37mDEBUG  [00m [00mKurentoWebSocketTransport WebSocketTransport.cpp:462:processMessage:[00m Response: {"id":251,"jsonrpc":"2.0","result":{"sessionId":"a1dc5234-6041-4879-bf7c-ae3357500a9e","value":"pong"}}
0:52:04.959492776 [331m   24[00m 0x7f2c6c001c30 [37mDEBUG  [00m [00m     KurentoMediaSet MediaSet.cpp:123:doGarbageCollection:[00m Running garbage collector
0:52:04.964021323 [331m   24[00m 0x7f2c30001950 [36mINFO   [00m [00mKurentoWebSocketTransport WebSocketTransport.cpp:296:keepAliveSessions:[00m Keep alive a1dc5234-6041-4879-bf7c-ae3357500a9e
0:52:05.438644879 [331m   24[00m 0x7f2c5c001c60 [37mDEBUG  [00m [00mKurentoWebSocketTransport WebSocketTransport.cpp:460:processMessage:[00m Message: {"jsonrpc":"2.0","method":"ping","id":252}
0:52:05.438866190 [331m   24[00m 0x7f2c5c001c60 [36mINFO   [00m [00mKurentoServerMethods ServerMethods.cpp:814:ping:[00m WebSocket Ping/Pong with sessionId a1dc5234-6041-4879-bf7c-ae3357500a9e
0:52:05.438989464 [331m   24[00m 0x7f2c5c001c60 [37mDEBUG  [00m [00mKurentoWebSocketTransport WebSocketTransport.cpp:462:processMessage:[00m Response: {"id":252,"jsonrpc":"2.0","result":{"sessionId":"a1dc5234-6041-4879-bf7c-ae3357500a9e","value":"pong"}}
