5:08:56.605892610 [335m   58[00m 0x7f06ac001e90 [37mDEBUG  [00m [00mKurentoWebSocketTransport WebSocketTransport.cpp:521:processMessage:[00m Response: {"id":426,"jsonrpc":"2.0","result":{"sessionId":"8a854ca7-a906-4acd-8dac-579e848c8a41","value":"v=0\r\no=- 3878948373 3878948373 IN IP4 0.0.0.0\r\ns=Kurento Media Server\r\nc=IN IP4 0.0.0.0\r\nt=0 0\r\na=extmap-allow-mixed:\r\na=msid-semantic: WMS\r\na=group:BUNDLE 0 1 2\r\nm=video 1 UDP/TLS/RTP/SAVPF 96 102 127 125 108 124 39 41 43 123\r\na=extmap:2 http://www.webrtc.org/experiments/rtp-hdrext/abs-send-time\r\na=sendonly\r\na=mid:0\r\na=rtcp:9 IN IP4 0.0.0.0\r\na=rtpmap:96 VP8/90000\r\na=rtpmap:102 H264/90000\r\na=rtpmap:127 H264/90000\r\na=rtpmap:125 H264/90000\r\na=rtpmap:108 H264/90000\r\na=rtpmap:124 H264/90000\r\na=rtpmap:39 H264/90000\r\na=rtpmap:41 H264/90000\r\na=rtpmap:43 H264/90000\r\na=rtpmap:123 H264/90000\r\na=rtcp-fb:96 goog-remb\r\na=rtcp-fb:96 ccm fir\r\na=rtcp-fb:96 nack\r\na=rtcp-fb:96 nack pli\r\na=rtcp-fb:102 goog-remb\r\na=rtcp-fb:102 ccm fir\r\na=rtcp-fb:102 nack\r\na=rtcp-fb:102 nack pli\r\na=rtcp-fb:127 goog-remb\r\na=rtcp-fb:127 ccm fir\r\na=rtcp-fb:127 nack\r\na=rtcp-fb:127 nack pli\r\na=rtcp-fb:125 goog-remb\r\na=rtcp-fb:125 ccm fir\r\na=rtcp-fb:125 nack\r\na=rtcp-fb:125 nack pli\r\na=rtcp-fb:108 goog-remb\r\na=rtcp-fb:108 ccm fir\r\na=rtcp-fb:108 nack\r\na=rtcp-fb:108 nack pli\r\na=rtcp-fb:124 goog-remb\r\na=rtcp-fb:124 ccm fir\r\na=rtcp-fb:124 nack\r\na=rtcp-fb:124 nack pli\r\na=rtcp-fb:39 goog-remb\r\na=rtcp-fb:39 ccm fir\r\na=rtcp-fb:39 nack\r\na=rtcp-fb:39 nack pli\r\na=rtcp-fb:41 goog-remb\r\na=rtcp-fb:41 ccm fir\r\na=rtcp-fb:41 nack\r\na=rtcp-fb:41 nack pli\r\na=rtcp-fb:43 goog-remb\r\na=rtcp-fb:43 ccm fir\r\na=rtcp-fb:43 nack\r\na=rtcp-fb:43 nack pli\r\na=rtcp-fb:123 goog-remb\r\na=rtcp-fb:123 ccm fir\r\na=rtcp-fb:123 nack\r\na=rtcp-fb:123 nack pli\r\na=setup:active\r\na=rtcp-mux\r\na=fmtp:102 level-asymmetry-allowed=1;packetization-mode=1;profile-level-id=42001f\r\na=fmtp:127 level-asymmetry-allowed=1;packetization-mode=0;profile-level-id=42001f\r\na=fmtp:125 level-asymmetry-allowed=1;packetization-mode=1;profile-level-id=42e01f\r\na=fmtp:108 level-asymmetry-allowed=1;packetization-mode=0;profile-level-id=42e01f\r\na=fmtp:124 level-asymmetry-allowed=1;packetization-mode=1;profile-level-id=4d001f\r\na=fmtp:39 level-asymmetry-allowed=1;packetization-mode=0;profile-level-id=4d001f\r\na=fmtp:41 level-asymmetry-allowed=1;packetization-mode=1;profile-level-id=f4001f\r\na=fmtp:43 level-asymmetry-allowed=1;packetization-mode=0;profile-level-id=f4001f\r\na=fmtp:123 level-asymmetry-allowed=1;packetization-mode=1;profile-level-id=64001f\r\na=ssrc:1667779340 cname:user2785678617@host-f21ffcd9\r\na=ice-ufrag:PT6K\r\na=ice-pwd:0S4c4D6FkmIlB/tdPkwkZ2\r\na=fingerprint:sha-256 14:52:47:97:5E:89:16:F8:7F:A6:8B:7C:9B:75:CC:D6:57:13:58:53:50:80:88:16:F6:62:D9:65:F6:B4:EF:A1\r\nm=audio 1 UDP/TLS/RTP/SAVPF 111 0\r\na=extmap:2 http://www.webrtc.org/experiments/rtp-hdrext/abs-send-time\r\na=sendonly\r\na=mid:1\r\na=rtcp:9 IN IP4 0.0.0.0\r\na=rtpmap:111 opus/48000/2\r\na=rtpmap:0 PCMU/8000\r\na=setup:active\r\na=rtcp-mux\r\na=fmtp:111 minptime=10;useinbandfec=1\r\na=ssrc:627635791 cname:user2785678617@host-f21ffcd9\r\na=ice-ufrag:PT6K\r\na=ice-pwd:0S4c4D6FkmIlB/tdPkwkZ2\r\na=fingerprint:sha-256 14:52:47:97:5E:89:16:F8:7F:A6:8B:7C:9B:75:CC:D6:57:13:58:53:50:80:88:16:F6:62:D9:65:F6:B4:EF:A1\r\nm=application 1 UDP/DTLS/SCTP webrtc-datachannel\r\na=mid:2\r\na=sctp-port:5000\r\na=setup:active\r\na=ice-ufrag:PT6K\r\na=ice-pwd:0S4c4D6FkmIlB/tdPkwkZ2\r\na=fingerprint:sha-256 14:52:47:97:5E:89:16:F8:7F:A6:8B:7C:9B:75:CC:D6:57:13:58:53:50:80:88:16:F6:62:D9:65:F6:B4:EF:A1\r\n"}}
5:08:56.638277360 [335m   58[00m 0x7f06e8001d20 [37mDEBUG  [00m [00mKurentoWebSocketTransport WebSocketTransport.cpp:519:processMessage:[00m Message: {"jsonrpc":"2.0","method":"invoke","params":{"object":"89dfba65-5d1a-4499-89fb-57e0208eef5c_kurento.MediaPipeline/4235ed8d-e8d4-461e-92de-beb33bc8f8c6_kurento.WebRtcEndpoint","operation":"gatherCandidates","sessionId":"8a854ca7-a906-4acd-8dac-579e848c8a41"},"id":427}
5:08:56.641342444 [335m   58[00m 0x7f0640004660 [37mDEBUG  [00m [00mKurentoWebSocketEventHandler WebSocketEventHandler.cpp:56:sendEvent:[00m Sending event: {"jsonrpc":"2.0","method":"onEvent","params":{"value":{"data":{"candidate":{"__module__":"kurento","__type__":"IceCandidate","candidate":"candidate:1 1 UDP 2015363327 172.18.0.14 11111 typ host","sdpMLineIndex":2,"sdpMid":"2"},"source":"89dfba65-5d1a-4499-89fb-57e0208eef5c_kurento.MediaPipeline/4235ed8d-e8d4-461e-92de-beb33bc8f8c6_kurento.WebRtcEndpoint","tags":[],"timestamp":"1669959573","timestampMillis":"1669959573946","type":"OnIceCandidate"},"object":"89dfba65-5d1a-4499-89fb-57e0208eef5c_kurento.MediaPipeline/4235ed8d-e8d4-461e-92de-beb33bc8f8c6_kurento.WebRtcEndpoint","type":"OnIceCandidate"}}}, sessionId: 8a854ca7-a906-4acd-8dac-579e848c8a41
5:08:56.641851146 [335m   58[00m 0x7f065c004700 [37mDEBUG  [00m [00mKurentoWebSocketEventHandler WebSocketEventHandler.cpp:56:sendEvent:[00m Sending event: {"jsonrpc":"2.0","method":"onEvent","params":{"value":{"data":{"candidate":{"__module__":"kurento","__type__":"IceCandidate","candidate":"candidate:2 1 TCP 1015021823 172.18.0.14 9 typ host tcptype active","sdpMLineIndex":2,"sdpMid":"2"},"source":"89dfba65-5d1a-4499-89fb-57e0208eef5c_kurento.MediaPipeline/4235ed8d-e8d4-461e-92de-beb33bc8f8c6_kurento.WebRtcEndpoint","tags":[],"timestamp":"1669959573","timestampMillis":"1669959573946","type":"OnIceCandidate"},"object":"89dfba65-5d1a-4499-89fb-57e0208eef5c_kurento.MediaPipeline/4235ed8d-e8d4-461e-92de-beb33bc8f8c6_kurento.WebRtcEndpoint","type":"OnIceCandidate"}}}, sessionId: 8a854ca7-a906-4acd-8dac-579e848c8a41
5:08:56.641948700 [335m   58[00m 0x7f06b4085260 [37mDEBUG  [00m [00mKurentoWebSocketEventHandler WebSocketEventHandler.cpp:56:sendEvent:[00m Sending event: {"jsonrpc":"2.0","method":"onEvent","params":{"value":{"data":{"candidate":{"__module__":"kurento","__type__":"IceCandidate","candidate":"candidate:3 1 TCP 1010827519 172.18.0.14 11143 typ host tcptype passive","sdpMLineIndex":0,"sdpMid":"0"},"source":"89dfba65-5d1a-4499-89fb-57e0208eef5c_kurento.MediaPipeline/4235ed8d-e8d4-461e-92de-beb33bc8f8c6_kurento.WebRtcEndpoint","tags":[],"timestamp":"1669959573","timestampMillis":"1669959573946","type":"OnIceCandidate"},"object":"89dfba65-5d1a-4499-89fb-57e0208eef5c_kurento.MediaPipeline/4235ed8d-e8d4-461e-92de-beb33bc8f8c6_kurento.WebRtcEndpoint","type":"OnIceCandidate"}}}, sessionId: 8a854ca7-a906-4acd-8dac-579e848c8a41
5:08:56.641977214 [335m   58[00m 0x7f0640004660 [37mDEBUG  [00m [00mKurentoWebSocketEventHandler WebSocketEventHandler.cpp:56:sendEvent:[00m Sending event: {"jsonrpc":"2.0","method":"onEvent","params":{"value":{"data":{"candidate":{"__module__":"kurento","__type__":"IceCandidate","candidate":"candidate:3 2 TCP 1010827518 172.18.0.14 11129 typ host tcptype passive","sdpMLineIndex":0,"sdpMid":"0"},"source":"89dfba65-5d1a-4499-89fb-57e0208eef5c_kurento.MediaPipeline/4235ed8d-e8d4-461e-92de-beb33bc8f8c6_kurento.WebRtcEndpoint","tags":[],"timestamp":"1669959573","timestampMillis":"1669959573946","type":"OnIceCandidate"},"object":"89dfba65-5d1a-4499-89fb-57e0208eef5c_kurento.MediaPipeline/4235ed8d-e8d4-461e-92de-beb33bc8f8c6_kurento.WebRtcEndpoint","type":"OnIceCandidate"}}}, sessionId: 8a854ca7-a906-4acd-8dac-579e848c8a41
5:08:56.641994524 [335m   58[00m 0x7f0644004580 [37mDEBUG  [00m [00mKurentoWebSocketEventHandler WebSocketEventHandler.cpp:56:sendEvent:[00m Sending event: {"jsonrpc":"2.0","method":"onEvent","params":{"value":{"data":{"candidate":{"__module__":"kurento","__type__":"IceCandidate","candidate":"candidate:2 2 TCP 1015021822 172.18.0.14 9 typ host tcptype active","sdpMLineIndex":2,"sdpMid":"2"},"source":"89dfba65-5d1a-4499-89fb-57e0208eef5c_kurento.MediaPipeline/4235ed8d-e8d4-461e-92de-beb33bc8f8c6_kurento.WebRtcEndpoint","tags":[],"timestamp":"1669959573","timestampMillis":"1669959573946","type":"OnIceCandidate"},"object":"89dfba65-5d1a-4499-89fb-57e0208eef5c_kurento.MediaPipeline/4235ed8d-e8d4-461e-92de-beb33bc8f8c6_kurento.WebRtcEndpoint","type":"OnIceCandidate"}}}, sessionId: 8a854ca7-a906-4acd-8dac-579e848c8a41
5:08:56.641950335 [335m   58[00m 0x7f06f0077a70 [37mDEBUG  [00m [00mKurentoWebSocketEventHandler WebSocketEventHandler.cpp:56:sendEvent:[00m Sending event: {"jsonrpc":"2.0","method":"onEvent","params":{"value":{"data":{"candidate":{"__module__":"kurento","__type__":"IceCandidate","candidate":"candidate:2 2 TCP 1015021822 172.18.0.14 9 typ host tcptype active","sdpMLineIndex":0,"sdpMid":"0"},"source":"89dfba65-5d1a-4499-89fb-57e0208eef5c_kurento.MediaPipeline/4235ed8d-e8d4-461e-92de-beb33bc8f8c6_kurento.WebRtcEndpoint","tags":[],"timestamp":"1669959573","timestampMillis":"1669959573946","type":"OnIceCandidate"},"object":"89dfba65-5d1a-4499-89fb-57e0208eef5c_kurento.MediaPipeline/4235ed8d-e8d4-461e-92de-beb33bc8f8c6_kurento.WebRtcEndpoint","type":"OnIceCandidate"}}}, sessionId: 8a854ca7-a906-4acd-8dac-579e848c8a41
5:08:56.641998470 [335m   58[00m 0x7f06e8001d20 [37mDEBUG  [00m [00mKurentoWebSocketTransport WebSocketTransport.cpp:521:processMessage:[00m Response: {"id":427,"jsonrpc":"2.0","result":{"sessionId":"8a854ca7-a906-4acd-8dac-579e848c8a41","value":null}}
5:08:56.641989274 [335m   58[00m 0x7f065c004700 [37mDEBUG  [00m [00mKurentoWebSocketEventHandler WebSocketEventHandler.cpp:56:sendEvent:[00m Sending event: {"jsonrpc":"2.0","method":"onEvent","params":{"value":{"data":{"candidate":{"__module__":"kurento","__type__":"IceCandidate","candidate":"candidate:3 2 TCP 1010827518 172.18.0.14 11129 typ host tcptype passive","sdpMLineIndex":1,"sdpMid":"1"},"source":"89dfba65-5d1a-4499-89fb-57e0208eef5c_kurento.MediaPipeline/4235ed8d-e8d4-461e-92de-beb33bc8f8c6_kurento.WebRtcEndpoint","tags":[],"timestamp":"1669959573","timestampMillis":"1669959573946","type":"OnIceCandidate"},"object":"89dfba65-5d1a-4499-89fb-57e0208eef5c_kurento.MediaPipeline/4235ed8d-e8d4-461e-92de-beb33bc8f8c6_kurento.WebRtcEndpoint","type":"OnIceCandidate"}}}, sessionId: 8a854ca7-a906-4acd-8dac-579e848c8a41
5:08:56.642115281 [335m   58[00m 0x7f06f00aaf50 [37mDEBUG  [00m [00mKurentoWebSocketEventHandler WebSocketEventHandler.cpp:56:sendEvent:[00m Sending event: {"jsonrpc":"2.0","method":"onEvent","params":{"value":{"data":{"candidate":{"__module__":"kurento","__type__":"IceCandidate","candidate":"candidate:1 2 UDP 2015363326 172.18.0.14 11136 typ host","sdpMLineIndex":1,"sdpMid":"1"},"source":"89dfba65-5d1a-4499-89fb-57e0208eef5c_kurento.MediaPipeline/4235ed8d-e8d4-461e-92de-beb33bc8f8c6_kurento.WebRtcEndpoint","tags":[],"timestamp":"1669959573","timestampMillis":"1669959573946","type":"OnIceCandidate"},"object":"89dfba65-5d1a-4499-89fb-57e0208eef5c_kurento.MediaPipeline/4235ed8d-e8d4-461e-92de-beb33bc8f8c6_kurento.WebRtcEndpoint","type":"OnIceCandidate"}}}, sessionId: 8a854ca7-a906-4acd-8dac-579e848c8a41
5:08:56.642131772 [335m   58[00m 0x7f06ac05a520 [37mDEBUG  [00m [00mKurentoWebSocketEventHandler WebSocketEventHandler.cpp:56:sendEvent:[00m Sending event: {"jsonrpc":"2.0","method":"onEvent","params":{"value":{"data":{"candidate":{"__module__":"kurento","__type__":"IceCandidate","candidate":"candidate:3 1 TCP 1010827519 172.18.0.14 11143 typ host tcptype passive","sdpMLineIndex":2,"sdpMid":"2"},"source":"89dfba65-5d1a-4499-89fb-57e0208eef5c_kurento.MediaPipeline/4235ed8d-e8d4-461e-92de-beb33bc8f8c6_kurento.WebRtcEndpoint","tags":[],"timestamp":"1669959573","timestampMillis":"1669959573946","type":"OnIceCandidate"},"object":"89dfba65-5d1a-4499-89fb-57e0208eef5c_kurento.MediaPipeline/4235ed8d-e8d4-461e-92de-beb33bc8f8c6_kurento.WebRtcEndpoint","type":"OnIceCandidate"}}}, sessionId: 8a854ca7-a906-4acd-8dac-579e848c8a41
5:08:56.642167591 [335m   58[00m 0x7f06e8001d20 [37mDEBUG  [00m [00mKurentoWebSocketTransport WebSocketTransport.cpp:519:processMessage:[00m Message: {"jsonrpc":"2.0","method":"invoke","params":{"object":"89dfba65-5d1a-4499-89fb-57e0208eef5c_kurento.MediaPipeline/4235ed8d-e8d4-461e-92de-beb33bc8f8c6_kurento.WebRtcEndpoint","operation":"addIceCandidate","operationParams":{"candidate":{"candidate":"candidate:2148253082 1 udp 2113937151 8f3327ac-f4e0-400a-bcd8-069708105524.local 57865 typ host generation 0 ufrag EO09 network-cost 999","sdpMid":"0","sdpMLineIndex":0,"__module__":"kurento","__type__":"IceCandidate"}},"sessionId":"8a854ca7-a906-4acd-8dac-579e848c8a41"},"id":428}
5:08:56.642014406 [335m   58[00m 0x7f064c004720 [37mDEBUG  [00m [00mKurentoWebSocketEventHandler WebSocketEventHandler.cpp:56:sendEvent:[00m Sending event: {"jsonrpc":"2.0","method":"onEvent","params":{"value":{"data":{"candidate":{"__module__":"kurento","__type__":"IceCandidate","candidate":"candidate:1 2 UDP 2015363326 172.18.0.14 11136 typ host","sdpMLineIndex":0,"sdpMid":"0"},"source":"89dfba65-5d1a-4499-89fb-57e0208eef5c_kurento.MediaPipeline/4235ed8d-e8d4-461e-92de-beb33bc8f8c6_kurento.WebRtcEndpoint","tags":[],"timestamp":"1669959573","timestampMillis":"1669959573946","type":"OnIceCandidate"},"object":"89dfba65-5d1a-4499-89fb-57e0208eef5c_kurento.MediaPipeline/4235ed8d-e8d4-461e-92de-beb33bc8f8c6_kurento.WebRtcEndpoint","type":"OnIceCandidate"}}}, sessionId: 8a854ca7-a906-4acd-8dac-579e848c8a41
5:08:56.641855385 [335m   58[00m 0x7f06f000b8d0 [37mDEBUG  [00m [00mKurentoWebSocketEventHandler WebSocketEventHandler.cpp:56:sendEvent:[00m Sending event: {"jsonrpc":"2.0","method":"onEvent","params":{"value":{"data":{"candidate":{"__module__":"kurento","__type__":"IceCandidate","candidate":"candidate:2 1 TCP 1015021823 172.18.0.14 9 typ host tcptype active","sdpMLineIndex":0,"sdpMid":"0"},"source":"89dfba65-5d1a-4499-89fb-57e0208eef5c_kurento.MediaPipeline/4235ed8d-e8d4-461e-92de-beb33bc8f8c6_kurento.WebRtcEndpoint","tags":[],"timestamp":"1669959573","timestampMillis":"1669959573946","type":"OnIceCandidate"},"object":"89dfba65-5d1a-4499-89fb-57e0208eef5c_kurento.MediaPipeline/4235ed8d-e8d4-461e-92de-beb33bc8f8c6_kurento.WebRtcEndpoint","type":"OnIceCandidate"}}}, sessionId: 8a854ca7-a906-4acd-8dac-579e848c8a41
5:08:56.642041727 [335m   58[00m 0x7f06b4085260 [37mDEBUG  [00m [00mKurentoWebSocketEventHandler WebSocketEventHandler.cpp:56:sendEvent:[00m Sending event: {"jsonrpc":"2.0","method":"onEvent","params":{"value":{"data":{"candidate":{"__module__":"kurento","__type__":"IceCandidate","candidate":"candidate:3 2 TCP 1010827518 172.18.0.14 11129 typ host tcptype passive","sdpMLineIndex":2,"sdpMid":"2"},"source":"89dfba65-5d1a-4499-89fb-57e0208eef5c_kurento.MediaPipeline/4235ed8d-e8d4-461e-92de-beb33bc8f8c6_kurento.WebRtcEndpoint","tags":[],"timestamp":"1669959573","timestampMillis":"1669959573946","type":"OnIceCandidate"},"object":"89dfba65-5d1a-4499-89fb-57e0208eef5c_kurento.MediaPipeline/4235ed8d-e8d4-461e-92de-beb33bc8f8c6_kurento.WebRtcEndpoint","type":"OnIceCandidate"}}}, sessionId: 8a854ca7-a906-4acd-8dac-579e848c8a41
5:08:56.642334383 [335m   58[00m 0x7f06ec533ca0 [37mDEBUG  [00m [00mKurentoWebSocketEventHandler WebSocketEventHandler.cpp:56:sendEvent:[00m Sending event: {"jsonrpc":"2.0","method":"onEvent","params":{"value":{"data":{"candidate":{"__module__":"kurento","__type__":"IceCandidate","candidate":"candidate:1 2 UDP 2015363326 172.18.0.14 11136 typ host","sdpMLineIndex":2,"sdpMid":"2"},"source":"89dfba65-5d1a-4499-89fb-57e0208eef5c_kurento.MediaPipeline/4235ed8d-e8d4-461e-92de-beb33bc8f8c6_kurento.WebRtcEndpoint","tags":[],"timestamp":"1669959573","timestampMillis":"1669959573946","type":"OnIceCandidate"},"object":"89dfba65-5d1a-4499-89fb-57e0208eef5c_kurento.MediaPipeline/4235ed8d-e8d4-461e-92de-beb33bc8f8c6_kurento.WebRtcEndpoint","type":"OnIceCandidate"}}}, sessionId: 8a854ca7-a906-4acd-8dac-579e848c8a41
5:08:56.642254110 [335m   58[00m 0x7f063c004760 [37mDEBUG  [00m [00mKurentoWebSocketEventHandler WebSocketEventHandler.cpp:56:sendEvent:[00m Sending event: {"jsonrpc":"2.0","method":"onEvent","params":{"value":{"data":{"candidate":{"__module__":"kurento","__type__":"IceCandidate","candidate":"candidate:3 1 TCP 1010827519 172.18.0.14 11143 typ host tcptype passive","sdpMLineIndex":1,"sdpMid":"1"},"source":"89dfba65-5d1a-4499-89fb-57e0208eef5c_kurento.MediaPipeline/4235ed8d-e8d4-461e-92de-beb33bc8f8c6_kurento.WebRtcEndpoint","tags":[],"timestamp":"1669959573","timestampMillis":"1669959573946","type":"OnIceCandidate"},"object":"89dfba65-5d1a-4499-89fb-57e0208eef5c_kurento.MediaPipeline/4235ed8d-e8d4-461e-92de-beb33bc8f8c6_kurento.WebRtcEndpoint","type":"OnIceCandidate"}}}, sessionId: 8a854ca7-a906-4acd-8dac-579e848c8a41
5:08:56.642406215 [335m   58[00m 0x7f06500046a0 [37mDEBUG  [00m [00mKurentoWebSocketEventHandler WebSocketEventHandler.cpp:56:sendEvent:[00m Sending event: {"jsonrpc":"2.0","method":"onEvent","params":{"value":{"data":{"candidate":{"__module__":"kurento","__type__":"IceCandidate","candidate":"candidate:1 1 UDP 2015363327 172.18.0.14 11111 typ host","sdpMLineIndex":0,"sdpMid":"0"},"source":"89dfba65-5d1a-4499-89fb-57e0208eef5c_kurento.MediaPipeline/4235ed8d-e8d4-461e-92de-beb33bc8f8c6_kurento.WebRtcEndpoint","tags":[],"timestamp":"1669959573","timestampMillis":"1669959573945","type":"OnIceCandidate"},"object":"89dfba65-5d1a-4499-89fb-57e0208eef5c_kurento.MediaPipeline/4235ed8d-e8d4-461e-92de-beb33bc8f8c6_kurento.WebRtcEndpoint","type":"OnIceCandidate"}}}, sessionId: 8a854ca7-a906-4acd-8dac-579e848c8a41
5:08:56.643138284 [335m   58[00m 0x7f063c004000 [37mDEBUG  [00m [00mKurentoWebSocketEventHandler WebSocketEventHandler.cpp:56:sendEvent:[00m Sending event: {"jsonrpc":"2.0","method":"onEvent","params":{"value":{"data":{"candidate":{"__module__":"kurento","__type__":"IceCandidate","candidate":"candidate:1 1 UDP 2015363327 172.18.0.14 11111 typ host","sdpMLineIndex":1,"sdpMid":"1"},"source":"89dfba65-5d1a-4499-89fb-57e0208eef5c_kurento.MediaPipeline/4235ed8d-e8d4-461e-92de-beb33bc8f8c6_kurento.WebRtcEndpoint","tags":[],"timestamp":"1669959573","timestampMillis":"1669959573945","type":"OnIceCandidate"},"object":"89dfba65-5d1a-4499-89fb-57e0208eef5c_kurento.MediaPipeline/4235ed8d-e8d4-461e-92de-beb33bc8f8c6_kurento.WebRtcEndpoint","type":"OnIceCandidate"}}}, sessionId: 8a854ca7-a906-4acd-8dac-579e848c8a41
5:08:56.642786124 [335m   58[00m 0x7f06380046c0 [37mDEBUG  [00m [00mKurentoWebSocketEventHandler WebSocketEventHandler.cpp:56:sendEvent:[00m Sending event: {"jsonrpc":"2.0","method":"onEvent","params":{"value":{"data":{"candidate":{"__module__":"kurento","__type__":"IceCandidate","candidate":"candidate:2 1 TCP 1015021823 172.18.0.14 9 typ host tcptype active","sdpMLineIndex":1,"sdpMid":"1"},"source":"89dfba65-5d1a-4499-89fb-57e0208eef5c_kurento.MediaPipeline/4235ed8d-e8d4-461e-92de-beb33bc8f8c6_kurento.WebRtcEndpoint","tags":[],"timestamp":"1669959573","timestampMillis":"1669959573946","type":"OnIceCandidate"},"object":"89dfba65-5d1a-4499-89fb-57e0208eef5c_kurento.MediaPipeline/4235ed8d-e8d4-461e-92de-beb33bc8f8c6_kurento.WebRtcEndpoint","type":"OnIceCandidate"}}}, sessionId: 8a854ca7-a906-4acd-8dac-579e848c8a41
5:08:56.643602058 [335m   58[00m 0x7f0654004640 [37mDEBUG  [00m [00mKurentoWebSocketEventHandler WebSocketEventHandler.cpp:56:sendEvent:[00m Sending event: {"jsonrpc":"2.0","method":"onEvent","params":{"value":{"data":{"candidate":{"__module__":"kurento","__type__":"IceCandidate","candidate":"candidate:2 2 TCP 1015021822 172.18.0.14 9 typ host tcptype active","sdpMLineIndex":1,"sdpMid":"1"},"source":"89dfba65-5d1a-4499-89fb-57e0208eef5c_kurento.MediaPipeline/4235ed8d-e8d4-461e-92de-beb33bc8f8c6_kurento.WebRtcEndpoint","tags":[],"timestamp":"1669959573","timestampMillis":"1669959573946","type":"OnIceCandidate"},"object":"89dfba65-5d1a-4499-89fb-57e0208eef5c_kurento.MediaPipeline/4235ed8d-e8d4-461e-92de-beb33bc8f8c6_kurento.WebRtcEndpoint","type":"OnIceCandidate"}}}, sessionId: 8a854ca7-a906-4acd-8dac-579e848c8a41
5:08:56.656554878 [335m   58[00m 0x7f06e8001d20 [37mDEBUG  [00m [00mKurentoWebSocketTransport WebSocketTransport.cpp:521:processMessage:[00m Response: {"id":428,"jsonrpc":"2.0","result":{"sessionId":"8a854ca7-a906-4acd-8dac-579e848c8a41","value":null}}
5:08:56.656593363 [335m   58[00m 0x7f06e8001d20 [37mDEBUG  [00m [00mKurentoWebSocketTransport WebSocketTransport.cpp:519:processMessage:[00m Message: {"jsonrpc":"2.0","method":"invoke","params":{"object":"89dfba65-5d1a-4499-89fb-57e0208eef5c_kurento.MediaPipeline/4235ed8d-e8d4-461e-92de-beb33bc8f8c6_kurento.WebRtcEndpoint","operation":"addIceCandidate","operationParams":{"candidate":{"candidate":"candidate:2148253082 1 udp 2113937151 8f3327ac-f4e0-400a-bcd8-069708105524.local 57867 typ host generation 0 ufrag EO09 network-cost 999","sdpMid":"1","sdpMLineIndex":1,"__module__":"kurento","__type__":"IceCandidate"}},"sessionId":"8a854ca7-a906-4acd-8dac-579e848c8a41"},"id":429}
5:08:56.664015356 [335m   58[00m 0x7f06e8001d20 [37mDEBUG  [00m [00mKurentoWebSocketTransport WebSocketTransport.cpp:521:processMessage:[00m Response: {"id":429,"jsonrpc":"2.0","result":{"sessionId":"8a854ca7-a906-4acd-8dac-579e848c8a41","value":null}}
5:08:56.664058022 [335m   58[00m 0x7f06e8001d20 [37mDEBUG  [00m [00mKurentoWebSocketTransport WebSocketTransport.cpp:519:processMessage:[00m Message: {"jsonrpc":"2.0","method":"invoke","params":{"object":"89dfba65-5d1a-4499-89fb-57e0208eef5c_kurento.MediaPipeline/4235ed8d-e8d4-461e-92de-beb33bc8f8c6_kurento.WebRtcEndpoint","operation":"addIceCandidate","operationParams":{"candidate":{"candidate":"candidate:2148253082 1 udp 2113937151 8f3327ac-f4e0-400a-bcd8-069708105524.local 57869 typ host generation 0 ufrag EO09 network-cost 999","sdpMid":"2","sdpMLineIndex":2,"__module__":"kurento","__type__":"IceCandidate"}},"sessionId":"8a854ca7-a906-4acd-8dac-579e848c8a41"},"id":430}
5:08:56.669202163 [335m   58[00m 0x7f06e8001d20 [37mDEBUG  [00m [00mKurentoWebSocketTransport WebSocketTransport.cpp:521:processMessage:[00m Response: {"id":430,"jsonrpc":"2.0","result":{"sessionId":"8a854ca7-a906-4acd-8dac-579e848c8a41","value":null}}
5:08:56.669237646 [335m   58[00m 0x7f06e8001d20 [37mDEBUG  [00m [00mKurentoWebSocketTransport WebSocketTransport.cpp:519:processMessage:[00m Message: {"jsonrpc":"2.0","method":"invoke","params":{"object":"89dfba65-5d1a-4499-89fb-57e0208eef5c_kurento.MediaPipeline/06f121e0-04e3-4fd6-9d8f-5be8255b669a_datachannelexample.KmsSendData","operation":"connect","operationParams":{"sink":"89dfba65-5d1a-4499-89fb-57e0208eef5c_kurento.MediaPipeline/4235ed8d-e8d4-461e-92de-beb33bc8f8c6_kurento.WebRtcEndpoint"},"sessionId":"8a854ca7-a906-4acd-8dac-579e848c8a41"},"id":431}
5:08:56.670254210 [335m   58[00m 0x7f06e8001d20 [37mDEBUG  [00m [00mKurentoMediaElementImpl MediaElementImpl.cpp:940:connect:[00m Connecting 89dfba65-5d1a-4499-89fb-57e0208eef5c_kurento.MediaPipeline/06f121e0-04e3-4fd6-9d8f-5be8255b669a_datachannelexample.KmsSendData -> 89dfba65-5d1a-4499-89fb-57e0208eef5c_kurento.MediaPipeline/4235ed8d-e8d4-461e-92de-beb33bc8f8c6_kurento.WebRtcEndpoint params AUDIO default default
5:08:56.670505920 [335m   58[00m 0x7f06e8001d20 [37mDEBUG  [00m [00mKurentoMediaElementImpl MediaElementImpl.cpp:940:connect:[00m Connecting 89dfba65-5d1a-4499-89fb-57e0208eef5c_kurento.MediaPipeline/06f121e0-04e3-4fd6-9d8f-5be8255b669a_datachannelexample.KmsSendData -> 89dfba65-5d1a-4499-89fb-57e0208eef5c_kurento.MediaPipeline/4235ed8d-e8d4-461e-92de-beb33bc8f8c6_kurento.WebRtcEndpoint params VIDEO default default
5:08:56.670548654 [335m   58[00m 0x7f06e8001d20 [37mDEBUG  [00m [00mKurentoMediaElementImpl MediaElementImpl.cpp:940:connect:[00m Connecting 89dfba65-5d1a-4499-89fb-57e0208eef5c_kurento.MediaPipeline/06f121e0-04e3-4fd6-9d8f-5be8255b669a_datachannelexample.KmsSendData -> 89dfba65-5d1a-4499-89fb-57e0208eef5c_kurento.MediaPipeline/4235ed8d-e8d4-461e-92de-beb33bc8f8c6_kurento.WebRtcEndpoint params DATA default default
5:08:56.670627725 [335m   58[00m 0x7f06e8001d20 [37mDEBUG  [00m [00mKurentoWebSocketTransport WebSocketTransport.cpp:521:processMessage:[00m Response: {"id":431,"jsonrpc":"2.0","result":{"sessionId":"8a854ca7-a906-4acd-8dac-579e848c8a41","value":null}}
5:08:56.674817605 [335m   58[00m 0x55e3df274af0 [37mDEBUG  [00m [00mKurentoWebSocketTransport WebSocketTransport.cpp:519:processMessage:[00m Message: {"jsonrpc":"2.0","method":"invoke","params":{"object":"89dfba65-5d1a-4499-89fb-57e0208eef5c_kurento.MediaPipeline/4235ed8d-e8d4-461e-92de-beb33bc8f8c6_kurento.WebRtcEndpoint","operation":"addIceCandidate","operationParams":{"candidate":{"candidate":"candidate:145914150 1 udp 1677729535 1.10.184.222 57865 typ srflx raddr 0.0.0.0 rport 0 generation 0 ufrag EO09 network-cost 999","sdpMid":"0","sdpMLineIndex":0,"__module__":"kurento","__type__":"IceCandidate"}},"sessionId":"8a854ca7-a906-4acd-8dac-579e848c8a41"},"id":432}
5:08:56.675932792 [335m   58[00m 0x55e3df274af0 [37mDEBUG  [00m [00mKurentoWebSocketTransport WebSocketTransport.cpp:521:processMessage:[00m Response: {"id":432,"jsonrpc":"2.0","result":{"sessionId":"8a854ca7-a906-4acd-8dac-579e848c8a41","value":null}}
5:08:56.723865001 [335m   58[00m 0x7f06f00aaf50 [37mDEBUG  [00m [00mKurentoWebSocketEventHandler WebSocketEventHandler.cpp:56:sendEvent:[00m Sending event: {"jsonrpc":"2.0","method":"onEvent","params":{"value":{"data":{"candidate":{"__module__":"kurento","__type__":"IceCandidate","candidate":"candidate:4 1 UDP 1679819007 203.151.66.107 11111 typ srflx raddr 172.18.0.14 rport 11111","sdpMLineIndex":0,"sdpMid":"0"},"source":"89dfba65-5d1a-4499-89fb-57e0208eef5c_kurento.MediaPipeline/4235ed8d-e8d4-461e-92de-beb33bc8f8c6_kurento.WebRtcEndpoint","tags":[],"timestamp":"1669959574","timestampMillis":"1669959574028","type":"OnIceCandidate"},"object":"89dfba65-5d1a-4499-89fb-57e0208eef5c_kurento.MediaPipeline/4235ed8d-e8d4-461e-92de-beb33bc8f8c6_kurento.WebRtcEndpoint","type":"OnIceCandidate"}}}, sessionId: 8a854ca7-a906-4acd-8dac-579e848c8a41
5:08:56.723865187 [335m   58[00m 0x7f0640004660 [37mDEBUG  [00m [00mKurentoWebSocketEventHandler WebSocketEventHandler.cpp:56:sendEvent:[00m Sending event: {"jsonrpc":"2.0","method":"onEvent","params":{"value":{"data":{"candidate":{"__module__":"kurento","__type__":"IceCandidate","candidate":"candidate:4 1 UDP 1679819007 203.151.66.107 11111 typ srflx raddr 172.18.0.14 rport 11111","sdpMLineIndex":1,"sdpMid":"1"},"source":"89dfba65-5d1a-4499-89fb-57e0208eef5c_kurento.MediaPipeline/4235ed8d-e8d4-461e-92de-beb33bc8f8c6_kurento.WebRtcEndpoint","tags":[],"timestamp":"1669959574","timestampMillis":"1669959574028","type":"OnIceCandidate"},"object":"89dfba65-5d1a-4499-89fb-57e0208eef5c_kurento.MediaPipeline/4235ed8d-e8d4-461e-92de-beb33bc8f8c6_kurento.WebRtcEndpoint","type":"OnIceCandidate"}}}, sessionId: 8a854ca7-a906-4acd-8dac-579e848c8a41
5:08:56.723973865 [335m   58[00m 0x7f06f000b8d0 [37mDEBUG  [00m [00mKurentoWebSocketEventHandler WebSocketEventHandler.cpp:56:sendEvent:[00m Sending event: {"jsonrpc":"2.0","method":"onEvent","params":{"value":{"data":{"candidate":{"__module__":"kurento","__type__":"IceCandidate","candidate":"candidate:5 1 TCP 847249663 203.151.66.107 9 typ srflx raddr 172.18.0.14 rport 9 tcptype active","sdpMLineIndex":0,"sdpMid":"0"},"source":"89dfba65-5d1a-4499-89fb-57e0208eef5c_kurento.MediaPipeline/4235ed8d-e8d4-461e-92de-beb33bc8f8c6_kurento.WebRtcEndpoint","tags":[],"timestamp":"1669959574","timestampMillis":"1669959574028","type":"OnIceCandidate"},"object":"89dfba65-5d1a-4499-89fb-57e0208eef5c_kurento.MediaPipeline/4235ed8d-e8d4-461e-92de-beb33bc8f8c6_kurento.WebRtcEndpoint","type":"OnIceCandidate"}}}, sessionId: 8a854ca7-a906-4acd-8dac-579e848c8a41
5:08:56.723865189 [335m   58[00m 0x7f06ac05a520 [37mDEBUG  [00m [00mKurentoWebSocketEventHandler WebSocketEventHandler.cpp:56:sendEvent:[00m Sending event: {"jsonrpc":"2.0","method":"onEvent","params":{"value":{"data":{"candidate":{"__module__":"kurento","__type__":"IceCandidate","candidate":"candidate:4 1 UDP 1679819007 203.151.66.107 11111 typ srflx raddr 172.18.0.14 rport 11111","sdpMLineIndex":2,"sdpMid":"2"},"source":"89dfba65-5d1a-4499-89fb-57e0208eef5c_kurento.MediaPipeline/4235ed8d-e8d4-461e-92de-beb33bc8f8c6_kurento.WebRtcEndpoint","tags":[],"timestamp":"1669959574","timestampMillis":"1669959574028","type":"OnIceCandidate"},"object":"89dfba65-5d1a-4499-89fb-57e0208eef5c_kurento.MediaPipeline/4235ed8d-e8d4-461e-92de-beb33bc8f8c6_kurento.WebRtcEndpoint","type":"OnIceCandidate"}}}, sessionId: 8a854ca7-a906-4acd-8dac-579e848c8a41
5:08:56.724026162 [335m   58[00m 0x7f06f0077a70 [37mDEBUG  [00m [00mKurentoWebSocketEventHandler WebSocketEventHandler.cpp:56:sendEvent:[00m Sending event: {"jsonrpc":"2.0","method":"onEvent","params":{"value":{"data":{"candidate":{"__module__":"kurento","__type__":"IceCandidate","candidate":"candidate:5 1 TCP 847249663 203.151.66.107 9 typ srflx raddr 172.18.0.14 rport 9 tcptype active","sdpMLineIndex":1,"sdpMid":"1"},"source":"89dfba65-5d1a-4499-89fb-57e0208eef5c_kurento.MediaPipeline/4235ed8d-e8d4-461e-92de-beb33bc8f8c6_kurento.WebRtcEndpoint","tags":[],"timestamp":"1669959574","timestampMillis":"1669959574028","type":"OnIceCandidate"},"object":"89dfba65-5d1a-4499-89fb-57e0208eef5c_kurento.MediaPipeline/4235ed8d-e8d4-461e-92de-beb33bc8f8c6_kurento.WebRtcEndpoint","type":"OnIceCandidate"}}}, sessionId: 8a854ca7-a906-4acd-8dac-579e848c8a41
5:08:56.723989450 [335m   58[00m 0x7f06b4085260 [37mDEBUG  [00m [00mKurentoWebSocketEventHandler WebSocketEventHandler.cpp:56:sendEvent:[00m Sending event: {"jsonrpc":"2.0","method":"onEvent","params":{"value":{"data":{"candidate":{"__module__":"kurento","__type__":"IceCandidate","candidate":"candidate:5 1 TCP 847249663 203.151.66.107 9 typ srflx raddr 172.18.0.14 rport 9 tcptype active","sdpMLineIndex":2,"sdpMid":"2"},"source":"89dfba65-5d1a-4499-89fb-57e0208eef5c_kurento.MediaPipeline/4235ed8d-e8d4-461e-92de-beb33bc8f8c6_kurento.WebRtcEndpoint","tags":[],"timestamp":"1669959574","timestampMillis":"1669959574028","type":"OnIceCandidate"},"object":"89dfba65-5d1a-4499-89fb-57e0208eef5c_kurento.MediaPipeline/4235ed8d-e8d4-461e-92de-beb33bc8f8c6_kurento.WebRtcEndpoint","type":"OnIceCandidate"}}}, sessionId: 8a854ca7-a906-4acd-8dac-579e848c8a41
5:08:56.724443553 [335m   58[00m 0x7f063c004760 [37mDEBUG  [00m [00mKurentoWebSocketEventHandler WebSocketEventHandler.cpp:56:sendEvent:[00m Sending event: {"jsonrpc":"2.0","method":"onEvent","params":{"value":{"data":{"candidate":{"__module__":"kurento","__type__":"IceCandidate","candidate":"candidate:6 1 TCP 843055359 203.151.66.107 11143 typ srflx raddr 172.18.0.14 rport 11143 tcptype passive","sdpMLineIndex":0,"sdpMid":"0"},"source":"89dfba65-5d1a-4499-89fb-57e0208eef5c_kurento.MediaPipeline/4235ed8d-e8d4-461e-92de-beb33bc8f8c6_kurento.WebRtcEndpoint","tags":[],"timestamp":"1669959574","timestampMillis":"1669959574029","type":"OnIceCandidate"},"object":"89dfba65-5d1a-4499-89fb-57e0208eef5c_kurento.MediaPipeline/4235ed8d-e8d4-461e-92de-beb33bc8f8c6_kurento.WebRtcEndpoint","type":"OnIceCandidate"}}}, sessionId: 8a854ca7-a906-4acd-8dac-579e848c8a41
5:08:56.724458420 [335m   58[00m 0x7f06500046a0 [37mDEBUG  [00m [00mKurentoWebSocketEventHandler WebSocketEventHandler.cpp:56:sendEvent:[00m Sending event: {"jsonrpc":"2.0","method":"onEvent","params":{"value":{"data":{"candidate":{"__module__":"kurento","__type__":"IceCandidate","candidate":"candidate:6 1 TCP 843055359 203.151.66.107 11143 typ srflx raddr 172.18.0.14 rport 11143 tcptype passive","sdpMLineIndex":2,"sdpMid":"2"},"source":"89dfba65-5d1a-4499-89fb-57e0208eef5c_kurento.MediaPipeline/4235ed8d-e8d4-461e-92de-beb33bc8f8c6_kurento.WebRtcEndpoint","tags":[],"timestamp":"1669959574","timestampMillis":"1669959574029","type":"OnIceCandidate"},"object":"89dfba65-5d1a-4499-89fb-57e0208eef5c_kurento.MediaPipeline/4235ed8d-e8d4-461e-92de-beb33bc8f8c6_kurento.WebRtcEndpoint","type":"OnIceCandidate"}}}, sessionId: 8a854ca7-a906-4acd-8dac-579e848c8a41
5:08:56.724445895 [335m   58[00m 0x7f063c004000 [37mDEBUG  [00m [00mKurentoWebSocketEventHandler WebSocketEventHandler.cpp:56:sendEvent:[00m Sending event: {"jsonrpc":"2.0","method":"onEvent","params":{"value":{"data":{"candidate":{"__module__":"kurento","__type__":"IceCandidate","candidate":"candidate:6 1 TCP 843055359 203.151.66.107 11143 typ srflx raddr 172.18.0.14 rport 11143 tcptype passive","sdpMLineIndex":1,"sdpMid":"1"},"source":"89dfba65-5d1a-4499-89fb-57e0208eef5c_kurento.MediaPipeline/4235ed8d-e8d4-461e-92de-beb33bc8f8c6_kurento.WebRtcEndpoint","tags":[],"timestamp":"1669959574","timestampMillis":"1669959574029","type":"OnIceCandidate"},"object":"89dfba65-5d1a-4499-89fb-57e0208eef5c_kurento.MediaPipeline/4235ed8d-e8d4-461e-92de-beb33bc8f8c6_kurento.WebRtcEndpoint","type":"OnIceCandidate"}}}, sessionId: 8a854ca7-a906-4acd-8dac-579e848c8a41
5:08:56.760010600 [335m   58[00m 0x7f0598006990 [37mDEBUG  [00m [00mKurentoWebRtcEndpointImpl WebRtcEndpointImpl.cpp:333:newSelectedPairFull:<kmswebrtcendpoint8>[00m New candidate pair selected, local: 'candidate:4 1 UDP 1679819007 203.151.66.107 11111 typ srflx raddr 172.18.0.14 rport 11111', remote: 'candidate:remote1 1 UDP 1845501695 1.10.184.222 23551 typ prflx', stream_id: '1', component_id: 1
5:08:57.615242131 [335m   58[00m 0x7f0598006990 [37mDEBUG  [00m [00mKurentoBaseRtpEndpointImpl BaseRtpEndpointImpl.cpp:190:updateConnectionState:<kmswebrtcendpoint8>[00m ConnectionState changed to 'CONNECTED'
5:09:00.524758187 [335m   58[00m 0x7f06b8001920 [36mINFO   [00m [00mKurentoWebSocketTransport WebSocketTransport.cpp:346:keepAliveSessions:[00m Keep alive 8a854ca7-a906-4acd-8dac-579e848c8a41
5:09:01.888431848 [335m   58[00m 0x7f06e4001b80 [37mDEBUG  [00m [00mKurentoWebSocketTransport WebSocketTransport.cpp:519:processMessage:[00m Message: {"jsonrpc":"2.0","method":"ping","id":433}
5:09:01.888573969 [335m   58[00m 0x7f06e4001b80 [36mINFO   [00m [00mKurentoServerMethods ServerMethods.cpp:814:ping:[00m WebSocket Ping/Pong with sessionId 8a854ca7-a906-4acd-8dac-579e848c8a41
5:09:01.888665949 [335m   58[00m 0x7f06e4001b80 [37mDEBUG  [00m [00mKurentoWebSocketTransport WebSocketTransport.cpp:521:processMessage:[00m Response: {"id":433,"jsonrpc":"2.0","result":{"sessionId":"8a854ca7-a906-4acd-8dac-579e848c8a41","value":"pong"}}
5:09:02.046353425 [335m   58[00m 0x7f06ac001e90 [37mDEBUG  [00m [00mKurentoWebSocketTransport WebSocketTransport.cpp:519:processMessage:[00m Message: {"jsonrpc":"2.0","method":"release","params":{"object":"89dfba65-5d1a-4499-89fb-57e0208eef5c_kurento.MediaPipeline/4235ed8d-e8d4-461e-92de-beb33bc8f8c6_kurento.WebRtcEndpoint","sessionId":"8a854ca7-a906-4acd-8dac-579e848c8a41"},"id":434}
5:09:02.046603454 [335m   58[00m 0x7f06ac001e90 [37mDEBUG  [00m [00mKurentoWebSocketTransport WebSocketTransport.cpp:521:processMessage:[00m Response: {"id":434,"jsonrpc":"2.0","result":{"sessionId":"8a854ca7-a906-4acd-8dac-579e848c8a41"}}
5:09:02.046718679 [335m   58[00m 0x7f06b4085230 [37mDEBUG  [00m [00mKurentoMediaElementImpl MediaElementImpl.cpp:1069:disconnect:[00m Disconnecting 89dfba65-5d1a-4499-89fb-57e0208eef5c_kurento.MediaPipeline/06f121e0-04e3-4fd6-9d8f-5be8255b669a_datachannelexample.KmsSendData - 89dfba65-5d1a-4499-89fb-57e0208eef5c_kurento.MediaPipeline/4235ed8d-e8d4-461e-92de-beb33bc8f8c6_kurento.WebRtcEndpoint params AUDIO default default
5:09:02.046906632 [335m   58[00m 0x7f06b4085230 [37mDEBUG  [00m [00mKurentoMediaElementImpl MediaElementImpl.cpp:1069:disconnect:[00m Disconnecting 89dfba65-5d1a-4499-89fb-57e0208eef5c_kurento.MediaPipeline/06f121e0-04e3-4fd6-9d8f-5be8255b669a_datachannelexample.KmsSendData - 89dfba65-5d1a-4499-89fb-57e0208eef5c_kurento.MediaPipeline/4235ed8d-e8d4-461e-92de-beb33bc8f8c6_kurento.WebRtcEndpoint params DATA default default
5:09:02.046999705 [335m   58[00m 0x7f06b4085230 [37mDEBUG  [00m [00mKurentoMediaElementImpl MediaElementImpl.cpp:1069:disconnect:[00m Disconnecting 89dfba65-5d1a-4499-89fb-57e0208eef5c_kurento.MediaPipeline/06f121e0-04e3-4fd6-9d8f-5be8255b669a_datachannelexample.KmsSendData - 89dfba65-5d1a-4499-89fb-57e0208eef5c_kurento.MediaPipeline/4235ed8d-e8d4-461e-92de-beb33bc8f8c6_kurento.WebRtcEndpoint params VIDEO default default
5:09:02.047062257 [335m   58[00m 0x7f06b4085230 [37mDEBUG  [00m [00m     KurentoMediaSet MediaSet.cpp:463:async_delete:[00m Destroying WebRtcEndpoint -> 89dfba65-5d1a-4499-89fb-57e0208eef5c_kurento.MediaPipeline/4235ed8d-e8d4-461e-92de-beb33bc8f8c6_kurento.WebRtcEndpoint
5:09:02.047532888 [335m   58[00m 0x7f06b4001610 [37mDEBUG  [00m [00mKurentoWebSocketTransport WebSocketTransport.cpp:519:processMessage:[00m Message: {"jsonrpc":"2.0","method":"unsubscribe","params":{"object":"89dfba65-5d1a-4499-89fb-57e0208eef5c_kurento.MediaPipeline/4235ed8d-e8d4-461e-92de-beb33bc8f8c6_kurento.WebRtcEndpoint","subscription":"b00b2901-4ed5-49d9-a842-8b356bf0eaae","sessionId":"8a854ca7-a906-4acd-8dac-579e848c8a41"},"id":435}
5:09:02.047684402 [335m   58[00m 0x7f06b4001610 [37mDEBUG  [00m [00mKurentoWebSocketTransport WebSocketTransport.cpp:521:processMessage:[00m Response: {"id":435,"jsonrpc":"2.0","result":{"sessionId":"8a854ca7-a906-4acd-8dac-579e848c8a41"}}
5:10:00.524997716 [335m   58[00m 0x7f06b8001920 [36mINFO   [00m [00mKurentoWebSocketTransport WebSocketTransport.cpp:346:keepAliveSessions:[00m Keep alive 8a854ca7-a906-4acd-8dac-579e848c8a41
5:10:01.898940498 [335m   58[00m 0x7f06bc001ad0 [37mDEBUG  [00m [00mKurentoWebSocketTransport WebSocketTransport.cpp:519:processMessage:[00m Message: {"jsonrpc":"2.0","method":"ping","id":436}
5:10:01.899114793 [335m   58[00m 0x7f06bc001ad0 [36mINFO   [00m [00mKurentoServerMethods ServerMethods.cpp:814:ping:[00m WebSocket Ping/Pong with sessionId 8a854ca7-a906-4acd-8dac-579e848c8a41
5:10:01.899200039 [335m   58[00m 0x7f06bc001ad0 [37mDEBUG  [00m [00mKurentoWebSocketTransport WebSocketTransport.cpp:521:processMessage:[00m Response: {"id":436,"jsonrpc":"2.0","result":{"sessionId":"8a854ca7-a906-4acd-8dac-579e848c8a41","value":"pong"}}
5:11:00.525183551 [335m   58[00m 0x7f06b8001920 [36mINFO   [00m [00mKurentoWebSocketTransport WebSocketTransport.cpp:346:keepAliveSessions:[00m Keep alive 8a854ca7-a906-4acd-8dac-579e848c8a41
5:11:01.905823857 [335m   58[00m 0x7f06b0001e70 [37mDEBUG  [00m [00mKurentoWebSocketTransport WebSocketTransport.cpp:519:processMessage:[00m Message: {"jsonrpc":"2.0","method":"ping","id":437}
5:11:01.905974926 [335m   58[00m 0x7f06b0001e70 [36mINFO   [00m [00mKurentoServerMethods ServerMethods.cpp:814:ping:[00m WebSocket Ping/Pong with sessionId 8a854ca7-a906-4acd-8dac-579e848c8a41
5:11:01.906066780 [335m   58[00m 0x7f06b0001e70 [37mDEBUG  [00m [00mKurentoWebSocketTransport WebSocketTransport.cpp:521:processMessage:[00m Response: {"id":437,"jsonrpc":"2.0","result":{"sessionId":"8a854ca7-a906-4acd-8dac-579e848c8a41","value":"pong"}}
5:12:00.476351224 [335m   58[00m 0x7f06b4001f50 [37mDEBUG  [00m [00m     KurentoMediaSet MediaSet.cpp:121:doGarbageCollection:[00m Running garbage collector
5:12:00.525384135 [335m   58[00m 0x7f06b8001920 [36mINFO   [00m [00mKurentoWebSocketTransport WebSocketTransport.cpp:346:keepAliveSessions:[00m Keep alive 8a854ca7-a906-4acd-8dac-579e848c8a41
5:12:01.910918837 [335m   58[00m 0x7f06e8001d20 [37mDEBUG  [00m [00mKurentoWebSocketTransport WebSocketTransport.cpp:519:processMessage:[00m Message: {"jsonrpc":"2.0","method":"ping","id":438}
5:12:01.911091613 [335m   58[00m 0x7f06e8001d20 [36mINFO   [00m [00mKurentoServerMethods ServerMethods.cpp:814:ping:[00m WebSocket Ping/Pong with sessionId 8a854ca7-a906-4acd-8dac-579e848c8a41
5:12:01.911163152 [335m   58[00m 0x7f06e8001d20 [37mDEBUG  [00m [00mKurentoWebSocketTransport WebSocketTransport.cpp:521:processMessage:[00m Response: {"id":438,"jsonrpc":"2.0","result":{"sessionId":"8a854ca7-a906-4acd-8dac-579e848c8a41","value":"pong"}}
5:13:00.525568944 [335m   58[00m 0x7f06b8001920 [36mINFO   [00m [00mKurentoWebSocketTransport WebSocketTransport.cpp:346:keepAliveSessions:[00m Keep alive 8a854ca7-a906-4acd-8dac-579e848c8a41
5:13:01.921468956 [335m   58[00m 0x7f06ec0022a0 [37mDEBUG  [00m [00mKurentoWebSocketTransport WebSocketTransport.cpp:519:processMessage:[00m Message: {"jsonrpc":"2.0","method":"ping","id":439}
5:13:01.921618351 [335m   58[00m 0x7f06ec0022a0 [36mINFO   [00m [00mKurentoServerMethods ServerMethods.cpp:814:ping:[00m WebSocket Ping/Pong with sessionId 8a854ca7-a906-4acd-8dac-579e848c8a41
5:13:01.921713748 [335m   58[00m 0x7f06ec0022a0 [37mDEBUG  [00m [00mKurentoWebSocketTransport WebSocketTransport.cpp:521:processMessage:[00m Response: {"id":439,"jsonrpc":"2.0","result":{"sessionId":"8a854ca7-a906-4acd-8dac-579e848c8a41","value":"pong"}}
5:14:00.525742353 [335m   58[00m 0x7f06b8001920 [36mINFO   [00m [00mKurentoWebSocketTransport WebSocketTransport.cpp:346:keepAliveSessions:[00m Keep alive 8a854ca7-a906-4acd-8dac-579e848c8a41
5:14:01.921810185 [335m   58[00m 0x7f06a80018f0 [37mDEBUG  [00m [00mKurentoWebSocketTransport WebSocketTransport.cpp:519:processMessage:[00m Message: {"jsonrpc":"2.0","method":"ping","id":440}
5:14:01.921937617 [335m   58[00m 0x7f06a80018f0 [36mINFO   [00m [00mKurentoServerMethods ServerMethods.cpp:814:ping:[00m WebSocket Ping/Pong with sessionId 8a854ca7-a906-4acd-8dac-579e848c8a41
5:14:01.922014542 [335m   58[00m 0x7f06a80018f0 [37mDEBUG  [00m [00mKurentoWebSocketTransport WebSocketTransport.cpp:521:processMessage:[00m Response: {"id":440,"jsonrpc":"2.0","result":{"sessionId":"8a854ca7-a906-4acd-8dac-579e848c8a41","value":"pong"}}
5:15:00.525919002 [335m   58[00m 0x7f06b8001920 [36mINFO   [00m [00mKurentoWebSocketTransport WebSocketTransport.cpp:346:keepAliveSessions:[00m Keep alive 8a854ca7-a906-4acd-8dac-579e848c8a41
5:15:01.932977130 [335m   58[00m 0x7f06f0001c40 [37mDEBUG  [00m [00mKurentoWebSocketTransport WebSocketTransport.cpp:519:processMessage:[00m Message: {"jsonrpc":"2.0","method":"ping","id":441}
5:15:01.933099336 [335m   58[00m 0x7f06f0001c40 [36mINFO   [00m [00mKurentoServerMethods ServerMethods.cpp:814:ping:[00m WebSocket Ping/Pong with sessionId 8a854ca7-a906-4acd-8dac-579e848c8a41
5:15:01.933174159 [335m   58[00m 0x7f06f0001c40 [37mDEBUG  [00m [00mKurentoWebSocketTransport WebSocketTransport.cpp:521:processMessage:[00m Response: {"id":441,"jsonrpc":"2.0","result":{"sessionId":"8a854ca7-a906-4acd-8dac-579e848c8a41","value":"pong"}}
5:16:00.476610467 [335m   58[00m 0x7f06b4001f50 [37mDEBUG  [00m [00m     KurentoMediaSet MediaSet.cpp:121:doGarbageCollection:[00m Running garbage collector
5:16:00.526084796 [335m   58[00m 0x7f06b8001920 [36mINFO   [00m [00mKurentoWebSocketTransport WebSocketTransport.cpp:346:keepAliveSessions:[00m Keep alive 8a854ca7-a906-4acd-8dac-579e848c8a41
5:16:01.936959931 [335m   58[00m 0x55e3df274af0 [37mDEBUG  [00m [00mKurentoWebSocketTransport WebSocketTransport.cpp:519:processMessage:[00m Message: {"jsonrpc":"2.0","method":"ping","id":442}
5:16:01.937098700 [335m   58[00m 0x55e3df274af0 [36mINFO   [00m [00mKurentoServerMethods ServerMethods.cpp:814:ping:[00m WebSocket Ping/Pong with sessionId 8a854ca7-a906-4acd-8dac-579e848c8a41
5:16:01.937179503 [335m   58[00m 0x55e3df274af0 [37mDEBUG  [00m [00mKurentoWebSocketTransport WebSocketTransport.cpp:521:processMessage:[00m Response: {"id":442,"jsonrpc":"2.0","result":{"sessionId":"8a854ca7-a906-4acd-8dac-579e848c8a41","value":"pong"}}
5:17:00.526281697 [335m   58[00m 0x7f06b8001920 [36mINFO   [00m [00mKurentoWebSocketTransport WebSocketTransport.cpp:346:keepAliveSessions:[00m Keep alive 8a854ca7-a906-4acd-8dac-579e848c8a41
5:17:01.942552364 [335m   58[00m 0x7f06e4001b80 [37mDEBUG  [00m [00mKurentoWebSocketTransport WebSocketTransport.cpp:519:processMessage:[00m Message: {"jsonrpc":"2.0","method":"ping","id":443}
5:17:01.942699725 [335m   58[00m 0x7f06e4001b80 [36mINFO   [00m [00mKurentoServerMethods ServerMethods.cpp:814:ping:[00m WebSocket Ping/Pong with sessionId 8a854ca7-a906-4acd-8dac-579e848c8a41
5:17:01.942796896 [335m   58[00m 0x7f06e4001b80 [37mDEBUG  [00m [00mKurentoWebSocketTransport WebSocketTransport.cpp:521:processMessage:[00m Response: {"id":443,"jsonrpc":"2.0","result":{"sessionId":"8a854ca7-a906-4acd-8dac-579e848c8a41","value":"pong"}}
5:18:00.526456690 [335m   58[00m 0x7f06b8001920 [36mINFO   [00m [00mKurentoWebSocketTransport WebSocketTransport.cpp:346:keepAliveSessions:[00m Keep alive 8a854ca7-a906-4acd-8dac-579e848c8a41
5:18:01.948114298 [335m   58[00m 0x7f06ac001e90 [37mDEBUG  [00m [00mKurentoWebSocketTransport WebSocketTransport.cpp:519:processMessage:[00m Message: {"jsonrpc":"2.0","method":"ping","id":444}
5:18:01.948298871 [335m   58[00m 0x7f06ac001e90 [36mINFO   [00m [00mKurentoServerMethods ServerMethods.cpp:814:ping:[00m WebSocket Ping/Pong with sessionId 8a854ca7-a906-4acd-8dac-579e848c8a41
5:18:01.948387601 [335m   58[00m 0x7f06ac001e90 [37mDEBUG  [00m [00mKurentoWebSocketTransport WebSocketTransport.cpp:521:processMessage:[00m Response: {"id":444,"jsonrpc":"2.0","result":{"sessionId":"8a854ca7-a906-4acd-8dac-579e848c8a41","value":"pong"}}
5:19:00.526696454 [335m   58[00m 0x7f06b8001920 [36mINFO   [00m [00mKurentoWebSocketTransport WebSocketTransport.cpp:346:keepAliveSessions:[00m Keep alive 8a854ca7-a906-4acd-8dac-579e848c8a41
5:19:01.949690900 [335m   58[00m 0x7f06b4001610 [37mDEBUG  [00m [00mKurentoWebSocketTransport WebSocketTransport.cpp:519:processMessage:[00m Message: {"jsonrpc":"2.0","method":"ping","id":445}
5:19:01.949834351 [335m   58[00m 0x7f06b4001610 [36mINFO   [00m [00mKurentoServerMethods ServerMethods.cpp:814:ping:[00m WebSocket Ping/Pong with sessionId 8a854ca7-a906-4acd-8dac-579e848c8a41
5:19:01.949915950 [335m   58[00m 0x7f06b4001610 [37mDEBUG  [00m [00mKurentoWebSocketTransport WebSocketTransport.cpp:521:processMessage:[00m Response: {"id":445,"jsonrpc":"2.0","result":{"sessionId":"8a854ca7-a906-4acd-8dac-579e848c8a41","value":"pong"}}
5:20:00.476774295 [335m   58[00m 0x7f06b4001f50 [37mDEBUG  [00m [00m     KurentoMediaSet MediaSet.cpp:121:doGarbageCollection:[00m Running garbage collector
5:20:00.526877513 [335m   58[00m 0x7f06b8001920 [36mINFO   [00m [00mKurentoWebSocketTransport WebSocketTransport.cpp:346:keepAliveSessions:[00m Keep alive 8a854ca7-a906-4acd-8dac-579e848c8a41
5:20:01.960173888 [335m   58[00m 0x7f06bc001ad0 [37mDEBUG  [00m [00mKurentoWebSocketTransport WebSocketTransport.cpp:519:processMessage:[00m Message: {"jsonrpc":"2.0","method":"ping","id":446}
5:20:01.960299931 [335m   58[00m 0x7f06bc001ad0 [36mINFO   [00m [00mKurentoServerMethods ServerMethods.cpp:814:ping:[00m WebSocket Ping/Pong with sessionId 8a854ca7-a906-4acd-8dac-579e848c8a41
5:20:01.960375159 [335m   58[00m 0x7f06bc001ad0 [37mDEBUG  [00m [00mKurentoWebSocketTransport WebSocketTransport.cpp:521:processMessage:[00m Response: {"id":446,"jsonrpc":"2.0","result":{"sessionId":"8a854ca7-a906-4acd-8dac-579e848c8a41","value":"pong"}}
5:21:00.527068272 [335m   58[00m 0x7f06b8001920 [36mINFO   [00m [00mKurentoWebSocketTransport WebSocketTransport.cpp:346:keepAliveSessions:[00m Keep alive 8a854ca7-a906-4acd-8dac-579e848c8a41
5:21:01.970852829 [335m   58[00m 0x7f06b0001e70 [37mDEBUG  [00m [00mKurentoWebSocketTransport WebSocketTransport.cpp:519:processMessage:[00m Message: {"jsonrpc":"2.0","method":"ping","id":447}
5:21:01.971030913 [335m   58[00m 0x7f06b0001e70 [36mINFO   [00m [00mKurentoServerMethods ServerMethods.cpp:814:ping:[00m WebSocket Ping/Pong with sessionId 8a854ca7-a906-4acd-8dac-579e848c8a41
5:21:01.971113337 [335m   58[00m 0x7f06b0001e70 [37mDEBUG  [00m [00mKurentoWebSocketTransport WebSocketTransport.cpp:521:processMessage:[00m Response: {"id":447,"jsonrpc":"2.0","result":{"sessionId":"8a854ca7-a906-4acd-8dac-579e848c8a41","value":"pong"}}
5:22:00.527308417 [335m   58[00m 0x7f06b8001920 [36mINFO   [00m [00mKurentoWebSocketTransport WebSocketTransport.cpp:346:keepAliveSessions:[00m Keep alive 8a854ca7-a906-4acd-8dac-579e848c8a41
5:22:01.976052860 [335m   58[00m 0x7f06e8001d20 [37mDEBUG  [00m [00mKurentoWebSocketTransport WebSocketTransport.cpp:519:processMessage:[00m Message: {"jsonrpc":"2.0","method":"ping","id":448}
5:22:01.976171198 [335m   58[00m 0x7f06e8001d20 [36mINFO   [00m [00mKurentoServerMethods ServerMethods.cpp:814:ping:[00m WebSocket Ping/Pong with sessionId 8a854ca7-a906-4acd-8dac-579e848c8a41
5:22:01.976297198 [335m   58[00m 0x7f06e8001d20 [37mDEBUG  [00m [00mKurentoWebSocketTransport WebSocketTransport.cpp:521:processMessage:[00m Response: {"id":448,"jsonrpc":"2.0","result":{"sessionId":"8a854ca7-a906-4acd-8dac-579e848c8a41","value":"pong"}}
5:23:00.527494128 [335m   58[00m 0x7f06b8001920 [36mINFO   [00m [00mKurentoWebSocketTransport WebSocketTransport.cpp:346:keepAliveSessions:[00m Keep alive 8a854ca7-a906-4acd-8dac-579e848c8a41
5:23:01.986625395 [335m   58[00m 0x7f06ec0022a0 [37mDEBUG  [00m [00mKurentoWebSocketTransport WebSocketTransport.cpp:519:processMessage:[00m Message: {"jsonrpc":"2.0","method":"ping","id":449}
5:23:01.986755448 [335m   58[00m 0x7f06ec0022a0 [36mINFO   [00m [00mKurentoServerMethods ServerMethods.cpp:814:ping:[00m WebSocket Ping/Pong with sessionId 8a854ca7-a906-4acd-8dac-579e848c8a41
5:23:01.986834470 [335m   58[00m 0x7f06ec0022a0 [37mDEBUG  [00m [00mKurentoWebSocketTransport WebSocketTransport.cpp:521:processMessage:[00m Response: {"id":449,"jsonrpc":"2.0","result":{"sessionId":"8a854ca7-a906-4acd-8dac-579e848c8a41","value":"pong"}}
5:24:00.476957439 [335m   58[00m 0x7f06b4001f50 [37mDEBUG  [00m [00m     KurentoMediaSet MediaSet.cpp:121:doGarbageCollection:[00m Running garbage collector
